103.238.228.178 - - [14/May/2026:12:12:15 +0530] "GET /offer/ HTTP/1.1" 200 5732 "-" "Mozilla/5.0 (Windows NT 10.0; Win64; x64) AppleWebKit/537.36 (KHTML, like Gecko) Chrome/148.0.0.0 Safari/537.36"
103.238.228.178 - - [14/May/2026:12:12:23 +0530] "POST /offer/offer_callback.php?frm=exit_offer HTTP/1.1" 200 87 "http://hrms.allyindian.com/offer/" "Mozilla/5.0 (Windows NT 10.0; Win64; x64) AppleWebKit/537.36 (KHTML, like Gecko) Chrome/148.0.0.0 Safari/537.36"
223.185.203.227 - - [14/May/2026:12:12:24 +0530] "POST /upload_files/upload.php?send_from=custom_approval&send_for=upload_self_attested&extension=pdf HTTP/1.1" 200 137 "http://hrms.allyindian.com/enrolment/" "Mozilla/5.0 (Linux; Android 10; K) AppleWebKit/537.36 (KHTML, like Gecko) Chrome/142.0.0.0 Mobile Safari/537.36"
103.238.228.178 - - [14/May/2026:12:12:24 +0530] "GET /offer/ HTTP/1.1" 200 5732 "http://hrms.allyindian.com/offer/" "Mozilla/5.0 (Windows NT 10.0; Win64; x64) AppleWebKit/537.36 (KHTML, like Gecko) Chrome/148.0.0.0 Safari/537.36"
103.238.228.178 - - [14/May/2026:12:12:33 +0530] "POST /offer/offer_callback.php?frm=exit_offer HTTP/1.1" 200 87 "http://hrms.allyindian.com/offer/" "Mozilla/5.0 (Windows NT 10.0; Win64; x64) AppleWebKit/537.36 (KHTML, like Gecko) Chrome/148.0.0.0 Safari/537.36"
103.238.228.178 - - [14/May/2026:12:12:34 +0530] "GET /offer/ HTTP/1.1" 200 5732 "http://hrms.allyindian.com/offer/" "Mozilla/5.0 (Windows NT 10.0; Win64; x64) AppleWebKit/537.36 (KHTML, like Gecko) Chrome/148.0.0.0 Safari/537.36"
223.185.203.227 - - [14/May/2026:12:12:38 +0530] "POST /upload_files/upload.php?send_from=custom_approval&send_for=upload_self_attested&extension=pdf HTTP/1.1" 200 126 "http://hrms.allyindian.com/enrolment/" "Mozilla/5.0 (Linux; Android 10; K) AppleWebKit/537.36 (KHTML, like Gecko) Chrome/142.0.0.0 Mobile Safari/537.36"
223.185.203.227 - - [14/May/2026:12:12:45 +0530] "POST /upload_files/upload.php?send_from=custom_approval&send_for=upload_self_attested&extension=pdf HTTP/1.1" 200 136 "http://hrms.allyindian.com/enrolment/" "Mozilla/5.0 (Linux; Android 10; K) AppleWebKit/537.36 (KHTML, like Gecko) Chrome/142.0.0.0 Mobile Safari/537.36"
103.238.228.178 - - [14/May/2026:12:12:50 +0530] "POST /offer/offer_callback.php?frm=exit_offer HTTP/1.1" 200 87 "http://hrms.allyindian.com/offer/" "Mozilla/5.0 (Windows NT 10.0; Win64; x64) AppleWebKit/537.36 (KHTML, like Gecko) Chrome/148.0.0.0 Safari/537.36"
103.238.228.178 - - [14/May/2026:12:12:51 +0530] "GET /offer/ HTTP/1.1" 200 5732 "http://hrms.allyindian.com/offer/" "Mozilla/5.0 (Windows NT 10.0; Win64; x64) AppleWebKit/537.36 (KHTML, like Gecko) Chrome/148.0.0.0 Safari/537.36"
223.185.203.227 - - [14/May/2026:12:12:54 +0530] "POST /enrolment/enrolment_callback.php?frm=save HTTP/1.1" 200 95 "http://hrms.allyindian.com/enrolment/" "Mozilla/5.0 (Linux; Android 10; K) AppleWebKit/537.36 (KHTML, like Gecko) Chrome/142.0.0.0 Mobile Safari/537.36"
223.185.203.227 - - [14/May/2026:12:12:55 +0530] "GET /enrolment/ HTTP/1.1" 200 11998 "http://hrms.allyindian.com/enrolment/" "Mozilla/5.0 (Linux; Android 10; K) AppleWebKit/537.36 (KHTML, like Gecko) Chrome/142.0.0.0 Mobile Safari/537.36"
103.238.228.178 - - [14/May/2026:12:13:03 +0530] "POST /offer/offer_callback.php?frm=exit_offer HTTP/1.1" 200 87 "http://hrms.allyindian.com/offer/" "Mozilla/5.0 (Windows NT 10.0; Win64; x64) AppleWebKit/537.36 (KHTML, like Gecko) Chrome/148.0.0.0 Safari/537.36"
223.185.203.227 - - [14/May/2026:12:13:02 +0530] "POST /enrolment/enrolment_callback.php?frm=exit_number HTTP/1.1" 200 1280 "http://hrms.allyindian.com/enrolment/" "Mozilla/5.0 (Linux; Android 10; K) AppleWebKit/537.36 (KHTML, like Gecko) Chrome/142.0.0.0 Mobile Safari/537.36"
103.238.228.178 - - [14/May/2026:12:13:30 +0530] "GET /offer/ HTTP/1.1" 200 5732 "android-app://com.google.android.gm/" "Mozilla/5.0 (Linux; Android 10; K) AppleWebKit/537.36 (KHTML, like Gecko) Chrome/147.0.0.0 Mobile Safari/537.36"
103.238.228.178 - - [14/May/2026:12:13:30 +0530] "GET /favicon.ico HTTP/1.1" 404 557 "http://hrms.allyindian.com/offer/" "Mozilla/5.0 (Linux; Android 10; K) AppleWebKit/537.36 (KHTML, like Gecko) Chrome/147.0.0.0 Mobile Safari/537.36"
103.238.228.178 - - [14/May/2026:12:13:43 +0530] "POST /offer/offer_callback.php?frm=exit_offer HTTP/1.1" 200 87 "http://hrms.allyindian.com/offer/" "Mozilla/5.0 (Linux; Android 10; K) AppleWebKit/537.36 (KHTML, like Gecko) Chrome/147.0.0.0 Mobile Safari/537.36"
103.238.228.178 - - [14/May/2026:12:13:44 +0530] "GET /offer/ HTTP/1.1" 200 5732 "http://hrms.allyindian.com/offer/" "Mozilla/5.0 (Linux; Android 10; K) AppleWebKit/537.36 (KHTML, like Gecko) Chrome/147.0.0.0 Mobile Safari/537.36"
223.185.203.227 - - [14/May/2026:12:13:52 +0530] "POST /enrolment/enrolment_callback.php?frm=remove_file HTTP/1.1" 200 63 "http://hrms.allyindian.com/enrolment/" "Mozilla/5.0 (Linux; Android 10; K) AppleWebKit/537.36 (KHTML, like Gecko) Chrome/142.0.0.0 Mobile Safari/537.36"
223.185.203.227 - - [14/May/2026:12:14:06 +0530] "POST /upload_files/upload.php?send_from=custom_approval&send_for=upload_self_attested&extension=pdf HTTP/1.1" 200 137 "http://hrms.allyindian.com/enrolment/" "Mozilla/5.0 (Linux; Android 10; K) AppleWebKit/537.36 (KHTML, like Gecko) Chrome/142.0.0.0 Mobile Safari/537.36"
223.185.203.227 - - [14/May/2026:12:14:53 +0530] "POST /enrolment/enrolment_callback.php?frm=save HTTP/1.1" 200 95 "http://hrms.allyindian.com/enrolment/" "Mozilla/5.0 (Linux; Android 10; K) AppleWebKit/537.36 (KHTML, like Gecko) Chrome/142.0.0.0 Mobile Safari/537.36"
223.185.203.227 - - [14/May/2026:12:14:56 +0530] "GET /enrolment/ HTTP/1.1" 200 11998 "http://hrms.allyindian.com/enrolment/" "Mozilla/5.0 (Linux; Android 10; K) AppleWebKit/537.36 (KHTML, like Gecko) Chrome/142.0.0.0 Mobile Safari/537.36"
223.185.203.227 - - [14/May/2026:12:15:12 +0530] "POST /enrolment/enrolment_callback.php?frm=exit_number HTTP/1.1" 200 1281 "http://hrms.allyindian.com/enrolment/" "Mozilla/5.0 (Linux; Android 10; K) AppleWebKit/537.36 (KHTML, like Gecko) Chrome/142.0.0.0 Mobile Safari/537.36"
223.185.203.227 - - [14/May/2026:12:15:35 +0530] "POST /enrolment/enrolment_callback.php?frm=save HTTP/1.1" 200 95 "http://hrms.allyindian.com/enrolment/" "Mozilla/5.0 (Linux; Android 10; K) AppleWebKit/537.36 (KHTML, like Gecko) Chrome/142.0.0.0 Mobile Safari/537.36"
223.185.203.227 - - [14/May/2026:12:15:36 +0530] "GET /enrolment/ HTTP/1.1" 200 11998 "http://hrms.allyindian.com/enrolment/" "Mozilla/5.0 (Linux; Android 10; K) AppleWebKit/537.36 (KHTML, like Gecko) Chrome/142.0.0.0 Mobile Safari/537.36"
103.238.228.178 - - [14/May/2026:12:15:54 +0530] "POST /offer/offer_callback.php?frm=exit_offer HTTP/1.1" 200 87 "http://hrms.allyindian.com/offer/" "Mozilla/5.0 (Linux; Android 10; K) AppleWebKit/537.36 (KHTML, like Gecko) Chrome/147.0.0.0 Mobile Safari/537.36"
103.238.228.178 - - [14/May/2026:12:15:54 +0530] "GET /offer/ HTTP/1.1" 200 5732 "http://hrms.allyindian.com/offer/" "Mozilla/5.0 (Linux; Android 10; K) AppleWebKit/537.36 (KHTML, like Gecko) Chrome/147.0.0.0 Mobile Safari/537.36"
103.238.228.178 - - [14/May/2026:12:16:11 +0530] "GET /enrolment/ HTTP/1.1" 200 11998 "android-app://com.google.android.gm/" "Mozilla/5.0 (Linux; Android 10; K) AppleWebKit/537.36 (KHTML, like Gecko) Chrome/147.0.0.0 Mobile Safari/537.36"
223.185.26.243 - - [14/May/2026:12:16:12 +0530] "POST /upload_files/upload.php?send_from=offer_letter&send_for=upload_upload_document&extension=pdf,jpeg,jpg,png HTTP/1.1" 200 120 "http://hrms.allyindian.com/offer/" "Mozilla/5.0 (Windows NT 10.0; Win64; x64) AppleWebKit/537.36 (KHTML, like Gecko) Chrome/148.0.0.0 Safari/537.36 Edg/148.0.0.0"
103.238.228.178 - - [14/May/2026:12:16:15 +0530] "POST /enrolment/enrolment_callback.php?frm=exit_number HTTP/1.1" 200 966 "http://hrms.allyindian.com/enrolment/" "Mozilla/5.0 (Linux; Android 10; K) AppleWebKit/537.36 (KHTML, like Gecko) Chrome/147.0.0.0 Mobile Safari/537.36"
223.185.26.243 - - [14/May/2026:12:16:45 +0530] "POST /upload_files/upload.php?send_from=offer_letter&send_for=upload_pan_card_proof&extension=pdf,jpeg,jpg,png HTTP/1.1" 200 73 "http://hrms.allyindian.com/offer/" "Mozilla/5.0 (Windows NT 10.0; Win64; x64) AppleWebKit/537.36 (KHTML, like Gecko) Chrome/148.0.0.0 Safari/537.36 Edg/148.0.0.0"
223.185.26.243 - - [14/May/2026:12:17:08 +0530] "POST /upload_files/upload.php?send_from=offer_letter&send_for=upload_pan_card_proof&extension=pdf,jpeg,jpg,png HTTP/1.1" 200 124 "http://hrms.allyindian.com/offer/" "Mozilla/5.0 (Windows NT 10.0; Win64; x64) AppleWebKit/537.36 (KHTML, like Gecko) Chrome/148.0.0.0 Safari/537.36 Edg/148.0.0.0"
103.238.228.178 - - [14/May/2026:12:17:15 +0530] "POST /enrolment/enrolment_callback.php?frm=remove_file HTTP/1.1" 200 63 "http://hrms.allyindian.com/enrolment/" "Mozilla/5.0 (Linux; Android 10; K) AppleWebKit/537.36 (KHTML, like Gecko) Chrome/147.0.0.0 Mobile Safari/537.36"
223.185.26.243 - - [14/May/2026:12:17:55 +0530] "POST /upload_files/upload.php?send_from=offer_letter&send_for=upload_photo&extension=pdf,jpeg,jpg,png HTTP/1.1" 200 146 "http://hrms.allyindian.com/offer/" "Mozilla/5.0 (Windows NT 10.0; Win64; x64) AppleWebKit/537.36 (KHTML, like Gecko) Chrome/148.0.0.0 Safari/537.36 Edg/148.0.0.0"
223.185.26.243 - - [14/May/2026:12:18:10 +0530] "POST /upload_files/upload.php?send_from=offer_letter&send_for=upload_id_proof&extension=pdf,jpeg,jpg,png HTTP/1.1" 200 125 "http://hrms.allyindian.com/offer/" "Mozilla/5.0 (Windows NT 10.0; Win64; x64) AppleWebKit/537.36 (KHTML, like Gecko) Chrome/148.0.0.0 Safari/537.36 Edg/148.0.0.0"
223.185.26.243 - - [14/May/2026:12:18:31 +0530] "POST /upload_files/upload.php?send_from=offer_letter&send_for=upload_permanent_address_proof&extension=pdf,jpeg,jpg,png HTTP/1.1" 200 119 "http://hrms.allyindian.com/offer/" "Mozilla/5.0 (Windows NT 10.0; Win64; x64) AppleWebKit/537.36 (KHTML, like Gecko) Chrome/148.0.0.0 Safari/537.36 Edg/148.0.0.0"
223.185.26.243 - - [14/May/2026:12:18:35 +0530] "POST /upload_files/upload.php?send_from=offer_letter&send_for=upload_current_addrerss_proof&extension=pdf,jpeg,jpg,png HTTP/1.1" 200 120 "http://hrms.allyindian.com/offer/" "Mozilla/5.0 (Windows NT 10.0; Win64; x64) AppleWebKit/537.36 (KHTML, like Gecko) Chrome/148.0.0.0 Safari/537.36 Edg/148.0.0.0"
223.185.26.243 - - [14/May/2026:12:18:41 +0530] "POST /upload_files/upload.php?send_from=offer_letter&send_for=upload_education_proof&extension=pdf,jpeg,jpg,png HTTP/1.1" 200 124 "http://hrms.allyindian.com/offer/" "Mozilla/5.0 (Windows NT 10.0; Win64; x64) AppleWebKit/537.36 (KHTML, like Gecko) Chrome/148.0.0.0 Safari/537.36 Edg/148.0.0.0"
223.185.26.243 - - [14/May/2026:12:19:11 +0530] "POST /upload_files/upload.php?send_from=offer_letter&send_for=upload_resume_2&extension=pdf,jpeg,jpg,png HTTP/1.1" 200 124 "http://hrms.allyindian.com/offer/" "Mozilla/5.0 (Windows NT 10.0; Win64; x64) AppleWebKit/537.36 (KHTML, like Gecko) Chrome/148.0.0.0 Safari/537.36 Edg/148.0.0.0"
223.185.26.243 - - [14/May/2026:12:19:14 +0530] "POST /offer/offer_callback.php?frm=save HTTP/1.1" 200 95 "http://hrms.allyindian.com/offer/" "Mozilla/5.0 (Windows NT 10.0; Win64; x64) AppleWebKit/537.36 (KHTML, like Gecko) Chrome/148.0.0.0 Safari/537.36 Edg/148.0.0.0"
223.185.26.243 - - [14/May/2026:12:19:16 +0530] "GET /offer/ HTTP/1.1" 200 5732 "http://hrms.allyindian.com/offer/" "Mozilla/5.0 (Windows NT 10.0; Win64; x64) AppleWebKit/537.36 (KHTML, like Gecko) Chrome/148.0.0.0 Safari/537.36 Edg/148.0.0.0"
103.238.228.178 - - [14/May/2026:12:27:55 +0530] "POST /enrolment/enrolment_callback.php?frm=exit_number HTTP/1.1" 200 966 "http://hrms.allyindian.com/enrolment/" "Mozilla/5.0 (Linux; Android 10; K) AppleWebKit/537.36 (KHTML, like Gecko) Chrome/147.0.0.0 Mobile Safari/537.36"
103.238.228.178 - - [14/May/2026:12:28:19 +0530] "POST /enrolment/enrolment_callback.php?frm=rowset_save HTTP/1.1" 200 409 "http://hrms.allyindian.com/enrolment/" "Mozilla/5.0 (Linux; Android 10; K) AppleWebKit/537.36 (KHTML, like Gecko) Chrome/147.0.0.0 Mobile Safari/537.36"
103.238.228.178 - - [14/May/2026:12:32:42 +0530] "POST /upload_files/upload.php?send_from=custom_approval&send_for=upload_experience_letter&extension=pdf HTTP/1.1" 200 73 "http://hrms.allyindian.com/enrolment/" "Mozilla/5.0 (Linux; Android 10; K) AppleWebKit/537.36 (KHTML, like Gecko) Chrome/147.0.0.0 Mobile Safari/537.36"
103.238.228.178 - - [14/May/2026:12:34:00 +0530] "POST /upload_files/upload.php?send_from=custom_approval&send_for=upload_payslip_upload&extension=pdf HTTP/1.1" 200 73 "http://hrms.allyindian.com/enrolment/" "Mozilla/5.0 (Linux; Android 10; K) AppleWebKit/537.36 (KHTML, like Gecko) Chrome/147.0.0.0 Mobile Safari/537.36"
103.238.228.178 - - [14/May/2026:12:35:58 +0530] "POST /upload_files/upload.php?send_from=custom_approval&send_for=upload_self_attested&extension=pdf HTTP/1.1" 200 73 "http://hrms.allyindian.com/enrolment/" "Mozilla/5.0 (Linux; Android 10; K) AppleWebKit/537.36 (KHTML, like Gecko) Chrome/147.0.0.0 Mobile Safari/537.36"
103.211.202.96 - - [14/May/2026:12:36:12 +0530] "GET /.well-known/acme-challenge/N-810V3B44-NPH56_0RPF0-QZ8J1O83Z HTTP/1.1" 200 64 "-" "Cpanel-HTTP-Client/1.0"
103.238.228.178 - - [14/May/2026:12:36:29 +0530] "POST /upload_files/upload.php?send_from=custom_approval&send_for=upload_self_attested&extension=pdf HTTP/1.1" 200 144 "http://hrms.allyindian.com/enrolment/" "Mozilla/5.0 (Linux; Android 10; K) AppleWebKit/537.36 (KHTML, like Gecko) Chrome/147.0.0.0 Mobile Safari/537.36"
103.238.228.178 - - [14/May/2026:12:36:32 +0530] "POST /enrolment/enrolment_callback.php?frm=save HTTP/1.1" 200 95 "http://hrms.allyindian.com/enrolment/" "Mozilla/5.0 (Linux; Android 10; K) AppleWebKit/537.36 (KHTML, like Gecko) Chrome/147.0.0.0 Mobile Safari/537.36"
103.238.228.178 - - [14/May/2026:12:36:33 +0530] "GET /enrolment/ HTTP/1.1" 200 11998 "http://hrms.allyindian.com/enrolment/" "Mozilla/5.0 (Linux; Android 10; K) AppleWebKit/537.36 (KHTML, like Gecko) Chrome/147.0.0.0 Mobile Safari/537.36"
103.238.228.178 - - [14/May/2026:12:36:36 +0530] "POST /enrolment/enrolment_callback.php?frm=exit_number HTTP/1.1" 200 1169 "http://hrms.allyindian.com/enrolment/" "Mozilla/5.0 (Linux; Android 10; K) AppleWebKit/537.36 (KHTML, like Gecko) Chrome/147.0.0.0 Mobile Safari/537.36"
103.238.228.178 - - [14/May/2026:12:36:42 +0530] "POST /enrolment/enrolment_callback.php?frm=save HTTP/1.1" 200 95 "http://hrms.allyindian.com/enrolment/" "Mozilla/5.0 (Linux; Android 10; K) AppleWebKit/537.36 (KHTML, like Gecko) Chrome/147.0.0.0 Mobile Safari/537.36"
103.238.228.178 - - [14/May/2026:12:36:42 +0530] "GET /enrolment/ HTTP/1.1" 200 11998 "http://hrms.allyindian.com/enrolment/" "Mozilla/5.0 (Linux; Android 10; K) AppleWebKit/537.36 (KHTML, like Gecko) Chrome/147.0.0.0 Mobile Safari/537.36"
103.238.228.178 - - [14/May/2026:12:36:46 +0530] "POST /enrolment/enrolment_callback.php?frm=exit_number HTTP/1.1" 200 1169 "http://hrms.allyindian.com/enrolment/" "Mozilla/5.0 (Linux; Android 10; K) AppleWebKit/537.36 (KHTML, like Gecko) Chrome/147.0.0.0 Mobile Safari/537.36"
103.238.228.178 - - [14/May/2026:12:36:49 +0530] "POST /enrolment/enrolment_callback.php?frm=save HTTP/1.1" 200 95 "http://hrms.allyindian.com/enrolment/" "Mozilla/5.0 (Linux; Android 10; K) AppleWebKit/537.36 (KHTML, like Gecko) Chrome/147.0.0.0 Mobile Safari/537.36"
103.238.228.178 - - [14/May/2026:12:37:49 +0530] "POST /enrolment/enrolment_callback.php?frm=exit_number HTTP/1.1" 200 1169 "http://hrms.allyindian.com/enrolment/" "Mozilla/5.0 (Linux; Android 10; K) AppleWebKit/537.36 (KHTML, like Gecko) Chrome/147.0.0.0 Mobile Safari/537.36"
103.238.228.178 - - [14/May/2026:12:39:00 +0530] "POST /upload_files/upload.php?send_from=custom_approval&send_for=upload_self_attested&extension=pdf HTTP/1.1" 200 143 "http://hrms.allyindian.com/enrolment/" "Mozilla/5.0 (Linux; Android 10; K) AppleWebKit/537.36 (KHTML, like Gecko) Chrome/147.0.0.0 Mobile Safari/537.36"
103.238.228.178 - - [14/May/2026:12:39:03 +0530] "POST /enrolment/enrolment_callback.php?frm=save HTTP/1.1" 200 95 "http://hrms.allyindian.com/enrolment/" "Mozilla/5.0 (Linux; Android 10; K) AppleWebKit/537.36 (KHTML, like Gecko) Chrome/147.0.0.0 Mobile Safari/537.36"
103.238.228.178 - - [14/May/2026:12:39:05 +0530] "GET /enrolment/ HTTP/1.1" 200 11998 "http://hrms.allyindian.com/enrolment/" "Mozilla/5.0 (Linux; Android 10; K) AppleWebKit/537.36 (KHTML, like Gecko) Chrome/147.0.0.0 Mobile Safari/537.36"
103.238.228.178 - - [14/May/2026:12:39:09 +0530] "POST /enrolment/enrolment_callback.php?frm=exit_number HTTP/1.1" 200 1170 "http://hrms.allyindian.com/enrolment/" "Mozilla/5.0 (Linux; Android 10; K) AppleWebKit/537.36 (KHTML, like Gecko) Chrome/147.0.0.0 Mobile Safari/537.36"
103.238.228.178 - - [14/May/2026:13:15:52 +0530] "POST /api/index.php HTTP/1.1" 200 2262 "-" "Dart/3.9 (dart:io)"
103.238.228.178 - - [14/May/2026:13:15:53 +0530] "POST /api/index.php HTTP/1.1" 200 2262 "-" "Dart/3.9 (dart:io)"
103.238.228.178 - - [14/May/2026:13:15:53 +0530] "POST /api/index.php HTTP/1.1" 200 1078 "-" "Dart/3.9 (dart:io)"
103.238.228.178 - - [14/May/2026:13:15:54 +0530] "POST /api/index.php HTTP/1.1" 200 384 "-" "Dart/3.9 (dart:io)"
103.238.228.178 - - [14/May/2026:13:15:58 +0530] "POST /api/index.php HTTP/1.1" 200 2262 "-" "Dart/3.9 (dart:io)"
103.238.228.178 - - [14/May/2026:13:15:59 +0530] "POST /api/index.php HTTP/1.1" 200 108 "-" "Dart/3.9 (dart:io)"
103.238.228.178 - - [14/May/2026:13:16:00 +0530] "POST /api/index.php HTTP/1.1" 200 1057 "-" "Dart/3.9 (dart:io)"
103.238.228.178 - - [14/May/2026:13:16:00 +0530] "POST /api/index.php HTTP/1.1" 200 259 "-" "Dart/3.9 (dart:io)"
103.238.228.178 - - [14/May/2026:13:16:02 +0530] "POST /api/index.php HTTP/1.1" 200 108 "-" "Dart/3.9 (dart:io)"
103.238.228.178 - - [14/May/2026:13:16:04 +0530] "POST /api/index.php HTTP/1.1" 200 2262 "-" "Dart/3.9 (dart:io)"
103.238.228.178 - - [14/May/2026:13:16:05 +0530] "POST /api/index.php HTTP/1.1" 200 1812 "-" "Dart/3.9 (dart:io)"
103.238.228.178 - - [14/May/2026:13:16:05 +0530] "POST /api/index.php HTTP/1.1" 200 259 "-" "Dart/3.9 (dart:io)"
103.238.228.178 - - [14/May/2026:13:16:07 +0530] "POST /api/index.php HTTP/1.1" 200 12459 "-" "Dart/3.9 (dart:io)"
157.49.226.91 - - [14/May/2026:13:16:47 +0530] "GET /offer/ HTTP/1.1" 200 5732 "-" "Mozilla/5.0 (Linux; Android 10; K) AppleWebKit/537.36 (KHTML, like Gecko) Chrome/147.0.0.0 Mobile Safari/537.36"
157.49.226.91 - - [14/May/2026:13:16:54 +0530] "GET /favicon.ico HTTP/1.1" 404 557 "http://hrms.allyindian.com/offer/" "Mozilla/5.0 (Linux; Android 10; K) AppleWebKit/537.36 (KHTML, like Gecko) Chrome/147.0.0.0 Mobile Safari/537.36"
157.49.240.53 - - [14/May/2026:13:17:28 +0530] "GET /enrolment/ HTTP/1.1" 200 11998 "android-app://com.google.android.gm/" "Mozilla/5.0 (Linux; Android 10; K) AppleWebKit/537.36 (KHTML, like Gecko) Chrome/147.0.0.0 Mobile Safari/537.36"
157.49.240.53 - - [14/May/2026:13:17:31 +0530] "GET /dist/smart_hrms.css?rel=20191228 HTTP/1.1" 200 36633 "http://hrms.allyindian.com/enrolment/" "Mozilla/5.0 (Linux; Android 10; K) AppleWebKit/537.36 (KHTML, like Gecko) Chrome/147.0.0.0 Mobile Safari/537.36"
157.49.240.53 - - [14/May/2026:13:17:31 +0530] "GET /dist/jquery-ui.css HTTP/1.1" 200 35684 "http://hrms.allyindian.com/enrolment/" "Mozilla/5.0 (Linux; Android 10; K) AppleWebKit/537.36 (KHTML, like Gecko) Chrome/147.0.0.0 Mobile Safari/537.36"
157.49.240.53 - - [14/May/2026:13:17:31 +0530] "GET /dist/font-awesome.min.css HTTP/1.1" 200 31002 "http://hrms.allyindian.com/enrolment/" "Mozilla/5.0 (Linux; Android 10; K) AppleWebKit/537.36 (KHTML, like Gecko) Chrome/147.0.0.0 Mobile Safari/537.36"
157.49.240.53 - - [14/May/2026:13:17:31 +0530] "GET /dist/select2/css/select2.min.css HTTP/1.1" 200 14965 "http://hrms.allyindian.com/enrolment/" "Mozilla/5.0 (Linux; Android 10; K) AppleWebKit/537.36 (KHTML, like Gecko) Chrome/147.0.0.0 Mobile Safari/537.36"
157.49.240.53 - - [14/May/2026:13:17:31 +0530] "GET /dist/bootstrap-datetimepicker-master/build/css/bootstrap-datetimepicker.min.css HTTP/1.1" 200 7789 "http://hrms.allyindian.com/enrolment/" "Mozilla/5.0 (Linux; Android 10; K) AppleWebKit/537.36 (KHTML, like Gecko) Chrome/147.0.0.0 Mobile Safari/537.36"
157.49.240.53 - - [14/May/2026:13:17:31 +0530] "GET /dist/bootstrap.min.css?rel=20191228 HTTP/1.1" 200 127391 "http://hrms.allyindian.com/enrolment/" "Mozilla/5.0 (Linux; Android 10; K) AppleWebKit/537.36 (KHTML, like Gecko) Chrome/147.0.0.0 Mobile Safari/537.36"
157.49.240.53 - - [14/May/2026:13:17:31 +0530] "GET /dist/jquery_confirm/jquery-confirm.min.css HTTP/1.1" 200 22546 "http://hrms.allyindian.com/enrolment/" "Mozilla/5.0 (Linux; Android 10; K) AppleWebKit/537.36 (KHTML, like Gecko) Chrome/147.0.0.0 Mobile Safari/537.36"
157.49.240.53 - - [14/May/2026:13:17:31 +0530] "GET /dist/toastr/css/toastr.min.css HTTP/1.1" 200 6454 "http://hrms.allyindian.com/enrolment/" "Mozilla/5.0 (Linux; Android 10; K) AppleWebKit/537.36 (KHTML, like Gecko) Chrome/147.0.0.0 Mobile Safari/537.36"
157.49.240.53 - - [14/May/2026:13:17:31 +0530] "GET /dist/dataTables/css/jquery.dataTables.min.css HTTP/1.1" 200 22699 "http://hrms.allyindian.com/enrolment/" "Mozilla/5.0 (Linux; Android 10; K) AppleWebKit/537.36 (KHTML, like Gecko) Chrome/147.0.0.0 Mobile Safari/537.36"
157.49.240.53 - - [14/May/2026:13:17:31 +0530] "GET /dist/jquery/js/jquery-3.7.1.min.js?rel=20191228 HTTP/1.1" 200 87533 "http://hrms.allyindian.com/enrolment/" "Mozilla/5.0 (Linux; Android 10; K) AppleWebKit/537.36 (KHTML, like Gecko) Chrome/147.0.0.0 Mobile Safari/537.36"
157.49.240.53 - - [14/May/2026:13:17:31 +0530] "GET /dist/jquery/js/jquery.validate.min.js?rel=20191228 HTTP/1.1" 200 24604 "http://hrms.allyindian.com/enrolment/" "Mozilla/5.0 (Linux; Android 10; K) AppleWebKit/537.36 (KHTML, like Gecko) Chrome/147.0.0.0 Mobile Safari/537.36"
157.49.240.53 - - [14/May/2026:13:17:31 +0530] "GET /dist/jquery/js/jquery.form.min.js HTTP/1.1" 200 17115 "http://hrms.allyindian.com/enrolment/" "Mozilla/5.0 (Linux; Android 10; K) AppleWebKit/537.36 (KHTML, like Gecko) Chrome/147.0.0.0 Mobile Safari/537.36"
157.49.240.53 - - [14/May/2026:13:17:31 +0530] "GET /dist/moment/js/moment.min.js HTTP/1.1" 200 58024 "http://hrms.allyindian.com/enrolment/" "Mozilla/5.0 (Linux; Android 10; K) AppleWebKit/537.36 (KHTML, like Gecko) Chrome/147.0.0.0 Mobile Safari/537.36"
157.49.240.53 - - [14/May/2026:13:17:31 +0530] "GET /dist/bootstrap/js/bootstrap.min.js HTTP/1.1" 200 39685 "http://hrms.allyindian.com/enrolment/" "Mozilla/5.0 (Linux; Android 10; K) AppleWebKit/537.36 (KHTML, like Gecko) Chrome/147.0.0.0 Mobile Safari/537.36"
157.49.240.53 - - [14/May/2026:13:17:31 +0530] "GET /dist/select2/js/select2.min.js HTTP/1.1" 200 70852 "http://hrms.allyindian.com/enrolment/" "Mozilla/5.0 (Linux; Android 10; K) AppleWebKit/537.36 (KHTML, like Gecko) Chrome/147.0.0.0 Mobile Safari/537.36"
157.49.240.53 - - [14/May/2026:13:17:31 +0530] "GET /dist/bootstrap-datetimepicker-master/build/js/bootstrap-datetimepicker.min.js HTTP/1.1" 200 38511 "http://hrms.allyindian.com/enrolment/" "Mozilla/5.0 (Linux; Android 10; K) AppleWebKit/537.36 (KHTML, like Gecko) Chrome/147.0.0.0 Mobile Safari/537.36"
157.49.240.53 - - [14/May/2026:13:17:31 +0530] "GET /dist/dataTables/js/jquery.dataTables.min.js HTTP/1.1" 200 87106 "http://hrms.allyindian.com/enrolment/" "Mozilla/5.0 (Linux; Android 10; K) AppleWebKit/537.36 (KHTML, like Gecko) Chrome/147.0.0.0 Mobile Safari/537.36"
157.49.240.53 - - [14/May/2026:13:17:31 +0530] "GET /dist/toastr/js/toastr.min.js HTTP/1.1" 200 5251 "http://hrms.allyindian.com/enrolment/" "Mozilla/5.0 (Linux; Android 10; K) AppleWebKit/537.36 (KHTML, like Gecko) Chrome/147.0.0.0 Mobile Safari/537.36"
157.49.240.53 - - [14/May/2026:13:17:31 +0530] "GET /dist/jquery_confirm/jquery-confirm.min.js HTTP/1.1" 200 27905 "http://hrms.allyindian.com/enrolment/" "Mozilla/5.0 (Linux; Android 10; K) AppleWebKit/537.36 (KHTML, like Gecko) Chrome/147.0.0.0 Mobile Safari/537.36"
157.49.240.53 - - [14/May/2026:13:17:32 +0530] "GET /enrolment/asset/images/employment.jpg HTTP/1.1" 200 176886 "http://hrms.allyindian.com/enrolment/" "Mozilla/5.0 (Linux; Android 10; K) AppleWebKit/537.36 (KHTML, like Gecko) Chrome/147.0.0.0 Mobile Safari/537.36"
157.49.240.53 - - [14/May/2026:13:17:32 +0530] "GET /favicon.ico HTTP/1.1" 404 557 "http://hrms.allyindian.com/enrolment/" "Mozilla/5.0 (Linux; Android 10; K) AppleWebKit/537.36 (KHTML, like Gecko) Chrome/147.0.0.0 Mobile Safari/537.36"
157.49.240.53 - - [14/May/2026:13:17:38 +0530] "POST /enrolment/enrolment_callback.php?frm=exit_number HTTP/1.1" 200 192 "http://hrms.allyindian.com/enrolment/" "Mozilla/5.0 (Linux; Android 10; K) AppleWebKit/537.36 (KHTML, like Gecko) Chrome/147.0.0.0 Mobile Safari/537.36"
157.49.240.53 - - [14/May/2026:13:18:02 +0530] "GET /fonts/glyphicons-halflings-regular.woff2 HTTP/1.1" 200 18028 "http://hrms.allyindian.com/dist/bootstrap.min.css?rel=20191228" "Mozilla/5.0 (Linux; Android 10; K) AppleWebKit/537.36 (KHTML, like Gecko) Chrome/147.0.0.0 Mobile Safari/537.36"
157.49.240.53 - - [14/May/2026:13:18:07 +0530] "POST /enrolment/enrolment_callback.php?frm=calculation_suggest HTTP/1.1" 200 35 "http://hrms.allyindian.com/enrolment/" "Mozilla/5.0 (Linux; Android 10; K) AppleWebKit/537.36 (KHTML, like Gecko) Chrome/147.0.0.0 Mobile Safari/537.36"
157.49.240.53 - - [14/May/2026:13:18:07 +0530] "POST /enrolment/enrolment_callback.php?frm=calculation_suggest HTTP/1.1" 200 35 "http://hrms.allyindian.com/enrolment/" "Mozilla/5.0 (Linux; Android 10; K) AppleWebKit/537.36 (KHTML, like Gecko) Chrome/147.0.0.0 Mobile Safari/537.36"
157.49.240.53 - - [14/May/2026:13:18:11 +0530] "POST /enrolment/enrolment_callback.php?frm=calculation_suggest HTTP/1.1" 200 35 "http://hrms.allyindian.com/enrolment/" "Mozilla/5.0 (Linux; Android 10; K) AppleWebKit/537.36 (KHTML, like Gecko) Chrome/147.0.0.0 Mobile Safari/537.36"
157.49.240.53 - - [14/May/2026:13:18:11 +0530] "POST /enrolment/enrolment_callback.php?frm=calculation_suggest HTTP/1.1" 200 35 "http://hrms.allyindian.com/enrolment/" "Mozilla/5.0 (Linux; Android 10; K) AppleWebKit/537.36 (KHTML, like Gecko) Chrome/147.0.0.0 Mobile Safari/537.36"
157.49.240.53 - - [14/May/2026:13:18:56 +0530] "POST /enrolment/enrolment_callback.php?frm=calculation_suggest HTTP/1.1" 200 36 "http://hrms.allyindian.com/enrolment/" "Mozilla/5.0 (Linux; Android 10; K) AppleWebKit/537.36 (KHTML, like Gecko) Chrome/147.0.0.0 Mobile Safari/537.36"
157.49.226.91 - - [14/May/2026:13:22:40 +0530] "GET /enrolment/ HTTP/1.1" 200 11998 "-" "Mozilla/5.0 (Linux; Android 10; K) AppleWebKit/537.36 (KHTML, like Gecko) Chrome/147.0.0.0 Mobile Safari/537.36"
157.49.226.91 - - [14/May/2026:13:22:41 +0530] "GET /enrolment/asset/images/employment.jpg HTTP/1.1" 200 176886 "http://hrms.allyindian.com/enrolment/" "Mozilla/5.0 (Linux; Android 10; K) AppleWebKit/537.36 (KHTML, like Gecko) Chrome/147.0.0.0 Mobile Safari/537.36"
157.49.226.91 - - [14/May/2026:13:22:54 +0530] "POST /enrolment/enrolment_callback.php?frm=exit_number HTTP/1.1" 200 192 "http://hrms.allyindian.com/enrolment/" "Mozilla/5.0 (Linux; Android 10; K) AppleWebKit/537.36 (KHTML, like Gecko) Chrome/147.0.0.0 Mobile Safari/537.36"
157.49.226.91 - - [14/May/2026:13:23:05 +0530] "GET /fonts/glyphicons-halflings-regular.woff2 HTTP/1.1" 200 18028 "http://hrms.allyindian.com/dist/bootstrap.min.css?rel=20191228" "Mozilla/5.0 (Linux; Android 10; K) AppleWebKit/537.36 (KHTML, like Gecko) Chrome/147.0.0.0 Mobile Safari/537.36"
157.49.226.91 - - [14/May/2026:13:23:27 +0530] "POST /enrolment/enrolment_callback.php?frm=calculation_suggest HTTP/1.1" 200 36 "http://hrms.allyindian.com/enrolment/" "Mozilla/5.0 (Linux; Android 10; K) AppleWebKit/537.36 (KHTML, like Gecko) Chrome/147.0.0.0 Mobile Safari/537.36"
157.49.226.91 - - [14/May/2026:13:23:27 +0530] "POST /enrolment/enrolment_callback.php?frm=calculation_suggest HTTP/1.1" 200 36 "http://hrms.allyindian.com/enrolment/" "Mozilla/5.0 (Linux; Android 10; K) AppleWebKit/537.36 (KHTML, like Gecko) Chrome/147.0.0.0 Mobile Safari/537.36"
157.49.224.140 - - [14/May/2026:13:31:21 +0530] "GET /favicon.ico HTTP/1.1" 404 557 "http://hrms.allyindian.com/enrolment/" "Mozilla/5.0 (Linux; Android 10; K) AppleWebKit/537.36 (KHTML, like Gecko) Chrome/147.0.0.0 Mobile Safari/537.36"
157.49.224.140 - - [14/May/2026:13:31:28 +0530] "POST /enrolment/enrolment_callback.php?frm=exit_number HTTP/1.1" 200 781 "http://hrms.allyindian.com/enrolment/" "Mozilla/5.0 (Linux; Android 10; K) AppleWebKit/537.36 (KHTML, like Gecko) Chrome/147.0.0.0 Mobile Safari/537.36"
157.49.224.140 - - [14/May/2026:13:31:46 +0530] "POST /enrolment/enrolment_callback.php?frm=calculation_suggest HTTP/1.1" 200 36 "http://hrms.allyindian.com/enrolment/" "Mozilla/5.0 (Linux; Android 10; K) AppleWebKit/537.36 (KHTML, like Gecko) Chrome/147.0.0.0 Mobile Safari/537.36"
157.49.224.140 - - [14/May/2026:13:31:46 +0530] "POST /enrolment/enrolment_callback.php?frm=calculation_suggest HTTP/1.1" 200 36 "http://hrms.allyindian.com/enrolment/" "Mozilla/5.0 (Linux; Android 10; K) AppleWebKit/537.36 (KHTML, like Gecko) Chrome/147.0.0.0 Mobile Safari/537.36"
157.49.240.181 - - [14/May/2026:13:33:46 +0530] "GET /enrolment/ HTTP/1.1" 200 11998 "-" "Mozilla/5.0 (X11; Linux x86_64) AppleWebKit/537.36 (KHTML, like Gecko) Chrome/147.0.0.0 Safari/537.36"
157.49.240.181 - - [14/May/2026:13:34:02 +0530] "POST /enrolment/enrolment_callback.php?frm=exit_number HTTP/1.1" 200 768 "http://hrms.allyindian.com/enrolment/" "Mozilla/5.0 (X11; Linux x86_64) AppleWebKit/537.36 (KHTML, like Gecko) Chrome/147.0.0.0 Safari/537.36"
157.49.240.181 - - [14/May/2026:13:35:16 +0530] "POST /enrolment/enrolment_callback.php?frm=calculation_suggest HTTP/1.1" 200 36 "http://hrms.allyindian.com/enrolment/" "Mozilla/5.0 (X11; Linux x86_64) AppleWebKit/537.36 (KHTML, like Gecko) Chrome/147.0.0.0 Safari/537.36"
157.49.240.181 - - [14/May/2026:13:35:16 +0530] "POST /enrolment/enrolment_callback.php?frm=calculation_suggest HTTP/1.1" 200 36 "http://hrms.allyindian.com/enrolment/" "Mozilla/5.0 (X11; Linux x86_64) AppleWebKit/537.36 (KHTML, like Gecko) Chrome/147.0.0.0 Safari/537.36"
173.252.95.54 - - [14/May/2026:14:02:11 +0530] "GET /robots.txt HTTP/1.1" 404 1130 "-" "facebookexternalhit/1.1 (+http://www.facebook.com/externalhit_uatext.php)"
57.141.14.98 - - [14/May/2026:14:02:16 +0530] "GET /static/voice/default.wav HTTP/1.1" 404 1130 "-" "meta-externalagent/1.1 (+https://developers.facebook.com/docs/sharing/webmasters/crawler)"
157.49.228.82 - - [14/May/2026:14:18:17 +0530] "GET /enrolment/ HTTP/1.1" 200 11998 "android-app://com.google.android.gm/" "Mozilla/5.0 (Linux; Android 10; K) AppleWebKit/537.36 (KHTML, like Gecko) Chrome/147.0.0.0 Mobile Safari/537.36"
157.49.228.82 - - [14/May/2026:14:18:18 +0530] "GET /favicon.ico HTTP/1.1" 404 557 "http://hrms.allyindian.com/enrolment/" "Mozilla/5.0 (Linux; Android 10; K) AppleWebKit/537.36 (KHTML, like Gecko) Chrome/147.0.0.0 Mobile Safari/537.36"
157.49.228.82 - - [14/May/2026:14:18:23 +0530] "POST /enrolment/enrolment_callback.php?frm=exit_number HTTP/1.1" 200 781 "http://hrms.allyindian.com/enrolment/" "Mozilla/5.0 (Linux; Android 10; K) AppleWebKit/537.36 (KHTML, like Gecko) Chrome/147.0.0.0 Mobile Safari/537.36"
157.49.226.118 - - [14/May/2026:14:18:26 +0530] "GET /favicon.ico HTTP/1.1" 404 557 "http://hrms.allyindian.com/enrolment/" "Mozilla/5.0 (X11; Linux x86_64) AppleWebKit/537.36 (KHTML, like Gecko) Chrome/147.0.0.0 Safari/537.36"
157.49.226.118 - - [14/May/2026:14:18:43 +0530] "POST /enrolment/enrolment_callback.php?frm=exit_number HTTP/1.1" 200 768 "http://hrms.allyindian.com/enrolment/" "Mozilla/5.0 (X11; Linux x86_64) AppleWebKit/537.36 (KHTML, like Gecko) Chrome/147.0.0.0 Safari/537.36"
157.49.228.82 - - [14/May/2026:14:18:47 +0530] "POST /enrolment/enrolment_callback.php?frm=calculation_suggest HTTP/1.1" 200 36 "http://hrms.allyindian.com/enrolment/" "Mozilla/5.0 (Linux; Android 10; K) AppleWebKit/537.36 (KHTML, like Gecko) Chrome/147.0.0.0 Mobile Safari/537.36"
157.49.226.118 - - [14/May/2026:14:19:24 +0530] "POST /enrolment/enrolment_callback.php?frm=calculation_suggest HTTP/1.1" 200 36 "http://hrms.allyindian.com/enrolment/" "Mozilla/5.0 (X11; Linux x86_64) AppleWebKit/537.36 (KHTML, like Gecko) Chrome/147.0.0.0 Safari/537.36"
157.49.226.118 - - [14/May/2026:14:19:24 +0530] "POST /enrolment/enrolment_callback.php?frm=calculation_suggest HTTP/1.1" 200 36 "http://hrms.allyindian.com/enrolment/" "Mozilla/5.0 (X11; Linux x86_64) AppleWebKit/537.36 (KHTML, like Gecko) Chrome/147.0.0.0 Safari/537.36"
157.49.228.82 - - [14/May/2026:14:25:37 +0530] "POST /enrolment/enrolment_callback.php?frm=rowset_save HTTP/1.1" 200 392 "http://hrms.allyindian.com/enrolment/" "Mozilla/5.0 (Linux; Android 10; K) AppleWebKit/537.36 (KHTML, like Gecko) Chrome/147.0.0.0 Mobile Safari/537.36"
157.49.228.82 - - [14/May/2026:14:26:06 +0530] "POST /enrolment/enrolment_callback.php?frm=rowset_save HTTP/1.1" 200 421 "http://hrms.allyindian.com/enrolment/" "Mozilla/5.0 (Linux; Android 10; K) AppleWebKit/537.36 (KHTML, like Gecko) Chrome/147.0.0.0 Mobile Safari/537.36"
157.49.228.82 - - [14/May/2026:14:27:01 +0530] "POST /enrolment/enrolment_callback.php?frm=rowset_save HTTP/1.1" 200 453 "http://hrms.allyindian.com/enrolment/" "Mozilla/5.0 (Linux; Android 10; K) AppleWebKit/537.36 (KHTML, like Gecko) Chrome/147.0.0.0 Mobile Safari/537.36"
157.49.228.82 - - [14/May/2026:14:28:46 +0530] "GET /fonts/fontawesome-webfont.woff2?v=4.7.0 HTTP/1.1" 200 77160 "http://hrms.allyindian.com/dist/font-awesome.min.css" "Mozilla/5.0 (Linux; Android 10; K) AppleWebKit/537.36 (KHTML, like Gecko) Chrome/147.0.0.0 Mobile Safari/537.36"
157.49.228.82 - - [14/May/2026:14:28:46 +0530] "POST /upload_files/upload.php?send_from=custom_approval&send_for=upload_self_attested&extension=pdf HTTP/1.1" 200 146 "http://hrms.allyindian.com/enrolment/" "Mozilla/5.0 (Linux; Android 10; K) AppleWebKit/537.36 (KHTML, like Gecko) Chrome/147.0.0.0 Mobile Safari/537.36"
157.49.228.82 - - [14/May/2026:14:29:42 +0530] "POST /enrolment/enrolment_callback.php?frm=calculation_suggest HTTP/1.1" 200 36 "http://hrms.allyindian.com/enrolment/" "Mozilla/5.0 (Linux; Android 10; K) AppleWebKit/537.36 (KHTML, like Gecko) Chrome/147.0.0.0 Mobile Safari/537.36"
157.49.228.82 - - [14/May/2026:14:29:42 +0530] "POST /enrolment/enrolment_callback.php?frm=calculation_suggest HTTP/1.1" 200 36 "http://hrms.allyindian.com/enrolment/" "Mozilla/5.0 (Linux; Android 10; K) AppleWebKit/537.36 (KHTML, like Gecko) Chrome/147.0.0.0 Mobile Safari/537.36"
157.49.228.82 - - [14/May/2026:14:32:19 +0530] "POST /enrolment/enrolment_callback.php?frm=save HTTP/1.1" 200 95 "http://hrms.allyindian.com/enrolment/" "Mozilla/5.0 (Linux; Android 10; K) AppleWebKit/537.36 (KHTML, like Gecko) Chrome/147.0.0.0 Mobile Safari/537.36"
157.49.228.82 - - [14/May/2026:14:32:21 +0530] "GET /enrolment/ HTTP/1.1" 200 11998 "http://hrms.allyindian.com/enrolment/" "Mozilla/5.0 (Linux; Android 10; K) AppleWebKit/537.36 (KHTML, like Gecko) Chrome/147.0.0.0 Mobile Safari/537.36"
157.49.228.82 - - [14/May/2026:14:32:32 +0530] "POST /enrolment/enrolment_callback.php?frm=exit_number HTTP/1.1" 200 1183 "http://hrms.allyindian.com/enrolment/" "Mozilla/5.0 (Linux; Android 10; K) AppleWebKit/537.36 (KHTML, like Gecko) Chrome/147.0.0.0 Mobile Safari/537.36"
157.49.237.36 - - [14/May/2026:14:38:40 +0530] "POST /upload_files/upload.php?send_from=custom_approval&send_for=upload_self_attested&extension=pdf HTTP/1.1" 200 134 "http://hrms.allyindian.com/enrolment/" "Mozilla/5.0 (X11; Linux x86_64) AppleWebKit/537.36 (KHTML, like Gecko) Chrome/147.0.0.0 Safari/537.36"
157.49.237.36 - - [14/May/2026:14:38:45 +0530] "POST /enrolment/enrolment_callback.php?frm=save HTTP/1.1" 200 95 "http://hrms.allyindian.com/enrolment/" "Mozilla/5.0 (X11; Linux x86_64) AppleWebKit/537.36 (KHTML, like Gecko) Chrome/147.0.0.0 Safari/537.36"
157.49.237.36 - - [14/May/2026:14:38:46 +0530] "GET /enrolment/ HTTP/1.1" 200 11998 "http://hrms.allyindian.com/enrolment/" "Mozilla/5.0 (X11; Linux x86_64) AppleWebKit/537.36 (KHTML, like Gecko) Chrome/147.0.0.0 Safari/537.36"
157.49.237.36 - - [14/May/2026:14:38:58 +0530] "POST /enrolment/enrolment_callback.php?frm=exit_number HTTP/1.1" 200 998 "http://hrms.allyindian.com/enrolment/" "Mozilla/5.0 (X11; Linux x86_64) AppleWebKit/537.36 (KHTML, like Gecko) Chrome/147.0.0.0 Safari/537.36"
103.211.202.134 - - [14/May/2026:14:39:08 +0530] "GET /.well-known/acme-challenge/U0WURFWVDG-DM9KYN0ZW3_ANDBTTY2OO HTTP/1.1" 404 - "-" "Cpanel-HTTP-Client/1.0"
157.49.237.36 - - [14/May/2026:14:40:36 +0530] "POST /enrolment/enrolment_callback.php?frm=save HTTP/1.1" 200 95 "http://hrms.allyindian.com/enrolment/" "Mozilla/5.0 (X11; Linux x86_64) AppleWebKit/537.36 (KHTML, like Gecko) Chrome/147.0.0.0 Safari/537.36"
157.49.237.36 - - [14/May/2026:14:40:37 +0530] "GET /enrolment/ HTTP/1.1" 200 11998 "http://hrms.allyindian.com/enrolment/" "Mozilla/5.0 (X11; Linux x86_64) AppleWebKit/537.36 (KHTML, like Gecko) Chrome/147.0.0.0 Safari/537.36"
157.49.237.36 - - [14/May/2026:14:40:51 +0530] "POST /enrolment/enrolment_callback.php?frm=exit_number HTTP/1.1" 200 998 "http://hrms.allyindian.com/enrolment/" "Mozilla/5.0 (X11; Linux x86_64) AppleWebKit/537.36 (KHTML, like Gecko) Chrome/147.0.0.0 Safari/537.36"
157.49.237.36 - - [14/May/2026:14:41:06 +0530] "POST /enrolment/enrolment_callback.php?frm=save HTTP/1.1" 200 95 "http://hrms.allyindian.com/enrolment/" "Mozilla/5.0 (X11; Linux x86_64) AppleWebKit/537.36 (KHTML, like Gecko) Chrome/147.0.0.0 Safari/537.36"
157.49.237.36 - - [14/May/2026:14:41:07 +0530] "GET /enrolment/ HTTP/1.1" 200 11998 "http://hrms.allyindian.com/enrolment/" "Mozilla/5.0 (X11; Linux x86_64) AppleWebKit/537.36 (KHTML, like Gecko) Chrome/147.0.0.0 Safari/537.36"
157.49.237.36 - - [14/May/2026:14:41:17 +0530] "POST /enrolment/enrolment_callback.php?frm=exit_number HTTP/1.1" 200 998 "http://hrms.allyindian.com/enrolment/" "Mozilla/5.0 (X11; Linux x86_64) AppleWebKit/537.36 (KHTML, like Gecko) Chrome/147.0.0.0 Safari/537.36"
157.49.237.36 - - [14/May/2026:14:41:23 +0530] "POST /enrolment/enrolment_callback.php?frm=save HTTP/1.1" 200 95 "http://hrms.allyindian.com/enrolment/" "Mozilla/5.0 (X11; Linux x86_64) AppleWebKit/537.36 (KHTML, like Gecko) Chrome/147.0.0.0 Safari/537.36"
157.49.237.36 - - [14/May/2026:14:41:24 +0530] "GET /enrolment/ HTTP/1.1" 200 11998 "http://hrms.allyindian.com/enrolment/" "Mozilla/5.0 (X11; Linux x86_64) AppleWebKit/537.36 (KHTML, like Gecko) Chrome/147.0.0.0 Safari/537.36"
157.49.237.36 - - [14/May/2026:14:41:32 +0530] "POST /enrolment/enrolment_callback.php?frm=exit_number HTTP/1.1" 200 998 "http://hrms.allyindian.com/enrolment/" "Mozilla/5.0 (X11; Linux x86_64) AppleWebKit/537.36 (KHTML, like Gecko) Chrome/147.0.0.0 Safari/537.36"
157.49.237.36 - - [14/May/2026:14:41:36 +0530] "POST /enrolment/enrolment_callback.php?frm=save HTTP/1.1" 200 95 "http://hrms.allyindian.com/enrolment/" "Mozilla/5.0 (X11; Linux x86_64) AppleWebKit/537.36 (KHTML, like Gecko) Chrome/147.0.0.0 Safari/537.36"
157.49.237.36 - - [14/May/2026:14:41:38 +0530] "GET /enrolment/ HTTP/1.1" 200 11998 "http://hrms.allyindian.com/enrolment/" "Mozilla/5.0 (X11; Linux x86_64) AppleWebKit/537.36 (KHTML, like Gecko) Chrome/147.0.0.0 Safari/537.36"
157.49.237.36 - - [14/May/2026:14:41:46 +0530] "POST /enrolment/enrolment_callback.php?frm=exit_number HTTP/1.1" 200 998 "http://hrms.allyindian.com/enrolment/" "Mozilla/5.0 (X11; Linux x86_64) AppleWebKit/537.36 (KHTML, like Gecko) Chrome/147.0.0.0 Safari/537.36"
157.49.237.36 - - [14/May/2026:14:41:53 +0530] "POST /enrolment/enrolment_callback.php?frm=save HTTP/1.1" 200 95 "http://hrms.allyindian.com/enrolment/" "Mozilla/5.0 (X11; Linux x86_64) AppleWebKit/537.36 (KHTML, like Gecko) Chrome/147.0.0.0 Safari/537.36"
157.49.237.36 - - [14/May/2026:14:41:55 +0530] "GET /enrolment/ HTTP/1.1" 200 11998 "http://hrms.allyindian.com/enrolment/" "Mozilla/5.0 (X11; Linux x86_64) AppleWebKit/537.36 (KHTML, like Gecko) Chrome/147.0.0.0 Safari/537.36"
157.49.237.36 - - [14/May/2026:14:42:07 +0530] "POST /enrolment/enrolment_callback.php?frm=exit_number HTTP/1.1" 200 998 "http://hrms.allyindian.com/enrolment/" "Mozilla/5.0 (X11; Linux x86_64) AppleWebKit/537.36 (KHTML, like Gecko) Chrome/147.0.0.0 Safari/537.36"
157.49.237.36 - - [14/May/2026:14:42:22 +0530] "POST /enrolment/enrolment_callback.php?frm=save HTTP/1.1" 200 95 "http://hrms.allyindian.com/enrolment/" "Mozilla/5.0 (X11; Linux x86_64) AppleWebKit/537.36 (KHTML, like Gecko) Chrome/147.0.0.0 Safari/537.36"
157.49.237.36 - - [14/May/2026:14:42:23 +0530] "GET /enrolment/ HTTP/1.1" 200 11998 "http://hrms.allyindian.com/enrolment/" "Mozilla/5.0 (X11; Linux x86_64) AppleWebKit/537.36 (KHTML, like Gecko) Chrome/147.0.0.0 Safari/537.36"
157.49.237.36 - - [14/May/2026:14:42:32 +0530] "POST /enrolment/enrolment_callback.php?frm=exit_number HTTP/1.1" 200 998 "http://hrms.allyindian.com/enrolment/" "Mozilla/5.0 (X11; Linux x86_64) AppleWebKit/537.36 (KHTML, like Gecko) Chrome/147.0.0.0 Safari/537.36"
157.49.237.36 - - [14/May/2026:14:42:44 +0530] "POST /enrolment/enrolment_callback.php?frm=save HTTP/1.1" 200 95 "http://hrms.allyindian.com/enrolment/" "Mozilla/5.0 (X11; Linux x86_64) AppleWebKit/537.36 (KHTML, like Gecko) Chrome/147.0.0.0 Safari/537.36"
157.49.237.36 - - [14/May/2026:14:42:46 +0530] "GET /enrolment/ HTTP/1.1" 200 11998 "http://hrms.allyindian.com/enrolment/" "Mozilla/5.0 (X11; Linux x86_64) AppleWebKit/537.36 (KHTML, like Gecko) Chrome/147.0.0.0 Safari/537.36"
157.49.237.36 - - [14/May/2026:14:42:53 +0530] "POST /enrolment/enrolment_callback.php?frm=exit_number HTTP/1.1" 200 998 "http://hrms.allyindian.com/enrolment/" "Mozilla/5.0 (X11; Linux x86_64) AppleWebKit/537.36 (KHTML, like Gecko) Chrome/147.0.0.0 Safari/537.36"
157.49.237.36 - - [14/May/2026:14:43:28 +0530] "POST /enrolment/enrolment_callback.php?frm=save HTTP/1.1" 200 95 "http://hrms.allyindian.com/enrolment/" "Mozilla/5.0 (X11; Linux x86_64) AppleWebKit/537.36 (KHTML, like Gecko) Chrome/147.0.0.0 Safari/537.36"
157.49.237.36 - - [14/May/2026:14:43:29 +0530] "GET /enrolment/ HTTP/1.1" 200 11998 "http://hrms.allyindian.com/enrolment/" "Mozilla/5.0 (X11; Linux x86_64) AppleWebKit/537.36 (KHTML, like Gecko) Chrome/147.0.0.0 Safari/537.36"
157.49.237.36 - - [14/May/2026:14:43:37 +0530] "POST /enrolment/enrolment_callback.php?frm=exit_number HTTP/1.1" 200 998 "http://hrms.allyindian.com/enrolment/" "Mozilla/5.0 (X11; Linux x86_64) AppleWebKit/537.36 (KHTML, like Gecko) Chrome/147.0.0.0 Safari/537.36"
157.49.237.36 - - [14/May/2026:14:43:49 +0530] "POST /enrolment/enrolment_callback.php?frm=save HTTP/1.1" 200 95 "http://hrms.allyindian.com/enrolment/" "Mozilla/5.0 (X11; Linux x86_64) AppleWebKit/537.36 (KHTML, like Gecko) Chrome/147.0.0.0 Safari/537.36"
157.49.237.36 - - [14/May/2026:14:43:51 +0530] "GET /enrolment/ HTTP/1.1" 200 11998 "http://hrms.allyindian.com/enrolment/" "Mozilla/5.0 (X11; Linux x86_64) AppleWebKit/537.36 (KHTML, like Gecko) Chrome/147.0.0.0 Safari/537.36"
103.238.228.178 - - [14/May/2026:14:58:49 +0530] "GET /favicon.ico HTTP/1.1" 404 557 "http://hrms.allyindian.com/enrolment/" "Mozilla/5.0 (Linux; Android 10; K) AppleWebKit/537.36 (KHTML, like Gecko) Chrome/147.0.0.0 Mobile Safari/537.36"
103.238.228.178 - - [14/May/2026:15:04:06 +0530] "GET /favicon.ico HTTP/1.1" 404 557 "http://hrms.allyindian.com/enrolment/" "Mozilla/5.0 (Linux; Android 10; K) AppleWebKit/537.36 (KHTML, like Gecko) Chrome/147.0.0.0 Mobile Safari/537.36"
103.238.228.178 - - [14/May/2026:15:04:13 +0530] "POST /enrolment/enrolment_callback.php?frm=exit_number HTTP/1.1" 200 1170 "http://hrms.allyindian.com/enrolment/" "Mozilla/5.0 (Linux; Android 10; K) AppleWebKit/537.36 (KHTML, like Gecko) Chrome/147.0.0.0 Mobile Safari/537.36"
103.238.228.178 - - [14/May/2026:15:04:32 +0530] "POST /upload_files/upload.php?send_from=custom_approval&send_for=upload_self_attested&extension=pdf HTTP/1.1" 200 73 "http://hrms.allyindian.com/enrolment/" "Mozilla/5.0 (Linux; Android 10; K) AppleWebKit/537.36 (KHTML, like Gecko) Chrome/147.0.0.0 Mobile Safari/537.36"
103.238.228.178 - - [14/May/2026:15:04:41 +0530] "POST /enrolment/enrolment_callback.php?frm=save HTTP/1.1" 200 95 "http://hrms.allyindian.com/enrolment/" "Mozilla/5.0 (Linux; Android 10; K) AppleWebKit/537.36 (KHTML, like Gecko) Chrome/147.0.0.0 Mobile Safari/537.36"
103.238.228.178 - - [14/May/2026:15:04:42 +0530] "GET /enrolment/ HTTP/1.1" 200 11998 "http://hrms.allyindian.com/enrolment/" "Mozilla/5.0 (Linux; Android 10; K) AppleWebKit/537.36 (KHTML, like Gecko) Chrome/147.0.0.0 Mobile Safari/537.36"
103.238.228.178 - - [14/May/2026:15:04:56 +0530] "GET /enrolment/ HTTP/1.1" 200 11998 "android-app://com.google.android.gm/" "Mozilla/5.0 (Linux; Android 10; K) AppleWebKit/537.36 (KHTML, like Gecko) Chrome/147.0.0.0 Mobile Safari/537.36"
103.238.228.178 - - [14/May/2026:15:05:00 +0530] "POST /enrolment/enrolment_callback.php?frm=exit_number HTTP/1.1" 200 1170 "http://hrms.allyindian.com/enrolment/" "Mozilla/5.0 (Linux; Android 10; K) AppleWebKit/537.36 (KHTML, like Gecko) Chrome/147.0.0.0 Mobile Safari/537.36"
103.238.228.178 - - [14/May/2026:15:05:09 +0530] "POST /upload_files/upload.php?send_from=custom_approval&send_for=upload_self_attested&extension=pdf HTTP/1.1" 200 73 "http://hrms.allyindian.com/enrolment/" "Mozilla/5.0 (Linux; Android 10; K) AppleWebKit/537.36 (KHTML, like Gecko) Chrome/147.0.0.0 Mobile Safari/537.36"
103.238.228.178 - - [14/May/2026:15:05:18 +0530] "POST /upload_files/upload.php?send_from=custom_approval&send_for=upload_self_attested&extension=pdf HTTP/1.1" 200 73 "http://hrms.allyindian.com/enrolment/" "Mozilla/5.0 (Linux; Android 10; K) AppleWebKit/537.36 (KHTML, like Gecko) Chrome/147.0.0.0 Mobile Safari/537.36"
103.238.228.178 - - [14/May/2026:15:06:26 +0530] "POST /upload_files/upload.php?send_from=custom_approval&send_for=upload_self_attested&extension=pdf HTTP/1.1" 200 149 "http://hrms.allyindian.com/enrolment/" "Mozilla/5.0 (Linux; Android 10; K) AppleWebKit/537.36 (KHTML, like Gecko) Chrome/147.0.0.0 Mobile Safari/537.36"
103.238.228.178 - - [14/May/2026:15:06:28 +0530] "POST /enrolment/enrolment_callback.php?frm=save HTTP/1.1" 200 95 "http://hrms.allyindian.com/enrolment/" "Mozilla/5.0 (Linux; Android 10; K) AppleWebKit/537.36 (KHTML, like Gecko) Chrome/147.0.0.0 Mobile Safari/537.36"
103.238.228.178 - - [14/May/2026:15:06:29 +0530] "GET /enrolment/ HTTP/1.1" 200 11998 "http://hrms.allyindian.com/enrolment/" "Mozilla/5.0 (Linux; Android 10; K) AppleWebKit/537.36 (KHTML, like Gecko) Chrome/147.0.0.0 Mobile Safari/537.36"
103.211.202.96 - - [14/May/2026:15:36:15 +0530] "GET /.well-known/acme-challenge/1FD9F6GVL9B5I4TL42YL3ZHRC17FNA6W HTTP/1.1" 200 64 "-" "Cpanel-HTTP-Client/1.0"
157.49.240.231 - - [14/May/2026:16:55:03 +0530] "GET /offer HTTP/1.1" 301 281 "android-app://com.google.android.gm/" "Mozilla/5.0 (Linux; Android 10; K) AppleWebKit/537.36 (KHTML, like Gecko) Chrome/147.0.0.0 Mobile Safari/537.36"
157.49.240.231 - - [14/May/2026:16:55:03 +0530] "GET /offer/ HTTP/1.1" 200 5732 "android-app://com.google.android.gm/" "Mozilla/5.0 (Linux; Android 10; K) AppleWebKit/537.36 (KHTML, like Gecko) Chrome/147.0.0.0 Mobile Safari/537.36"
157.49.240.231 - - [14/May/2026:16:55:06 +0530] "GET /offer/asset/images/employment.jpg HTTP/1.1" 200 176886 "http://hrms.allyindian.com/offer/" "Mozilla/5.0 (Linux; Android 10; K) AppleWebKit/537.36 (KHTML, like Gecko) Chrome/147.0.0.0 Mobile Safari/537.36"
157.49.240.231 - - [14/May/2026:16:55:06 +0530] "GET /favicon.ico HTTP/1.1" 404 557 "http://hrms.allyindian.com/offer/" "Mozilla/5.0 (Linux; Android 10; K) AppleWebKit/537.36 (KHTML, like Gecko) Chrome/147.0.0.0 Mobile Safari/537.36"
103.211.202.96 - - [14/May/2026:17:22:16 +0530] "GET /.well-known/acme-challenge/E4XQIHSCXRL0K3UUM7AH1S6P_-1IIF4L HTTP/1.1" 200 64 "-" "Cpanel-HTTP-Client/1.0"