106.222.220.59 - - [14/May/2026:12:32:28 +0530] "POST /health/search HTTP/2.0" 200 518 "https://login.cafsindia.com/health" "Mozilla/5.0 (Windows NT 10.0; Win64; x64) AppleWebKit/537.36 (KHTML, like Gecko) Chrome/148.0.0.0 Safari/537.36"
106.222.220.59 - - [14/May/2026:12:32:32 +0530] "POST /health/view/13037 HTTP/2.0" 200 421757 "https://login.cafsindia.com/health" "Mozilla/5.0 (Windows NT 10.0; Win64; x64) AppleWebKit/537.36 (KHTML, like Gecko) Chrome/148.0.0.0 Safari/537.36"
106.222.220.59 - - [14/May/2026:12:32:33 +0530] "POST /health/fetch_product HTTP/2.0" 200 1416 "https://login.cafsindia.com/health" "Mozilla/5.0 (Windows NT 10.0; Win64; x64) AppleWebKit/537.36 (KHTML, like Gecko) Chrome/148.0.0.0 Safari/537.36"
171.79.53.38 - - [14/May/2026:12:33:09 +0530] "POST /health_claim/search HTTP/2.0" 200 64 "https://login.cafsindia.com/health_claim" "Mozilla/5.0 (Windows NT 10.0; Win64; x64) AppleWebKit/537.36 (KHTML, like Gecko) Chrome/148.0.0.0 Safari/537.36"
171.79.53.38 - - [14/May/2026:12:33:12 +0530] "POST /health_claim/search HTTP/2.0" 200 6035 "https://login.cafsindia.com/health_claim" "Mozilla/5.0 (Windows NT 10.0; Win64; x64) AppleWebKit/537.36 (KHTML, like Gecko) Chrome/148.0.0.0 Safari/537.36"
171.79.53.38 - - [14/May/2026:12:33:23 +0530] "POST /life_renewals/search HTTP/2.0" 200 5241 "https://login.cafsindia.com/life_renewals" "Mozilla/5.0 (Windows NT 10.0; Win64; x64) AppleWebKit/537.36 (KHTML, like Gecko) Chrome/148.0.0.0 Safari/537.36"
103.238.228.178 - - [14/May/2026:12:33:24 +0530] "POST /health_renewals/sub_disposition_list HTTP/2.0" 200 5681 "https://login.cafsindia.com/health_renewals" "Mozilla/5.0 (Windows NT 10.0; Win64; x64) AppleWebKit/537.36 (KHTML, like Gecko) Chrome/148.0.0.0 Safari/537.36"
171.79.53.38 - - [14/May/2026:12:33:27 +0530] "POST /life_renewals/search HTTP/2.0" 200 5234 "https://login.cafsindia.com/life_renewals" "Mozilla/5.0 (Windows NT 10.0; Win64; x64) AppleWebKit/537.36 (KHTML, like Gecko) Chrome/148.0.0.0 Safari/537.36"
103.238.228.178 - - [14/May/2026:12:33:29 +0530] "POST /health_renewals/health_call_log_update/ HTTP/2.0" 200 3140 "https://login.cafsindia.com/health_renewals" "Mozilla/5.0 (Windows NT 10.0; Win64; x64) AppleWebKit/537.36 (KHTML, like Gecko) Chrome/148.0.0.0 Safari/537.36"
103.238.228.178 - - [14/May/2026:12:33:31 +0530] "POST /health_renewals/search HTTP/2.0" 200 5096 "https://login.cafsindia.com/health_renewals" "Mozilla/5.0 (Windows NT 10.0; Win64; x64) AppleWebKit/537.36 (KHTML, like Gecko) Chrome/148.0.0.0 Safari/537.36"
171.79.53.38 - - [14/May/2026:12:33:32 +0530] "GET /life_renewals HTTP/2.0" 200 144478 "https://login.cafsindia.com/home" "Mozilla/5.0 (Windows NT 10.0; Win64; x64) AppleWebKit/537.36 (KHTML, like Gecko) Chrome/148.0.0.0 Safari/537.36"
171.79.53.38 - - [14/May/2026:12:33:33 +0530] "POST /life_renewals/search HTTP/2.0" 200 5229 "https://login.cafsindia.com/life_renewals" "Mozilla/5.0 (Windows NT 10.0; Win64; x64) AppleWebKit/537.36 (KHTML, like Gecko) Chrome/148.0.0.0 Safari/537.36"
103.238.228.178 - - [14/May/2026:12:33:33 +0530] "POST /health_renewals/call_log/9815 HTTP/2.0" 200 44689 "https://login.cafsindia.com/health_renewals" "Mozilla/5.0 (Windows NT 10.0; Win64; x64) AppleWebKit/537.36 (KHTML, like Gecko) Chrome/148.0.0.0 Safari/537.36"
171.79.53.38 - - [14/May/2026:12:33:39 +0530] "POST /life_renewals/search HTTP/2.0" 200 5223 "https://login.cafsindia.com/life_renewals" "Mozilla/5.0 (Windows NT 10.0; Win64; x64) AppleWebKit/537.36 (KHTML, like Gecko) Chrome/148.0.0.0 Safari/537.36"
171.79.53.38 - - [14/May/2026:12:33:41 +0530] "POST /life_renewals/search HTTP/2.0" 200 5238 "https://login.cafsindia.com/life_renewals" "Mozilla/5.0 (Windows NT 10.0; Win64; x64) AppleWebKit/537.36 (KHTML, like Gecko) Chrome/148.0.0.0 Safari/537.36"
171.79.53.38 - - [14/May/2026:12:33:47 +0530] "POST /life_renewals/search HTTP/2.0" 200 5239 "https://login.cafsindia.com/life_renewals" "Mozilla/5.0 (Windows NT 10.0; Win64; x64) AppleWebKit/537.36 (KHTML, like Gecko) Chrome/148.0.0.0 Safari/537.36"
171.79.53.38 - - [14/May/2026:12:33:49 +0530] "POST /life_renewals/search HTTP/2.0" 200 5248 "https://login.cafsindia.com/life_renewals" "Mozilla/5.0 (Windows NT 10.0; Win64; x64) AppleWebKit/537.36 (KHTML, like Gecko) Chrome/148.0.0.0 Safari/537.36"
171.79.53.38 - - [14/May/2026:12:33:49 +0530] "POST /life_renewals/search HTTP/2.0" 200 5226 "https://login.cafsindia.com/life_renewals" "Mozilla/5.0 (Windows NT 10.0; Win64; x64) AppleWebKit/537.36 (KHTML, like Gecko) Chrome/148.0.0.0 Safari/537.36"
171.79.53.38 - - [14/May/2026:12:33:52 +0530] "POST /life_renewals/search HTTP/2.0" 200 5251 "https://login.cafsindia.com/life_renewals" "Mozilla/5.0 (Windows NT 10.0; Win64; x64) AppleWebKit/537.36 (KHTML, like Gecko) Chrome/148.0.0.0 Safari/537.36"
106.222.220.59 - - [14/May/2026:12:33:55 +0530] "POST /health/search HTTP/2.0" 200 66 "https://login.cafsindia.com/health" "Mozilla/5.0 (Windows NT 10.0; Win64; x64) AppleWebKit/537.36 (KHTML, like Gecko) Chrome/148.0.0.0 Safari/537.36"
106.222.220.59 - - [14/May/2026:12:33:55 +0530] "POST /health/search HTTP/2.0" 200 522 "https://login.cafsindia.com/health" "Mozilla/5.0 (Windows NT 10.0; Win64; x64) AppleWebKit/537.36 (KHTML, like Gecko) Chrome/148.0.0.0 Safari/537.36"
171.79.53.38 - - [14/May/2026:12:33:58 +0530] "POST /life_renewals/call_log/5858 HTTP/2.0" 200 78475 "https://login.cafsindia.com/life_renewals" "Mozilla/5.0 (Windows NT 10.0; Win64; x64) AppleWebKit/537.36 (KHTML, like Gecko) Chrome/148.0.0.0 Safari/537.36"
106.222.220.59 - - [14/May/2026:12:34:01 +0530] "POST /health/view/13056 HTTP/2.0" 200 422515 "https://login.cafsindia.com/health" "Mozilla/5.0 (Windows NT 10.0; Win64; x64) AppleWebKit/537.36 (KHTML, like Gecko) Chrome/148.0.0.0 Safari/537.36"
106.222.220.59 - - [14/May/2026:12:34:02 +0530] "POST /health/fetch_product HTTP/2.0" 200 1416 "https://login.cafsindia.com/health" "Mozilla/5.0 (Windows NT 10.0; Win64; x64) AppleWebKit/537.36 (KHTML, like Gecko) Chrome/148.0.0.0 Safari/537.36"
171.79.53.38 - - [14/May/2026:12:34:11 +0530] "POST /life_renewals/life_call_log_update/ HTTP/2.0" 200 19901 "https://login.cafsindia.com/life_renewals" "Mozilla/5.0 (Windows NT 10.0; Win64; x64) AppleWebKit/537.36 (KHTML, like Gecko) Chrome/148.0.0.0 Safari/537.36"
171.79.53.38 - - [14/May/2026:12:34:15 +0530] "POST /life_renewals/search HTTP/2.0" 200 5259 "https://login.cafsindia.com/life_renewals" "Mozilla/5.0 (Windows NT 10.0; Win64; x64) AppleWebKit/537.36 (KHTML, like Gecko) Chrome/148.0.0.0 Safari/537.36"
171.79.53.38 - - [14/May/2026:12:34:16 +0530] "POST /life_renewals/call_log/3925 HTTP/2.0" 200 68869 "https://login.cafsindia.com/life_renewals" "Mozilla/5.0 (Windows NT 10.0; Win64; x64) AppleWebKit/537.36 (KHTML, like Gecko) Chrome/148.0.0.0 Safari/537.36"
103.238.228.178 - - [14/May/2026:12:34:29 +0530] "POST /health_renewals/sub_disposition_list HTTP/2.0" 200 5681 "https://login.cafsindia.com/health_renewals" "Mozilla/5.0 (Windows NT 10.0; Win64; x64) AppleWebKit/537.36 (KHTML, like Gecko) Chrome/148.0.0.0 Safari/537.36"
171.79.53.38 - - [14/May/2026:12:34:36 +0530] "POST /life_renewals/life_call_log_update/ HTTP/2.0" 200 7112 "https://login.cafsindia.com/life_renewals" "Mozilla/5.0 (Windows NT 10.0; Win64; x64) AppleWebKit/537.36 (KHTML, like Gecko) Chrome/148.0.0.0 Safari/537.36"
171.79.53.38 - - [14/May/2026:12:34:39 +0530] "POST /life_renewals/search HTTP/2.0" 200 5241 "https://login.cafsindia.com/life_renewals" "Mozilla/5.0 (Windows NT 10.0; Win64; x64) AppleWebKit/537.36 (KHTML, like Gecko) Chrome/148.0.0.0 Safari/537.36"
171.79.53.38 - - [14/May/2026:12:34:40 +0530] "POST /life_renewals/call_log/3936 HTTP/2.0" 200 67774 "https://login.cafsindia.com/life_renewals" "Mozilla/5.0 (Windows NT 10.0; Win64; x64) AppleWebKit/537.36 (KHTML, like Gecko) Chrome/148.0.0.0 Safari/537.36"
103.238.228.178 - - [14/May/2026:12:34:53 +0530] "POST /health_renewals/renewal/9815 HTTP/2.0" 200 36848 "https://login.cafsindia.com/health_renewals" "Mozilla/5.0 (Windows NT 10.0; Win64; x64) AppleWebKit/537.36 (KHTML, like Gecko) Chrome/148.0.0.0 Safari/537.36"
103.238.228.178 - - [14/May/2026:12:35:02 +0530] "POST /health_renewals/call_log/9815 HTTP/2.0" 200 44689 "https://login.cafsindia.com/health_renewals" "Mozilla/5.0 (Windows NT 10.0; Win64; x64) AppleWebKit/537.36 (KHTML, like Gecko) Chrome/148.0.0.0 Safari/537.36"
103.238.228.178 - - [14/May/2026:12:35:32 +0530] "POST /health_renewals/sub_disposition_list HTTP/2.0" 200 5681 "https://login.cafsindia.com/health_renewals" "Mozilla/5.0 (Windows NT 10.0; Win64; x64) AppleWebKit/537.36 (KHTML, like Gecko) Chrome/148.0.0.0 Safari/537.36"
103.238.228.178 - - [14/May/2026:12:35:48 +0530] "POST /health_renewals/health_call_log_update/ HTTP/2.0" 200 2854 "https://login.cafsindia.com/health_renewals" "Mozilla/5.0 (Windows NT 10.0; Win64; x64) AppleWebKit/537.36 (KHTML, like Gecko) Chrome/148.0.0.0 Safari/537.36"
103.238.228.178 - - [14/May/2026:12:35:49 +0530] "POST /health_renewals/search HTTP/2.0" 200 5138 "https://login.cafsindia.com/health_renewals" "Mozilla/5.0 (Windows NT 10.0; Win64; x64) AppleWebKit/537.36 (KHTML, like Gecko) Chrome/148.0.0.0 Safari/537.36"
103.238.228.178 - - [14/May/2026:12:35:52 +0530] "POST /health_renewals/call_log/3573 HTTP/2.0" 200 55985 "https://login.cafsindia.com/health_renewals" "Mozilla/5.0 (Windows NT 10.0; Win64; x64) AppleWebKit/537.36 (KHTML, like Gecko) Chrome/148.0.0.0 Safari/537.36"
106.222.223.136 - - [14/May/2026:12:36:02 +0530] "GET /login HTTP/2.0" 200 15213 "-" "Mozilla/5.0 (Windows NT 10.0; Win64; x64) AppleWebKit/537.36 (KHTML, like Gecko) Chrome/148.0.0.0 Safari/537.36"
171.79.53.38 - - [14/May/2026:12:36:05 +0530] "GET /life_renewals HTTP/2.0" 200 144478 "https://login.cafsindia.com/home" "Mozilla/5.0 (Windows NT 10.0; Win64; x64) AppleWebKit/537.36 (KHTML, like Gecko) Chrome/148.0.0.0 Safari/537.36"
171.79.53.38 - - [14/May/2026:12:36:06 +0530] "POST /life_renewals/search HTTP/2.0" 200 5229 "https://login.cafsindia.com/life_renewals" "Mozilla/5.0 (Windows NT 10.0; Win64; x64) AppleWebKit/537.36 (KHTML, like Gecko) Chrome/148.0.0.0 Safari/537.36"
106.222.220.59 - - [14/May/2026:12:36:14 +0530] "POST /health/search HTTP/2.0" 200 513 "https://login.cafsindia.com/health" "Mozilla/5.0 (Windows NT 10.0; Win64; x64) AppleWebKit/537.36 (KHTML, like Gecko) Chrome/148.0.0.0 Safari/537.36"
106.222.220.59 - - [14/May/2026:12:36:14 +0530] "POST /health/search HTTP/2.0" 200 66 "https://login.cafsindia.com/health" "Mozilla/5.0 (Windows NT 10.0; Win64; x64) AppleWebKit/537.36 (KHTML, like Gecko) Chrome/148.0.0.0 Safari/537.36"
171.79.53.38 - - [14/May/2026:12:36:16 +0530] "GET /life_renewals HTTP/2.0" 200 144478 "https://login.cafsindia.com/life_renewals" "Mozilla/5.0 (Windows NT 10.0; Win64; x64) AppleWebKit/537.36 (KHTML, like Gecko) Chrome/148.0.0.0 Safari/537.36"
106.222.220.59 - - [14/May/2026:12:36:17 +0530] "POST /health/view/13048 HTTP/2.0" 200 421768 "https://login.cafsindia.com/health" "Mozilla/5.0 (Windows NT 10.0; Win64; x64) AppleWebKit/537.36 (KHTML, like Gecko) Chrome/148.0.0.0 Safari/537.36"
106.222.220.59 - - [14/May/2026:12:36:18 +0530] "POST /health/fetch_product HTTP/2.0" 200 577 "https://login.cafsindia.com/health" "Mozilla/5.0 (Windows NT 10.0; Win64; x64) AppleWebKit/537.36 (KHTML, like Gecko) Chrome/148.0.0.0 Safari/537.36"
171.79.53.38 - - [14/May/2026:12:36:18 +0530] "POST /life_renewals/search HTTP/2.0" 200 5229 "https://login.cafsindia.com/life_renewals" "Mozilla/5.0 (Windows NT 10.0; Win64; x64) AppleWebKit/537.36 (KHTML, like Gecko) Chrome/148.0.0.0 Safari/537.36"
171.79.53.38 - - [14/May/2026:12:36:20 +0530] "POST /life_renewals/search HTTP/2.0" 200 577 "https://login.cafsindia.com/life_renewals" "Mozilla/5.0 (Windows NT 10.0; Win64; x64) AppleWebKit/537.36 (KHTML, like Gecko) Chrome/148.0.0.0 Safari/537.36"
103.238.228.178 - - [14/May/2026:12:36:35 +0530] "POST /health_renewals/search HTTP/2.0" 200 5124 "https://login.cafsindia.com/health_renewals" "Mozilla/5.0 (Windows NT 10.0; Win64; x64) AppleWebKit/537.36 (KHTML, like Gecko) Chrome/148.0.0.0 Safari/537.36"
103.238.228.178 - - [14/May/2026:12:36:40 +0530] "POST /health_renewals/sub_disposition_list HTTP/2.0" 200 5681 "https://login.cafsindia.com/health_renewals" "Mozilla/5.0 (Windows NT 10.0; Win64; x64) AppleWebKit/537.36 (KHTML, like Gecko) Chrome/148.0.0.0 Safari/537.36"
103.238.228.178 - - [14/May/2026:12:36:47 +0530] "POST /health_renewals/call_log/12478 HTTP/2.0" 200 44039 "https://login.cafsindia.com/health_renewals" "Mozilla/5.0 (Windows NT 10.0; Win64; x64) AppleWebKit/537.36 (KHTML, like Gecko) Chrome/148.0.0.0 Safari/537.36"
103.238.228.178 - - [14/May/2026:12:36:46 +0530] "POST /health_renewals/health_call_log_update/ HTTP/2.0" 200 19738 "https://login.cafsindia.com/health_renewals" "Mozilla/5.0 (Windows NT 10.0; Win64; x64) AppleWebKit/537.36 (KHTML, like Gecko) Chrome/148.0.0.0 Safari/537.36"
103.238.228.178 - - [14/May/2026:12:36:48 +0530] "POST /health_renewals/search HTTP/2.0" 200 5135 "https://login.cafsindia.com/health_renewals" "Mozilla/5.0 (Windows NT 10.0; Win64; x64) AppleWebKit/537.36 (KHTML, like Gecko) Chrome/148.0.0.0 Safari/537.36"
223.185.26.243 - - [14/May/2026:12:36:51 +0530] "POST /health/search HTTP/2.0" 200 4577 "https://login.cafsindia.com/health" "Mozilla/5.0 (Windows NT 10.0; Win64; x64) AppleWebKit/537.36 (KHTML, like Gecko) Chrome/148.0.0.0 Safari/537.36 Edg/148.0.0.0"
103.238.228.178 - - [14/May/2026:12:36:51 +0530] "POST /health_renewals/call_log/1486 HTTP/2.0" 200 56406 "https://login.cafsindia.com/health_renewals" "Mozilla/5.0 (Windows NT 10.0; Win64; x64) AppleWebKit/537.36 (KHTML, like Gecko) Chrome/148.0.0.0 Safari/537.36"
106.222.220.59 - - [14/May/2026:12:37:15 +0530] "GET / HTTP/2.0" 200 15213 "-" "Mozilla/5.0 (Windows NT 10.0; Win64; x64) AppleWebKit/537.36 (KHTML, like Gecko) Chrome/148.0.0.0 Safari/537.36"
106.222.220.59 - - [14/May/2026:12:37:15 +0530] "GET /dist/bootstrap.min.css?rel=20260514 HTTP/2.0" 200 127391 "https://login.cafsindia.com/" "Mozilla/5.0 (Windows NT 10.0; Win64; x64) AppleWebKit/537.36 (KHTML, like Gecko) Chrome/148.0.0.0 Safari/537.36"
106.222.220.59 - - [14/May/2026:12:37:15 +0530] "GET /dist/cafs_login.css?rel=20260514 HTTP/2.0" 200 33753 "https://login.cafsindia.com/" "Mozilla/5.0 (Windows NT 10.0; Win64; x64) AppleWebKit/537.36 (KHTML, like Gecko) Chrome/148.0.0.0 Safari/537.36"
106.222.220.59 - - [14/May/2026:12:37:15 +0530] "GET /dist/jquery.min.js?rel=20260514 HTTP/2.0" 200 88145 "https://login.cafsindia.com/" "Mozilla/5.0 (Windows NT 10.0; Win64; x64) AppleWebKit/537.36 (KHTML, like Gecko) Chrome/148.0.0.0 Safari/537.36"
106.222.220.59 - - [14/May/2026:12:37:15 +0530] "GET /dist/opensourcepos.min.js?rel=20260514 HTTP/2.0" 200 1471322 "https://login.cafsindia.com/" "Mozilla/5.0 (Windows NT 10.0; Win64; x64) AppleWebKit/537.36 (KHTML, like Gecko) Chrome/148.0.0.0 Safari/537.36"
106.222.220.59 - - [14/May/2026:12:37:19 +0530] "POST /login/corp_login/ HTTP/2.0" 200 65 "https://login.cafsindia.com/" "Mozilla/5.0 (Windows NT 10.0; Win64; x64) AppleWebKit/537.36 (KHTML, like Gecko) Chrome/148.0.0.0 Safari/537.36"
106.222.220.59 - - [14/May/2026:12:37:20 +0530] "GET / HTTP/2.0" 302 - "https://login.cafsindia.com/" "Mozilla/5.0 (Windows NT 10.0; Win64; x64) AppleWebKit/537.36 (KHTML, like Gecko) Chrome/148.0.0.0 Safari/537.36"
106.222.220.59 - - [14/May/2026:12:37:20 +0530] "GET /home HTTP/2.0" 200 11150 "https://login.cafsindia.com/" "Mozilla/5.0 (Windows NT 10.0; Win64; x64) AppleWebKit/537.36 (KHTML, like Gecko) Chrome/148.0.0.0 Safari/537.36"
106.222.220.59 - - [14/May/2026:12:37:20 +0530] "GET /dist/cafs.css?rel=20260514 HTTP/2.0" 200 33565 "https://login.cafsindia.com/home" "Mozilla/5.0 (Windows NT 10.0; Win64; x64) AppleWebKit/537.36 (KHTML, like Gecko) Chrome/148.0.0.0 Safari/537.36"
106.222.220.59 - - [14/May/2026:12:37:20 +0530] "GET /dist/validate.js?rel=20260514 HTTP/2.0" 200 1455 "https://login.cafsindia.com/home" "Mozilla/5.0 (Windows NT 10.0; Win64; x64) AppleWebKit/537.36 (KHTML, like Gecko) Chrome/148.0.0.0 Safari/537.36"
103.238.228.178 - - [14/May/2026:12:37:20 +0530] "POST /health_renewals/call_log/3323 HTTP/2.0" 200 51775 "https://login.cafsindia.com/health_renewals" "Mozilla/5.0 (Windows NT 10.0; Win64; x64) AppleWebKit/537.36 (KHTML, like Gecko) Chrome/148.0.0.0 Safari/537.36"
223.185.26.243 - - [14/May/2026:12:37:24 +0530] "POST /upload_files/upload.php?send_from=health&send_for=upload_insured_id_proof&extension=png,jpg,jpeg,pdf&upload_filesize=1000 HTTP/2.0" 200 127 "https://login.cafsindia.com/health" "Mozilla/5.0 (Windows NT 10.0; Win64; x64) AppleWebKit/537.36 (KHTML, like Gecko) Chrome/148.0.0.0 Safari/537.36 Edg/148.0.0.0"
223.185.26.243 - - [14/May/2026:12:37:31 +0530] "POST /health/rowset_save HTTP/2.0" 200 1196 "https://login.cafsindia.com/health" "Mozilla/5.0 (Windows NT 10.0; Win64; x64) AppleWebKit/537.36 (KHTML, like Gecko) Chrome/148.0.0.0 Safari/537.36 Edg/148.0.0.0"
106.222.220.59 - - [14/May/2026:12:37:25 +0530] "GET /health HTTP/2.0" 200 1348456 "https://login.cafsindia.com/home" "Mozilla/5.0 (Windows NT 10.0; Win64; x64) AppleWebKit/537.36 (KHTML, like Gecko) Chrome/148.0.0.0 Safari/537.36"
106.222.220.59 - - [14/May/2026:12:37:35 +0530] "POST /health/search HTTP/2.0" 200 4590 "https://login.cafsindia.com/health" "Mozilla/5.0 (Windows NT 10.0; Win64; x64) AppleWebKit/537.36 (KHTML, like Gecko) Chrome/148.0.0.0 Safari/537.36"
106.222.220.59 - - [14/May/2026:12:37:37 +0530] "POST /health/search HTTP/2.0" 200 950 "https://login.cafsindia.com/health" "Mozilla/5.0 (Windows NT 10.0; Win64; x64) AppleWebKit/537.36 (KHTML, like Gecko) Chrome/148.0.0.0 Safari/537.36"
106.222.220.59 - - [14/May/2026:12:37:43 +0530] "POST /health/search HTTP/2.0" 200 4598 "https://login.cafsindia.com/health" "Mozilla/5.0 (Windows NT 10.0; Win64; x64) AppleWebKit/537.36 (KHTML, like Gecko) Chrome/148.0.0.0 Safari/537.36"
171.79.53.38 - - [14/May/2026:12:37:47 +0530] "POST /life_renewals/life_call_log_update/ HTTP/2.0" 200 5770 "https://login.cafsindia.com/life_renewals" "Mozilla/5.0 (Windows NT 10.0; Win64; x64) AppleWebKit/537.36 (KHTML, like Gecko) Chrome/148.0.0.0 Safari/537.36"
171.79.53.38 - - [14/May/2026:12:37:48 +0530] "POST /life_renewals/search HTTP/2.0" 200 5251 "https://login.cafsindia.com/life_renewals" "Mozilla/5.0 (Windows NT 10.0; Win64; x64) AppleWebKit/537.36 (KHTML, like Gecko) Chrome/148.0.0.0 Safari/537.36"
223.185.26.243 - - [14/May/2026:12:37:48 +0530] "POST /health/save/ HTTP/2.0" 200 100 "https://login.cafsindia.com/health" "Mozilla/5.0 (Windows NT 10.0; Win64; x64) AppleWebKit/537.36 (KHTML, like Gecko) Chrome/148.0.0.0 Safari/537.36 Edg/148.0.0.0"
223.185.26.243 - - [14/May/2026:12:37:49 +0530] "POST /health/search HTTP/2.0" 200 4577 "https://login.cafsindia.com/health" "Mozilla/5.0 (Windows NT 10.0; Win64; x64) AppleWebKit/537.36 (KHTML, like Gecko) Chrome/148.0.0.0 Safari/537.36 Edg/148.0.0.0"
106.222.220.59 - - [14/May/2026:12:37:50 +0530] "POST /health/search HTTP/2.0" 200 4590 "https://login.cafsindia.com/health" "Mozilla/5.0 (Windows NT 10.0; Win64; x64) AppleWebKit/537.36 (KHTML, like Gecko) Chrome/148.0.0.0 Safari/537.36"
171.79.53.38 - - [14/May/2026:12:37:49 +0530] "POST /life_renewals/call_log/5803 HTTP/2.0" 200 67709 "https://login.cafsindia.com/life_renewals" "Mozilla/5.0 (Windows NT 10.0; Win64; x64) AppleWebKit/537.36 (KHTML, like Gecko) Chrome/148.0.0.0 Safari/537.36"
103.238.228.178 - - [14/May/2026:12:37:51 +0530] "POST /health_renewals/sub_disposition_list HTTP/2.0" 200 5681 "https://login.cafsindia.com/health_renewals" "Mozilla/5.0 (Windows NT 10.0; Win64; x64) AppleWebKit/537.36 (KHTML, like Gecko) Chrome/148.0.0.0 Safari/537.36"
223.185.26.243 - - [14/May/2026:12:38:10 +0530] "POST /health/save/ HTTP/2.0" 200 100 "https://login.cafsindia.com/health" "Mozilla/5.0 (Windows NT 10.0; Win64; x64) AppleWebKit/537.36 (KHTML, like Gecko) Chrome/148.0.0.0 Safari/537.36 Edg/148.0.0.0"
223.185.26.243 - - [14/May/2026:12:38:11 +0530] "POST /health/search HTTP/2.0" 200 4577 "https://login.cafsindia.com/health" "Mozilla/5.0 (Windows NT 10.0; Win64; x64) AppleWebKit/537.36 (KHTML, like Gecko) Chrome/148.0.0.0 Safari/537.36 Edg/148.0.0.0"
103.238.228.178 - - [14/May/2026:12:38:25 +0530] "POST /health_renewals/health_call_log_update/ HTTP/2.0" 200 20268 "https://login.cafsindia.com/health_renewals" "Mozilla/5.0 (Windows NT 10.0; Win64; x64) AppleWebKit/537.36 (KHTML, like Gecko) Chrome/148.0.0.0 Safari/537.36"
106.222.220.59 - - [14/May/2026:12:38:27 +0530] "POST /health/search HTTP/2.0" 200 66 "https://login.cafsindia.com/health" "Mozilla/5.0 (Windows NT 10.0; Win64; x64) AppleWebKit/537.36 (KHTML, like Gecko) Chrome/148.0.0.0 Safari/537.36"
103.238.228.178 - - [14/May/2026:12:38:27 +0530] "POST /health_renewals/search HTTP/2.0" 200 5129 "https://login.cafsindia.com/health_renewals" "Mozilla/5.0 (Windows NT 10.0; Win64; x64) AppleWebKit/537.36 (KHTML, like Gecko) Chrome/148.0.0.0 Safari/537.36"
106.222.220.59 - - [14/May/2026:12:38:27 +0530] "POST /health/search HTTP/2.0" 200 523 "https://login.cafsindia.com/health" "Mozilla/5.0 (Windows NT 10.0; Win64; x64) AppleWebKit/537.36 (KHTML, like Gecko) Chrome/148.0.0.0 Safari/537.36"
106.222.220.59 - - [14/May/2026:12:38:29 +0530] "POST /health/view/13051 HTTP/2.0" 200 421390 "https://login.cafsindia.com/health" "Mozilla/5.0 (Windows NT 10.0; Win64; x64) AppleWebKit/537.36 (KHTML, like Gecko) Chrome/148.0.0.0 Safari/537.36"
106.222.220.59 - - [14/May/2026:12:38:30 +0530] "POST /health/fetch_product HTTP/2.0" 200 1416 "https://login.cafsindia.com/health" "Mozilla/5.0 (Windows NT 10.0; Win64; x64) AppleWebKit/537.36 (KHTML, like Gecko) Chrome/148.0.0.0 Safari/537.36"
103.238.228.178 - - [14/May/2026:12:38:29 +0530] "POST /health_renewals/call_log/3127 HTTP/2.0" 200 51676 "https://login.cafsindia.com/health_renewals" "Mozilla/5.0 (Windows NT 10.0; Win64; x64) AppleWebKit/537.36 (KHTML, like Gecko) Chrome/148.0.0.0 Safari/537.36"
223.185.26.243 - - [14/May/2026:12:38:34 +0530] "POST /upload_files/upload.php?send_from=health&send_for=upload_insured_id_proof&extension=png,jpg,jpeg,pdf&upload_filesize=1000 HTTP/2.0" 200 127 "https://login.cafsindia.com/health" "Mozilla/5.0 (Windows NT 10.0; Win64; x64) AppleWebKit/537.36 (KHTML, like Gecko) Chrome/148.0.0.0 Safari/537.36 Edg/148.0.0.0"
223.185.26.243 - - [14/May/2026:12:38:37 +0530] "POST /health/rowset_save HTTP/2.0" 200 1782 "https://login.cafsindia.com/health" "Mozilla/5.0 (Windows NT 10.0; Win64; x64) AppleWebKit/537.36 (KHTML, like Gecko) Chrome/148.0.0.0 Safari/537.36 Edg/148.0.0.0"
223.185.26.243 - - [14/May/2026:12:38:49 +0530] "POST /health/save/ HTTP/2.0" 200 100 "https://login.cafsindia.com/health" "Mozilla/5.0 (Windows NT 10.0; Win64; x64) AppleWebKit/537.36 (KHTML, like Gecko) Chrome/148.0.0.0 Safari/537.36 Edg/148.0.0.0"
223.185.26.243 - - [14/May/2026:12:38:50 +0530] "POST /health/search HTTP/2.0" 200 4577 "https://login.cafsindia.com/health" "Mozilla/5.0 (Windows NT 10.0; Win64; x64) AppleWebKit/537.36 (KHTML, like Gecko) Chrome/148.0.0.0 Safari/537.36 Edg/148.0.0.0"
223.185.26.243 - - [14/May/2026:12:39:11 +0530] "POST /upload_files/upload.php?send_from=health&send_for=upload_insured_id_proof&extension=png,jpg,jpeg,pdf&upload_filesize=1000 HTTP/2.0" 200 127 "https://login.cafsindia.com/health" "Mozilla/5.0 (Windows NT 10.0; Win64; x64) AppleWebKit/537.36 (KHTML, like Gecko) Chrome/148.0.0.0 Safari/537.36 Edg/148.0.0.0"
223.185.26.243 - - [14/May/2026:12:39:11 +0530] "POST /health/rowset_save HTTP/2.0" 200 2185 "https://login.cafsindia.com/health" "Mozilla/5.0 (Windows NT 10.0; Win64; x64) AppleWebKit/537.36 (KHTML, like Gecko) Chrome/148.0.0.0 Safari/537.36 Edg/148.0.0.0"
223.185.26.243 - - [14/May/2026:12:39:24 +0530] "POST /health/save/ HTTP/2.0" 200 100 "https://login.cafsindia.com/health" "Mozilla/5.0 (Windows NT 10.0; Win64; x64) AppleWebKit/537.36 (KHTML, like Gecko) Chrome/148.0.0.0 Safari/537.36 Edg/148.0.0.0"
223.185.26.243 - - [14/May/2026:12:39:25 +0530] "POST /health/search HTTP/2.0" 200 4577 "https://login.cafsindia.com/health" "Mozilla/5.0 (Windows NT 10.0; Win64; x64) AppleWebKit/537.36 (KHTML, like Gecko) Chrome/148.0.0.0 Safari/537.36 Edg/148.0.0.0"
103.238.228.178 - - [14/May/2026:12:39:35 +0530] "POST /life_renewals/search HTTP/2.0" 200 12997 "https://login.cafsindia.com/life_renewals" "Mozilla/5.0 (Windows NT 10.0; Win64; x64) AppleWebKit/537.36 (KHTML, like Gecko) Chrome/148.0.0.0 Safari/537.36"
106.222.220.59 - - [14/May/2026:12:39:29 +0530] "GET /health HTTP/2.0" 200 1353364 "https://login.cafsindia.com/health_renewals" "Mozilla/5.0 (Windows NT 10.0; Win64; x64) AppleWebKit/537.36 (KHTML, like Gecko) Chrome/148.0.0.0 Safari/537.36"
106.222.220.59 - - [14/May/2026:12:39:41 +0530] "POST /health/search HTTP/2.0" 200 4631 "https://login.cafsindia.com/health" "Mozilla/5.0 (Windows NT 10.0; Win64; x64) AppleWebKit/537.36 (KHTML, like Gecko) Chrome/148.0.0.0 Safari/537.36"
223.185.26.243 - - [14/May/2026:12:39:45 +0530] "POST /upload_files/upload.php?send_from=health&send_for=upload_insured_id_proof&extension=png,jpg,jpeg,pdf&upload_filesize=1000 HTTP/2.0" 200 127 "https://login.cafsindia.com/health" "Mozilla/5.0 (Windows NT 10.0; Win64; x64) AppleWebKit/537.36 (KHTML, like Gecko) Chrome/148.0.0.0 Safari/537.36 Edg/148.0.0.0"
103.238.228.178 - - [14/May/2026:12:39:45 +0530] "POST /life_renewals/search HTTP/2.0" 200 13127 "https://login.cafsindia.com/life_renewals" "Mozilla/5.0 (Windows NT 10.0; Win64; x64) AppleWebKit/537.36 (KHTML, like Gecko) Chrome/148.0.0.0 Safari/537.36"
223.185.26.243 - - [14/May/2026:12:39:46 +0530] "POST /health/rowset_save HTTP/2.0" 200 2771 "https://login.cafsindia.com/health" "Mozilla/5.0 (Windows NT 10.0; Win64; x64) AppleWebKit/537.36 (KHTML, like Gecko) Chrome/148.0.0.0 Safari/537.36 Edg/148.0.0.0"
103.238.228.178 - - [14/May/2026:12:39:44 +0530] "POST /health_renewals/call_log/9815 HTTP/2.0" 200 44689 "https://login.cafsindia.com/health_renewals" "Mozilla/5.0 (Windows NT 10.0; Win64; x64) AppleWebKit/537.36 (KHTML, like Gecko) Chrome/148.0.0.0 Safari/537.36"
223.185.26.243 - - [14/May/2026:12:40:17 +0530] "POST /health/save/ HTTP/2.0" 200 100 "https://login.cafsindia.com/health" "Mozilla/5.0 (Windows NT 10.0; Win64; x64) AppleWebKit/537.36 (KHTML, like Gecko) Chrome/148.0.0.0 Safari/537.36 Edg/148.0.0.0"
223.185.26.243 - - [14/May/2026:12:40:18 +0530] "POST /health/search HTTP/2.0" 200 4577 "https://login.cafsindia.com/health" "Mozilla/5.0 (Windows NT 10.0; Win64; x64) AppleWebKit/537.36 (KHTML, like Gecko) Chrome/148.0.0.0 Safari/537.36 Edg/148.0.0.0"
103.238.228.178 - - [14/May/2026:12:40:21 +0530] "POST /life_renewals/search HTTP/2.0" 200 12997 "https://login.cafsindia.com/life_renewals" "Mozilla/5.0 (Windows NT 10.0; Win64; x64) AppleWebKit/537.36 (KHTML, like Gecko) Chrome/148.0.0.0 Safari/537.36"
103.238.228.178 - - [14/May/2026:12:40:44 +0530] "POST /life_renewals/search HTTP/2.0" 200 13012 "https://login.cafsindia.com/life_renewals" "Mozilla/5.0 (Windows NT 10.0; Win64; x64) AppleWebKit/537.36 (KHTML, like Gecko) Chrome/148.0.0.0 Safari/537.36"
103.238.228.178 - - [14/May/2026:12:40:44 +0530] "POST /life_renewals/search HTTP/2.0" 200 573 "https://login.cafsindia.com/life_renewals" "Mozilla/5.0 (Windows NT 10.0; Win64; x64) AppleWebKit/537.36 (KHTML, like Gecko) Chrome/148.0.0.0 Safari/537.36"
103.238.228.178 - - [14/May/2026:12:40:45 +0530] "POST /life_renewals/search HTTP/2.0" 200 573 "https://login.cafsindia.com/life_renewals" "Mozilla/5.0 (Windows NT 10.0; Win64; x64) AppleWebKit/537.36 (KHTML, like Gecko) Chrome/148.0.0.0 Safari/537.36"
103.238.228.178 - - [14/May/2026:12:40:45 +0530] "POST /life_renewals/search HTTP/2.0" 200 65 "https://login.cafsindia.com/life_renewals" "Mozilla/5.0 (Windows NT 10.0; Win64; x64) AppleWebKit/537.36 (KHTML, like Gecko) Chrome/148.0.0.0 Safari/537.36"
103.238.228.178 - - [14/May/2026:12:40:46 +0530] "POST /life_renewals/search HTTP/2.0" 200 65 "https://login.cafsindia.com/life_renewals" "Mozilla/5.0 (Windows NT 10.0; Win64; x64) AppleWebKit/537.36 (KHTML, like Gecko) Chrome/148.0.0.0 Safari/537.36"
103.238.228.178 - - [14/May/2026:12:41:01 +0530] "POST /health_renewals/sub_disposition_list HTTP/2.0" 200 5681 "https://login.cafsindia.com/health_renewals" "Mozilla/5.0 (Windows NT 10.0; Win64; x64) AppleWebKit/537.36 (KHTML, like Gecko) Chrome/148.0.0.0 Safari/537.36"
103.238.228.178 - - [14/May/2026:12:41:07 +0530] "POST /health_renewals/health_call_log_update/ HTTP/2.0" 200 13989 "https://login.cafsindia.com/health_renewals" "Mozilla/5.0 (Windows NT 10.0; Win64; x64) AppleWebKit/537.36 (KHTML, like Gecko) Chrome/148.0.0.0 Safari/537.36"
103.238.228.178 - - [14/May/2026:12:41:09 +0530] "POST /health_renewals/search HTTP/2.0" 200 5134 "https://login.cafsindia.com/health_renewals" "Mozilla/5.0 (Windows NT 10.0; Win64; x64) AppleWebKit/537.36 (KHTML, like Gecko) Chrome/148.0.0.0 Safari/537.36"
103.238.228.178 - - [14/May/2026:12:41:11 +0530] "POST /health_renewals/call_log/12348 HTTP/2.0" 200 43969 "https://login.cafsindia.com/health_renewals" "Mozilla/5.0 (Windows NT 10.0; Win64; x64) AppleWebKit/537.36 (KHTML, like Gecko) Chrome/148.0.0.0 Safari/537.36"
103.238.228.178 - - [14/May/2026:12:43:07 +0530] "POST /health_renewals/sub_disposition_list HTTP/2.0" 200 5681 "https://login.cafsindia.com/health_renewals" "Mozilla/5.0 (Windows NT 10.0; Win64; x64) AppleWebKit/537.36 (KHTML, like Gecko) Chrome/148.0.0.0 Safari/537.36"
106.222.220.59 - - [14/May/2026:12:43:24 +0530] "POST /health/search HTTP/2.0" 200 510 "https://login.cafsindia.com/health" "Mozilla/5.0 (Windows NT 10.0; Win64; x64) AppleWebKit/537.36 (KHTML, like Gecko) Chrome/148.0.0.0 Safari/537.36"
106.222.220.59 - - [14/May/2026:12:43:24 +0530] "POST /health/search HTTP/2.0" 200 65 "https://login.cafsindia.com/health" "Mozilla/5.0 (Windows NT 10.0; Win64; x64) AppleWebKit/537.36 (KHTML, like Gecko) Chrome/148.0.0.0 Safari/537.36"
103.238.228.178 - - [14/May/2026:12:43:29 +0530] "POST /health_renewals/search HTTP/2.0" 200 570 "https://login.cafsindia.com/health_renewals" "Mozilla/5.0 (Windows NT 10.0; Win64; x64) AppleWebKit/537.36 (KHTML, like Gecko) Chrome/148.0.0.0 Safari/537.36"
106.222.220.59 - - [14/May/2026:12:43:30 +0530] "POST /health/view/13076 HTTP/2.0" 200 420649 "https://login.cafsindia.com/health" "Mozilla/5.0 (Windows NT 10.0; Win64; x64) AppleWebKit/537.36 (KHTML, like Gecko) Chrome/148.0.0.0 Safari/537.36"
106.222.220.59 - - [14/May/2026:12:43:31 +0530] "POST /health/fetch_product HTTP/2.0" 200 577 "https://login.cafsindia.com/health" "Mozilla/5.0 (Windows NT 10.0; Win64; x64) AppleWebKit/537.36 (KHTML, like Gecko) Chrome/148.0.0.0 Safari/537.36"
103.238.228.178 - - [14/May/2026:12:43:32 +0530] "POST /health_renewals/call_log/8015 HTTP/2.0" 200 47985 "https://login.cafsindia.com/health_renewals" "Mozilla/5.0 (Windows NT 10.0; Win64; x64) AppleWebKit/537.36 (KHTML, like Gecko) Chrome/148.0.0.0 Safari/537.36"
103.238.228.178 - - [14/May/2026:12:43:35 +0530] "POST /health_renewals/health_call_log_edit HTTP/2.0" 200 702 "https://login.cafsindia.com/health_renewals" "Mozilla/5.0 (Windows NT 10.0; Win64; x64) AppleWebKit/537.36 (KHTML, like Gecko) Chrome/148.0.0.0 Safari/537.36"
103.238.228.178 - - [14/May/2026:12:43:35 +0530] "POST /health_renewals/sub_disposition_list HTTP/2.0" 200 5681 "https://login.cafsindia.com/health_renewals" "Mozilla/5.0 (Windows NT 10.0; Win64; x64) AppleWebKit/537.36 (KHTML, like Gecko) Chrome/148.0.0.0 Safari/537.36"
103.238.228.178 - - [14/May/2026:12:43:36 +0530] "POST /health_renewals/health_call_log_update/ HTTP/2.0" 200 8798 "https://login.cafsindia.com/health_renewals" "Mozilla/5.0 (Windows NT 10.0; Win64; x64) AppleWebKit/537.36 (KHTML, like Gecko) Chrome/148.0.0.0 Safari/537.36"
103.238.228.178 - - [14/May/2026:12:43:37 +0530] "POST /health_renewals/search HTTP/2.0" 200 577 "https://login.cafsindia.com/health_renewals" "Mozilla/5.0 (Windows NT 10.0; Win64; x64) AppleWebKit/537.36 (KHTML, like Gecko) Chrome/148.0.0.0 Safari/537.36"
103.238.228.178 - - [14/May/2026:12:43:40 +0530] "POST /health_renewals/call_log/8015 HTTP/2.0" 200 47985 "https://login.cafsindia.com/health_renewals" "Mozilla/5.0 (Windows NT 10.0; Win64; x64) AppleWebKit/537.36 (KHTML, like Gecko) Chrome/148.0.0.0 Safari/537.36"
103.238.228.178 - - [14/May/2026:12:43:43 +0530] "POST /health_renewals/health_call_log_edit HTTP/2.0" 200 710 "https://login.cafsindia.com/health_renewals" "Mozilla/5.0 (Windows NT 10.0; Win64; x64) AppleWebKit/537.36 (KHTML, like Gecko) Chrome/148.0.0.0 Safari/537.36"
103.238.228.178 - - [14/May/2026:12:43:44 +0530] "POST /health_renewals/sub_disposition_list HTTP/2.0" 200 5681 "https://login.cafsindia.com/health_renewals" "Mozilla/5.0 (Windows NT 10.0; Win64; x64) AppleWebKit/537.36 (KHTML, like Gecko) Chrome/148.0.0.0 Safari/537.36"
103.238.228.178 - - [14/May/2026:12:43:46 +0530] "POST /health_renewals/health_call_log_update/ HTTP/2.0" 200 4732 "https://login.cafsindia.com/health_renewals" "Mozilla/5.0 (Windows NT 10.0; Win64; x64) AppleWebKit/537.36 (KHTML, like Gecko) Chrome/148.0.0.0 Safari/537.36"
103.238.228.178 - - [14/May/2026:12:43:48 +0530] "POST /health_renewals/search HTTP/2.0" 200 5096 "https://login.cafsindia.com/health_renewals" "Mozilla/5.0 (Windows NT 10.0; Win64; x64) AppleWebKit/537.36 (KHTML, like Gecko) Chrome/148.0.0.0 Safari/537.36"
103.238.228.178 - - [14/May/2026:12:43:50 +0530] "POST /health_renewals/call_log/9863 HTTP/2.0" 200 44203 "https://login.cafsindia.com/health_renewals" "Mozilla/5.0 (Windows NT 10.0; Win64; x64) AppleWebKit/537.36 (KHTML, like Gecko) Chrome/148.0.0.0 Safari/537.36"
103.238.228.178 - - [14/May/2026:12:43:56 +0530] "POST /health_renewals/health_call_log_update/ HTTP/2.0" 200 8767 "https://login.cafsindia.com/health_renewals" "Mozilla/5.0 (Windows NT 10.0; Win64; x64) AppleWebKit/537.36 (KHTML, like Gecko) Chrome/148.0.0.0 Safari/537.36"
103.238.228.178 - - [14/May/2026:12:43:57 +0530] "POST /health_renewals/search HTTP/2.0" 200 577 "https://login.cafsindia.com/health_renewals" "Mozilla/5.0 (Windows NT 10.0; Win64; x64) AppleWebKit/537.36 (KHTML, like Gecko) Chrome/148.0.0.0 Safari/537.36"
103.238.228.178 - - [14/May/2026:12:44:00 +0530] "POST /health_renewals/search HTTP/2.0" 200 5143 "https://login.cafsindia.com/health_renewals" "Mozilla/5.0 (Windows NT 10.0; Win64; x64) AppleWebKit/537.36 (KHTML, like Gecko) Chrome/148.0.0.0 Safari/537.36"
103.238.228.178 - - [14/May/2026:12:44:08 +0530] "POST /health_renewals/search HTTP/2.0" 200 66 "https://login.cafsindia.com/health_renewals" "Mozilla/5.0 (Windows NT 10.0; Win64; x64) AppleWebKit/537.36 (KHTML, like Gecko) Chrome/148.0.0.0 Safari/537.36"
103.238.228.178 - - [14/May/2026:12:44:08 +0530] "POST /health_renewals/search HTTP/2.0" 200 66 "https://login.cafsindia.com/health_renewals" "Mozilla/5.0 (Windows NT 10.0; Win64; x64) AppleWebKit/537.36 (KHTML, like Gecko) Chrome/148.0.0.0 Safari/537.36"
103.238.228.178 - - [14/May/2026:12:44:09 +0530] "POST /health_renewals/search HTTP/2.0" 200 577 "https://login.cafsindia.com/health_renewals" "Mozilla/5.0 (Windows NT 10.0; Win64; x64) AppleWebKit/537.36 (KHTML, like Gecko) Chrome/148.0.0.0 Safari/537.36"
103.238.228.178 - - [14/May/2026:12:44:16 +0530] "POST /health_renewals/health_call_log_update/ HTTP/2.0" 200 3479 "https://login.cafsindia.com/health_renewals" "Mozilla/5.0 (Windows NT 10.0; Win64; x64) AppleWebKit/537.36 (KHTML, like Gecko) Chrome/148.0.0.0 Safari/537.36"
103.238.228.178 - - [14/May/2026:12:44:18 +0530] "POST /health_renewals/search HTTP/2.0" 200 5134 "https://login.cafsindia.com/health_renewals" "Mozilla/5.0 (Windows NT 10.0; Win64; x64) AppleWebKit/537.36 (KHTML, like Gecko) Chrome/148.0.0.0 Safari/537.36"
103.238.228.178 - - [14/May/2026:12:44:41 +0530] "POST /health_renewals/renewal/8015 HTTP/2.0" 200 36542 "https://login.cafsindia.com/health_renewals" "Mozilla/5.0 (Windows NT 10.0; Win64; x64) AppleWebKit/537.36 (KHTML, like Gecko) Chrome/148.0.0.0 Safari/537.36"
103.238.228.178 - - [14/May/2026:12:44:58 +0530] "POST /health_renewals/sub_disposition_list HTTP/2.0" 200 5681 "https://login.cafsindia.com/health_renewals" "Mozilla/5.0 (Windows NT 10.0; Win64; x64) AppleWebKit/537.36 (KHTML, like Gecko) Chrome/148.0.0.0 Safari/537.36"
103.238.228.178 - - [14/May/2026:12:45:09 +0530] "POST /health_renewals/search HTTP/2.0" 200 5128 "https://login.cafsindia.com/health_renewals" "Mozilla/5.0 (Windows NT 10.0; Win64; x64) AppleWebKit/537.36 (KHTML, like Gecko) Chrome/148.0.0.0 Safari/537.36"
103.238.228.178 - - [14/May/2026:12:45:05 +0530] "POST /health_renewals/health_call_log_update/ HTTP/2.0" 200 3805 "https://login.cafsindia.com/health_renewals" "Mozilla/5.0 (Windows NT 10.0; Win64; x64) AppleWebKit/537.36 (KHTML, like Gecko) Chrome/148.0.0.0 Safari/537.36"
103.238.228.178 - - [14/May/2026:12:45:11 +0530] "POST /health_renewals/search HTTP/2.0" 200 5138 "https://login.cafsindia.com/health_renewals" "Mozilla/5.0 (Windows NT 10.0; Win64; x64) AppleWebKit/537.36 (KHTML, like Gecko) Chrome/148.0.0.0 Safari/537.36"
103.238.228.178 - - [14/May/2026:12:45:09 +0530] "POST /health_renewals/call_log/8015 HTTP/2.0" 200 47954 "https://login.cafsindia.com/health_renewals" "Mozilla/5.0 (Windows NT 10.0; Win64; x64) AppleWebKit/537.36 (KHTML, like Gecko) Chrome/148.0.0.0 Safari/537.36"
103.238.228.178 - - [14/May/2026:12:45:12 +0530] "POST /health_renewals/renewal/8015 HTTP/2.0" 200 36542 "https://login.cafsindia.com/health_renewals" "Mozilla/5.0 (Windows NT 10.0; Win64; x64) AppleWebKit/537.36 (KHTML, like Gecko) Chrome/148.0.0.0 Safari/537.36"
103.238.228.178 - - [14/May/2026:12:45:16 +0530] "POST /health_renewals/sub_disposition_list HTTP/2.0" 200 5681 "https://login.cafsindia.com/health_renewals" "Mozilla/5.0 (Windows NT 10.0; Win64; x64) AppleWebKit/537.36 (KHTML, like Gecko) Chrome/148.0.0.0 Safari/537.36"
103.238.228.178 - - [14/May/2026:12:45:21 +0530] "POST /health_renewals/call_log/3626 HTTP/2.0" 200 50376 "https://login.cafsindia.com/health_renewals" "Mozilla/5.0 (Windows NT 10.0; Win64; x64) AppleWebKit/537.36 (KHTML, like Gecko) Chrome/148.0.0.0 Safari/537.36"
103.238.228.178 - - [14/May/2026:12:45:23 +0530] "POST /health_renewals/health_call_log_update/ HTTP/2.0" 200 10567 "https://login.cafsindia.com/health_renewals" "Mozilla/5.0 (Windows NT 10.0; Win64; x64) AppleWebKit/537.36 (KHTML, like Gecko) Chrome/148.0.0.0 Safari/537.36"
103.238.228.178 - - [14/May/2026:12:45:25 +0530] "POST /health_renewals/search HTTP/2.0" 200 5066 "https://login.cafsindia.com/health_renewals" "Mozilla/5.0 (Windows NT 10.0; Win64; x64) AppleWebKit/537.36 (KHTML, like Gecko) Chrome/148.0.0.0 Safari/537.36"
103.238.228.178 - - [14/May/2026:12:45:29 +0530] "POST /health_renewals/sub_disposition_list HTTP/2.0" 200 5681 "https://login.cafsindia.com/health_renewals" "Mozilla/5.0 (Windows NT 10.0; Win64; x64) AppleWebKit/537.36 (KHTML, like Gecko) Chrome/148.0.0.0 Safari/537.36"
103.238.228.178 - - [14/May/2026:12:45:33 +0530] "POST /health_renewals/call_log/3323 HTTP/2.0" 200 51775 "https://login.cafsindia.com/health_renewals" "Mozilla/5.0 (Windows NT 10.0; Win64; x64) AppleWebKit/537.36 (KHTML, like Gecko) Chrome/148.0.0.0 Safari/537.36"
103.238.228.178 - - [14/May/2026:12:45:40 +0530] "POST /health_renewals/call_log/9785 HTTP/2.0" 200 45482 "https://login.cafsindia.com/health_renewals" "Mozilla/5.0 (Windows NT 10.0; Win64; x64) AppleWebKit/537.36 (KHTML, like Gecko) Chrome/148.0.0.0 Safari/537.36"
103.238.228.178 - - [14/May/2026:12:45:45 +0530] "POST /health_renewals/call_log/12676 HTTP/2.0" 200 41871 "https://login.cafsindia.com/health_renewals" "Mozilla/5.0 (Windows NT 10.0; Win64; x64) AppleWebKit/537.36 (KHTML, like Gecko) Chrome/148.0.0.0 Safari/537.36"
103.238.228.178 - - [14/May/2026:12:45:59 +0530] "POST /health_renewals/search HTTP/2.0" 200 66 "https://login.cafsindia.com/health_renewals" "Mozilla/5.0 (Windows NT 10.0; Win64; x64) AppleWebKit/537.36 (KHTML, like Gecko) Chrome/148.0.0.0 Safari/537.36"
103.238.228.178 - - [14/May/2026:12:45:59 +0530] "POST /health_renewals/search HTTP/2.0" 200 66 "https://login.cafsindia.com/health_renewals" "Mozilla/5.0 (Windows NT 10.0; Win64; x64) AppleWebKit/537.36 (KHTML, like Gecko) Chrome/148.0.0.0 Safari/537.36"
103.238.228.178 - - [14/May/2026:12:46:00 +0530] "POST /health_renewals/search HTTP/2.0" 200 570 "https://login.cafsindia.com/health_renewals" "Mozilla/5.0 (Windows NT 10.0; Win64; x64) AppleWebKit/537.36 (KHTML, like Gecko) Chrome/148.0.0.0 Safari/537.36"
103.238.228.178 - - [14/May/2026:12:46:05 +0530] "POST /health_renewals/renewal/8039 HTTP/2.0" 200 35395 "https://login.cafsindia.com/health_renewals" "Mozilla/5.0 (Windows NT 10.0; Win64; x64) AppleWebKit/537.36 (KHTML, like Gecko) Chrome/148.0.0.0 Safari/537.36"
103.238.228.178 - - [14/May/2026:12:46:16 +0530] "POST /health_renewals/sub_disposition_list HTTP/2.0" 200 5681 "https://login.cafsindia.com/health_renewals" "Mozilla/5.0 (Windows NT 10.0; Win64; x64) AppleWebKit/537.36 (KHTML, like Gecko) Chrome/148.0.0.0 Safari/537.36"
171.79.53.38 - - [14/May/2026:12:46:29 +0530] "POST /life_renewals/call_log/1515 HTTP/2.0" 200 66789 "https://login.cafsindia.com/life_renewals" "Mozilla/5.0 (Windows NT 10.0; Win64; x64) AppleWebKit/537.36 (KHTML, like Gecko) Chrome/148.0.0.0 Safari/537.36"
103.238.228.178 - - [14/May/2026:12:46:36 +0530] "POST /health_renewals/health_call_log_update/ HTTP/2.0" 200 5765 "https://login.cafsindia.com/health_renewals" "Mozilla/5.0 (Windows NT 10.0; Win64; x64) AppleWebKit/537.36 (KHTML, like Gecko) Chrome/148.0.0.0 Safari/537.36"
103.238.228.178 - - [14/May/2026:12:46:37 +0530] "POST /health_renewals/search HTTP/2.0" 200 5138 "https://login.cafsindia.com/health_renewals" "Mozilla/5.0 (Windows NT 10.0; Win64; x64) AppleWebKit/537.36 (KHTML, like Gecko) Chrome/148.0.0.0 Safari/537.36"
103.238.228.178 - - [14/May/2026:12:46:39 +0530] "POST /health_renewals/call_log/3693 HTTP/2.0" 200 65069 "https://login.cafsindia.com/health_renewals" "Mozilla/5.0 (Windows NT 10.0; Win64; x64) AppleWebKit/537.36 (KHTML, like Gecko) Chrome/148.0.0.0 Safari/537.36"
103.238.228.178 - - [14/May/2026:12:46:46 +0530] "POST /health_renewals/search HTTP/2.0" 200 66 "https://login.cafsindia.com/health_renewals" "Mozilla/5.0 (Windows NT 10.0; Win64; x64) AppleWebKit/537.36 (KHTML, like Gecko) Chrome/148.0.0.0 Safari/537.36"
103.238.228.178 - - [14/May/2026:12:46:46 +0530] "POST /health_renewals/search HTTP/2.0" 200 66 "https://login.cafsindia.com/health_renewals" "Mozilla/5.0 (Windows NT 10.0; Win64; x64) AppleWebKit/537.36 (KHTML, like Gecko) Chrome/148.0.0.0 Safari/537.36"
103.238.228.178 - - [14/May/2026:12:46:46 +0530] "POST /health_renewals/search HTTP/2.0" 200 66 "https://login.cafsindia.com/health_renewals" "Mozilla/5.0 (Windows NT 10.0; Win64; x64) AppleWebKit/537.36 (KHTML, like Gecko) Chrome/148.0.0.0 Safari/537.36"
103.238.228.178 - - [14/May/2026:12:46:47 +0530] "POST /health_renewals/sub_disposition_list HTTP/2.0" 200 5681 "https://login.cafsindia.com/health_renewals" "Mozilla/5.0 (Windows NT 10.0; Win64; x64) AppleWebKit/537.36 (KHTML, like Gecko) Chrome/148.0.0.0 Safari/537.36"
103.238.228.178 - - [14/May/2026:12:46:52 +0530] "POST /health/search HTTP/2.0" 200 66 "https://login.cafsindia.com/health" "Mozilla/5.0 (Windows NT 10.0; Win64; x64) AppleWebKit/537.36 (KHTML, like Gecko) Chrome/148.0.0.0 Safari/537.36"
103.238.228.178 - - [14/May/2026:12:46:52 +0530] "POST /health/search HTTP/2.0" 200 66 "https://login.cafsindia.com/health" "Mozilla/5.0 (Windows NT 10.0; Win64; x64) AppleWebKit/537.36 (KHTML, like Gecko) Chrome/148.0.0.0 Safari/537.36"
103.238.228.178 - - [14/May/2026:12:46:52 +0530] "POST /health_renewals/health_call_log_update/ HTTP/2.0" 200 31718 "https://login.cafsindia.com/health_renewals" "Mozilla/5.0 (Windows NT 10.0; Win64; x64) AppleWebKit/537.36 (KHTML, like Gecko) Chrome/148.0.0.0 Safari/537.36"
103.238.228.178 - - [14/May/2026:12:46:53 +0530] "POST /health/search HTTP/2.0" 200 66 "https://login.cafsindia.com/health" "Mozilla/5.0 (Windows NT 10.0; Win64; x64) AppleWebKit/537.36 (KHTML, like Gecko) Chrome/148.0.0.0 Safari/537.36"
103.238.228.178 - - [14/May/2026:12:46:54 +0530] "POST /health_renewals/search HTTP/2.0" 200 5141 "https://login.cafsindia.com/health_renewals" "Mozilla/5.0 (Windows NT 10.0; Win64; x64) AppleWebKit/537.36 (KHTML, like Gecko) Chrome/148.0.0.0 Safari/537.36"
103.238.228.178 - - [14/May/2026:12:46:57 +0530] "POST /health/search HTTP/2.0" 200 66 "https://login.cafsindia.com/health" "Mozilla/5.0 (Windows NT 10.0; Win64; x64) AppleWebKit/537.36 (KHTML, like Gecko) Chrome/148.0.0.0 Safari/537.36"
103.238.228.178 - - [14/May/2026:12:46:56 +0530] "POST /health_renewals/call_log/3015 HTTP/2.0" 200 51042 "https://login.cafsindia.com/health_renewals" "Mozilla/5.0 (Windows NT 10.0; Win64; x64) AppleWebKit/537.36 (KHTML, like Gecko) Chrome/148.0.0.0 Safari/537.36"
103.238.228.178 - - [14/May/2026:12:47:10 +0530] "POST /health/search HTTP/2.0" 200 66 "https://login.cafsindia.com/health" "Mozilla/5.0 (Windows NT 10.0; Win64; x64) AppleWebKit/537.36 (KHTML, like Gecko) Chrome/148.0.0.0 Safari/537.36"
103.238.228.178 - - [14/May/2026:12:47:10 +0530] "POST /health/search HTTP/2.0" 500 3361 "https://login.cafsindia.com/health" "Mozilla/5.0 (Windows NT 10.0; Win64; x64) AppleWebKit/537.36 (KHTML, like Gecko) Chrome/148.0.0.0 Safari/537.36"
103.238.228.178 - - [14/May/2026:12:47:15 +0530] "POST /health/search HTTP/2.0" 200 66 "https://login.cafsindia.com/health" "Mozilla/5.0 (Windows NT 10.0; Win64; x64) AppleWebKit/537.36 (KHTML, like Gecko) Chrome/148.0.0.0 Safari/537.36"
103.238.228.178 - - [14/May/2026:12:47:38 +0530] "POST /health_renewals/sub_disposition_list HTTP/2.0" 200 5681 "https://login.cafsindia.com/health_renewals" "Mozilla/5.0 (Windows NT 10.0; Win64; x64) AppleWebKit/537.36 (KHTML, like Gecko) Chrome/148.0.0.0 Safari/537.36"
103.238.228.178 - - [14/May/2026:12:47:38 +0530] "POST /health/search HTTP/2.0" 200 66 "https://login.cafsindia.com/health" "Mozilla/5.0 (Windows NT 10.0; Win64; x64) AppleWebKit/537.36 (KHTML, like Gecko) Chrome/148.0.0.0 Safari/537.36"
103.238.228.178 - - [14/May/2026:12:47:39 +0530] "POST /health/search HTTP/2.0" 200 66 "https://login.cafsindia.com/health" "Mozilla/5.0 (Windows NT 10.0; Win64; x64) AppleWebKit/537.36 (KHTML, like Gecko) Chrome/148.0.0.0 Safari/537.36"
103.238.228.178 - - [14/May/2026:12:47:41 +0530] "POST /health_renewals/search HTTP/2.0" 200 66 "https://login.cafsindia.com/health_renewals" "Mozilla/5.0 (Windows NT 10.0; Win64; x64) AppleWebKit/537.36 (KHTML, like Gecko) Chrome/148.0.0.0 Safari/537.36"
103.238.228.178 - - [14/May/2026:12:47:43 +0530] "POST /health_renewals/search HTTP/2.0" 200 66 "https://login.cafsindia.com/health_renewals" "Mozilla/5.0 (Windows NT 10.0; Win64; x64) AppleWebKit/537.36 (KHTML, like Gecko) Chrome/148.0.0.0 Safari/537.36"
103.238.228.178 - - [14/May/2026:12:47:48 +0530] "POST /health_renewals/health_call_log_update/ HTTP/2.0" 200 13182 "https://login.cafsindia.com/health_renewals" "Mozilla/5.0 (Windows NT 10.0; Win64; x64) AppleWebKit/537.36 (KHTML, like Gecko) Chrome/148.0.0.0 Safari/537.36"
103.238.228.178 - - [14/May/2026:12:47:50 +0530] "POST /health_renewals/search HTTP/2.0" 200 5137 "https://login.cafsindia.com/health_renewals" "Mozilla/5.0 (Windows NT 10.0; Win64; x64) AppleWebKit/537.36 (KHTML, like Gecko) Chrome/148.0.0.0 Safari/537.36"
103.238.228.178 - - [14/May/2026:12:47:51 +0530] "POST /health_renewals/call_log/3376 HTTP/2.0" 200 48987 "https://login.cafsindia.com/health_renewals" "Mozilla/5.0 (Windows NT 10.0; Win64; x64) AppleWebKit/537.36 (KHTML, like Gecko) Chrome/148.0.0.0 Safari/537.36"
103.238.228.178 - - [14/May/2026:12:47:52 +0530] "POST /health/search HTTP/2.0" 200 66 "https://login.cafsindia.com/health" "Mozilla/5.0 (Windows NT 10.0; Win64; x64) AppleWebKit/537.36 (KHTML, like Gecko) Chrome/148.0.0.0 Safari/537.36"
103.238.228.178 - - [14/May/2026:12:47:53 +0530] "POST /health/search HTTP/2.0" 200 66 "https://login.cafsindia.com/health" "Mozilla/5.0 (Windows NT 10.0; Win64; x64) AppleWebKit/537.36 (KHTML, like Gecko) Chrome/148.0.0.0 Safari/537.36"
103.238.228.178 - - [14/May/2026:12:47:53 +0530] "POST /health/search HTTP/2.0" 200 66 "https://login.cafsindia.com/health" "Mozilla/5.0 (Windows NT 10.0; Win64; x64) AppleWebKit/537.36 (KHTML, like Gecko) Chrome/148.0.0.0 Safari/537.36"
103.238.228.178 - - [14/May/2026:12:47:53 +0530] "POST /health/search HTTP/2.0" 200 66 "https://login.cafsindia.com/health" "Mozilla/5.0 (Windows NT 10.0; Win64; x64) AppleWebKit/537.36 (KHTML, like Gecko) Chrome/148.0.0.0 Safari/537.36"
103.238.228.178 - - [14/May/2026:12:47:54 +0530] "POST /health/search HTTP/2.0" 200 4554 "https://login.cafsindia.com/health" "Mozilla/5.0 (Windows NT 10.0; Win64; x64) AppleWebKit/537.36 (KHTML, like Gecko) Chrome/148.0.0.0 Safari/537.36"
103.238.228.178 - - [14/May/2026:12:47:54 +0530] "POST /health/search HTTP/2.0" 200 4554 "https://login.cafsindia.com/health" "Mozilla/5.0 (Windows NT 10.0; Win64; x64) AppleWebKit/537.36 (KHTML, like Gecko) Chrome/148.0.0.0 Safari/537.36"
103.238.228.178 - - [14/May/2026:12:48:01 +0530] "POST /health_renewals/search HTTP/2.0" 200 66 "https://login.cafsindia.com/health_renewals" "Mozilla/5.0 (Windows NT 10.0; Win64; x64) AppleWebKit/537.36 (KHTML, like Gecko) Chrome/148.0.0.0 Safari/537.36"
103.238.228.178 - - [14/May/2026:12:48:01 +0530] "POST /health_renewals/search HTTP/2.0" 200 66 "https://login.cafsindia.com/health_renewals" "Mozilla/5.0 (Windows NT 10.0; Win64; x64) AppleWebKit/537.36 (KHTML, like Gecko) Chrome/148.0.0.0 Safari/537.36"
103.238.228.178 - - [14/May/2026:12:48:01 +0530] "POST /health_renewals/search HTTP/2.0" 200 66 "https://login.cafsindia.com/health_renewals" "Mozilla/5.0 (Windows NT 10.0; Win64; x64) AppleWebKit/537.36 (KHTML, like Gecko) Chrome/148.0.0.0 Safari/537.36"
