106.51.162.204 - - [13/May/2026:18:41:28 +0530] "GET /portfolio HTTP/2.0" 302 - "https://login.cafsindia.com/home" "Mozilla/5.0 (Windows NT 10.0; Win64; x64) AppleWebKit/537.36 (KHTML, like Gecko) Chrome/148.0.0.0 Safari/537.36"
106.51.162.204 - - [13/May/2026:18:41:28 +0530] "GET /login HTTP/2.0" 200 15213 "https://login.cafsindia.com/home" "Mozilla/5.0 (Windows NT 10.0; Win64; x64) AppleWebKit/537.36 (KHTML, like Gecko) Chrome/148.0.0.0 Safari/537.36"
103.238.228.178 - - [13/May/2026:18:41:28 +0530] "POST /life_renewals/life_call_log_edit HTTP/2.0" 200 596 "https://login.cafsindia.com/life_renewals" "Mozilla/5.0 (Windows NT 10.0; Win64; x64) AppleWebKit/537.36 (KHTML, like Gecko) Chrome/148.0.0.0 Safari/537.36"
106.51.162.204 - - [13/May/2026:18:41:29 +0530] "POST /login/corp_login/ HTTP/2.0" 200 65 "https://login.cafsindia.com/login" "Mozilla/5.0 (Windows NT 10.0; Win64; x64) AppleWebKit/537.36 (KHTML, like Gecko) Chrome/148.0.0.0 Safari/537.36"
106.51.162.204 - - [13/May/2026:18:41:30 +0530] "GET /login HTTP/2.0" 302 - "https://login.cafsindia.com/login" "Mozilla/5.0 (Windows NT 10.0; Win64; x64) AppleWebKit/537.36 (KHTML, like Gecko) Chrome/148.0.0.0 Safari/537.36"
106.51.162.204 - - [13/May/2026:18:41:30 +0530] "GET /home HTTP/2.0" 200 11149 "https://login.cafsindia.com/login" "Mozilla/5.0 (Windows NT 10.0; Win64; x64) AppleWebKit/537.36 (KHTML, like Gecko) Chrome/148.0.0.0 Safari/537.36"
103.238.228.178 - - [13/May/2026:18:41:30 +0530] "POST /health_renewals/health_call_log_update/ HTTP/2.0" 200 8554 "https://login.cafsindia.com/health_renewals" "Mozilla/5.0 (Windows NT 10.0; Win64; x64) AppleWebKit/537.36 (KHTML, like Gecko) Chrome/148.0.0.0 Safari/537.36"
103.238.228.178 - - [13/May/2026:18:41:31 +0530] "POST /health_renewals/search HTTP/2.0" 200 5108 "https://login.cafsindia.com/health_renewals" "Mozilla/5.0 (Windows NT 10.0; Win64; x64) AppleWebKit/537.36 (KHTML, like Gecko) Chrome/148.0.0.0 Safari/537.36"
103.238.228.178 - - [13/May/2026:18:41:32 +0530] "POST /life_renewals/life_call_log_update/ HTTP/2.0" 200 5318 "https://login.cafsindia.com/life_renewals" "Mozilla/5.0 (Windows NT 10.0; Win64; x64) AppleWebKit/537.36 (KHTML, like Gecko) Chrome/148.0.0.0 Safari/537.36"
103.238.228.178 - - [13/May/2026:18:41:32 +0530] "POST /life_renewals/search HTTP/2.0" 200 13066 "https://login.cafsindia.com/life_renewals" "Mozilla/5.0 (Windows NT 10.0; Win64; x64) AppleWebKit/537.36 (KHTML, like Gecko) Chrome/148.0.0.0 Safari/537.36"
103.238.228.178 - - [13/May/2026:18:41:33 +0530] "POST /health_renewals/call_log/8089 HTTP/2.0" 200 44916 "https://login.cafsindia.com/health_renewals" "Mozilla/5.0 (Windows NT 10.0; Win64; x64) AppleWebKit/537.36 (KHTML, like Gecko) Chrome/148.0.0.0 Safari/537.36"
106.222.102.187 - - [13/May/2026:18:41:36 +0530] "POST /life_renewals/search HTTP/2.0" 200 5336 "https://login.cafsindia.com/life_renewals" "Mozilla/5.0 (Windows NT 10.0; Win64; x64) AppleWebKit/537.36 (KHTML, like Gecko) Chrome/147.0.0.0 Safari/537.36"
103.238.228.178 - - [13/May/2026:18:41:36 +0530] "POST /life_renewals/call_log/7283 HTTP/2.0" 200 66396 "https://login.cafsindia.com/life_renewals" "Mozilla/5.0 (Windows NT 10.0; Win64; x64) AppleWebKit/537.36 (KHTML, like Gecko) Chrome/148.0.0.0 Safari/537.36"
106.51.162.204 - - [13/May/2026:18:41:31 +0530] "GET /health HTTP/2.0" 200 - "https://login.cafsindia.com/home" "Mozilla/5.0 (Windows NT 10.0; Win64; x64) AppleWebKit/537.36 (KHTML, like Gecko) Chrome/148.0.0.0 Safari/537.36"
106.51.162.204 - - [13/May/2026:18:41:32 +0530] "GET /portfolio HTTP/2.0" 200 275945 "https://login.cafsindia.com/home" "Mozilla/5.0 (Windows NT 10.0; Win64; x64) AppleWebKit/537.36 (KHTML, like Gecko) Chrome/148.0.0.0 Safari/537.36"
106.51.162.204 - - [13/May/2026:18:41:39 +0530] "POST /portfolio/search HTTP/2.0" 200 3967 "https://login.cafsindia.com/portfolio" "Mozilla/5.0 (Windows NT 10.0; Win64; x64) AppleWebKit/537.36 (KHTML, like Gecko) Chrome/148.0.0.0 Safari/537.36"
106.51.162.204 - - [13/May/2026:18:41:41 +0530] "POST /portfolio/search HTTP/2.0" 200 3957 "https://login.cafsindia.com/portfolio" "Mozilla/5.0 (Windows NT 10.0; Win64; x64) AppleWebKit/537.36 (KHTML, like Gecko) Chrome/148.0.0.0 Safari/537.36"
106.51.162.204 - - [13/May/2026:18:41:42 +0530] "POST /portfolio/search HTTP/2.0" 200 1640 "https://login.cafsindia.com/portfolio" "Mozilla/5.0 (Windows NT 10.0; Win64; x64) AppleWebKit/537.36 (KHTML, like Gecko) Chrome/148.0.0.0 Safari/537.36"
103.238.228.178 - - [13/May/2026:18:41:51 +0530] "POST /health_renewals/health_call_log_update/ HTTP/2.0" 200 1242 "https://login.cafsindia.com/health_renewals" "Mozilla/5.0 (Windows NT 10.0; Win64; x64) AppleWebKit/537.36 (KHTML, like Gecko) Chrome/148.0.0.0 Safari/537.36"
103.238.228.178 - - [13/May/2026:18:41:52 +0530] "POST /health_renewals/search HTTP/2.0" 200 5139 "https://login.cafsindia.com/health_renewals" "Mozilla/5.0 (Windows NT 10.0; Win64; x64) AppleWebKit/537.36 (KHTML, like Gecko) Chrome/148.0.0.0 Safari/537.36"
106.222.220.59 - - [13/May/2026:18:41:54 +0530] "GET / HTTP/2.0" 200 15213 "-" "Mozilla/5.0 (Macintosh; Intel Mac OS X 10_15_7) AppleWebKit/537.36 (KHTML, like Gecko) Chrome/148.0.0.0 Safari/537.36"
103.238.228.178 - - [13/May/2026:18:41:57 +0530] "POST /health_renewals/call_log/2349 HTTP/2.0" 200 46575 "https://login.cafsindia.com/health_renewals" "Mozilla/5.0 (Windows NT 10.0; Win64; x64) AppleWebKit/537.36 (KHTML, like Gecko) Chrome/148.0.0.0 Safari/537.36"
103.238.228.178 - - [13/May/2026:18:42:01 +0530] "POST /health_renewals/health_call_log_edit HTTP/2.0" 200 661 "https://login.cafsindia.com/health_renewals" "Mozilla/5.0 (Windows NT 10.0; Win64; x64) AppleWebKit/537.36 (KHTML, like Gecko) Chrome/148.0.0.0 Safari/537.36"
103.238.228.178 - - [13/May/2026:18:42:01 +0530] "POST /health_renewals/sub_disposition_list HTTP/2.0" 200 5681 "https://login.cafsindia.com/health_renewals" "Mozilla/5.0 (Windows NT 10.0; Win64; x64) AppleWebKit/537.36 (KHTML, like Gecko) Chrome/148.0.0.0 Safari/537.36"
106.222.102.187 - - [13/May/2026:18:42:03 +0530] "POST /life_renewals/call_log/1339 HTTP/2.0" 200 83124 "https://login.cafsindia.com/life_renewals" "Mozilla/5.0 (Windows NT 10.0; Win64; x64) AppleWebKit/537.36 (KHTML, like Gecko) Chrome/147.0.0.0 Safari/537.36"
103.238.228.178 - - [13/May/2026:18:42:04 +0530] "POST /health_renewals/health_call_log_update/ HTTP/2.0" 200 6858 "https://login.cafsindia.com/health_renewals" "Mozilla/5.0 (Windows NT 10.0; Win64; x64) AppleWebKit/537.36 (KHTML, like Gecko) Chrome/148.0.0.0 Safari/537.36"
103.238.228.178 - - [13/May/2026:18:42:06 +0530] "POST /health_renewals/search HTTP/2.0" 200 5142 "https://login.cafsindia.com/health_renewals" "Mozilla/5.0 (Windows NT 10.0; Win64; x64) AppleWebKit/537.36 (KHTML, like Gecko) Chrome/148.0.0.0 Safari/537.36"
106.222.220.59 - - [13/May/2026:18:41:56 +0530] "POST /login/corp_login/ HTTP/2.0" 200 85 "https://login.cafsindia.com/" "Mozilla/5.0 (Macintosh; Intel Mac OS X 10_15_7) AppleWebKit/537.36 (KHTML, like Gecko) Chrome/148.0.0.0 Safari/537.36"
103.238.228.178 - - [13/May/2026:18:42:09 +0530] "POST /health_renewals/call_log/12406 HTTP/2.0" 200 42649 "https://login.cafsindia.com/health_renewals" "Mozilla/5.0 (Windows NT 10.0; Win64; x64) AppleWebKit/537.36 (KHTML, like Gecko) Chrome/148.0.0.0 Safari/537.36"
103.238.228.178 - - [13/May/2026:18:42:12 +0530] "POST /health_renewals/health_call_log_edit HTTP/2.0" 200 662 "https://login.cafsindia.com/health_renewals" "Mozilla/5.0 (Windows NT 10.0; Win64; x64) AppleWebKit/537.36 (KHTML, like Gecko) Chrome/148.0.0.0 Safari/537.36"
103.238.228.178 - - [13/May/2026:18:42:12 +0530] "POST /health_renewals/sub_disposition_list HTTP/2.0" 200 5681 "https://login.cafsindia.com/health_renewals" "Mozilla/5.0 (Windows NT 10.0; Win64; x64) AppleWebKit/537.36 (KHTML, like Gecko) Chrome/148.0.0.0 Safari/537.36"
106.222.102.187 - - [13/May/2026:18:42:17 +0530] "POST /life_renewals/search HTTP/2.0" 200 577 "https://login.cafsindia.com/life_renewals" "Mozilla/5.0 (Windows NT 10.0; Win64; x64) AppleWebKit/537.36 (KHTML, like Gecko) Chrome/147.0.0.0 Safari/537.36"
106.222.102.187 - - [13/May/2026:18:42:17 +0530] "POST /life_renewals/search HTTP/2.0" 200 5250 "https://login.cafsindia.com/life_renewals" "Mozilla/5.0 (Windows NT 10.0; Win64; x64) AppleWebKit/537.36 (KHTML, like Gecko) Chrome/147.0.0.0 Safari/537.36"
103.238.228.178 - - [13/May/2026:18:42:20 +0530] "POST /health_renewals/health_call_log_update/ HTTP/2.0" 200 1537 "https://login.cafsindia.com/health_renewals" "Mozilla/5.0 (Windows NT 10.0; Win64; x64) AppleWebKit/537.36 (KHTML, like Gecko) Chrome/148.0.0.0 Safari/537.36"
103.238.228.178 - - [13/May/2026:18:42:21 +0530] "POST /health_renewals/search HTTP/2.0" 200 5142 "https://login.cafsindia.com/health_renewals" "Mozilla/5.0 (Windows NT 10.0; Win64; x64) AppleWebKit/537.36 (KHTML, like Gecko) Chrome/148.0.0.0 Safari/537.36"
106.222.102.187 - - [13/May/2026:18:42:23 +0530] "POST /life_renewals/call_log/3670 HTTP/2.0" 200 110985 "https://login.cafsindia.com/life_renewals" "Mozilla/5.0 (Windows NT 10.0; Win64; x64) AppleWebKit/537.36 (KHTML, like Gecko) Chrome/147.0.0.0 Safari/537.36"
106.222.102.187 - - [13/May/2026:18:42:26 +0530] "POST /life_renewals/life_call_log_edit HTTP/2.0" 200 572 "https://login.cafsindia.com/life_renewals" "Mozilla/5.0 (Windows NT 10.0; Win64; x64) AppleWebKit/537.36 (KHTML, like Gecko) Chrome/147.0.0.0 Safari/537.36"
106.222.102.187 - - [13/May/2026:18:42:31 +0530] "POST /life_renewals/life_call_log_update/ HTTP/2.0" 200 61670 "https://login.cafsindia.com/life_renewals" "Mozilla/5.0 (Windows NT 10.0; Win64; x64) AppleWebKit/537.36 (KHTML, like Gecko) Chrome/147.0.0.0 Safari/537.36"
106.222.102.187 - - [13/May/2026:18:42:32 +0530] "POST /life_renewals/search HTTP/2.0" 200 577 "https://login.cafsindia.com/life_renewals" "Mozilla/5.0 (Windows NT 10.0; Win64; x64) AppleWebKit/537.36 (KHTML, like Gecko) Chrome/147.0.0.0 Safari/537.36"
103.238.228.178 - - [13/May/2026:18:42:59 +0530] "POST /health_renewals/call_log/7847 HTTP/2.0" 200 52415 "https://login.cafsindia.com/health_renewals" "Mozilla/5.0 (Windows NT 10.0; Win64; x64) AppleWebKit/537.36 (KHTML, like Gecko) Chrome/148.0.0.0 Safari/537.36"
103.238.228.178 - - [13/May/2026:18:43:01 +0530] "POST /health_renewals/sub_disposition_list HTTP/2.0" 200 5681 "https://login.cafsindia.com/health_renewals" "Mozilla/5.0 (Windows NT 10.0; Win64; x64) AppleWebKit/537.36 (KHTML, like Gecko) Chrome/148.0.0.0 Safari/537.36"
103.238.228.178 - - [13/May/2026:18:43:04 +0530] "POST /health_renewals/sub_disposition_list HTTP/2.0" 200 5681 "https://login.cafsindia.com/health_renewals" "Mozilla/5.0 (Windows NT 10.0; Win64; x64) AppleWebKit/537.36 (KHTML, like Gecko) Chrome/148.0.0.0 Safari/537.36"
103.238.228.178 - - [13/May/2026:18:43:08 +0530] "POST /health_renewals/health_call_log_update/ HTTP/2.0" 200 4835 "https://login.cafsindia.com/health_renewals" "Mozilla/5.0 (Windows NT 10.0; Win64; x64) AppleWebKit/537.36 (KHTML, like Gecko) Chrome/148.0.0.0 Safari/537.36"
103.238.228.178 - - [13/May/2026:18:43:09 +0530] "POST /health_renewals/search HTTP/2.0" 200 5116 "https://login.cafsindia.com/health_renewals" "Mozilla/5.0 (Windows NT 10.0; Win64; x64) AppleWebKit/537.36 (KHTML, like Gecko) Chrome/148.0.0.0 Safari/537.36"
103.238.228.178 - - [13/May/2026:18:43:09 +0530] "POST /health_renewals/call_log/8196 HTTP/2.0" 200 65676 "https://login.cafsindia.com/health_renewals" "Mozilla/5.0 (Windows NT 10.0; Win64; x64) AppleWebKit/537.36 (KHTML, like Gecko) Chrome/148.0.0.0 Safari/537.36"
103.238.228.178 - - [13/May/2026:18:43:13 +0530] "POST /health_renewals/search HTTP/2.0" 200 5100 "https://login.cafsindia.com/health_renewals" "Mozilla/5.0 (Windows NT 10.0; Win64; x64) AppleWebKit/537.36 (KHTML, like Gecko) Chrome/148.0.0.0 Safari/537.36"
103.238.228.178 - - [13/May/2026:18:43:14 +0530] "POST /health_renewals/search HTTP/2.0" 200 5107 "https://login.cafsindia.com/health_renewals" "Mozilla/5.0 (Windows NT 10.0; Win64; x64) AppleWebKit/537.36 (KHTML, like Gecko) Chrome/148.0.0.0 Safari/537.36"
103.238.228.178 - - [13/May/2026:18:43:15 +0530] "POST /health_renewals/search HTTP/2.0" 200 5086 "https://login.cafsindia.com/health_renewals" "Mozilla/5.0 (Windows NT 10.0; Win64; x64) AppleWebKit/537.36 (KHTML, like Gecko) Chrome/148.0.0.0 Safari/537.36"
103.238.228.178 - - [13/May/2026:18:43:15 +0530] "POST /health_renewals/search HTTP/2.0" 200 5066 "https://login.cafsindia.com/health_renewals" "Mozilla/5.0 (Windows NT 10.0; Win64; x64) AppleWebKit/537.36 (KHTML, like Gecko) Chrome/148.0.0.0 Safari/537.36"
103.238.228.178 - - [13/May/2026:18:43:16 +0530] "POST /health_renewals/search HTTP/2.0" 200 3056 "https://login.cafsindia.com/health_renewals" "Mozilla/5.0 (Windows NT 10.0; Win64; x64) AppleWebKit/537.36 (KHTML, like Gecko) Chrome/148.0.0.0 Safari/537.36"
103.238.228.178 - - [13/May/2026:18:43:16 +0530] "POST /health_renewals/search HTTP/2.0" 200 1094 "https://login.cafsindia.com/health_renewals" "Mozilla/5.0 (Windows NT 10.0; Win64; x64) AppleWebKit/537.36 (KHTML, like Gecko) Chrome/148.0.0.0 Safari/537.36"
103.238.228.178 - - [13/May/2026:18:43:17 +0530] "POST /health_renewals/search HTTP/2.0" 200 578 "https://login.cafsindia.com/health_renewals" "Mozilla/5.0 (Windows NT 10.0; Win64; x64) AppleWebKit/537.36 (KHTML, like Gecko) Chrome/148.0.0.0 Safari/537.36"
103.238.228.178 - - [13/May/2026:18:43:21 +0530] "POST /health_renewals/call_log/3112 HTTP/2.0" 200 53575 "https://login.cafsindia.com/health_renewals" "Mozilla/5.0 (Windows NT 10.0; Win64; x64) AppleWebKit/537.36 (KHTML, like Gecko) Chrome/148.0.0.0 Safari/537.36"
103.238.228.178 - - [13/May/2026:18:43:38 +0530] "POST /health_renewals/sub_disposition_list HTTP/2.0" 200 5681 "https://login.cafsindia.com/health_renewals" "Mozilla/5.0 (Windows NT 10.0; Win64; x64) AppleWebKit/537.36 (KHTML, like Gecko) Chrome/148.0.0.0 Safari/537.36"
103.238.228.178 - - [13/May/2026:18:43:41 +0530] "POST /health_renewals/health_call_log_update/ HTTP/2.0" 200 14772 "https://login.cafsindia.com/health_renewals" "Mozilla/5.0 (Windows NT 10.0; Win64; x64) AppleWebKit/537.36 (KHTML, like Gecko) Chrome/148.0.0.0 Safari/537.36"
103.238.228.178 - - [13/May/2026:18:43:42 +0530] "POST /health_renewals/search HTTP/2.0" 200 5142 "https://login.cafsindia.com/health_renewals" "Mozilla/5.0 (Windows NT 10.0; Win64; x64) AppleWebKit/537.36 (KHTML, like Gecko) Chrome/148.0.0.0 Safari/537.36"
103.238.228.178 - - [13/May/2026:18:43:44 +0530] "POST /health_renewals/call_log/4057 HTTP/2.0" 200 48006 "https://login.cafsindia.com/health_renewals" "Mozilla/5.0 (Windows NT 10.0; Win64; x64) AppleWebKit/537.36 (KHTML, like Gecko) Chrome/148.0.0.0 Safari/537.36"
103.238.228.178 - - [13/May/2026:18:43:53 +0530] "POST /health_renewals/health_call_log_update/ HTTP/2.0" 200 16338 "https://login.cafsindia.com/health_renewals" "Mozilla/5.0 (Windows NT 10.0; Win64; x64) AppleWebKit/537.36 (KHTML, like Gecko) Chrome/148.0.0.0 Safari/537.36"
103.238.228.178 - - [13/May/2026:18:43:54 +0530] "POST /health_renewals/search HTTP/2.0" 200 578 "https://login.cafsindia.com/health_renewals" "Mozilla/5.0 (Windows NT 10.0; Win64; x64) AppleWebKit/537.36 (KHTML, like Gecko) Chrome/148.0.0.0 Safari/537.36"
103.238.228.178 - - [13/May/2026:18:43:55 +0530] "POST /health_renewals/sub_disposition_list HTTP/2.0" 200 5681 "https://login.cafsindia.com/health_renewals" "Mozilla/5.0 (Windows NT 10.0; Win64; x64) AppleWebKit/537.36 (KHTML, like Gecko) Chrome/148.0.0.0 Safari/537.36"
103.238.228.178 - - [13/May/2026:18:43:57 +0530] "POST /health_renewals/search HTTP/2.0" 200 5110 "https://login.cafsindia.com/health_renewals" "Mozilla/5.0 (Windows NT 10.0; Win64; x64) AppleWebKit/537.36 (KHTML, like Gecko) Chrome/148.0.0.0 Safari/537.36"
106.222.220.59 - - [13/May/2026:18:43:58 +0530] "POST /login/corp_login_otp/ HTTP/2.0" 200 46 "https://login.cafsindia.com/" "Mozilla/5.0 (Macintosh; Intel Mac OS X 10_15_7) AppleWebKit/537.36 (KHTML, like Gecko) Chrome/148.0.0.0 Safari/537.36"
106.222.220.59 - - [13/May/2026:18:43:58 +0530] "GET / HTTP/2.0" 302 - "https://login.cafsindia.com/" "Mozilla/5.0 (Macintosh; Intel Mac OS X 10_15_7) AppleWebKit/537.36 (KHTML, like Gecko) Chrome/148.0.0.0 Safari/537.36"
106.222.220.59 - - [13/May/2026:18:43:58 +0530] "GET /home HTTP/2.0" 200 37273 "https://login.cafsindia.com/" "Mozilla/5.0 (Macintosh; Intel Mac OS X 10_15_7) AppleWebKit/537.36 (KHTML, like Gecko) Chrome/148.0.0.0 Safari/537.36"
103.238.228.178 - - [13/May/2026:18:44:01 +0530] "POST /health_renewals/call_log/3738 HTTP/2.0" 200 46209 "https://login.cafsindia.com/health_renewals" "Mozilla/5.0 (Windows NT 10.0; Win64; x64) AppleWebKit/537.36 (KHTML, like Gecko) Chrome/148.0.0.0 Safari/537.36"
103.238.228.178 - - [13/May/2026:18:44:04 +0530] "POST /life_renewals/life_call_log_update/ HTTP/2.0" 200 3728 "https://login.cafsindia.com/life_renewals" "Mozilla/5.0 (Windows NT 10.0; Win64; x64) AppleWebKit/537.36 (KHTML, like Gecko) Chrome/148.0.0.0 Safari/537.36"
103.238.228.178 - - [13/May/2026:18:44:05 +0530] "POST /life_renewals/search HTTP/2.0" 200 13086 "https://login.cafsindia.com/life_renewals" "Mozilla/5.0 (Windows NT 10.0; Win64; x64) AppleWebKit/537.36 (KHTML, like Gecko) Chrome/148.0.0.0 Safari/537.36"
106.222.220.59 - - [13/May/2026:18:44:06 +0530] "GET /health_renewal_due_report HTTP/2.0" 200 39850 "https://login.cafsindia.com/home" "Mozilla/5.0 (Macintosh; Intel Mac OS X 10_15_7) AppleWebKit/537.36 (KHTML, like Gecko) Chrome/148.0.0.0 Safari/537.36"
106.222.220.59 - - [13/May/2026:18:44:10 +0530] "POST /health_renewal_due_report/health_renewal_report HTTP/2.0" 200 173454 "https://login.cafsindia.com/health_renewal_due_report" "Mozilla/5.0 (Macintosh; Intel Mac OS X 10_15_7) AppleWebKit/537.36 (KHTML, like Gecko) Chrome/148.0.0.0 Safari/537.36"
103.238.228.178 - - [13/May/2026:18:44:12 +0530] "POST /life_renewals/call_log/3488 HTTP/2.0" 200 71719 "https://login.cafsindia.com/life_renewals" "Mozilla/5.0 (Windows NT 10.0; Win64; x64) AppleWebKit/537.36 (KHTML, like Gecko) Chrome/148.0.0.0 Safari/537.36"
103.238.228.178 - - [13/May/2026:18:44:20 +0530] "POST /life_renewals/life_call_log_edit HTTP/2.0" 200 606 "https://login.cafsindia.com/life_renewals" "Mozilla/5.0 (Windows NT 10.0; Win64; x64) AppleWebKit/537.36 (KHTML, like Gecko) Chrome/148.0.0.0 Safari/537.36"
103.238.228.178 - - [13/May/2026:18:44:24 +0530] "POST /health_renewals/sub_disposition_list HTTP/2.0" 200 5681 "https://login.cafsindia.com/health_renewals" "Mozilla/5.0 (Windows NT 10.0; Win64; x64) AppleWebKit/537.36 (KHTML, like Gecko) Chrome/148.0.0.0 Safari/537.36"
103.238.228.178 - - [13/May/2026:18:44:30 +0530] "POST /life_renewals/call_log/3488 HTTP/2.0" 200 71719 "https://login.cafsindia.com/life_renewals" "Mozilla/5.0 (Windows NT 10.0; Win64; x64) AppleWebKit/537.36 (KHTML, like Gecko) Chrome/148.0.0.0 Safari/537.36"
103.238.228.178 - - [13/May/2026:18:44:35 +0530] "POST /life_renewals/life_call_log_edit HTTP/2.0" 200 606 "https://login.cafsindia.com/life_renewals" "Mozilla/5.0 (Windows NT 10.0; Win64; x64) AppleWebKit/537.36 (KHTML, like Gecko) Chrome/148.0.0.0 Safari/537.36"
103.238.228.178 - - [13/May/2026:18:44:35 +0530] "POST /health_renewals/health_call_log_update/ HTTP/2.0" 200 6602 "https://login.cafsindia.com/health_renewals" "Mozilla/5.0 (Windows NT 10.0; Win64; x64) AppleWebKit/537.36 (KHTML, like Gecko) Chrome/148.0.0.0 Safari/537.36"
103.238.228.178 - - [13/May/2026:18:44:36 +0530] "POST /health_renewals/search HTTP/2.0" 200 5111 "https://login.cafsindia.com/health_renewals" "Mozilla/5.0 (Windows NT 10.0; Win64; x64) AppleWebKit/537.36 (KHTML, like Gecko) Chrome/148.0.0.0 Safari/537.36"
103.238.228.178 - - [13/May/2026:18:44:39 +0530] "POST /life_renewals/life_call_log_update/ HTTP/2.0" 200 10426 "https://login.cafsindia.com/life_renewals" "Mozilla/5.0 (Windows NT 10.0; Win64; x64) AppleWebKit/537.36 (KHTML, like Gecko) Chrome/148.0.0.0 Safari/537.36"
103.238.228.178 - - [13/May/2026:18:44:40 +0530] "POST /life_renewals/search HTTP/2.0" 200 13086 "https://login.cafsindia.com/life_renewals" "Mozilla/5.0 (Windows NT 10.0; Win64; x64) AppleWebKit/537.36 (KHTML, like Gecko) Chrome/148.0.0.0 Safari/537.36"
103.238.228.178 - - [13/May/2026:18:44:41 +0530] "POST /health_renewals/call_log/8356 HTTP/2.0" 200 51086 "https://login.cafsindia.com/health_renewals" "Mozilla/5.0 (Windows NT 10.0; Win64; x64) AppleWebKit/537.36 (KHTML, like Gecko) Chrome/148.0.0.0 Safari/537.36"
103.238.228.178 - - [13/May/2026:18:44:46 +0530] "POST /life_renewals/call_log/770 HTTP/2.0" 200 73438 "https://login.cafsindia.com/life_renewals" "Mozilla/5.0 (Windows NT 10.0; Win64; x64) AppleWebKit/537.36 (KHTML, like Gecko) Chrome/148.0.0.0 Safari/537.36"
103.238.228.178 - - [13/May/2026:18:44:46 +0530] "POST /life_renewals/call_log/3204 HTTP/2.0" 200 73783 "https://login.cafsindia.com/life_renewals" "Mozilla/5.0 (Windows NT 10.0; Win64; x64) AppleWebKit/537.36 (KHTML, like Gecko) Chrome/148.0.0.0 Safari/537.36"
103.238.228.178 - - [13/May/2026:18:44:51 +0530] "POST /life_renewals/life_call_log_edit HTTP/2.0" 200 605 "https://login.cafsindia.com/life_renewals" "Mozilla/5.0 (Windows NT 10.0; Win64; x64) AppleWebKit/537.36 (KHTML, like Gecko) Chrome/148.0.0.0 Safari/537.36"
103.238.228.178 - - [13/May/2026:18:44:55 +0530] "POST /life_renewals/life_call_log_update/ HTTP/2.0" 200 13356 "https://login.cafsindia.com/life_renewals" "Mozilla/5.0 (Windows NT 10.0; Win64; x64) AppleWebKit/537.36 (KHTML, like Gecko) Chrome/148.0.0.0 Safari/537.36"
103.238.228.178 - - [13/May/2026:18:44:56 +0530] "POST /life_renewals/search HTTP/2.0" 200 575 "https://login.cafsindia.com/life_renewals" "Mozilla/5.0 (Windows NT 10.0; Win64; x64) AppleWebKit/537.36 (KHTML, like Gecko) Chrome/148.0.0.0 Safari/537.36"
103.238.228.178 - - [13/May/2026:18:44:56 +0530] "POST /life_renewals/renewal/3204 HTTP/2.0" 200 22369 "https://login.cafsindia.com/life_renewals" "Mozilla/5.0 (Windows NT 10.0; Win64; x64) AppleWebKit/537.36 (KHTML, like Gecko) Chrome/148.0.0.0 Safari/537.36"
103.238.228.178 - - [13/May/2026:18:44:57 +0530] "POST /life_renewals/life_call_log_update/ HTTP/2.0" 200 12666 "https://login.cafsindia.com/life_renewals" "Mozilla/5.0 (Windows NT 10.0; Win64; x64) AppleWebKit/537.36 (KHTML, like Gecko) Chrome/148.0.0.0 Safari/537.36"
103.238.228.178 - - [13/May/2026:18:44:58 +0530] "POST /life_renewals/search HTTP/2.0" 200 13086 "https://login.cafsindia.com/life_renewals" "Mozilla/5.0 (Windows NT 10.0; Win64; x64) AppleWebKit/537.36 (KHTML, like Gecko) Chrome/148.0.0.0 Safari/537.36"
103.238.228.178 - - [13/May/2026:18:44:58 +0530] "POST /life_renewals/update_due_date HTTP/2.0" 200 45 "https://login.cafsindia.com/life_renewals" "Mozilla/5.0 (Windows NT 10.0; Win64; x64) AppleWebKit/537.36 (KHTML, like Gecko) Chrome/148.0.0.0 Safari/537.36"
103.238.228.178 - - [13/May/2026:18:44:58 +0530] "POST /life_renewals/update_due_date HTTP/2.0" 200 45 "https://login.cafsindia.com/life_renewals" "Mozilla/5.0 (Windows NT 10.0; Win64; x64) AppleWebKit/537.36 (KHTML, like Gecko) Chrome/148.0.0.0 Safari/537.36"
103.238.228.178 - - [13/May/2026:18:45:02 +0530] "POST /health_renewals/sub_disposition_list HTTP/2.0" 200 5681 "https://login.cafsindia.com/health_renewals" "Mozilla/5.0 (Windows NT 10.0; Win64; x64) AppleWebKit/537.36 (KHTML, like Gecko) Chrome/148.0.0.0 Safari/537.36"
103.238.228.178 - - [13/May/2026:18:45:05 +0530] "POST /life_renewals/call_log/3481 HTTP/2.0" 200 68436 "https://login.cafsindia.com/life_renewals" "Mozilla/5.0 (Windows NT 10.0; Win64; x64) AppleWebKit/537.36 (KHTML, like Gecko) Chrome/148.0.0.0 Safari/537.36"
103.238.228.178 - - [13/May/2026:18:45:10 +0530] "POST /life_renewals/renewal_update/3204 HTTP/2.0" 200 3616 "https://login.cafsindia.com/life_renewals" "Mozilla/5.0 (Windows NT 10.0; Win64; x64) AppleWebKit/537.36 (KHTML, like Gecko) Chrome/148.0.0.0 Safari/537.36"
103.238.228.178 - - [13/May/2026:18:45:08 +0530] "POST /health_renewals/health_call_log_update/ HTTP/2.0" 200 12999 "https://login.cafsindia.com/health_renewals" "Mozilla/5.0 (Windows NT 10.0; Win64; x64) AppleWebKit/537.36 (KHTML, like Gecko) Chrome/148.0.0.0 Safari/537.36"
103.238.228.178 - - [13/May/2026:18:45:10 +0530] "POST /life_renewals/search HTTP/2.0" 200 574 "https://login.cafsindia.com/life_renewals" "Mozilla/5.0 (Windows NT 10.0; Win64; x64) AppleWebKit/537.36 (KHTML, like Gecko) Chrome/148.0.0.0 Safari/537.36"
103.238.228.178 - - [13/May/2026:18:45:11 +0530] "POST /health_renewals/search HTTP/2.0" 200 5111 "https://login.cafsindia.com/health_renewals" "Mozilla/5.0 (Windows NT 10.0; Win64; x64) AppleWebKit/537.36 (KHTML, like Gecko) Chrome/148.0.0.0 Safari/537.36"
103.238.228.178 - - [13/May/2026:18:45:12 +0530] "POST /life_renewals/search HTTP/2.0" 200 590 "https://login.cafsindia.com/life_renewals" "Mozilla/5.0 (Windows NT 10.0; Win64; x64) AppleWebKit/537.36 (KHTML, like Gecko) Chrome/148.0.0.0 Safari/537.36"
103.238.228.178 - - [13/May/2026:18:45:13 +0530] "POST /life_renewals/life_call_log_edit HTTP/2.0" 200 652 "https://login.cafsindia.com/life_renewals" "Mozilla/5.0 (Windows NT 10.0; Win64; x64) AppleWebKit/537.36 (KHTML, like Gecko) Chrome/148.0.0.0 Safari/537.36"
103.238.228.178 - - [13/May/2026:18:45:12 +0530] "POST /health_renewals/call_log/4022 HTTP/2.0" 200 49275 "https://login.cafsindia.com/health_renewals" "Mozilla/5.0 (Windows NT 10.0; Win64; x64) AppleWebKit/537.36 (KHTML, like Gecko) Chrome/148.0.0.0 Safari/537.36"
106.222.102.187 - - [13/May/2026:18:45:18 +0530] "POST /health_renewals/search HTTP/2.0" 200 532 "https://login.cafsindia.com/health_renewals" "Mozilla/5.0 (Windows NT 10.0; Win64; x64) AppleWebKit/537.36 (KHTML, like Gecko) Chrome/147.0.0.0 Safari/537.36"
103.238.228.178 - - [13/May/2026:18:45:17 +0530] "POST /life_renewals/life_call_log_update/ HTTP/2.0" 200 6065 "https://login.cafsindia.com/life_renewals" "Mozilla/5.0 (Windows NT 10.0; Win64; x64) AppleWebKit/537.36 (KHTML, like Gecko) Chrome/148.0.0.0 Safari/537.36"
103.238.228.178 - - [13/May/2026:18:45:19 +0530] "POST /life_renewals/search HTTP/2.0" 200 13085 "https://login.cafsindia.com/life_renewals" "Mozilla/5.0 (Windows NT 10.0; Win64; x64) AppleWebKit/537.36 (KHTML, like Gecko) Chrome/148.0.0.0 Safari/537.36"
103.238.228.178 - - [13/May/2026:18:45:19 +0530] "POST /life_renewals/call_log/3539 HTTP/2.0" 200 69704 "https://login.cafsindia.com/life_renewals" "Mozilla/5.0 (Windows NT 10.0; Win64; x64) AppleWebKit/537.36 (KHTML, like Gecko) Chrome/148.0.0.0 Safari/537.36"
106.222.102.187 - - [13/May/2026:18:45:20 +0530] "POST /health_renewals/call_log/11680 HTTP/2.0" 200 41960 "https://login.cafsindia.com/health_renewals" "Mozilla/5.0 (Windows NT 10.0; Win64; x64) AppleWebKit/537.36 (KHTML, like Gecko) Chrome/147.0.0.0 Safari/537.36"
103.238.228.178 - - [13/May/2026:18:45:26 +0530] "POST /life_renewals/call_log/7303 HTTP/2.0" 200 66617 "https://login.cafsindia.com/life_renewals" "Mozilla/5.0 (Windows NT 10.0; Win64; x64) AppleWebKit/537.36 (KHTML, like Gecko) Chrome/148.0.0.0 Safari/537.36"
103.238.228.178 - - [13/May/2026:18:45:27 +0530] "POST /life_renewals/life_call_log_update/ HTTP/2.0" 200 8026 "https://login.cafsindia.com/life_renewals" "Mozilla/5.0 (Windows NT 10.0; Win64; x64) AppleWebKit/537.36 (KHTML, like Gecko) Chrome/148.0.0.0 Safari/537.36"
103.238.228.178 - - [13/May/2026:18:45:26 +0530] "POST /health_renewals/call_log/9867 HTTP/2.0" 200 44598 "https://login.cafsindia.com/health_renewals" "Mozilla/5.0 (Windows NT 10.0; Win64; x64) AppleWebKit/537.36 (KHTML, like Gecko) Chrome/148.0.0.0 Safari/537.36"
103.238.228.178 - - [13/May/2026:18:45:28 +0530] "POST /life_renewals/search HTTP/2.0" 200 591 "https://login.cafsindia.com/life_renewals" "Mozilla/5.0 (Windows NT 10.0; Win64; x64) AppleWebKit/537.36 (KHTML, like Gecko) Chrome/148.0.0.0 Safari/537.36"
103.238.228.178 - - [13/May/2026:18:45:30 +0530] "POST /life_renewals/renewal/3539 HTTP/2.0" 200 22353 "https://login.cafsindia.com/life_renewals" "Mozilla/5.0 (Windows NT 10.0; Win64; x64) AppleWebKit/537.36 (KHTML, like Gecko) Chrome/148.0.0.0 Safari/537.36"
103.238.228.178 - - [13/May/2026:18:45:31 +0530] "POST /health_renewals/health_call_log_edit HTTP/2.0" 200 710 "https://login.cafsindia.com/health_renewals" "Mozilla/5.0 (Windows NT 10.0; Win64; x64) AppleWebKit/537.36 (KHTML, like Gecko) Chrome/148.0.0.0 Safari/537.36"
103.238.228.178 - - [13/May/2026:18:45:31 +0530] "POST /health_renewals/sub_disposition_list HTTP/2.0" 200 5681 "https://login.cafsindia.com/health_renewals" "Mozilla/5.0 (Windows NT 10.0; Win64; x64) AppleWebKit/537.36 (KHTML, like Gecko) Chrome/148.0.0.0 Safari/537.36"
103.238.228.178 - - [13/May/2026:18:45:32 +0530] "POST /life_renewals/update_due_date HTTP/2.0" 200 45 "https://login.cafsindia.com/life_renewals" "Mozilla/5.0 (Windows NT 10.0; Win64; x64) AppleWebKit/537.36 (KHTML, like Gecko) Chrome/148.0.0.0 Safari/537.36"
103.238.228.178 - - [13/May/2026:18:45:32 +0530] "POST /life_renewals/update_due_date HTTP/2.0" 200 45 "https://login.cafsindia.com/life_renewals" "Mozilla/5.0 (Windows NT 10.0; Win64; x64) AppleWebKit/537.36 (KHTML, like Gecko) Chrome/148.0.0.0 Safari/537.36"
103.238.228.178 - - [13/May/2026:18:45:33 +0530] "POST /health_renewals/health_call_log_update/ HTTP/2.0" 200 4109 "https://login.cafsindia.com/health_renewals" "Mozilla/5.0 (Windows NT 10.0; Win64; x64) AppleWebKit/537.36 (KHTML, like Gecko) Chrome/148.0.0.0 Safari/537.36"
103.238.228.178 - - [13/May/2026:18:45:35 +0530] "POST /health_renewals/search HTTP/2.0" 200 5126 "https://login.cafsindia.com/health_renewals" "Mozilla/5.0 (Windows NT 10.0; Win64; x64) AppleWebKit/537.36 (KHTML, like Gecko) Chrome/148.0.0.0 Safari/537.36"
106.222.220.59 - - [13/May/2026:18:45:37 +0530] "POST /upload_files/upload.php?send_from=health&send_for=upload_address_proof&extension=png,jpg,jpeg,pdf&upload_filesize=1000 HTTP/2.0" 200 125 "https://login.cafsindia.com/health" "Mozilla/5.0 (Windows NT 10.0; Win64; x64) AppleWebKit/537.36 (KHTML, like Gecko) Chrome/148.0.0.0 Safari/537.36"
103.238.228.178 - - [13/May/2026:18:45:44 +0530] "POST /life_renewals/renewal_update/3539 HTTP/2.0" 200 3591 "https://login.cafsindia.com/life_renewals" "Mozilla/5.0 (Windows NT 10.0; Win64; x64) AppleWebKit/537.36 (KHTML, like Gecko) Chrome/148.0.0.0 Safari/537.36"
103.238.228.178 - - [13/May/2026:18:45:44 +0530] "POST /life_renewals/search HTTP/2.0" 200 590 "https://login.cafsindia.com/life_renewals" "Mozilla/5.0 (Windows NT 10.0; Win64; x64) AppleWebKit/537.36 (KHTML, like Gecko) Chrome/148.0.0.0 Safari/537.36"
103.238.228.178 - - [13/May/2026:18:45:44 +0530] "POST /health_renewals/health_call_log_update/ HTTP/2.0" 200 9101 "https://login.cafsindia.com/health_renewals" "Mozilla/5.0 (Windows NT 10.0; Win64; x64) AppleWebKit/537.36 (KHTML, like Gecko) Chrome/148.0.0.0 Safari/537.36"
103.238.228.178 - - [13/May/2026:18:45:45 +0530] "POST /health_renewals/search HTTP/2.0" 200 5139 "https://login.cafsindia.com/health_renewals" "Mozilla/5.0 (Windows NT 10.0; Win64; x64) AppleWebKit/537.36 (KHTML, like Gecko) Chrome/148.0.0.0 Safari/537.36"
103.238.228.178 - - [13/May/2026:18:45:47 +0530] "POST /life_renewals/search HTTP/2.0" 200 585 "https://login.cafsindia.com/life_renewals" "Mozilla/5.0 (Windows NT 10.0; Win64; x64) AppleWebKit/537.36 (KHTML, like Gecko) Chrome/148.0.0.0 Safari/537.36"
106.222.220.59 - - [13/May/2026:18:45:51 +0530] "POST /upload_files/upload.php?send_from=health&send_for=upload_id_proof&extension=png,jpg,jpeg,pdf&upload_filesize=1000 HTTP/2.0" 200 126 "https://login.cafsindia.com/health" "Mozilla/5.0 (Windows NT 10.0; Win64; x64) AppleWebKit/537.36 (KHTML, like Gecko) Chrome/148.0.0.0 Safari/537.36"
103.238.228.178 - - [13/May/2026:18:45:53 +0530] "POST /life_renewals/call_log/3563 HTTP/2.0" 200 70400 "https://login.cafsindia.com/life_renewals" "Mozilla/5.0 (Windows NT 10.0; Win64; x64) AppleWebKit/537.36 (KHTML, like Gecko) Chrome/148.0.0.0 Safari/537.36"
103.238.228.178 - - [13/May/2026:18:46:01 +0530] "POST /health_renewals/sub_disposition_list HTTP/2.0" 200 5681 "https://login.cafsindia.com/health_renewals" "Mozilla/5.0 (Windows NT 10.0; Win64; x64) AppleWebKit/537.36 (KHTML, like Gecko) Chrome/148.0.0.0 Safari/537.36"
103.238.228.178 - - [13/May/2026:18:46:06 +0530] "POST /life_renewals/life_call_log_cancel HTTP/2.0" 200 8668 "https://login.cafsindia.com/life_renewals" "Mozilla/5.0 (Windows NT 10.0; Win64; x64) AppleWebKit/537.36 (KHTML, like Gecko) Chrome/148.0.0.0 Safari/537.36"
103.238.228.178 - - [13/May/2026:18:46:12 +0530] "POST /health_renewals/health_call_log_update/ HTTP/2.0" 200 10732 "https://login.cafsindia.com/health_renewals" "Mozilla/5.0 (Windows NT 10.0; Win64; x64) AppleWebKit/537.36 (KHTML, like Gecko) Chrome/148.0.0.0 Safari/537.36"
103.238.228.178 - - [13/May/2026:18:46:13 +0530] "POST /health_renewals/search HTTP/2.0" 200 5113 "https://login.cafsindia.com/health_renewals" "Mozilla/5.0 (Windows NT 10.0; Win64; x64) AppleWebKit/537.36 (KHTML, like Gecko) Chrome/148.0.0.0 Safari/537.36"
103.238.228.178 - - [13/May/2026:18:46:13 +0530] "POST /life_renewals/life_call_log_update/ HTTP/2.0" 200 8908 "https://login.cafsindia.com/life_renewals" "Mozilla/5.0 (Windows NT 10.0; Win64; x64) AppleWebKit/537.36 (KHTML, like Gecko) Chrome/148.0.0.0 Safari/537.36"
103.238.228.178 - - [13/May/2026:18:46:13 +0530] "POST /health_renewals/call_log/10673 HTTP/2.0" 200 56797 "https://login.cafsindia.com/health_renewals" "Mozilla/5.0 (Windows NT 10.0; Win64; x64) AppleWebKit/537.36 (KHTML, like Gecko) Chrome/148.0.0.0 Safari/537.36"
103.238.228.178 - - [13/May/2026:18:46:15 +0530] "POST /life_renewals/search HTTP/2.0" 200 585 "https://login.cafsindia.com/life_renewals" "Mozilla/5.0 (Windows NT 10.0; Win64; x64) AppleWebKit/537.36 (KHTML, like Gecko) Chrome/148.0.0.0 Safari/537.36"
103.238.228.178 - - [13/May/2026:18:46:16 +0530] "POST /health_renewals/call_log/4044 HTTP/2.0" 200 60341 "https://login.cafsindia.com/health_renewals" "Mozilla/5.0 (Windows NT 10.0; Win64; x64) AppleWebKit/537.36 (KHTML, like Gecko) Chrome/148.0.0.0 Safari/537.36"
103.238.228.178 - - [13/May/2026:18:46:18 +0530] "POST /life_renewals/renewal/3563 HTTP/2.0" 200 22380 "https://login.cafsindia.com/life_renewals" "Mozilla/5.0 (Windows NT 10.0; Win64; x64) AppleWebKit/537.36 (KHTML, like Gecko) Chrome/148.0.0.0 Safari/537.36"
103.238.228.178 - - [13/May/2026:18:46:20 +0530] "POST /life_renewals/update_due_date HTTP/2.0" 200 45 "https://login.cafsindia.com/life_renewals" "Mozilla/5.0 (Windows NT 10.0; Win64; x64) AppleWebKit/537.36 (KHTML, like Gecko) Chrome/148.0.0.0 Safari/537.36"
103.238.228.178 - - [13/May/2026:18:46:20 +0530] "POST /life_renewals/update_due_date HTTP/2.0" 200 45 "https://login.cafsindia.com/life_renewals" "Mozilla/5.0 (Windows NT 10.0; Win64; x64) AppleWebKit/537.36 (KHTML, like Gecko) Chrome/148.0.0.0 Safari/537.36"
103.238.228.178 - - [13/May/2026:18:46:29 +0530] "POST /life_renewals/update_due_date HTTP/2.0" 200 45 "https://login.cafsindia.com/life_renewals" "Mozilla/5.0 (Windows NT 10.0; Win64; x64) AppleWebKit/537.36 (KHTML, like Gecko) Chrome/148.0.0.0 Safari/537.36"
103.238.228.178 - - [13/May/2026:18:46:32 +0530] "POST /health_renewals/sub_disposition_list HTTP/2.0" 200 5681 "https://login.cafsindia.com/health_renewals" "Mozilla/5.0 (Windows NT 10.0; Win64; x64) AppleWebKit/537.36 (KHTML, like Gecko) Chrome/148.0.0.0 Safari/537.36"
103.238.228.178 - - [13/May/2026:18:46:32 +0530] "POST /life_renewals/renewal_update/3563 HTTP/2.0" 200 3614 "https://login.cafsindia.com/life_renewals" "Mozilla/5.0 (Windows NT 10.0; Win64; x64) AppleWebKit/537.36 (KHTML, like Gecko) Chrome/148.0.0.0 Safari/537.36"
103.238.228.178 - - [13/May/2026:18:46:33 +0530] "POST /life_renewals/search HTTP/2.0" 200 585 "https://login.cafsindia.com/life_renewals" "Mozilla/5.0 (Windows NT 10.0; Win64; x64) AppleWebKit/537.36 (KHTML, like Gecko) Chrome/148.0.0.0 Safari/537.36"
103.238.228.178 - - [13/May/2026:18:46:36 +0530] "POST /health_renewals/health_call_log_update/ HTTP/2.0" 200 25269 "https://login.cafsindia.com/health_renewals" "Mozilla/5.0 (Windows NT 10.0; Win64; x64) AppleWebKit/537.36 (KHTML, like Gecko) Chrome/148.0.0.0 Safari/537.36"
103.238.228.178 - - [13/May/2026:18:46:38 +0530] "POST /health_renewals/search HTTP/2.0" 200 5113 "https://login.cafsindia.com/health_renewals" "Mozilla/5.0 (Windows NT 10.0; Win64; x64) AppleWebKit/537.36 (KHTML, like Gecko) Chrome/148.0.0.0 Safari/537.36"
103.238.228.178 - - [13/May/2026:18:46:39 +0530] "POST /health_renewals/call_log/4046 HTTP/2.0" 200 50691 "https://login.cafsindia.com/health_renewals" "Mozilla/5.0 (Windows NT 10.0; Win64; x64) AppleWebKit/537.36 (KHTML, like Gecko) Chrome/148.0.0.0 Safari/537.36"
103.238.228.178 - - [13/May/2026:18:46:52 +0530] "POST /health_renewals/sub_disposition_list HTTP/2.0" 200 5681 "https://login.cafsindia.com/health_renewals" "Mozilla/5.0 (Windows NT 10.0; Win64; x64) AppleWebKit/537.36 (KHTML, like Gecko) Chrome/148.0.0.0 Safari/537.36"
103.238.228.178 - - [13/May/2026:18:46:54 +0530] "POST /health_renewals/health_call_log_update/ HTTP/2.0" 200 12622 "https://login.cafsindia.com/health_renewals" "Mozilla/5.0 (Windows NT 10.0; Win64; x64) AppleWebKit/537.36 (KHTML, like Gecko) Chrome/148.0.0.0 Safari/537.36"
103.238.228.178 - - [13/May/2026:18:46:55 +0530] "POST /health/search HTTP/2.0" 200 22291 "https://login.cafsindia.com/health" "Mozilla/5.0 (Windows NT 10.0; Win64; x64) AppleWebKit/537.36 (KHTML, like Gecko) Chrome/148.0.0.0 Safari/537.36"
103.238.228.178 - - [13/May/2026:18:46:55 +0530] "POST /health/search HTTP/2.0" 200 22291 "https://login.cafsindia.com/health" "Mozilla/5.0 (Windows NT 10.0; Win64; x64) AppleWebKit/537.36 (KHTML, like Gecko) Chrome/148.0.0.0 Safari/537.36"
103.238.228.178 - - [13/May/2026:18:46:56 +0530] "POST /health_renewals/search HTTP/2.0" 200 5114 "https://login.cafsindia.com/health_renewals" "Mozilla/5.0 (Windows NT 10.0; Win64; x64) AppleWebKit/537.36 (KHTML, like Gecko) Chrome/148.0.0.0 Safari/537.36"
103.238.228.178 - - [13/May/2026:18:46:56 +0530] "POST /health/search HTTP/2.0" 200 22291 "https://login.cafsindia.com/health" "Mozilla/5.0 (Windows NT 10.0; Win64; x64) AppleWebKit/537.36 (KHTML, like Gecko) Chrome/148.0.0.0 Safari/537.36"
103.238.228.178 - - [13/May/2026:18:46:56 +0530] "POST /health/search HTTP/2.0" 200 22507 "https://login.cafsindia.com/health" "Mozilla/5.0 (Windows NT 10.0; Win64; x64) AppleWebKit/537.36 (KHTML, like Gecko) Chrome/148.0.0.0 Safari/537.36"
103.238.228.178 - - [13/May/2026:18:46:57 +0530] "POST /life_renewals/life_call_log_update/ HTTP/2.0" 200 3977 "https://login.cafsindia.com/life_renewals" "Mozilla/5.0 (Windows NT 10.0; Win64; x64) AppleWebKit/537.36 (KHTML, like Gecko) Chrome/148.0.0.0 Safari/537.36"
103.238.228.178 - - [13/May/2026:18:46:58 +0530] "POST /life_renewals/search HTTP/2.0" 200 13081 "https://login.cafsindia.com/life_renewals" "Mozilla/5.0 (Windows NT 10.0; Win64; x64) AppleWebKit/537.36 (KHTML, like Gecko) Chrome/148.0.0.0 Safari/537.36"
103.238.228.178 - - [13/May/2026:18:46:57 +0530] "POST /health_renewals/call_log/4071 HTTP/2.0" 200 48547 "https://login.cafsindia.com/health_renewals" "Mozilla/5.0 (Windows NT 10.0; Win64; x64) AppleWebKit/537.36 (KHTML, like Gecko) Chrome/148.0.0.0 Safari/537.36"
106.222.220.59 - - [13/May/2026:18:46:58 +0530] "POST /health/view/13215 HTTP/2.0" 200 422064 "https://login.cafsindia.com/health" "Mozilla/5.0 (Windows NT 10.0; Win64; x64) AppleWebKit/537.36 (KHTML, like Gecko) Chrome/148.0.0.0 Safari/537.36"
106.222.220.59 - - [13/May/2026:18:46:59 +0530] "POST /health/fetch_product HTTP/2.0" 200 1416 "https://login.cafsindia.com/health" "Mozilla/5.0 (Windows NT 10.0; Win64; x64) AppleWebKit/537.36 (KHTML, like Gecko) Chrome/148.0.0.0 Safari/537.36"
106.222.220.59 - - [13/May/2026:18:47:01 +0530] "POST /upload_files/upload.php?send_from=health&send_for=upload_bank_proof&extension=png,jpg,jpeg,pdf&upload_filesize=1000 HTTP/2.0" 200 127 "https://login.cafsindia.com/health" "Mozilla/5.0 (Windows NT 10.0; Win64; x64) AppleWebKit/537.36 (KHTML, like Gecko) Chrome/148.0.0.0 Safari/537.36"
103.238.228.178 - - [13/May/2026:18:47:04 +0530] "POST /life_renewals/call_log/5654 HTTP/2.0" 200 72794 "https://login.cafsindia.com/life_renewals" "Mozilla/5.0 (Windows NT 10.0; Win64; x64) AppleWebKit/537.36 (KHTML, like Gecko) Chrome/148.0.0.0 Safari/537.36"
103.238.228.178 - - [13/May/2026:18:47:05 +0530] "POST /health_renewals/health_call_log_edit HTTP/2.0" 200 673 "https://login.cafsindia.com/health_renewals" "Mozilla/5.0 (Windows NT 10.0; Win64; x64) AppleWebKit/537.36 (KHTML, like Gecko) Chrome/148.0.0.0 Safari/537.36"
103.238.228.178 - - [13/May/2026:18:47:05 +0530] "POST /health_renewals/sub_disposition_list HTTP/2.0" 200 5681 "https://login.cafsindia.com/health_renewals" "Mozilla/5.0 (Windows NT 10.0; Win64; x64) AppleWebKit/537.36 (KHTML, like Gecko) Chrome/148.0.0.0 Safari/537.36"
103.238.228.178 - - [13/May/2026:18:47:06 +0530] "POST /health/search HTTP/2.0" 200 22520 "https://login.cafsindia.com/health" "Mozilla/5.0 (Windows NT 10.0; Win64; x64) AppleWebKit/537.36 (KHTML, like Gecko) Chrome/148.0.0.0 Safari/537.36"
103.238.228.178 - - [13/May/2026:18:47:08 +0530] "POST /life_renewals/life_call_log_edit HTTP/2.0" 200 616 "https://login.cafsindia.com/life_renewals" "Mozilla/5.0 (Windows NT 10.0; Win64; x64) AppleWebKit/537.36 (KHTML, like Gecko) Chrome/148.0.0.0 Safari/537.36"
103.238.228.178 - - [13/May/2026:18:47:09 +0530] "POST /health_renewals/health_call_log_update/ HTTP/2.0" 200 20263 "https://login.cafsindia.com/health_renewals" "Mozilla/5.0 (Windows NT 10.0; Win64; x64) AppleWebKit/537.36 (KHTML, like Gecko) Chrome/148.0.0.0 Safari/537.36"
103.238.228.178 - - [13/May/2026:18:47:10 +0530] "POST /health_renewals/search HTTP/2.0" 200 5174 "https://login.cafsindia.com/health_renewals" "Mozilla/5.0 (Windows NT 10.0; Win64; x64) AppleWebKit/537.36 (KHTML, like Gecko) Chrome/148.0.0.0 Safari/537.36"
103.238.228.178 - - [13/May/2026:18:47:10 +0530] "POST /life_renewals/life_call_log_update/ HTTP/2.0" 200 11661 "https://login.cafsindia.com/life_renewals" "Mozilla/5.0 (Windows NT 10.0; Win64; x64) AppleWebKit/537.36 (KHTML, like Gecko) Chrome/148.0.0.0 Safari/537.36"
103.238.228.178 - - [13/May/2026:18:47:11 +0530] "POST /life_renewals/search HTTP/2.0" 200 13081 "https://login.cafsindia.com/life_renewals" "Mozilla/5.0 (Windows NT 10.0; Win64; x64) AppleWebKit/537.36 (KHTML, like Gecko) Chrome/148.0.0.0 Safari/537.36"
103.238.228.178 - - [13/May/2026:18:47:15 +0530] "POST /life_renewals/call_log/5640 HTTP/2.0" 200 71083 "https://login.cafsindia.com/life_renewals" "Mozilla/5.0 (Windows NT 10.0; Win64; x64) AppleWebKit/537.36 (KHTML, like Gecko) Chrome/148.0.0.0 Safari/537.36"
103.238.228.178 - - [13/May/2026:18:47:20 +0530] "POST /health/search HTTP/2.0" 200 499 "https://login.cafsindia.com/health" "Mozilla/5.0 (Windows NT 10.0; Win64; x64) AppleWebKit/537.36 (KHTML, like Gecko) Chrome/148.0.0.0 Safari/537.36"
103.238.228.178 - - [13/May/2026:18:47:23 +0530] "POST /health_renewals/sub_disposition_list HTTP/2.0" 200 5681 "https://login.cafsindia.com/health_renewals" "Mozilla/5.0 (Windows NT 10.0; Win64; x64) AppleWebKit/537.36 (KHTML, like Gecko) Chrome/148.0.0.0 Safari/537.36"
103.238.228.178 - - [13/May/2026:18:47:32 +0530] "POST /health_renewals/health_call_log_update/ HTTP/2.0" 200 9766 "https://login.cafsindia.com/health_renewals" "Mozilla/5.0 (Windows NT 10.0; Win64; x64) AppleWebKit/537.36 (KHTML, like Gecko) Chrome/148.0.0.0 Safari/537.36"
103.238.228.178 - - [13/May/2026:18:47:33 +0530] "POST /health_renewals/search HTTP/2.0" 200 5122 "https://login.cafsindia.com/health_renewals" "Mozilla/5.0 (Windows NT 10.0; Win64; x64) AppleWebKit/537.36 (KHTML, like Gecko) Chrome/148.0.0.0 Safari/537.36"
103.238.228.178 - - [13/May/2026:18:47:42 +0530] "POST /health/view/13216 HTTP/2.0" 200 420685 "https://login.cafsindia.com/health" "Mozilla/5.0 (Windows NT 10.0; Win64; x64) AppleWebKit/537.36 (KHTML, like Gecko) Chrome/148.0.0.0 Safari/537.36"
103.238.228.178 - - [13/May/2026:18:47:43 +0530] "POST /health/fetch_product HTTP/2.0" 200 1416 "https://login.cafsindia.com/health" "Mozilla/5.0 (Windows NT 10.0; Win64; x64) AppleWebKit/537.36 (KHTML, like Gecko) Chrome/148.0.0.0 Safari/537.36"
103.238.228.178 - - [13/May/2026:18:47:59 +0530] "POST /health/due_date_fetch HTTP/2.0" 200 45 "https://login.cafsindia.com/health" "Mozilla/5.0 (Windows NT 10.0; Win64; x64) AppleWebKit/537.36 (KHTML, like Gecko) Chrome/148.0.0.0 Safari/537.36"
103.238.228.178 - - [13/May/2026:18:48:01 +0530] "POST /health_renewals/call_log/12223 HTTP/2.0" 200 47340 "https://login.cafsindia.com/health_renewals" "Mozilla/5.0 (Windows NT 10.0; Win64; x64) AppleWebKit/537.36 (KHTML, like Gecko) Chrome/148.0.0.0 Safari/537.36"
103.238.228.178 - - [13/May/2026:18:48:04 +0530] "POST /health_renewals/sub_disposition_list HTTP/2.0" 200 5681 "https://login.cafsindia.com/health_renewals" "Mozilla/5.0 (Windows NT 10.0; Win64; x64) AppleWebKit/537.36 (KHTML, like Gecko) Chrome/148.0.0.0 Safari/537.36"
106.222.102.187 - - [13/May/2026:18:48:06 +0530] "POST /health_renewals/renewal/11680 HTTP/2.0" 200 35739 "https://login.cafsindia.com/health_renewals" "Mozilla/5.0 (Windows NT 10.0; Win64; x64) AppleWebKit/537.36 (KHTML, like Gecko) Chrome/147.0.0.0 Safari/537.36"
103.238.228.178 - - [13/May/2026:18:48:10 +0530] "POST /health_renewals/sub_disposition_list HTTP/2.0" 200 3723 "https://login.cafsindia.com/health_renewals" "Mozilla/5.0 (Windows NT 10.0; Win64; x64) AppleWebKit/537.36 (KHTML, like Gecko) Chrome/148.0.0.0 Safari/537.36"
106.222.220.59 - - [13/May/2026:18:48:13 +0530] "POST /health/view/13215 HTTP/2.0" 200 422064 "https://login.cafsindia.com/health" "Mozilla/5.0 (Windows NT 10.0; Win64; x64) AppleWebKit/537.36 (KHTML, like Gecko) Chrome/148.0.0.0 Safari/537.36"
106.222.220.59 - - [13/May/2026:18:48:14 +0530] "POST /health/fetch_product HTTP/2.0" 200 1416 "https://login.cafsindia.com/health" "Mozilla/5.0 (Windows NT 10.0; Win64; x64) AppleWebKit/537.36 (KHTML, like Gecko) Chrome/148.0.0.0 Safari/537.36"
103.238.228.178 - - [13/May/2026:18:48:16 +0530] "POST /health/save/13216 HTTP/2.0" 200 100 "https://login.cafsindia.com/health" "Mozilla/5.0 (Windows NT 10.0; Win64; x64) AppleWebKit/537.36 (KHTML, like Gecko) Chrome/148.0.0.0 Safari/537.36"
103.238.228.178 - - [13/May/2026:18:48:17 +0530] "POST /health/search HTTP/2.0" 200 516 "https://login.cafsindia.com/health" "Mozilla/5.0 (Windows NT 10.0; Win64; x64) AppleWebKit/537.36 (KHTML, like Gecko) Chrome/148.0.0.0 Safari/537.36"
103.238.228.178 - - [13/May/2026:18:48:19 +0530] "POST /health_renewals/health_call_log_update/ HTTP/2.0" 200 6893 "https://login.cafsindia.com/health_renewals" "Mozilla/5.0 (Windows NT 10.0; Win64; x64) AppleWebKit/537.36 (KHTML, like Gecko) Chrome/148.0.0.0 Safari/537.36"
103.238.228.178 - - [13/May/2026:18:48:20 +0530] "POST /health_renewals/search HTTP/2.0" 200 5098 "https://login.cafsindia.com/health_renewals" "Mozilla/5.0 (Windows NT 10.0; Win64; x64) AppleWebKit/537.36 (KHTML, like Gecko) Chrome/148.0.0.0 Safari/537.36"
103.238.228.178 - - [13/May/2026:18:48:26 +0530] "POST /health_renewals/health_call_log_update/ HTTP/2.0" 200 8040 "https://login.cafsindia.com/health_renewals" "Mozilla/5.0 (Windows NT 10.0; Win64; x64) AppleWebKit/537.36 (KHTML, like Gecko) Chrome/148.0.0.0 Safari/537.36"
103.238.228.178 - - [13/May/2026:18:48:27 +0530] "POST /health_renewals/search HTTP/2.0" 200 5167 "https://login.cafsindia.com/health_renewals" "Mozilla/5.0 (Windows NT 10.0; Win64; x64) AppleWebKit/537.36 (KHTML, like Gecko) Chrome/148.0.0.0 Safari/537.36"
103.238.228.178 - - [13/May/2026:18:48:30 +0530] "POST /health/search HTTP/2.0" 200 22291 "https://login.cafsindia.com/health" "Mozilla/5.0 (Windows NT 10.0; Win64; x64) AppleWebKit/537.36 (KHTML, like Gecko) Chrome/148.0.0.0 Safari/537.36"
103.238.228.178 - - [13/May/2026:18:48:31 +0530] "POST /health_renewals/call_log/10673 HTTP/2.0" 200 56797 "https://login.cafsindia.com/health_renewals" "Mozilla/5.0 (Windows NT 10.0; Win64; x64) AppleWebKit/537.36 (KHTML, like Gecko) Chrome/148.0.0.0 Safari/537.36"
103.238.228.178 - - [13/May/2026:18:48:35 +0530] "POST /health_renewals/call_log/4432 HTTP/2.0" 200 45506 "https://login.cafsindia.com/health_renewals" "Mozilla/5.0 (Windows NT 10.0; Win64; x64) AppleWebKit/537.36 (KHTML, like Gecko) Chrome/148.0.0.0 Safari/537.36"
103.238.228.178 - - [13/May/2026:18:49:13 +0530] "POST /life_renewals/life_call_log_update/ HTTP/2.0" 200 9814 "https://login.cafsindia.com/life_renewals" "Mozilla/5.0 (Windows NT 10.0; Win64; x64) AppleWebKit/537.36 (KHTML, like Gecko) Chrome/148.0.0.0 Safari/537.36"
103.238.228.178 - - [13/May/2026:18:49:14 +0530] "POST /life_renewals/search HTTP/2.0" 200 13078 "https://login.cafsindia.com/life_renewals" "Mozilla/5.0 (Windows NT 10.0; Win64; x64) AppleWebKit/537.36 (KHTML, like Gecko) Chrome/148.0.0.0 Safari/537.36"
103.238.228.178 - - [13/May/2026:18:49:18 +0530] "POST /life_renewals/call_log/3466 HTTP/2.0" 200 68676 "https://login.cafsindia.com/life_renewals" "Mozilla/5.0 (Windows NT 10.0; Win64; x64) AppleWebKit/537.36 (KHTML, like Gecko) Chrome/148.0.0.0 Safari/537.36"
103.238.228.178 - - [13/May/2026:18:49:40 +0530] "POST /health_renewals/call_log/9577 HTTP/2.0" 200 49835 "https://login.cafsindia.com/health_renewals" "Mozilla/5.0 (Windows NT 10.0; Win64; x64) AppleWebKit/537.36 (KHTML, like Gecko) Chrome/148.0.0.0 Safari/537.36"
106.222.220.59 - - [13/May/2026:18:49:46 +0530] "POST /upload_files/upload.php?send_from=health&send_for=upload_photo_copy&extension=png,jpg,jpeg,pdf&upload_filesize=1000 HTTP/2.0" 200 56 "https://login.cafsindia.com/health" "Mozilla/5.0 (Windows NT 10.0; Win64; x64) AppleWebKit/537.36 (KHTML, like Gecko) Chrome/148.0.0.0 Safari/537.36"
