103.238.228.178 - - [13/May/2026:19:01:22 +0530] "POST /life_renewals/life_call_log_edit HTTP/2.0" 200 607 "https://login.cafsindia.com/life_renewals" "Mozilla/5.0 (Windows NT 10.0; Win64; x64) AppleWebKit/537.36 (KHTML, like Gecko) Chrome/148.0.0.0 Safari/537.36"
103.238.228.178 - - [13/May/2026:19:02:18 +0530] "POST /life_renewals/life_call_log_update/ HTTP/2.0" 200 12009 "https://login.cafsindia.com/life_renewals" "Mozilla/5.0 (Windows NT 10.0; Win64; x64) AppleWebKit/537.36 (KHTML, like Gecko) Chrome/148.0.0.0 Safari/537.36"
103.238.228.178 - - [13/May/2026:19:02:19 +0530] "POST /life_renewals/search HTTP/2.0" 200 13103 "https://login.cafsindia.com/life_renewals" "Mozilla/5.0 (Windows NT 10.0; Win64; x64) AppleWebKit/537.36 (KHTML, like Gecko) Chrome/148.0.0.0 Safari/537.36"
103.238.228.178 - - [13/May/2026:19:02:22 +0530] "POST /life_renewals/call_log/3720 HTTP/2.0" 200 72869 "https://login.cafsindia.com/life_renewals" "Mozilla/5.0 (Windows NT 10.0; Win64; x64) AppleWebKit/537.36 (KHTML, like Gecko) Chrome/148.0.0.0 Safari/537.36"
103.238.228.178 - - [13/May/2026:19:02:26 +0530] "POST /life_renewals/life_call_log_edit HTTP/2.0" 200 611 "https://login.cafsindia.com/life_renewals" "Mozilla/5.0 (Windows NT 10.0; Win64; x64) AppleWebKit/537.36 (KHTML, like Gecko) Chrome/148.0.0.0 Safari/537.36"
103.238.228.178 - - [13/May/2026:19:02:28 +0530] "POST /life_renewals/life_call_log_update/ HTTP/2.0" 200 11870 "https://login.cafsindia.com/life_renewals" "Mozilla/5.0 (Windows NT 10.0; Win64; x64) AppleWebKit/537.36 (KHTML, like Gecko) Chrome/148.0.0.0 Safari/537.36"
103.238.228.178 - - [13/May/2026:19:02:29 +0530] "POST /life_renewals/search HTTP/2.0" 200 13089 "https://login.cafsindia.com/life_renewals" "Mozilla/5.0 (Windows NT 10.0; Win64; x64) AppleWebKit/537.36 (KHTML, like Gecko) Chrome/148.0.0.0 Safari/537.36"
103.238.228.178 - - [13/May/2026:19:02:33 +0530] "POST /life_renewals/call_log/1418 HTTP/2.0" 200 67817 "https://login.cafsindia.com/life_renewals" "Mozilla/5.0 (Windows NT 10.0; Win64; x64) AppleWebKit/537.36 (KHTML, like Gecko) Chrome/148.0.0.0 Safari/537.36"
103.238.228.178 - - [13/May/2026:19:02:36 +0530] "POST /life_renewals/life_call_log_edit HTTP/2.0" 200 620 "https://login.cafsindia.com/life_renewals" "Mozilla/5.0 (Windows NT 10.0; Win64; x64) AppleWebKit/537.36 (KHTML, like Gecko) Chrome/148.0.0.0 Safari/537.36"
103.238.228.178 - - [13/May/2026:19:02:44 +0530] "POST /life_renewals/life_call_log_update/ HTTP/2.0" 200 5502 "https://login.cafsindia.com/life_renewals" "Mozilla/5.0 (Windows NT 10.0; Win64; x64) AppleWebKit/537.36 (KHTML, like Gecko) Chrome/148.0.0.0 Safari/537.36"
103.238.228.178 - - [13/May/2026:19:02:45 +0530] "POST /life_renewals/search HTTP/2.0" 200 13085 "https://login.cafsindia.com/life_renewals" "Mozilla/5.0 (Windows NT 10.0; Win64; x64) AppleWebKit/537.36 (KHTML, like Gecko) Chrome/148.0.0.0 Safari/537.36"
103.238.228.178 - - [13/May/2026:19:02:49 +0530] "POST /life_renewals/call_log/3805 HTTP/2.0" 200 67299 "https://login.cafsindia.com/life_renewals" "Mozilla/5.0 (Windows NT 10.0; Win64; x64) AppleWebKit/537.36 (KHTML, like Gecko) Chrome/148.0.0.0 Safari/537.36"
103.238.228.178 - - [13/May/2026:19:03:00 +0530] "POST /life_renewals/life_call_log_edit HTTP/2.0" 200 612 "https://login.cafsindia.com/life_renewals" "Mozilla/5.0 (Windows NT 10.0; Win64; x64) AppleWebKit/537.36 (KHTML, like Gecko) Chrome/148.0.0.0 Safari/537.36"
106.222.220.59 - - [13/May/2026:19:03:09 +0530] "POST /health/search HTTP/2.0" 200 66 "https://login.cafsindia.com/health" "Mozilla/5.0 (Windows NT 10.0; Win64; x64) AppleWebKit/537.36 (KHTML, like Gecko) Chrome/148.0.0.0 Safari/537.36"
106.222.220.59 - - [13/May/2026:19:03:09 +0530] "POST /health/search HTTP/2.0" 200 510 "https://login.cafsindia.com/health" "Mozilla/5.0 (Windows NT 10.0; Win64; x64) AppleWebKit/537.36 (KHTML, like Gecko) Chrome/148.0.0.0 Safari/537.36"
103.238.228.178 - - [13/May/2026:19:03:11 +0530] "POST /life_renewals/life_call_log_update/ HTTP/2.0" 200 4635 "https://login.cafsindia.com/life_renewals" "Mozilla/5.0 (Windows NT 10.0; Win64; x64) AppleWebKit/537.36 (KHTML, like Gecko) Chrome/148.0.0.0 Safari/537.36"
103.238.228.178 - - [13/May/2026:19:03:12 +0530] "POST /life_renewals/search HTTP/2.0" 200 13074 "https://login.cafsindia.com/life_renewals" "Mozilla/5.0 (Windows NT 10.0; Win64; x64) AppleWebKit/537.36 (KHTML, like Gecko) Chrome/148.0.0.0 Safari/537.36"
103.238.228.178 - - [13/May/2026:19:03:16 +0530] "POST /life_renewals/call_log/3595 HTTP/2.0" 200 76240 "https://login.cafsindia.com/life_renewals" "Mozilla/5.0 (Windows NT 10.0; Win64; x64) AppleWebKit/537.36 (KHTML, like Gecko) Chrome/148.0.0.0 Safari/537.36"
103.238.228.178 - - [13/May/2026:19:03:22 +0530] "POST /life_renewals/life_call_log_edit HTTP/2.0" 200 584 "https://login.cafsindia.com/life_renewals" "Mozilla/5.0 (Windows NT 10.0; Win64; x64) AppleWebKit/537.36 (KHTML, like Gecko) Chrome/148.0.0.0 Safari/537.36"
103.238.228.178 - - [13/May/2026:19:03:26 +0530] "POST /life_renewals/life_call_log_update/ HTTP/2.0" 200 16367 "https://login.cafsindia.com/life_renewals" "Mozilla/5.0 (Windows NT 10.0; Win64; x64) AppleWebKit/537.36 (KHTML, like Gecko) Chrome/148.0.0.0 Safari/537.36"
103.238.228.178 - - [13/May/2026:19:03:27 +0530] "POST /life_renewals/search HTTP/2.0" 200 13052 "https://login.cafsindia.com/life_renewals" "Mozilla/5.0 (Windows NT 10.0; Win64; x64) AppleWebKit/537.36 (KHTML, like Gecko) Chrome/148.0.0.0 Safari/537.36"
103.238.228.178 - - [13/May/2026:19:03:30 +0530] "POST /life_renewals/call_log/6610 HTTP/2.0" 200 66299 "https://login.cafsindia.com/life_renewals" "Mozilla/5.0 (Windows NT 10.0; Win64; x64) AppleWebKit/537.36 (KHTML, like Gecko) Chrome/148.0.0.0 Safari/537.36"
103.238.228.178 - - [13/May/2026:19:03:34 +0530] "POST /life_renewals/life_call_log_edit HTTP/2.0" 200 627 "https://login.cafsindia.com/life_renewals" "Mozilla/5.0 (Windows NT 10.0; Win64; x64) AppleWebKit/537.36 (KHTML, like Gecko) Chrome/148.0.0.0 Safari/537.36"
106.222.220.59 - - [13/May/2026:19:03:35 +0530] "POST /health/view/13209 HTTP/2.0" 200 420846 "https://login.cafsindia.com/health" "Mozilla/5.0 (Windows NT 10.0; Win64; x64) AppleWebKit/537.36 (KHTML, like Gecko) Chrome/148.0.0.0 Safari/537.36"
106.222.220.59 - - [13/May/2026:19:03:36 +0530] "POST /health/fetch_product HTTP/2.0" 200 577 "https://login.cafsindia.com/health" "Mozilla/5.0 (Windows NT 10.0; Win64; x64) AppleWebKit/537.36 (KHTML, like Gecko) Chrome/148.0.0.0 Safari/537.36"
103.238.228.178 - - [13/May/2026:19:03:37 +0530] "POST /life_renewals/life_call_log_update/ HTTP/2.0" 200 3354 "https://login.cafsindia.com/life_renewals" "Mozilla/5.0 (Windows NT 10.0; Win64; x64) AppleWebKit/537.36 (KHTML, like Gecko) Chrome/148.0.0.0 Safari/537.36"
103.238.228.178 - - [13/May/2026:19:03:37 +0530] "POST /life_renewals/search HTTP/2.0" 200 13053 "https://login.cafsindia.com/life_renewals" "Mozilla/5.0 (Windows NT 10.0; Win64; x64) AppleWebKit/537.36 (KHTML, like Gecko) Chrome/148.0.0.0 Safari/537.36"
103.238.228.178 - - [13/May/2026:19:03:44 +0530] "POST /life_renewals/search HTTP/2.0" 200 12968 "https://login.cafsindia.com/life_renewals" "Mozilla/5.0 (Windows NT 10.0; Win64; x64) AppleWebKit/537.36 (KHTML, like Gecko) Chrome/148.0.0.0 Safari/537.36"
103.238.228.178 - - [13/May/2026:19:03:46 +0530] "POST /life_renewals/search HTTP/2.0" 200 13127 "https://login.cafsindia.com/life_renewals" "Mozilla/5.0 (Windows NT 10.0; Win64; x64) AppleWebKit/537.36 (KHTML, like Gecko) Chrome/148.0.0.0 Safari/537.36"
106.222.220.59 - - [13/May/2026:19:03:55 +0530] "POST /health/search HTTP/2.0" 200 952 "https://login.cafsindia.com/health" "Mozilla/5.0 (Windows NT 10.0; Win64; x64) AppleWebKit/537.36 (KHTML, like Gecko) Chrome/148.0.0.0 Safari/537.36"
103.238.228.178 - - [13/May/2026:19:03:56 +0530] "POST /life_renewals/search HTTP/2.0" 200 2161 "https://login.cafsindia.com/life_renewals" "Mozilla/5.0 (Windows NT 10.0; Win64; x64) AppleWebKit/537.36 (KHTML, like Gecko) Chrome/148.0.0.0 Safari/537.36"
103.238.228.178 - - [13/May/2026:19:04:02 +0530] "POST /life_renewals/search HTTP/2.0" 200 12540 "https://login.cafsindia.com/life_renewals" "Mozilla/5.0 (Windows NT 10.0; Win64; x64) AppleWebKit/537.36 (KHTML, like Gecko) Chrome/148.0.0.0 Safari/537.36"
103.238.228.178 - - [13/May/2026:19:04:05 +0530] "POST /life_renewals/search HTTP/2.0" 200 12691 "https://login.cafsindia.com/life_renewals" "Mozilla/5.0 (Windows NT 10.0; Win64; x64) AppleWebKit/537.36 (KHTML, like Gecko) Chrome/148.0.0.0 Safari/537.36"
103.238.228.178 - - [13/May/2026:19:06:08 +0530] "POST /health_renewals/health_call_log_edit HTTP/2.0" 200 671 "https://login.cafsindia.com/health_renewals" "Mozilla/5.0 (Windows NT 10.0; Win64; x64) AppleWebKit/537.36 (KHTML, like Gecko) Chrome/148.0.0.0 Safari/537.36"
103.238.228.178 - - [13/May/2026:19:06:08 +0530] "POST /health_renewals/sub_disposition_list HTTP/2.0" 200 5681 "https://login.cafsindia.com/health_renewals" "Mozilla/5.0 (Windows NT 10.0; Win64; x64) AppleWebKit/537.36 (KHTML, like Gecko) Chrome/148.0.0.0 Safari/537.36"
103.238.228.178 - - [13/May/2026:19:06:10 +0530] "POST /health_renewals/health_call_log_update/ HTTP/2.0" 200 5347 "https://login.cafsindia.com/health_renewals" "Mozilla/5.0 (Windows NT 10.0; Win64; x64) AppleWebKit/537.36 (KHTML, like Gecko) Chrome/148.0.0.0 Safari/537.36"
103.238.228.178 - - [13/May/2026:19:06:11 +0530] "POST /health_renewals/search HTTP/2.0" 200 5092 "https://login.cafsindia.com/health_renewals" "Mozilla/5.0 (Windows NT 10.0; Win64; x64) AppleWebKit/537.36 (KHTML, like Gecko) Chrome/148.0.0.0 Safari/537.36"
103.238.228.178 - - [13/May/2026:19:06:14 +0530] "POST /health_renewals/call_log/12872 HTTP/2.0" 200 42376 "https://login.cafsindia.com/health_renewals" "Mozilla/5.0 (Windows NT 10.0; Win64; x64) AppleWebKit/537.36 (KHTML, like Gecko) Chrome/148.0.0.0 Safari/537.36"
103.238.228.178 - - [13/May/2026:19:06:17 +0530] "POST /health_renewals/health_call_log_edit HTTP/2.0" 200 687 "https://login.cafsindia.com/health_renewals" "Mozilla/5.0 (Windows NT 10.0; Win64; x64) AppleWebKit/537.36 (KHTML, like Gecko) Chrome/148.0.0.0 Safari/537.36"
103.238.228.178 - - [13/May/2026:19:06:18 +0530] "POST /health_renewals/sub_disposition_list HTTP/2.0" 200 5681 "https://login.cafsindia.com/health_renewals" "Mozilla/5.0 (Windows NT 10.0; Win64; x64) AppleWebKit/537.36 (KHTML, like Gecko) Chrome/148.0.0.0 Safari/537.36"
103.238.228.178 - - [13/May/2026:19:06:20 +0530] "POST /health_renewals/health_call_log_update/ HTTP/2.0" 200 1207 "https://login.cafsindia.com/health_renewals" "Mozilla/5.0 (Windows NT 10.0; Win64; x64) AppleWebKit/537.36 (KHTML, like Gecko) Chrome/148.0.0.0 Safari/537.36"
103.238.228.178 - - [13/May/2026:19:06:21 +0530] "POST /health_renewals/search HTTP/2.0" 200 5112 "https://login.cafsindia.com/health_renewals" "Mozilla/5.0 (Windows NT 10.0; Win64; x64) AppleWebKit/537.36 (KHTML, like Gecko) Chrome/148.0.0.0 Safari/537.36"
103.238.228.178 - - [13/May/2026:19:06:23 +0530] "POST /health_renewals/call_log/4434 HTTP/2.0" 200 50363 "https://login.cafsindia.com/health_renewals" "Mozilla/5.0 (Windows NT 10.0; Win64; x64) AppleWebKit/537.36 (KHTML, like Gecko) Chrome/148.0.0.0 Safari/537.36"
103.238.228.178 - - [13/May/2026:19:06:31 +0530] "POST /health_renewals/health_call_log_edit HTTP/2.0" 200 661 "https://login.cafsindia.com/health_renewals" "Mozilla/5.0 (Windows NT 10.0; Win64; x64) AppleWebKit/537.36 (KHTML, like Gecko) Chrome/148.0.0.0 Safari/537.36"
103.238.228.178 - - [13/May/2026:19:06:31 +0530] "POST /health_renewals/sub_disposition_list HTTP/2.0" 200 5681 "https://login.cafsindia.com/health_renewals" "Mozilla/5.0 (Windows NT 10.0; Win64; x64) AppleWebKit/537.36 (KHTML, like Gecko) Chrome/148.0.0.0 Safari/537.36"
103.238.228.178 - - [13/May/2026:19:06:34 +0530] "POST /health_renewals/health_call_log_update/ HTTP/2.0" 200 11704 "https://login.cafsindia.com/health_renewals" "Mozilla/5.0 (Windows NT 10.0; Win64; x64) AppleWebKit/537.36 (KHTML, like Gecko) Chrome/148.0.0.0 Safari/537.36"
103.238.228.178 - - [13/May/2026:19:06:36 +0530] "POST /health_renewals/search HTTP/2.0" 200 5112 "https://login.cafsindia.com/health_renewals" "Mozilla/5.0 (Windows NT 10.0; Win64; x64) AppleWebKit/537.36 (KHTML, like Gecko) Chrome/148.0.0.0 Safari/537.36"
103.238.228.178 - - [13/May/2026:19:06:38 +0530] "POST /health_renewals/call_log/4016 HTTP/2.0" 200 51815 "https://login.cafsindia.com/health_renewals" "Mozilla/5.0 (Windows NT 10.0; Win64; x64) AppleWebKit/537.36 (KHTML, like Gecko) Chrome/148.0.0.0 Safari/537.36"
103.238.228.178 - - [13/May/2026:19:06:45 +0530] "POST /health_renewals/health_call_log_edit HTTP/2.0" 200 672 "https://login.cafsindia.com/health_renewals" "Mozilla/5.0 (Windows NT 10.0; Win64; x64) AppleWebKit/537.36 (KHTML, like Gecko) Chrome/148.0.0.0 Safari/537.36"
103.238.228.178 - - [13/May/2026:19:06:45 +0530] "POST /health_renewals/sub_disposition_list HTTP/2.0" 200 5681 "https://login.cafsindia.com/health_renewals" "Mozilla/5.0 (Windows NT 10.0; Win64; x64) AppleWebKit/537.36 (KHTML, like Gecko) Chrome/148.0.0.0 Safari/537.36"
103.238.228.178 - - [13/May/2026:19:06:47 +0530] "POST /health_renewals/health_call_log_update/ HTTP/2.0" 200 13591 "https://login.cafsindia.com/health_renewals" "Mozilla/5.0 (Windows NT 10.0; Win64; x64) AppleWebKit/537.36 (KHTML, like Gecko) Chrome/148.0.0.0 Safari/537.36"
103.238.228.178 - - [13/May/2026:19:06:48 +0530] "POST /health_renewals/search HTTP/2.0" 200 5112 "https://login.cafsindia.com/health_renewals" "Mozilla/5.0 (Windows NT 10.0; Win64; x64) AppleWebKit/537.36 (KHTML, like Gecko) Chrome/148.0.0.0 Safari/537.36"
103.238.228.178 - - [13/May/2026:19:07:00 +0530] "POST /health_renewals/search HTTP/2.0" 200 5137 "https://login.cafsindia.com/health_renewals" "Mozilla/5.0 (Windows NT 10.0; Win64; x64) AppleWebKit/537.36 (KHTML, like Gecko) Chrome/148.0.0.0 Safari/537.36"
103.238.228.178 - - [13/May/2026:19:07:03 +0530] "POST /health_renewals/call_log/3369 HTTP/2.0" 200 53588 "https://login.cafsindia.com/health_renewals" "Mozilla/5.0 (Windows NT 10.0; Win64; x64) AppleWebKit/537.36 (KHTML, like Gecko) Chrome/148.0.0.0 Safari/537.36"
103.238.228.178 - - [13/May/2026:19:07:07 +0530] "POST /health_renewals/health_call_log_edit HTTP/2.0" 200 681 "https://login.cafsindia.com/health_renewals" "Mozilla/5.0 (Windows NT 10.0; Win64; x64) AppleWebKit/537.36 (KHTML, like Gecko) Chrome/148.0.0.0 Safari/537.36"
103.238.228.178 - - [13/May/2026:19:07:07 +0530] "POST /health_renewals/sub_disposition_list HTTP/2.0" 200 5681 "https://login.cafsindia.com/health_renewals" "Mozilla/5.0 (Windows NT 10.0; Win64; x64) AppleWebKit/537.36 (KHTML, like Gecko) Chrome/148.0.0.0 Safari/537.36"
103.238.228.178 - - [13/May/2026:19:07:09 +0530] "POST /health_renewals/health_call_log_update/ HTTP/2.0" 200 16063 "https://login.cafsindia.com/health_renewals" "Mozilla/5.0 (Windows NT 10.0; Win64; x64) AppleWebKit/537.36 (KHTML, like Gecko) Chrome/148.0.0.0 Safari/537.36"
103.238.228.178 - - [13/May/2026:19:07:11 +0530] "POST /health_renewals/search HTTP/2.0" 200 5137 "https://login.cafsindia.com/health_renewals" "Mozilla/5.0 (Windows NT 10.0; Win64; x64) AppleWebKit/537.36 (KHTML, like Gecko) Chrome/148.0.0.0 Safari/537.36"
103.238.228.178 - - [13/May/2026:19:07:14 +0530] "POST /health_renewals/search HTTP/2.0" 200 5077 "https://login.cafsindia.com/health_renewals" "Mozilla/5.0 (Windows NT 10.0; Win64; x64) AppleWebKit/537.36 (KHTML, like Gecko) Chrome/148.0.0.0 Safari/537.36"
103.238.228.178 - - [13/May/2026:19:07:16 +0530] "POST /health_renewals/call_log/3683 HTTP/2.0" 200 54698 "https://login.cafsindia.com/health_renewals" "Mozilla/5.0 (Windows NT 10.0; Win64; x64) AppleWebKit/537.36 (KHTML, like Gecko) Chrome/148.0.0.0 Safari/537.36"
103.238.228.178 - - [13/May/2026:19:07:18 +0530] "POST /health_renewals/health_call_log_edit HTTP/2.0" 200 698 "https://login.cafsindia.com/health_renewals" "Mozilla/5.0 (Windows NT 10.0; Win64; x64) AppleWebKit/537.36 (KHTML, like Gecko) Chrome/148.0.0.0 Safari/537.36"
103.238.228.178 - - [13/May/2026:19:07:18 +0530] "POST /health_renewals/sub_disposition_list HTTP/2.0" 200 5681 "https://login.cafsindia.com/health_renewals" "Mozilla/5.0 (Windows NT 10.0; Win64; x64) AppleWebKit/537.36 (KHTML, like Gecko) Chrome/148.0.0.0 Safari/537.36"
106.222.102.187 - - [13/May/2026:19:07:21 +0530] "POST /life_renewals/search HTTP/2.0" 200 5326 "https://login.cafsindia.com/life_renewals" "Mozilla/5.0 (Windows NT 10.0; Win64; x64) AppleWebKit/537.36 (KHTML, like Gecko) Chrome/147.0.0.0 Safari/537.36"
103.238.228.178 - - [13/May/2026:19:07:20 +0530] "POST /health_renewals/health_call_log_update/ HTTP/2.0" 200 17549 "https://login.cafsindia.com/health_renewals" "Mozilla/5.0 (Windows NT 10.0; Win64; x64) AppleWebKit/537.36 (KHTML, like Gecko) Chrome/148.0.0.0 Safari/537.36"
103.238.228.178 - - [13/May/2026:19:07:23 +0530] "POST /health_renewals/search HTTP/2.0" 200 5072 "https://login.cafsindia.com/health_renewals" "Mozilla/5.0 (Windows NT 10.0; Win64; x64) AppleWebKit/537.36 (KHTML, like Gecko) Chrome/148.0.0.0 Safari/537.36"
106.222.220.59 - - [13/May/2026:19:07:24 +0530] "POST /health/search HTTP/2.0" 200 66 "https://login.cafsindia.com/health" "Mozilla/5.0 (Windows NT 10.0; Win64; x64) AppleWebKit/537.36 (KHTML, like Gecko) Chrome/148.0.0.0 Safari/537.36"
106.222.220.59 - - [13/May/2026:19:07:24 +0530] "POST /health/search HTTP/2.0" 200 516 "https://login.cafsindia.com/health" "Mozilla/5.0 (Windows NT 10.0; Win64; x64) AppleWebKit/537.36 (KHTML, like Gecko) Chrome/148.0.0.0 Safari/537.36"
103.238.228.178 - - [13/May/2026:19:07:26 +0530] "POST /health_renewals/call_log/12617 HTTP/2.0" 200 42410 "https://login.cafsindia.com/health_renewals" "Mozilla/5.0 (Windows NT 10.0; Win64; x64) AppleWebKit/537.36 (KHTML, like Gecko) Chrome/148.0.0.0 Safari/537.36"
106.222.220.59 - - [13/May/2026:19:07:27 +0530] "POST /health/view/13218 HTTP/2.0" 200 422088 "https://login.cafsindia.com/health" "Mozilla/5.0 (Windows NT 10.0; Win64; x64) AppleWebKit/537.36 (KHTML, like Gecko) Chrome/148.0.0.0 Safari/537.36"
106.222.220.59 - - [13/May/2026:19:07:28 +0530] "POST /health/fetch_product HTTP/2.0" 200 1416 "https://login.cafsindia.com/health" "Mozilla/5.0 (Windows NT 10.0; Win64; x64) AppleWebKit/537.36 (KHTML, like Gecko) Chrome/148.0.0.0 Safari/537.36"
103.238.228.178 - - [13/May/2026:19:07:29 +0530] "POST /health_renewals/health_call_log_edit HTTP/2.0" 200 696 "https://login.cafsindia.com/health_renewals" "Mozilla/5.0 (Windows NT 10.0; Win64; x64) AppleWebKit/537.36 (KHTML, like Gecko) Chrome/148.0.0.0 Safari/537.36"
103.238.228.178 - - [13/May/2026:19:07:29 +0530] "POST /health_renewals/sub_disposition_list HTTP/2.0" 200 5681 "https://login.cafsindia.com/health_renewals" "Mozilla/5.0 (Windows NT 10.0; Win64; x64) AppleWebKit/537.36 (KHTML, like Gecko) Chrome/148.0.0.0 Safari/537.36"
106.222.102.187 - - [13/May/2026:19:07:31 +0530] "POST /life_renewals/search HTTP/2.0" 200 5326 "https://login.cafsindia.com/life_renewals" "Mozilla/5.0 (Windows NT 10.0; Win64; x64) AppleWebKit/537.36 (KHTML, like Gecko) Chrome/147.0.0.0 Safari/537.36"
103.238.228.178 - - [13/May/2026:19:07:31 +0530] "POST /health_renewals/health_call_log_update/ HTTP/2.0" 200 1236 "https://login.cafsindia.com/health_renewals" "Mozilla/5.0 (Windows NT 10.0; Win64; x64) AppleWebKit/537.36 (KHTML, like Gecko) Chrome/148.0.0.0 Safari/537.36"
103.238.228.178 - - [13/May/2026:19:07:32 +0530] "POST /health_renewals/search HTTP/2.0" 200 5067 "https://login.cafsindia.com/health_renewals" "Mozilla/5.0 (Windows NT 10.0; Win64; x64) AppleWebKit/537.36 (KHTML, like Gecko) Chrome/148.0.0.0 Safari/537.36"
106.222.102.187 - - [13/May/2026:19:07:33 +0530] "POST /life_renewals/search HTTP/2.0" 200 5326 "https://login.cafsindia.com/life_renewals" "Mozilla/5.0 (Windows NT 10.0; Win64; x64) AppleWebKit/537.36 (KHTML, like Gecko) Chrome/147.0.0.0 Safari/537.36"
103.238.228.178 - - [13/May/2026:19:07:34 +0530] "POST /health_renewals/search HTTP/2.0" 200 5118 "https://login.cafsindia.com/health_renewals" "Mozilla/5.0 (Windows NT 10.0; Win64; x64) AppleWebKit/537.36 (KHTML, like Gecko) Chrome/148.0.0.0 Safari/537.36"
103.238.228.178 - - [13/May/2026:19:07:37 +0530] "POST /health_renewals/call_log/12435 HTTP/2.0" 200 42378 "https://login.cafsindia.com/health_renewals" "Mozilla/5.0 (Windows NT 10.0; Win64; x64) AppleWebKit/537.36 (KHTML, like Gecko) Chrome/148.0.0.0 Safari/537.36"
106.222.102.187 - - [13/May/2026:19:07:37 +0530] "POST /life_renewals/call_log/834 HTTP/2.0" 200 85802 "https://login.cafsindia.com/life_renewals" "Mozilla/5.0 (Windows NT 10.0; Win64; x64) AppleWebKit/537.36 (KHTML, like Gecko) Chrome/147.0.0.0 Safari/537.36"
103.238.228.178 - - [13/May/2026:19:07:39 +0530] "POST /health_renewals/health_call_log_edit HTTP/2.0" 200 663 "https://login.cafsindia.com/health_renewals" "Mozilla/5.0 (Windows NT 10.0; Win64; x64) AppleWebKit/537.36 (KHTML, like Gecko) Chrome/148.0.0.0 Safari/537.36"
103.238.228.178 - - [13/May/2026:19:07:39 +0530] "POST /health_renewals/sub_disposition_list HTTP/2.0" 200 5681 "https://login.cafsindia.com/health_renewals" "Mozilla/5.0 (Windows NT 10.0; Win64; x64) AppleWebKit/537.36 (KHTML, like Gecko) Chrome/148.0.0.0 Safari/537.36"
103.238.228.178 - - [13/May/2026:19:07:41 +0530] "POST /health_renewals/health_call_log_update/ HTTP/2.0" 200 1196 "https://login.cafsindia.com/health_renewals" "Mozilla/5.0 (Windows NT 10.0; Win64; x64) AppleWebKit/537.36 (KHTML, like Gecko) Chrome/148.0.0.0 Safari/537.36"
103.238.228.178 - - [13/May/2026:19:07:42 +0530] "POST /health_renewals/search HTTP/2.0" 200 5067 "https://login.cafsindia.com/health_renewals" "Mozilla/5.0 (Windows NT 10.0; Win64; x64) AppleWebKit/537.36 (KHTML, like Gecko) Chrome/148.0.0.0 Safari/537.36"
103.238.228.178 - - [13/May/2026:19:07:44 +0530] "POST /health_renewals/call_log/12690 HTTP/2.0" 200 42367 "https://login.cafsindia.com/health_renewals" "Mozilla/5.0 (Windows NT 10.0; Win64; x64) AppleWebKit/537.36 (KHTML, like Gecko) Chrome/148.0.0.0 Safari/537.36"
103.238.228.178 - - [13/May/2026:19:07:46 +0530] "POST /health_renewals/health_call_log_edit HTTP/2.0" 200 663 "https://login.cafsindia.com/health_renewals" "Mozilla/5.0 (Windows NT 10.0; Win64; x64) AppleWebKit/537.36 (KHTML, like Gecko) Chrome/148.0.0.0 Safari/537.36"
103.238.228.178 - - [13/May/2026:19:07:47 +0530] "POST /health_renewals/sub_disposition_list HTTP/2.0" 200 5681 "https://login.cafsindia.com/health_renewals" "Mozilla/5.0 (Windows NT 10.0; Win64; x64) AppleWebKit/537.36 (KHTML, like Gecko) Chrome/148.0.0.0 Safari/537.36"
106.222.220.59 - - [13/May/2026:19:07:47 +0530] "POST /health/search HTTP/2.0" 200 66 "https://login.cafsindia.com/health" "Mozilla/5.0 (Windows NT 10.0; Win64; x64) AppleWebKit/537.36 (KHTML, like Gecko) Chrome/148.0.0.0 Safari/537.36"
103.238.228.178 - - [13/May/2026:19:07:48 +0530] "POST /health_renewals/health_call_log_update/ HTTP/2.0" 200 1196 "https://login.cafsindia.com/health_renewals" "Mozilla/5.0 (Windows NT 10.0; Win64; x64) AppleWebKit/537.36 (KHTML, like Gecko) Chrome/148.0.0.0 Safari/537.36"
106.222.220.59 - - [13/May/2026:19:07:49 +0530] "POST /health/search HTTP/2.0" 200 507 "https://login.cafsindia.com/health" "Mozilla/5.0 (Windows NT 10.0; Win64; x64) AppleWebKit/537.36 (KHTML, like Gecko) Chrome/148.0.0.0 Safari/537.36"
103.238.228.178 - - [13/May/2026:19:07:50 +0530] "POST /health_renewals/search HTTP/2.0" 200 5086 "https://login.cafsindia.com/health_renewals" "Mozilla/5.0 (Windows NT 10.0; Win64; x64) AppleWebKit/537.36 (KHTML, like Gecko) Chrome/148.0.0.0 Safari/537.36"
103.238.228.178 - - [13/May/2026:19:07:51 +0530] "POST /health_renewals/call_log/8075 HTTP/2.0" 200 49245 "https://login.cafsindia.com/health_renewals" "Mozilla/5.0 (Windows NT 10.0; Win64; x64) AppleWebKit/537.36 (KHTML, like Gecko) Chrome/148.0.0.0 Safari/537.36"
103.238.228.178 - - [13/May/2026:19:07:54 +0530] "POST /health_renewals/health_call_log_edit HTTP/2.0" 200 662 "https://login.cafsindia.com/health_renewals" "Mozilla/5.0 (Windows NT 10.0; Win64; x64) AppleWebKit/537.36 (KHTML, like Gecko) Chrome/148.0.0.0 Safari/537.36"
103.238.228.178 - - [13/May/2026:19:07:55 +0530] "POST /health_renewals/sub_disposition_list HTTP/2.0" 200 5681 "https://login.cafsindia.com/health_renewals" "Mozilla/5.0 (Windows NT 10.0; Win64; x64) AppleWebKit/537.36 (KHTML, like Gecko) Chrome/148.0.0.0 Safari/537.36"
106.222.220.59 - - [13/May/2026:19:07:55 +0530] "POST /health/search HTTP/2.0" 200 952 "https://login.cafsindia.com/health" "Mozilla/5.0 (Windows NT 10.0; Win64; x64) AppleWebKit/537.36 (KHTML, like Gecko) Chrome/148.0.0.0 Safari/537.36"
103.238.228.178 - - [13/May/2026:19:07:57 +0530] "POST /health_renewals/health_call_log_update/ HTTP/2.0" 200 10262 "https://login.cafsindia.com/health_renewals" "Mozilla/5.0 (Windows NT 10.0; Win64; x64) AppleWebKit/537.36 (KHTML, like Gecko) Chrome/148.0.0.0 Safari/537.36"
103.238.228.178 - - [13/May/2026:19:07:58 +0530] "POST /health_renewals/search HTTP/2.0" 200 5083 "https://login.cafsindia.com/health_renewals" "Mozilla/5.0 (Windows NT 10.0; Win64; x64) AppleWebKit/537.36 (KHTML, like Gecko) Chrome/148.0.0.0 Safari/537.36"
103.238.228.178 - - [13/May/2026:19:08:00 +0530] "POST /health_renewals/call_log/3672 HTTP/2.0" 200 51245 "https://login.cafsindia.com/health_renewals" "Mozilla/5.0 (Windows NT 10.0; Win64; x64) AppleWebKit/537.36 (KHTML, like Gecko) Chrome/148.0.0.0 Safari/537.36"
106.222.102.187 - - [13/May/2026:19:08:02 +0530] "POST /life_renewals/search HTTP/2.0" 200 4250 "https://login.cafsindia.com/life_renewals" "Mozilla/5.0 (Windows NT 10.0; Win64; x64) AppleWebKit/537.36 (KHTML, like Gecko) Chrome/147.0.0.0 Safari/537.36"
103.238.228.178 - - [13/May/2026:19:08:03 +0530] "POST /health_renewals/health_call_log_edit HTTP/2.0" 200 671 "https://login.cafsindia.com/health_renewals" "Mozilla/5.0 (Windows NT 10.0; Win64; x64) AppleWebKit/537.36 (KHTML, like Gecko) Chrome/148.0.0.0 Safari/537.36"
103.238.228.178 - - [13/May/2026:19:08:03 +0530] "POST /health_renewals/sub_disposition_list HTTP/2.0" 200 5681 "https://login.cafsindia.com/health_renewals" "Mozilla/5.0 (Windows NT 10.0; Win64; x64) AppleWebKit/537.36 (KHTML, like Gecko) Chrome/148.0.0.0 Safari/537.36"
103.238.228.178 - - [13/May/2026:19:08:06 +0530] "POST /health_renewals/health_call_log_update/ HTTP/2.0" 200 12891 "https://login.cafsindia.com/health_renewals" "Mozilla/5.0 (Windows NT 10.0; Win64; x64) AppleWebKit/537.36 (KHTML, like Gecko) Chrome/148.0.0.0 Safari/537.36"
103.238.228.178 - - [13/May/2026:19:08:07 +0530] "POST /health_renewals/search HTTP/2.0" 200 5073 "https://login.cafsindia.com/health_renewals" "Mozilla/5.0 (Windows NT 10.0; Win64; x64) AppleWebKit/537.36 (KHTML, like Gecko) Chrome/148.0.0.0 Safari/537.36"
103.238.228.178 - - [13/May/2026:19:08:10 +0530] "POST /health_renewals/call_log/12669 HTTP/2.0" 200 42377 "https://login.cafsindia.com/health_renewals" "Mozilla/5.0 (Windows NT 10.0; Win64; x64) AppleWebKit/537.36 (KHTML, like Gecko) Chrome/148.0.0.0 Safari/537.36"
34.193.251.180 - - [13/May/2026:19:08:11 +0530] "GET / HTTP/1.1" 200 15213 "-" "Mozilla/5.0 (Windows NT 10.0; Win64; x64) AppleWebKit/537.36 (KHTML, like Gecko) Chrome/107.0.0.0 Safari/537.36 Edg/107.0.1418.62"
103.238.228.178 - - [13/May/2026:19:08:13 +0530] "POST /health_renewals/health_call_log_edit HTTP/2.0" 200 662 "https://login.cafsindia.com/health_renewals" "Mozilla/5.0 (Windows NT 10.0; Win64; x64) AppleWebKit/537.36 (KHTML, like Gecko) Chrome/148.0.0.0 Safari/537.36"
103.238.228.178 - - [13/May/2026:19:08:13 +0530] "POST /health_renewals/sub_disposition_list HTTP/2.0" 200 5681 "https://login.cafsindia.com/health_renewals" "Mozilla/5.0 (Windows NT 10.0; Win64; x64) AppleWebKit/537.36 (KHTML, like Gecko) Chrome/148.0.0.0 Safari/537.36"
103.238.228.178 - - [13/May/2026:19:08:15 +0530] "POST /health_renewals/health_call_log_update/ HTTP/2.0" 200 1195 "https://login.cafsindia.com/health_renewals" "Mozilla/5.0 (Windows NT 10.0; Win64; x64) AppleWebKit/537.36 (KHTML, like Gecko) Chrome/148.0.0.0 Safari/537.36"
103.238.228.178 - - [13/May/2026:19:08:16 +0530] "POST /health_renewals/search HTTP/2.0" 200 5073 "https://login.cafsindia.com/health_renewals" "Mozilla/5.0 (Windows NT 10.0; Win64; x64) AppleWebKit/537.36 (KHTML, like Gecko) Chrome/148.0.0.0 Safari/537.36"
103.238.228.178 - - [13/May/2026:19:08:18 +0530] "POST /health_renewals/call_log/12662 HTTP/2.0" 200 42397 "https://login.cafsindia.com/health_renewals" "Mozilla/5.0 (Windows NT 10.0; Win64; x64) AppleWebKit/537.36 (KHTML, like Gecko) Chrome/148.0.0.0 Safari/537.36"
103.238.228.178 - - [13/May/2026:19:08:20 +0530] "POST /health_renewals/health_call_log_edit HTTP/2.0" 200 663 "https://login.cafsindia.com/health_renewals" "Mozilla/5.0 (Windows NT 10.0; Win64; x64) AppleWebKit/537.36 (KHTML, like Gecko) Chrome/148.0.0.0 Safari/537.36"
103.238.228.178 - - [13/May/2026:19:08:20 +0530] "POST /health_renewals/sub_disposition_list HTTP/2.0" 200 5681 "https://login.cafsindia.com/health_renewals" "Mozilla/5.0 (Windows NT 10.0; Win64; x64) AppleWebKit/537.36 (KHTML, like Gecko) Chrome/148.0.0.0 Safari/537.36"
103.238.228.178 - - [13/May/2026:19:08:23 +0530] "POST /health_renewals/health_call_log_update/ HTTP/2.0" 200 1196 "https://login.cafsindia.com/health_renewals" "Mozilla/5.0 (Windows NT 10.0; Win64; x64) AppleWebKit/537.36 (KHTML, like Gecko) Chrome/148.0.0.0 Safari/537.36"
103.238.228.178 - - [13/May/2026:19:08:24 +0530] "POST /health_renewals/search HTTP/2.0" 200 5082 "https://login.cafsindia.com/health_renewals" "Mozilla/5.0 (Windows NT 10.0; Win64; x64) AppleWebKit/537.36 (KHTML, like Gecko) Chrome/148.0.0.0 Safari/537.36"
103.238.228.178 - - [13/May/2026:19:08:26 +0530] "POST /health_renewals/call_log/12655 HTTP/2.0" 200 42389 "https://login.cafsindia.com/health_renewals" "Mozilla/5.0 (Windows NT 10.0; Win64; x64) AppleWebKit/537.36 (KHTML, like Gecko) Chrome/148.0.0.0 Safari/537.36"
103.238.228.178 - - [13/May/2026:19:08:28 +0530] "POST /health_renewals/health_call_log_edit HTTP/2.0" 200 664 "https://login.cafsindia.com/health_renewals" "Mozilla/5.0 (Windows NT 10.0; Win64; x64) AppleWebKit/537.36 (KHTML, like Gecko) Chrome/148.0.0.0 Safari/537.36"
103.238.228.178 - - [13/May/2026:19:08:29 +0530] "POST /health_renewals/sub_disposition_list HTTP/2.0" 200 5681 "https://login.cafsindia.com/health_renewals" "Mozilla/5.0 (Windows NT 10.0; Win64; x64) AppleWebKit/537.36 (KHTML, like Gecko) Chrome/148.0.0.0 Safari/537.36"
103.238.228.178 - - [13/May/2026:19:08:31 +0530] "POST /health_renewals/health_call_log_update/ HTTP/2.0" 200 1216 "https://login.cafsindia.com/health_renewals" "Mozilla/5.0 (Windows NT 10.0; Win64; x64) AppleWebKit/537.36 (KHTML, like Gecko) Chrome/148.0.0.0 Safari/537.36"
103.238.228.178 - - [13/May/2026:19:08:32 +0530] "POST /health_renewals/search HTTP/2.0" 200 5101 "https://login.cafsindia.com/health_renewals" "Mozilla/5.0 (Windows NT 10.0; Win64; x64) AppleWebKit/537.36 (KHTML, like Gecko) Chrome/148.0.0.0 Safari/537.36"
103.238.228.178 - - [13/May/2026:19:08:37 +0530] "POST /health_renewals/search HTTP/2.0" 200 4963 "https://login.cafsindia.com/health_renewals" "Mozilla/5.0 (Windows NT 10.0; Win64; x64) AppleWebKit/537.36 (KHTML, like Gecko) Chrome/148.0.0.0 Safari/537.36"
103.238.228.178 - - [13/May/2026:19:08:43 +0530] "POST /health_renewals/search HTTP/2.0" 200 5127 "https://login.cafsindia.com/health_renewals" "Mozilla/5.0 (Windows NT 10.0; Win64; x64) AppleWebKit/537.36 (KHTML, like Gecko) Chrome/148.0.0.0 Safari/537.36"
103.238.228.178 - - [13/May/2026:19:08:45 +0530] "POST /health_renewals/call_log/12266 HTTP/2.0" 200 47770 "https://login.cafsindia.com/health_renewals" "Mozilla/5.0 (Windows NT 10.0; Win64; x64) AppleWebKit/537.36 (KHTML, like Gecko) Chrome/148.0.0.0 Safari/537.36"
103.238.228.178 - - [13/May/2026:19:08:48 +0530] "POST /health_renewals/health_call_log_edit HTTP/2.0" 200 668 "https://login.cafsindia.com/health_renewals" "Mozilla/5.0 (Windows NT 10.0; Win64; x64) AppleWebKit/537.36 (KHTML, like Gecko) Chrome/148.0.0.0 Safari/537.36"
103.238.228.178 - - [13/May/2026:19:08:49 +0530] "POST /health_renewals/sub_disposition_list HTTP/2.0" 200 5681 "https://login.cafsindia.com/health_renewals" "Mozilla/5.0 (Windows NT 10.0; Win64; x64) AppleWebKit/537.36 (KHTML, like Gecko) Chrome/148.0.0.0 Safari/537.36"
103.238.228.178 - - [13/May/2026:19:08:50 +0530] "POST /health_renewals/health_call_log_update/ HTTP/2.0" 200 8326 "https://login.cafsindia.com/health_renewals" "Mozilla/5.0 (Windows NT 10.0; Win64; x64) AppleWebKit/537.36 (KHTML, like Gecko) Chrome/148.0.0.0 Safari/537.36"
103.238.228.178 - - [13/May/2026:19:08:52 +0530] "POST /health_renewals/search HTTP/2.0" 200 5119 "https://login.cafsindia.com/health_renewals" "Mozilla/5.0 (Windows NT 10.0; Win64; x64) AppleWebKit/537.36 (KHTML, like Gecko) Chrome/148.0.0.0 Safari/537.36"
106.222.220.59 - - [13/May/2026:19:09:05 +0530] "POST /health/search HTTP/2.0" 200 4631 "https://login.cafsindia.com/health" "Mozilla/5.0 (Windows NT 10.0; Win64; x64) AppleWebKit/537.36 (KHTML, like Gecko) Chrome/148.0.0.0 Safari/537.36"
103.238.228.178 - - [13/May/2026:19:09:56 +0530] "POST /life_renewals/search HTTP/2.0" 200 580 "https://login.cafsindia.com/life_renewals" "Mozilla/5.0 (Windows NT 10.0; Win64; x64) AppleWebKit/537.36 (KHTML, like Gecko) Chrome/148.0.0.0 Safari/537.36"
103.238.228.178 - - [13/May/2026:19:09:58 +0530] "POST /life_renewals/call_log/1422 HTTP/2.0" 200 67116 "https://login.cafsindia.com/life_renewals" "Mozilla/5.0 (Windows NT 10.0; Win64; x64) AppleWebKit/537.36 (KHTML, like Gecko) Chrome/148.0.0.0 Safari/537.36"
103.238.228.178 - - [13/May/2026:19:11:15 +0530] "POST /health_renewals/call_log/12410 HTTP/2.0" 200 46388 "https://login.cafsindia.com/health_renewals" "Mozilla/5.0 (Windows NT 10.0; Win64; x64) AppleWebKit/537.36 (KHTML, like Gecko) Chrome/148.0.0.0 Safari/537.36"
106.222.220.59 - - [13/May/2026:19:11:16 +0530] "POST /health/search HTTP/2.0" 200 509 "https://login.cafsindia.com/health" "Mozilla/5.0 (Windows NT 10.0; Win64; x64) AppleWebKit/537.36 (KHTML, like Gecko) Chrome/148.0.0.0 Safari/537.36"
103.238.228.178 - - [13/May/2026:19:11:27 +0530] "POST /health_renewals/health_call_log_edit HTTP/2.0" 200 662 "https://login.cafsindia.com/health_renewals" "Mozilla/5.0 (Windows NT 10.0; Win64; x64) AppleWebKit/537.36 (KHTML, like Gecko) Chrome/148.0.0.0 Safari/537.36"
103.238.228.178 - - [13/May/2026:19:11:27 +0530] "POST /health_renewals/sub_disposition_list HTTP/2.0" 200 5681 "https://login.cafsindia.com/health_renewals" "Mozilla/5.0 (Windows NT 10.0; Win64; x64) AppleWebKit/537.36 (KHTML, like Gecko) Chrome/148.0.0.0 Safari/537.36"
103.238.228.178 - - [13/May/2026:19:11:29 +0530] "POST /health_renewals/health_call_log_update/ HTTP/2.0" 200 6555 "https://login.cafsindia.com/health_renewals" "Mozilla/5.0 (Windows NT 10.0; Win64; x64) AppleWebKit/537.36 (KHTML, like Gecko) Chrome/148.0.0.0 Safari/537.36"
103.238.228.178 - - [13/May/2026:19:11:31 +0530] "POST /health_renewals/search HTTP/2.0" 200 5119 "https://login.cafsindia.com/health_renewals" "Mozilla/5.0 (Windows NT 10.0; Win64; x64) AppleWebKit/537.36 (KHTML, like Gecko) Chrome/148.0.0.0 Safari/537.36"
103.238.228.178 - - [13/May/2026:19:11:34 +0530] "POST /health_renewals/call_log/9639 HTTP/2.0" 200 51020 "https://login.cafsindia.com/health_renewals" "Mozilla/5.0 (Windows NT 10.0; Win64; x64) AppleWebKit/537.36 (KHTML, like Gecko) Chrome/148.0.0.0 Safari/537.36"
103.238.228.178 - - [13/May/2026:19:11:36 +0530] "POST /health_renewals/health_call_log_edit HTTP/2.0" 200 662 "https://login.cafsindia.com/health_renewals" "Mozilla/5.0 (Windows NT 10.0; Win64; x64) AppleWebKit/537.36 (KHTML, like Gecko) Chrome/148.0.0.0 Safari/537.36"
103.238.228.178 - - [13/May/2026:19:11:37 +0530] "POST /health_renewals/sub_disposition_list HTTP/2.0" 200 5681 "https://login.cafsindia.com/health_renewals" "Mozilla/5.0 (Windows NT 10.0; Win64; x64) AppleWebKit/537.36 (KHTML, like Gecko) Chrome/148.0.0.0 Safari/537.36"
103.238.228.178 - - [13/May/2026:19:11:39 +0530] "POST /health_renewals/health_call_log_update/ HTTP/2.0" 200 12617 "https://login.cafsindia.com/health_renewals" "Mozilla/5.0 (Windows NT 10.0; Win64; x64) AppleWebKit/537.36 (KHTML, like Gecko) Chrome/148.0.0.0 Safari/537.36"
103.238.228.178 - - [13/May/2026:19:11:41 +0530] "POST /health_renewals/search HTTP/2.0" 200 5119 "https://login.cafsindia.com/health_renewals" "Mozilla/5.0 (Windows NT 10.0; Win64; x64) AppleWebKit/537.36 (KHTML, like Gecko) Chrome/148.0.0.0 Safari/537.36"
106.222.220.59 - - [13/May/2026:19:11:49 +0530] "POST /health/search HTTP/2.0" 200 65 "https://login.cafsindia.com/health" "Mozilla/5.0 (Windows NT 10.0; Win64; x64) AppleWebKit/537.36 (KHTML, like Gecko) Chrome/148.0.0.0 Safari/537.36"
106.222.220.59 - - [13/May/2026:19:11:57 +0530] "POST /health/search HTTP/2.0" 200 515 "https://login.cafsindia.com/health" "Mozilla/5.0 (Windows NT 10.0; Win64; x64) AppleWebKit/537.36 (KHTML, like Gecko) Chrome/148.0.0.0 Safari/537.36"
103.238.228.178 - - [13/May/2026:19:12:12 +0530] "POST /life_renewals/life_call_log_update/ HTTP/2.0" 200 4691 "https://login.cafsindia.com/life_renewals" "Mozilla/5.0 (Windows NT 10.0; Win64; x64) AppleWebKit/537.36 (KHTML, like Gecko) Chrome/148.0.0.0 Safari/537.36"
103.238.228.178 - - [13/May/2026:19:12:13 +0530] "POST /life_renewals/search HTTP/2.0" 200 580 "https://login.cafsindia.com/life_renewals" "Mozilla/5.0 (Windows NT 10.0; Win64; x64) AppleWebKit/537.36 (KHTML, like Gecko) Chrome/148.0.0.0 Safari/537.36"
103.238.228.178 - - [13/May/2026:19:12:31 +0530] "GET /home/logout HTTP/2.0" 302 - "https://login.cafsindia.com/life_renewals" "Mozilla/5.0 (Windows NT 10.0; Win64; x64) AppleWebKit/537.36 (KHTML, like Gecko) Chrome/148.0.0.0 Safari/537.36"
103.238.228.178 - - [13/May/2026:19:12:31 +0530] "GET /login HTTP/2.0" 200 15213 "https://login.cafsindia.com/life_renewals" "Mozilla/5.0 (Windows NT 10.0; Win64; x64) AppleWebKit/537.36 (KHTML, like Gecko) Chrome/148.0.0.0 Safari/537.36"
106.222.102.187 - - [13/May/2026:19:13:02 +0530] "POST /life_renewals/call_log/6292 HTTP/2.0" 200 70445 "https://login.cafsindia.com/life_renewals" "Mozilla/5.0 (Windows NT 10.0; Win64; x64) AppleWebKit/537.36 (KHTML, like Gecko) Chrome/147.0.0.0 Safari/537.36"
106.222.102.187 - - [13/May/2026:19:13:24 +0530] "POST /life_renewals/life_call_log_update/ HTTP/2.0" 200 28906 "https://login.cafsindia.com/life_renewals" "Mozilla/5.0 (Windows NT 10.0; Win64; x64) AppleWebKit/537.36 (KHTML, like Gecko) Chrome/147.0.0.0 Safari/537.36"
106.222.102.187 - - [13/May/2026:19:13:26 +0530] "POST /life_renewals/search HTTP/2.0" 200 5326 "https://login.cafsindia.com/life_renewals" "Mozilla/5.0 (Windows NT 10.0; Win64; x64) AppleWebKit/537.36 (KHTML, like Gecko) Chrome/147.0.0.0 Safari/537.36"
106.222.102.187 - - [13/May/2026:19:13:42 +0530] "POST /life_renewals/life_call_log_update/ HTTP/2.0" 200 8979 "https://login.cafsindia.com/life_renewals" "Mozilla/5.0 (Windows NT 10.0; Win64; x64) AppleWebKit/537.36 (KHTML, like Gecko) Chrome/147.0.0.0 Safari/537.36"
106.222.102.187 - - [13/May/2026:19:13:44 +0530] "POST /life_renewals/search HTTP/2.0" 200 4251 "https://login.cafsindia.com/life_renewals" "Mozilla/5.0 (Windows NT 10.0; Win64; x64) AppleWebKit/537.36 (KHTML, like Gecko) Chrome/147.0.0.0 Safari/537.36"
106.222.102.187 - - [13/May/2026:19:13:48 +0530] "POST /life_renewals/call_log/5586 HTTP/2.0" 200 71187 "https://login.cafsindia.com/life_renewals" "Mozilla/5.0 (Windows NT 10.0; Win64; x64) AppleWebKit/537.36 (KHTML, like Gecko) Chrome/147.0.0.0 Safari/537.36"
106.222.102.187 - - [13/May/2026:19:14:09 +0530] "POST /life_renewals/life_call_log_update/ HTTP/2.0" 200 9946 "https://login.cafsindia.com/life_renewals" "Mozilla/5.0 (Windows NT 10.0; Win64; x64) AppleWebKit/537.36 (KHTML, like Gecko) Chrome/147.0.0.0 Safari/537.36"
106.222.102.187 - - [13/May/2026:19:14:10 +0530] "POST /life_renewals/search HTTP/2.0" 200 5326 "https://login.cafsindia.com/life_renewals" "Mozilla/5.0 (Windows NT 10.0; Win64; x64) AppleWebKit/537.36 (KHTML, like Gecko) Chrome/147.0.0.0 Safari/537.36"
106.222.102.187 - - [13/May/2026:19:14:17 +0530] "POST /life_renewals/search HTTP/2.0" 200 5230 "https://login.cafsindia.com/life_renewals" "Mozilla/5.0 (Windows NT 10.0; Win64; x64) AppleWebKit/537.36 (KHTML, like Gecko) Chrome/147.0.0.0 Safari/537.36"
106.222.102.187 - - [13/May/2026:19:14:21 +0530] "POST /life_renewals/call_log/6238 HTTP/2.0" 200 71211 "https://login.cafsindia.com/life_renewals" "Mozilla/5.0 (Windows NT 10.0; Win64; x64) AppleWebKit/537.36 (KHTML, like Gecko) Chrome/147.0.0.0 Safari/537.36"
106.222.102.187 - - [13/May/2026:19:14:39 +0530] "POST /life_renewals/search HTTP/2.0" 200 582 "https://login.cafsindia.com/life_renewals" "Mozilla/5.0 (Windows NT 10.0; Win64; x64) AppleWebKit/537.36 (KHTML, like Gecko) Chrome/147.0.0.0 Safari/537.36"
106.222.102.187 - - [13/May/2026:19:14:48 +0530] "POST /life_renewals/search HTTP/2.0" 200 5241 "https://login.cafsindia.com/life_renewals" "Mozilla/5.0 (Windows NT 10.0; Win64; x64) AppleWebKit/537.36 (KHTML, like Gecko) Chrome/147.0.0.0 Safari/537.36"
106.222.102.187 - - [13/May/2026:19:15:09 +0530] "POST /life_renewals/call_log/3883 HTTP/2.0" 200 77481 "https://login.cafsindia.com/life_renewals" "Mozilla/5.0 (Windows NT 10.0; Win64; x64) AppleWebKit/537.36 (KHTML, like Gecko) Chrome/147.0.0.0 Safari/537.36"
103.238.228.178 - - [13/May/2026:19:15:52 +0530] "GET /login HTTP/2.0" 200 15213 "-" "Mozilla/5.0 (Linux; Android 10; K) AppleWebKit/537.36 (KHTML, like Gecko) Chrome/148.0.0.0 Mobile Safari/537.36"
103.238.228.178 - - [13/May/2026:19:15:52 +0530] "GET /dist/bootstrap.min.css?rel=20260513 HTTP/2.0" 200 127391 "https://login.cafsindia.com/login" "Mozilla/5.0 (Linux; Android 10; K) AppleWebKit/537.36 (KHTML, like Gecko) Chrome/148.0.0.0 Mobile Safari/537.36"
103.238.228.178 - - [13/May/2026:19:15:52 +0530] "GET /dist/cafs_login.css?rel=20260513 HTTP/2.0" 200 33753 "https://login.cafsindia.com/login" "Mozilla/5.0 (Linux; Android 10; K) AppleWebKit/537.36 (KHTML, like Gecko) Chrome/148.0.0.0 Mobile Safari/537.36"
103.238.228.178 - - [13/May/2026:19:15:53 +0530] "GET /dist/opensourcepos.min.js?rel=20260513 HTTP/2.0" 200 1471322 "https://login.cafsindia.com/login" "Mozilla/5.0 (Linux; Android 10; K) AppleWebKit/537.36 (KHTML, like Gecko) Chrome/148.0.0.0 Mobile Safari/537.36"
103.238.228.178 - - [13/May/2026:19:15:53 +0530] "GET /dist/jquery.min.js?rel=20260513 HTTP/2.0" 200 88145 "https://login.cafsindia.com/login" "Mozilla/5.0 (Linux; Android 10; K) AppleWebKit/537.36 (KHTML, like Gecko) Chrome/148.0.0.0 Mobile Safari/537.36"
103.238.228.178 - - [13/May/2026:19:16:05 +0530] "POST /login/corp_login/ HTTP/2.0" 200 65 "https://login.cafsindia.com/login" "Mozilla/5.0 (Linux; Android 10; K) AppleWebKit/537.36 (KHTML, like Gecko) Chrome/148.0.0.0 Mobile Safari/537.36"
106.222.102.187 - - [13/May/2026:19:16:05 +0530] "POST /life_renewals/life_call_log_update/ HTTP/2.0" 200 17952 "https://login.cafsindia.com/life_renewals" "Mozilla/5.0 (Windows NT 10.0; Win64; x64) AppleWebKit/537.36 (KHTML, like Gecko) Chrome/147.0.0.0 Safari/537.36"
103.238.228.178 - - [13/May/2026:19:16:05 +0530] "GET /login HTTP/2.0" 302 - "https://login.cafsindia.com/login" "Mozilla/5.0 (Linux; Android 10; K) AppleWebKit/537.36 (KHTML, like Gecko) Chrome/148.0.0.0 Mobile Safari/537.36"
103.238.228.178 - - [13/May/2026:19:16:06 +0530] "GET /home HTTP/2.0" 200 11150 "https://login.cafsindia.com/login" "Mozilla/5.0 (Linux; Android 10; K) AppleWebKit/537.36 (KHTML, like Gecko) Chrome/148.0.0.0 Mobile Safari/537.36"
103.238.228.178 - - [13/May/2026:19:16:06 +0530] "GET /dist/cafs.css?rel=20260513 HTTP/2.0" 200 33565 "https://login.cafsindia.com/home" "Mozilla/5.0 (Linux; Android 10; K) AppleWebKit/537.36 (KHTML, like Gecko) Chrome/148.0.0.0 Mobile Safari/537.36"
106.222.102.187 - - [13/May/2026:19:16:06 +0530] "POST /life_renewals/search HTTP/2.0" 200 5241 "https://login.cafsindia.com/life_renewals" "Mozilla/5.0 (Windows NT 10.0; Win64; x64) AppleWebKit/537.36 (KHTML, like Gecko) Chrome/147.0.0.0 Safari/537.36"
103.238.228.178 - - [13/May/2026:19:16:06 +0530] "GET /dist/validate.js?rel=20260513 HTTP/2.0" 200 1455 "https://login.cafsindia.com/home" "Mozilla/5.0 (Linux; Android 10; K) AppleWebKit/537.36 (KHTML, like Gecko) Chrome/148.0.0.0 Mobile Safari/537.36"
106.222.102.187 - - [13/May/2026:19:16:14 +0530] "POST /life_renewals/life_call_log_update/ HTTP/2.0" 200 10038 "https://login.cafsindia.com/life_renewals" "Mozilla/5.0 (Windows NT 10.0; Win64; x64) AppleWebKit/537.36 (KHTML, like Gecko) Chrome/147.0.0.0 Safari/537.36"
106.222.102.187 - - [13/May/2026:19:16:15 +0530] "POST /life_renewals/search HTTP/2.0" 200 5229 "https://login.cafsindia.com/life_renewals" "Mozilla/5.0 (Windows NT 10.0; Win64; x64) AppleWebKit/537.36 (KHTML, like Gecko) Chrome/147.0.0.0 Safari/537.36"
103.238.228.178 - - [13/May/2026:19:16:30 +0530] "GET /health HTTP/2.0" 200 1348213 "https://login.cafsindia.com/home" "Mozilla/5.0 (Linux; Android 10; K) AppleWebKit/537.36 (KHTML, like Gecko) Chrome/148.0.0.0 Mobile Safari/537.36"
103.238.228.178 - - [13/May/2026:19:16:44 +0530] "POST /health/search HTTP/2.0" 200 4527 "https://login.cafsindia.com/health" "Mozilla/5.0 (Linux; Android 10; K) AppleWebKit/537.36 (KHTML, like Gecko) Chrome/148.0.0.0 Mobile Safari/537.36"
103.238.228.178 - - [13/May/2026:19:16:46 +0530] "GET /health HTTP/2.0" 200 1348213 "https://login.cafsindia.com/health" "Mozilla/5.0 (Linux; Android 10; K) AppleWebKit/537.36 (KHTML, like Gecko) Chrome/148.0.0.0 Mobile Safari/537.36"
103.238.228.178 - - [13/May/2026:19:16:49 +0530] "POST /health/search HTTP/2.0" 200 - "https://login.cafsindia.com/health" "Mozilla/5.0 (Linux; Android 10; K) AppleWebKit/537.36 (KHTML, like Gecko) Chrome/148.0.0.0 Mobile Safari/537.36"
106.222.102.187 - - [13/May/2026:19:16:57 +0530] "GET /life_renewals HTTP/2.0" 200 144478 "https://login.cafsindia.com/life_renewals" "Mozilla/5.0 (Windows NT 10.0; Win64; x64) AppleWebKit/537.36 (KHTML, like Gecko) Chrome/147.0.0.0 Safari/537.36"
106.222.102.187 - - [13/May/2026:19:16:59 +0530] "POST /life_renewals/search HTTP/2.0" 200 5229 "https://login.cafsindia.com/life_renewals" "Mozilla/5.0 (Windows NT 10.0; Win64; x64) AppleWebKit/537.36 (KHTML, like Gecko) Chrome/147.0.0.0 Safari/537.36"
103.238.228.178 - - [13/May/2026:19:17:00 +0530] "POST /health/search HTTP/2.0" 200 4527 "https://login.cafsindia.com/health" "Mozilla/5.0 (Linux; Android 10; K) AppleWebKit/537.36 (KHTML, like Gecko) Chrome/148.0.0.0 Mobile Safari/537.36"
106.222.102.187 - - [13/May/2026:19:17:05 +0530] "POST /life_renewals/search HTTP/2.0" 200 2159 "https://login.cafsindia.com/life_renewals" "Mozilla/5.0 (Windows NT 10.0; Win64; x64) AppleWebKit/537.36 (KHTML, like Gecko) Chrome/147.0.0.0 Safari/537.36"
106.222.102.187 - - [13/May/2026:19:17:09 +0530] "GET /life_renewals HTTP/2.0" 200 144478 "https://login.cafsindia.com/life_renewals" "Mozilla/5.0 (Windows NT 10.0; Win64; x64) AppleWebKit/537.36 (KHTML, like Gecko) Chrome/147.0.0.0 Safari/537.36"
106.222.102.187 - - [13/May/2026:19:17:10 +0530] "POST /life_renewals/search HTTP/2.0" 200 5229 "https://login.cafsindia.com/life_renewals" "Mozilla/5.0 (Windows NT 10.0; Win64; x64) AppleWebKit/537.36 (KHTML, like Gecko) Chrome/147.0.0.0 Safari/537.36"
106.222.102.187 - - [13/May/2026:19:17:51 +0530] "GET /life_renewals HTTP/2.0" 200 144478 "https://login.cafsindia.com/life_renewals" "Mozilla/5.0 (Windows NT 10.0; Win64; x64) AppleWebKit/537.36 (KHTML, like Gecko) Chrome/147.0.0.0 Safari/537.36"
106.222.102.187 - - [13/May/2026:19:17:53 +0530] "POST /life_renewals/search HTTP/2.0" 200 5229 "https://login.cafsindia.com/life_renewals" "Mozilla/5.0 (Windows NT 10.0; Win64; x64) AppleWebKit/537.36 (KHTML, like Gecko) Chrome/147.0.0.0 Safari/537.36"
106.222.102.187 - - [13/May/2026:19:17:57 +0530] "POST /life_renewals/search HTTP/2.0" 200 5112 "https://login.cafsindia.com/life_renewals" "Mozilla/5.0 (Windows NT 10.0; Win64; x64) AppleWebKit/537.36 (KHTML, like Gecko) Chrome/147.0.0.0 Safari/537.36"
106.222.102.187 - - [13/May/2026:19:18:00 +0530] "POST /life_renewals/call_log/3801 HTTP/2.0" 200 79990 "https://login.cafsindia.com/life_renewals" "Mozilla/5.0 (Windows NT 10.0; Win64; x64) AppleWebKit/537.36 (KHTML, like Gecko) Chrome/147.0.0.0 Safari/537.36"
106.222.102.187 - - [13/May/2026:19:18:51 +0530] "POST /life_renewals/life_call_log_update/ HTTP/2.0" 200 21359 "https://login.cafsindia.com/life_renewals" "Mozilla/5.0 (Windows NT 10.0; Win64; x64) AppleWebKit/537.36 (KHTML, like Gecko) Chrome/147.0.0.0 Safari/537.36"
106.222.102.187 - - [13/May/2026:19:18:52 +0530] "POST /life_renewals/search HTTP/2.0" 200 5084 "https://login.cafsindia.com/life_renewals" "Mozilla/5.0 (Windows NT 10.0; Win64; x64) AppleWebKit/537.36 (KHTML, like Gecko) Chrome/147.0.0.0 Safari/537.36"
106.222.102.187 - - [13/May/2026:19:18:57 +0530] "POST /life_renewals/call_log/3670 HTTP/2.0" 200 110985 "https://login.cafsindia.com/life_renewals" "Mozilla/5.0 (Windows NT 10.0; Win64; x64) AppleWebKit/537.36 (KHTML, like Gecko) Chrome/147.0.0.0 Safari/537.36"
103.238.228.178 - - [13/May/2026:19:19:05 +0530] "POST /health/search HTTP/2.0" 200 4569 "https://login.cafsindia.com/health" "Mozilla/5.0 (Linux; Android 10; K) AppleWebKit/537.36 (KHTML, like Gecko) Chrome/148.0.0.0 Mobile Safari/537.36"
106.222.220.59 - - [13/May/2026:19:19:28 +0530] "GET /health HTTP/2.0" 302 - "-" "Mozilla/5.0 (Windows NT 10.0; Win64; x64) AppleWebKit/537.36 (KHTML, like Gecko) Chrome/109.0.0.0 Safari/537.36"
106.222.220.59 - - [13/May/2026:19:19:28 +0530] "GET /login HTTP/2.0" 200 15213 "-" "Mozilla/5.0 (Windows NT 10.0; Win64; x64) AppleWebKit/537.36 (KHTML, like Gecko) Chrome/109.0.0.0 Safari/537.36"
