103.238.228.178 - - [14/May/2026:12:48:02 +0530] "POST /health_renewals/search HTTP/2.0" 200 5091 "https://login.cafsindia.com/health_renewals" "Mozilla/5.0 (Windows NT 10.0; Win64; x64) AppleWebKit/537.36 (KHTML, like Gecko) Chrome/148.0.0.0 Safari/537.36"
103.238.228.178 - - [14/May/2026:12:48:03 +0530] "POST /health_renewals/search HTTP/2.0" 200 5091 "https://login.cafsindia.com/health_renewals" "Mozilla/5.0 (Windows NT 10.0; Win64; x64) AppleWebKit/537.36 (KHTML, like Gecko) Chrome/148.0.0.0 Safari/537.36"
103.238.228.178 - - [14/May/2026:12:48:33 +0530] "POST /health_renewals/sub_disposition_list HTTP/2.0" 200 5681 "https://login.cafsindia.com/health_renewals" "Mozilla/5.0 (Windows NT 10.0; Win64; x64) AppleWebKit/537.36 (KHTML, like Gecko) Chrome/148.0.0.0 Safari/537.36"
103.238.228.178 - - [14/May/2026:12:48:35 +0530] "POST /health_renewals/search HTTP/2.0" 200 66 "https://login.cafsindia.com/health_renewals" "Mozilla/5.0 (Windows NT 10.0; Win64; x64) AppleWebKit/537.36 (KHTML, like Gecko) Chrome/148.0.0.0 Safari/537.36"
103.238.228.178 - - [14/May/2026:12:48:40 +0530] "POST /health_renewals/search HTTP/2.0" 200 2103 "https://login.cafsindia.com/health_renewals" "Mozilla/5.0 (Windows NT 10.0; Win64; x64) AppleWebKit/537.36 (KHTML, like Gecko) Chrome/148.0.0.0 Safari/537.36"
103.238.228.178 - - [14/May/2026:12:48:40 +0530] "POST /health_renewals/health_call_log_update/ HTTP/2.0" 200 4081 "https://login.cafsindia.com/health_renewals" "Mozilla/5.0 (Windows NT 10.0; Win64; x64) AppleWebKit/537.36 (KHTML, like Gecko) Chrome/148.0.0.0 Safari/537.36"
103.238.228.178 - - [14/May/2026:12:48:42 +0530] "POST /health_renewals/search HTTP/2.0" 200 5094 "https://login.cafsindia.com/health_renewals" "Mozilla/5.0 (Windows NT 10.0; Win64; x64) AppleWebKit/537.36 (KHTML, like Gecko) Chrome/148.0.0.0 Safari/537.36"
103.238.228.178 - - [14/May/2026:12:48:44 +0530] "POST /health_renewals/call_log/13815 HTTP/2.0" 200 43786 "https://login.cafsindia.com/health_renewals" "Mozilla/5.0 (Windows NT 10.0; Win64; x64) AppleWebKit/537.36 (KHTML, like Gecko) Chrome/148.0.0.0 Safari/537.36"
103.238.228.178 - - [14/May/2026:12:48:51 +0530] "POST /health_renewals/search HTTP/2.0" 200 5143 "https://login.cafsindia.com/health_renewals" "Mozilla/5.0 (Windows NT 10.0; Win64; x64) AppleWebKit/537.36 (KHTML, like Gecko) Chrome/148.0.0.0 Safari/537.36"
103.238.228.178 - - [14/May/2026:12:48:52 +0530] "POST /health_renewals/health_call_log_edit HTTP/2.0" 200 738 "https://login.cafsindia.com/health_renewals" "Mozilla/5.0 (Windows NT 10.0; Win64; x64) AppleWebKit/537.36 (KHTML, like Gecko) Chrome/148.0.0.0 Safari/537.36"
103.238.228.178 - - [14/May/2026:12:48:52 +0530] "POST /health_renewals/health_call_log_edit HTTP/2.0" 200 738 "https://login.cafsindia.com/health_renewals" "Mozilla/5.0 (Windows NT 10.0; Win64; x64) AppleWebKit/537.36 (KHTML, like Gecko) Chrome/148.0.0.0 Safari/537.36"
103.238.228.178 - - [14/May/2026:12:48:53 +0530] "POST /health_renewals/sub_disposition_list HTTP/2.0" 200 5681 "https://login.cafsindia.com/health_renewals" "Mozilla/5.0 (Windows NT 10.0; Win64; x64) AppleWebKit/537.36 (KHTML, like Gecko) Chrome/148.0.0.0 Safari/537.36"
103.238.228.178 - - [14/May/2026:12:48:53 +0530] "POST /health_renewals/sub_disposition_list HTTP/2.0" 200 5681 "https://login.cafsindia.com/health_renewals" "Mozilla/5.0 (Windows NT 10.0; Win64; x64) AppleWebKit/537.36 (KHTML, like Gecko) Chrome/148.0.0.0 Safari/537.36"
103.238.228.178 - - [14/May/2026:12:48:56 +0530] "POST /health_renewals/health_call_log_update/ HTTP/2.0" 200 3158 "https://login.cafsindia.com/health_renewals" "Mozilla/5.0 (Windows NT 10.0; Win64; x64) AppleWebKit/537.36 (KHTML, like Gecko) Chrome/148.0.0.0 Safari/537.36"
103.238.228.178 - - [14/May/2026:12:48:58 +0530] "POST /health_renewals/search HTTP/2.0" 200 5094 "https://login.cafsindia.com/health_renewals" "Mozilla/5.0 (Windows NT 10.0; Win64; x64) AppleWebKit/537.36 (KHTML, like Gecko) Chrome/148.0.0.0 Safari/537.36"
103.238.228.178 - - [14/May/2026:12:48:59 +0530] "POST /health_renewals/search HTTP/2.0" 200 5083 "https://login.cafsindia.com/health_renewals" "Mozilla/5.0 (Windows NT 10.0; Win64; x64) AppleWebKit/537.36 (KHTML, like Gecko) Chrome/148.0.0.0 Safari/537.36"
103.238.228.178 - - [14/May/2026:12:49:00 +0530] "POST /health_renewals/search HTTP/2.0" 200 4021 "https://login.cafsindia.com/health_renewals" "Mozilla/5.0 (Windows NT 10.0; Win64; x64) AppleWebKit/537.36 (KHTML, like Gecko) Chrome/148.0.0.0 Safari/537.36"
103.238.228.178 - - [14/May/2026:12:49:02 +0530] "POST /health_renewals/search HTTP/2.0" 200 5179 "https://login.cafsindia.com/health_renewals" "Mozilla/5.0 (Windows NT 10.0; Win64; x64) AppleWebKit/537.36 (KHTML, like Gecko) Chrome/148.0.0.0 Safari/537.36"
103.238.228.178 - - [14/May/2026:12:49:08 +0530] "POST /health_renewals/sub_disposition_list HTTP/2.0" 200 5681 "https://login.cafsindia.com/health_renewals" "Mozilla/5.0 (Windows NT 10.0; Win64; x64) AppleWebKit/537.36 (KHTML, like Gecko) Chrome/148.0.0.0 Safari/537.36"
171.79.53.38 - - [14/May/2026:12:49:06 +0530] "POST /life_renewals/life_call_log_update/ HTTP/2.0" 200 4470 "https://login.cafsindia.com/life_renewals" "Mozilla/5.0 (Windows NT 10.0; Win64; x64) AppleWebKit/537.36 (KHTML, like Gecko) Chrome/148.0.0.0 Safari/537.36"
171.79.53.38 - - [14/May/2026:12:49:10 +0530] "POST /life_renewals/search HTTP/2.0" 200 5263 "https://login.cafsindia.com/life_renewals" "Mozilla/5.0 (Windows NT 10.0; Win64; x64) AppleWebKit/537.36 (KHTML, like Gecko) Chrome/148.0.0.0 Safari/537.36"
171.79.53.38 - - [14/May/2026:12:49:13 +0530] "POST /life_renewals/call_log/6753 HTTP/2.0" 200 65971 "https://login.cafsindia.com/life_renewals" "Mozilla/5.0 (Windows NT 10.0; Win64; x64) AppleWebKit/537.36 (KHTML, like Gecko) Chrome/148.0.0.0 Safari/537.36"
103.238.228.178 - - [14/May/2026:12:49:14 +0530] "POST /health_renewals/health_call_log_update/ HTTP/2.0" 200 10469 "https://login.cafsindia.com/health_renewals" "Mozilla/5.0 (Windows NT 10.0; Win64; x64) AppleWebKit/537.36 (KHTML, like Gecko) Chrome/148.0.0.0 Safari/537.36"
103.238.228.178 - - [14/May/2026:12:49:11 +0530] "POST /health_renewals/call_log/920 HTTP/2.0" 200 44775 "https://login.cafsindia.com/health_renewals" "Mozilla/5.0 (Windows NT 10.0; Win64; x64) AppleWebKit/537.36 (KHTML, like Gecko) Chrome/148.0.0.0 Safari/537.36"
103.238.228.178 - - [14/May/2026:12:49:14 +0530] "POST /health_renewals/call_log/7947 HTTP/2.0" 200 47226 "https://login.cafsindia.com/health_renewals" "Mozilla/5.0 (Windows NT 10.0; Win64; x64) AppleWebKit/537.36 (KHTML, like Gecko) Chrome/148.0.0.0 Safari/537.36"
103.238.228.178 - - [14/May/2026:12:49:19 +0530] "POST /health_renewals/search HTTP/2.0" 200 5093 "https://login.cafsindia.com/health_renewals" "Mozilla/5.0 (Windows NT 10.0; Win64; x64) AppleWebKit/537.36 (KHTML, like Gecko) Chrome/148.0.0.0 Safari/537.36"
103.238.228.178 - - [14/May/2026:12:49:25 +0530] "POST /health_renewals/search HTTP/2.0" 200 5142 "https://login.cafsindia.com/health_renewals" "Mozilla/5.0 (Windows NT 10.0; Win64; x64) AppleWebKit/537.36 (KHTML, like Gecko) Chrome/148.0.0.0 Safari/537.36"
171.79.53.38 - - [14/May/2026:12:49:52 +0530] "POST /life_renewals/life_call_log_update/ HTTP/2.0" 200 3349 "https://login.cafsindia.com/life_renewals" "Mozilla/5.0 (Windows NT 10.0; Win64; x64) AppleWebKit/537.36 (KHTML, like Gecko) Chrome/148.0.0.0 Safari/537.36"
152.57.109.231 - - [14/May/2026:12:50:03 +0530] "POST /login/corp_login/ HTTP/2.0" 200 65 "https://login.cafsindia.com/login" "Mozilla/5.0 (Windows NT 10.0; Win64; x64) AppleWebKit/537.36 (KHTML, like Gecko) Chrome/147.0.0.0 Safari/537.36"
152.57.109.231 - - [14/May/2026:12:50:07 +0530] "GET /login HTTP/2.0" 302 - "https://login.cafsindia.com/login" "Mozilla/5.0 (Windows NT 10.0; Win64; x64) AppleWebKit/537.36 (KHTML, like Gecko) Chrome/147.0.0.0 Safari/537.36"
171.79.53.38 - - [14/May/2026:12:50:05 +0530] "POST /life_renewals/search HTTP/2.0" 200 5246 "https://login.cafsindia.com/life_renewals" "Mozilla/5.0 (Windows NT 10.0; Win64; x64) AppleWebKit/537.36 (KHTML, like Gecko) Chrome/148.0.0.0 Safari/537.36"
152.57.109.231 - - [14/May/2026:12:50:09 +0530] "GET /home HTTP/2.0" 200 11149 "https://login.cafsindia.com/login" "Mozilla/5.0 (Windows NT 10.0; Win64; x64) AppleWebKit/537.36 (KHTML, like Gecko) Chrome/147.0.0.0 Safari/537.36"
152.57.109.231 - - [14/May/2026:12:50:10 +0530] "POST /login/corp_login/ HTTP/2.0" 200 - "https://login.cafsindia.com/login" "Mozilla/5.0 (Windows NT 10.0; Win64; x64) AppleWebKit/537.36 (KHTML, like Gecko) Chrome/147.0.0.0 Safari/537.36"
152.57.109.231 - - [14/May/2026:12:50:11 +0530] "GET /dist/opensourcepos.min.js?rel=20260514 HTTP/2.0" 200 1471322 "https://login.cafsindia.com/home" "Mozilla/5.0 (Windows NT 10.0; Win64; x64) AppleWebKit/537.36 (KHTML, like Gecko) Chrome/147.0.0.0 Safari/537.36"
152.57.109.231 - - [14/May/2026:12:50:11 +0530] "GET /dist/bootstrap.min.css?rel=20260514 HTTP/2.0" 200 127391 "https://login.cafsindia.com/home" "Mozilla/5.0 (Windows NT 10.0; Win64; x64) AppleWebKit/537.36 (KHTML, like Gecko) Chrome/147.0.0.0 Safari/537.36"
152.57.109.231 - - [14/May/2026:12:50:11 +0530] "GET /dist/cafs.css?rel=20260514 HTTP/2.0" 200 33565 "https://login.cafsindia.com/home" "Mozilla/5.0 (Windows NT 10.0; Win64; x64) AppleWebKit/537.36 (KHTML, like Gecko) Chrome/147.0.0.0 Safari/537.36"
152.57.109.231 - - [14/May/2026:12:50:11 +0530] "GET /dist/validate.js?rel=20260514 HTTP/2.0" 200 1455 "https://login.cafsindia.com/home" "Mozilla/5.0 (Windows NT 10.0; Win64; x64) AppleWebKit/537.36 (KHTML, like Gecko) Chrome/147.0.0.0 Safari/537.36"
152.57.109.231 - - [14/May/2026:12:50:18 +0530] "GET /portfolio HTTP/2.0" 200 275945 "https://login.cafsindia.com/home" "Mozilla/5.0 (Windows NT 10.0; Win64; x64) AppleWebKit/537.36 (KHTML, like Gecko) Chrome/147.0.0.0 Safari/537.36"
152.57.109.231 - - [14/May/2026:12:50:21 +0530] "POST /portfolio/search HTTP/2.0" 200 3955 "https://login.cafsindia.com/portfolio" "Mozilla/5.0 (Windows NT 10.0; Win64; x64) AppleWebKit/537.36 (KHTML, like Gecko) Chrome/147.0.0.0 Safari/537.36"
103.238.228.178 - - [14/May/2026:12:50:24 +0530] "POST /health_renewals/health_call_log_edit HTTP/2.0" 200 679 "https://login.cafsindia.com/health_renewals" "Mozilla/5.0 (Windows NT 10.0; Win64; x64) AppleWebKit/537.36 (KHTML, like Gecko) Chrome/148.0.0.0 Safari/537.36"
103.238.228.178 - - [14/May/2026:12:50:24 +0530] "POST /health_renewals/sub_disposition_list HTTP/2.0" 200 5681 "https://login.cafsindia.com/health_renewals" "Mozilla/5.0 (Windows NT 10.0; Win64; x64) AppleWebKit/537.36 (KHTML, like Gecko) Chrome/148.0.0.0 Safari/537.36"
103.238.228.178 - - [14/May/2026:12:50:27 +0530] "POST /health_renewals/health_call_log_update/ HTTP/2.0" 200 7718 "https://login.cafsindia.com/health_renewals" "Mozilla/5.0 (Windows NT 10.0; Win64; x64) AppleWebKit/537.36 (KHTML, like Gecko) Chrome/148.0.0.0 Safari/537.36"
171.79.53.38 - - [14/May/2026:12:50:28 +0530] "POST /life_renewals/life_call_log_update/ HTTP/2.0" 200 5703 "https://login.cafsindia.com/life_renewals" "Mozilla/5.0 (Windows NT 10.0; Win64; x64) AppleWebKit/537.36 (KHTML, like Gecko) Chrome/148.0.0.0 Safari/537.36"
106.222.223.136 - - [14/May/2026:12:50:30 +0530] "POST /health/search HTTP/2.0" 302 - "https://login.cafsindia.com/health" "Mozilla/5.0 (Windows NT 10.0; Win64; x64) AppleWebKit/537.36 (KHTML, like Gecko) Chrome/148.0.0.0 Safari/537.36"
106.222.223.136 - - [14/May/2026:12:50:31 +0530] "GET /login HTTP/2.0" 200 15213 "https://login.cafsindia.com/health" "Mozilla/5.0 (Windows NT 10.0; Win64; x64) AppleWebKit/537.36 (KHTML, like Gecko) Chrome/148.0.0.0 Safari/537.36"
103.238.228.178 - - [14/May/2026:12:50:31 +0530] "POST /health_renewals/search HTTP/2.0" 200 5179 "https://login.cafsindia.com/health_renewals" "Mozilla/5.0 (Windows NT 10.0; Win64; x64) AppleWebKit/537.36 (KHTML, like Gecko) Chrome/148.0.0.0 Safari/537.36"
103.238.228.178 - - [14/May/2026:12:50:31 +0530] "POST /health_renewals/renewal/920 HTTP/2.0" 200 36727 "https://login.cafsindia.com/health_renewals" "Mozilla/5.0 (Windows NT 10.0; Win64; x64) AppleWebKit/537.36 (KHTML, like Gecko) Chrome/148.0.0.0 Safari/537.36"
106.222.220.59 - - [14/May/2026:12:50:32 +0530] "POST /health/search HTTP/2.0" 200 65 "https://login.cafsindia.com/health" "Mozilla/5.0 (Windows NT 10.0; Win64; x64) AppleWebKit/537.36 (KHTML, like Gecko) Chrome/148.0.0.0 Safari/537.36"
171.79.53.38 - - [14/May/2026:12:50:30 +0530] "POST /life_renewals/call_log/1073 HTTP/2.0" 200 66809 "https://login.cafsindia.com/life_renewals" "Mozilla/5.0 (Windows NT 10.0; Win64; x64) AppleWebKit/537.36 (KHTML, like Gecko) Chrome/148.0.0.0 Safari/537.36"
171.79.53.38 - - [14/May/2026:12:50:31 +0530] "POST /life_renewals/search HTTP/2.0" 200 5262 "https://login.cafsindia.com/life_renewals" "Mozilla/5.0 (Windows NT 10.0; Win64; x64) AppleWebKit/537.36 (KHTML, like Gecko) Chrome/148.0.0.0 Safari/537.36"
106.222.220.59 - - [14/May/2026:12:50:32 +0530] "POST /health/search HTTP/2.0" 200 65 "https://login.cafsindia.com/health" "Mozilla/5.0 (Windows NT 10.0; Win64; x64) AppleWebKit/537.36 (KHTML, like Gecko) Chrome/148.0.0.0 Safari/537.36"
106.222.220.59 - - [14/May/2026:12:50:33 +0530] "POST /health/search HTTP/2.0" 200 65 "https://login.cafsindia.com/health" "Mozilla/5.0 (Windows NT 10.0; Win64; x64) AppleWebKit/537.36 (KHTML, like Gecko) Chrome/148.0.0.0 Safari/537.36"
106.222.223.136 - - [14/May/2026:12:50:38 +0530] "GET /home/logout HTTP/2.0" 302 - "https://login.cafsindia.com/health" "Mozilla/5.0 (Windows NT 10.0; Win64; x64) AppleWebKit/537.36 (KHTML, like Gecko) Chrome/148.0.0.0 Safari/537.36"
106.222.223.136 - - [14/May/2026:12:50:39 +0530] "GET /login HTTP/2.0" 200 15213 "https://login.cafsindia.com/health" "Mozilla/5.0 (Windows NT 10.0; Win64; x64) AppleWebKit/537.36 (KHTML, like Gecko) Chrome/148.0.0.0 Safari/537.36"
106.222.220.59 - - [14/May/2026:12:50:33 +0530] "POST /health/search HTTP/2.0" 200 514 "https://login.cafsindia.com/health" "Mozilla/5.0 (Windows NT 10.0; Win64; x64) AppleWebKit/537.36 (KHTML, like Gecko) Chrome/148.0.0.0 Safari/537.36"
103.238.228.178 - - [14/May/2026:12:50:36 +0530] "POST /health_renewals/call_log/3035 HTTP/2.0" 200 54135 "https://login.cafsindia.com/health_renewals" "Mozilla/5.0 (Windows NT 10.0; Win64; x64) AppleWebKit/537.36 (KHTML, like Gecko) Chrome/148.0.0.0 Safari/537.36"
103.238.228.178 - - [14/May/2026:12:50:40 +0530] "POST /health_renewals/sub_disposition_list HTTP/2.0" 200 5681 "https://login.cafsindia.com/health_renewals" "Mozilla/5.0 (Windows NT 10.0; Win64; x64) AppleWebKit/537.36 (KHTML, like Gecko) Chrome/148.0.0.0 Safari/537.36"
106.222.223.136 - - [14/May/2026:12:50:41 +0530] "POST /login/corp_login/ HTTP/2.0" 200 65 "https://login.cafsindia.com/login" "Mozilla/5.0 (Windows NT 10.0; Win64; x64) AppleWebKit/537.36 (KHTML, like Gecko) Chrome/148.0.0.0 Safari/537.36"
106.222.223.136 - - [14/May/2026:12:50:42 +0530] "GET /login HTTP/2.0" 302 - "https://login.cafsindia.com/login" "Mozilla/5.0 (Windows NT 10.0; Win64; x64) AppleWebKit/537.36 (KHTML, like Gecko) Chrome/148.0.0.0 Safari/537.36"
106.222.223.136 - - [14/May/2026:12:50:42 +0530] "GET /home HTTP/2.0" 200 11149 "https://login.cafsindia.com/login" "Mozilla/5.0 (Windows NT 10.0; Win64; x64) AppleWebKit/537.36 (KHTML, like Gecko) Chrome/148.0.0.0 Safari/537.36"
106.222.220.59 - - [14/May/2026:12:50:49 +0530] "POST /health/view/13106 HTTP/2.0" 200 420861 "https://login.cafsindia.com/health" "Mozilla/5.0 (Windows NT 10.0; Win64; x64) AppleWebKit/537.36 (KHTML, like Gecko) Chrome/148.0.0.0 Safari/537.36"
106.222.220.59 - - [14/May/2026:12:50:51 +0530] "POST /health/fetch_product HTTP/2.0" 200 577 "https://login.cafsindia.com/health" "Mozilla/5.0 (Windows NT 10.0; Win64; x64) AppleWebKit/537.36 (KHTML, like Gecko) Chrome/148.0.0.0 Safari/537.36"
106.222.223.136 - - [14/May/2026:12:50:49 +0530] "GET /health HTTP/2.0" 200 1348455 "https://login.cafsindia.com/home" "Mozilla/5.0 (Windows NT 10.0; Win64; x64) AppleWebKit/537.36 (KHTML, like Gecko) Chrome/148.0.0.0 Safari/537.36"
103.238.228.178 - - [14/May/2026:12:50:59 +0530] "POST /health_renewals/health_call_log_update/ HTTP/2.0" 200 1210 "https://login.cafsindia.com/health_renewals" "Mozilla/5.0 (Windows NT 10.0; Win64; x64) AppleWebKit/537.36 (KHTML, like Gecko) Chrome/148.0.0.0 Safari/537.36"
106.222.223.136 - - [14/May/2026:12:51:02 +0530] "POST /health/search HTTP/2.0" 200 4552 "https://login.cafsindia.com/health" "Mozilla/5.0 (Windows NT 10.0; Win64; x64) AppleWebKit/537.36 (KHTML, like Gecko) Chrome/148.0.0.0 Safari/537.36"
103.238.228.178 - - [14/May/2026:12:51:04 +0530] "POST /health_renewals/search HTTP/2.0" 200 5085 "https://login.cafsindia.com/health_renewals" "Mozilla/5.0 (Windows NT 10.0; Win64; x64) AppleWebKit/537.36 (KHTML, like Gecko) Chrome/148.0.0.0 Safari/537.36"
152.57.109.231 - - [14/May/2026:12:51:04 +0530] "POST /portfolio/search HTTP/2.0" 200 1607 "https://login.cafsindia.com/portfolio" "Mozilla/5.0 (Windows NT 10.0; Win64; x64) AppleWebKit/537.36 (KHTML, like Gecko) Chrome/147.0.0.0 Safari/537.36"
152.57.109.231 - - [14/May/2026:12:51:11 +0530] "GET /home/logout HTTP/2.0" 302 - "https://login.cafsindia.com/portfolio" "Mozilla/5.0 (Windows NT 10.0; Win64; x64) AppleWebKit/537.36 (KHTML, like Gecko) Chrome/147.0.0.0 Safari/537.36"
152.57.109.231 - - [14/May/2026:12:51:11 +0530] "GET /login HTTP/2.0" 200 15213 "https://login.cafsindia.com/portfolio" "Mozilla/5.0 (Windows NT 10.0; Win64; x64) AppleWebKit/537.36 (KHTML, like Gecko) Chrome/147.0.0.0 Safari/537.36"
152.57.109.231 - - [14/May/2026:12:51:12 +0530] "GET /dist/jquery.min.js?rel=20260514 HTTP/2.0" 200 88145 "https://login.cafsindia.com/login" "Mozilla/5.0 (Windows NT 10.0; Win64; x64) AppleWebKit/537.36 (KHTML, like Gecko) Chrome/147.0.0.0 Safari/537.36"
152.57.109.231 - - [14/May/2026:12:51:12 +0530] "GET /dist/cafs_login.css?rel=20260514 HTTP/2.0" 200 33753 "https://login.cafsindia.com/login" "Mozilla/5.0 (Windows NT 10.0; Win64; x64) AppleWebKit/537.36 (KHTML, like Gecko) Chrome/147.0.0.0 Safari/537.36"
171.79.53.38 - - [14/May/2026:12:51:35 +0530] "POST /life_renewals/life_call_log_update/ HTTP/2.0" 200 4471 "https://login.cafsindia.com/life_renewals" "Mozilla/5.0 (Windows NT 10.0; Win64; x64) AppleWebKit/537.36 (KHTML, like Gecko) Chrome/148.0.0.0 Safari/537.36"
171.79.53.38 - - [14/May/2026:12:51:37 +0530] "POST /life_renewals/search HTTP/2.0" 200 5241 "https://login.cafsindia.com/life_renewals" "Mozilla/5.0 (Windows NT 10.0; Win64; x64) AppleWebKit/537.36 (KHTML, like Gecko) Chrome/148.0.0.0 Safari/537.36"
171.79.53.38 - - [14/May/2026:12:51:37 +0530] "POST /life_renewals/call_log/1413 HTTP/2.0" 200 69388 "https://login.cafsindia.com/life_renewals" "Mozilla/5.0 (Windows NT 10.0; Win64; x64) AppleWebKit/537.36 (KHTML, like Gecko) Chrome/148.0.0.0 Safari/537.36"
103.238.228.178 - - [14/May/2026:12:51:44 +0530] "POST /health_renewals/sub_disposition_list HTTP/2.0" 200 5681 "https://login.cafsindia.com/health_renewals" "Mozilla/5.0 (Windows NT 10.0; Win64; x64) AppleWebKit/537.36 (KHTML, like Gecko) Chrome/148.0.0.0 Safari/537.36"
171.79.53.38 - - [14/May/2026:12:51:56 +0530] "POST /life_renewals/search HTTP/2.0" 200 5238 "https://login.cafsindia.com/life_renewals" "Mozilla/5.0 (Windows NT 10.0; Win64; x64) AppleWebKit/537.36 (KHTML, like Gecko) Chrome/148.0.0.0 Safari/537.36"
103.238.228.178 - - [14/May/2026:12:51:55 +0530] "POST /health_renewals/health_call_log_update/ HTTP/2.0" 200 17266 "https://login.cafsindia.com/health_renewals" "Mozilla/5.0 (Windows NT 10.0; Win64; x64) AppleWebKit/537.36 (KHTML, like Gecko) Chrome/148.0.0.0 Safari/537.36"
103.238.228.178 - - [14/May/2026:12:51:58 +0530] "POST /health_renewals/search HTTP/2.0" 200 5184 "https://login.cafsindia.com/health_renewals" "Mozilla/5.0 (Windows NT 10.0; Win64; x64) AppleWebKit/537.36 (KHTML, like Gecko) Chrome/148.0.0.0 Safari/537.36"
171.79.53.38 - - [14/May/2026:12:52:01 +0530] "POST /life_renewals/search HTTP/2.0" 200 5240 "https://login.cafsindia.com/life_renewals" "Mozilla/5.0 (Windows NT 10.0; Win64; x64) AppleWebKit/537.36 (KHTML, like Gecko) Chrome/148.0.0.0 Safari/537.36"
152.57.117.111 - - [14/May/2026:12:52:03 +0530] "GET / HTTP/2.0" 200 15213 "-" "Mozilla/5.0 (Linux; Android 10; K) AppleWebKit/537.36 (KHTML, like Gecko) Chrome/148.0.0.0 Mobile Safari/537.36"
152.57.117.111 - - [14/May/2026:12:52:04 +0530] "GET /dist/bootstrap.min.css?rel=20260514 HTTP/2.0" 200 127391 "https://login.cafsindia.com/" "Mozilla/5.0 (Linux; Android 10; K) AppleWebKit/537.36 (KHTML, like Gecko) Chrome/148.0.0.0 Mobile Safari/537.36"
152.57.117.111 - - [14/May/2026:12:52:04 +0530] "GET /dist/cafs_login.css?rel=20260514 HTTP/2.0" 200 33753 "https://login.cafsindia.com/" "Mozilla/5.0 (Linux; Android 10; K) AppleWebKit/537.36 (KHTML, like Gecko) Chrome/148.0.0.0 Mobile Safari/537.36"
152.57.117.111 - - [14/May/2026:12:52:04 +0530] "GET /dist/font-awesome.min.css HTTP/2.0" 200 31004 "https://login.cafsindia.com/" "Mozilla/5.0 (Linux; Android 10; K) AppleWebKit/537.36 (KHTML, like Gecko) Chrome/148.0.0.0 Mobile Safari/537.36"
152.57.117.111 - - [14/May/2026:12:52:04 +0530] "GET /dist/jquery.min.js?rel=20260514 HTTP/2.0" 200 88145 "https://login.cafsindia.com/" "Mozilla/5.0 (Linux; Android 10; K) AppleWebKit/537.36 (KHTML, like Gecko) Chrome/148.0.0.0 Mobile Safari/537.36"
171.79.53.38 - - [14/May/2026:12:52:03 +0530] "POST /life_renewals/search HTTP/2.0" 200 5249 "https://login.cafsindia.com/life_renewals" "Mozilla/5.0 (Windows NT 10.0; Win64; x64) AppleWebKit/537.36 (KHTML, like Gecko) Chrome/148.0.0.0 Safari/537.36"
103.238.228.178 - - [14/May/2026:12:52:01 +0530] "POST /health_renewals/call_log/9817 HTTP/2.0" 200 46458 "https://login.cafsindia.com/health_renewals" "Mozilla/5.0 (Windows NT 10.0; Win64; x64) AppleWebKit/537.36 (KHTML, like Gecko) Chrome/148.0.0.0 Safari/537.36"
171.79.53.38 - - [14/May/2026:12:52:05 +0530] "POST /life_renewals/search HTTP/2.0" 200 5226 "https://login.cafsindia.com/life_renewals" "Mozilla/5.0 (Windows NT 10.0; Win64; x64) AppleWebKit/537.36 (KHTML, like Gecko) Chrome/148.0.0.0 Safari/537.36"
152.57.117.111 - - [14/May/2026:12:52:04 +0530] "GET /dist/bootstrap-datetimepicker-master/build/css/bootstrap-datetimepicker.min.css HTTP/2.0" 200 7789 "https://login.cafsindia.com/" "Mozilla/5.0 (Linux; Android 10; K) AppleWebKit/537.36 (KHTML, like Gecko) Chrome/148.0.0.0 Mobile Safari/537.36"
152.57.117.111 - - [14/May/2026:12:52:04 +0530] "GET /dist/data_table/datatables.min.css HTTP/2.0" 200 21730 "https://login.cafsindia.com/" "Mozilla/5.0 (Linux; Android 10; K) AppleWebKit/537.36 (KHTML, like Gecko) Chrome/148.0.0.0 Mobile Safari/537.36"
152.57.117.111 - - [14/May/2026:12:52:04 +0530] "GET /dist/select2/dist/css/select2.min.css HTTP/2.0" 200 15197 "https://login.cafsindia.com/" "Mozilla/5.0 (Linux; Android 10; K) AppleWebKit/537.36 (KHTML, like Gecko) Chrome/148.0.0.0 Mobile Safari/537.36"
152.57.117.111 - - [14/May/2026:12:52:04 +0530] "GET /dist/opensourcepos.min.js?rel=20260514 HTTP/2.0" 200 1471322 "https://login.cafsindia.com/" "Mozilla/5.0 (Linux; Android 10; K) AppleWebKit/537.36 (KHTML, like Gecko) Chrome/148.0.0.0 Mobile Safari/537.36"
152.57.117.111 - - [14/May/2026:12:52:06 +0530] "GET /dist/froala/froala_editor.pkgd.min.css HTTP/2.0" 200 61469 "https://login.cafsindia.com/" "Mozilla/5.0 (Linux; Android 10; K) AppleWebKit/537.36 (KHTML, like Gecko) Chrome/148.0.0.0 Mobile Safari/537.36"
152.57.117.111 - - [14/May/2026:12:52:04 +0530] "GET /dist/toastr/toastr.css HTTP/2.0" 200 6154 "https://login.cafsindia.com/" "Mozilla/5.0 (Linux; Android 10; K) AppleWebKit/537.36 (KHTML, like Gecko) Chrome/148.0.0.0 Mobile Safari/537.36"
171.79.53.38 - - [14/May/2026:12:52:07 +0530] "POST /life_renewals/search HTTP/2.0" 200 5263 "https://login.cafsindia.com/life_renewals" "Mozilla/5.0 (Windows NT 10.0; Win64; x64) AppleWebKit/537.36 (KHTML, like Gecko) Chrome/148.0.0.0 Safari/537.36"
171.79.53.38 - - [14/May/2026:12:52:10 +0530] "POST /life_renewals/call_log/4770 HTTP/2.0" 200 67905 "https://login.cafsindia.com/life_renewals" "Mozilla/5.0 (Windows NT 10.0; Win64; x64) AppleWebKit/537.36 (KHTML, like Gecko) Chrome/148.0.0.0 Safari/537.36"
103.238.228.178 - - [14/May/2026:12:52:10 +0530] "POST /health_renewals/search HTTP/2.0" 200 5134 "https://login.cafsindia.com/health_renewals" "Mozilla/5.0 (Windows NT 10.0; Win64; x64) AppleWebKit/537.36 (KHTML, like Gecko) Chrome/148.0.0.0 Safari/537.36"
103.238.228.178 - - [14/May/2026:12:52:26 +0530] "POST /health_renewals/sub_disposition_list HTTP/2.0" 200 5681 "https://login.cafsindia.com/health_renewals" "Mozilla/5.0 (Windows NT 10.0; Win64; x64) AppleWebKit/537.36 (KHTML, like Gecko) Chrome/148.0.0.0 Safari/537.36"
152.57.112.39 - - [14/May/2026:12:52:32 +0530] "GET /dist/toastr/toastr.css HTTP/2.0" 200 6154 "https://login.cafsindia.com/" "Mozilla/5.0 (Linux; Android 10; K) AppleWebKit/537.36 (KHTML, like Gecko) Chrome/148.0.0.0 Mobile Safari/537.36"
152.57.112.39 - - [14/May/2026:12:52:32 +0530] "GET /dist/froala/froala_style.min.css HTTP/2.0" 200 7670 "https://login.cafsindia.com/" "Mozilla/5.0 (Linux; Android 10; K) AppleWebKit/537.36 (KHTML, like Gecko) Chrome/148.0.0.0 Mobile Safari/537.36"
152.57.112.39 - - [14/May/2026:12:52:32 +0530] "GET /dist/froala/froala_editor.pkgd.min.css HTTP/2.0" 200 61469 "https://login.cafsindia.com/" "Mozilla/5.0 (Linux; Android 10; K) AppleWebKit/537.36 (KHTML, like Gecko) Chrome/148.0.0.0 Mobile Safari/537.36"
152.57.112.39 - - [14/May/2026:12:52:32 +0530] "GET /dist/jquery_confirm/jquery-confirm.min.css HTTP/2.0" 200 22546 "https://login.cafsindia.com/" "Mozilla/5.0 (Linux; Android 10; K) AppleWebKit/537.36 (KHTML, like Gecko) Chrome/148.0.0.0 Mobile Safari/537.36"
152.57.112.39 - - [14/May/2026:12:52:32 +0530] "GET /images/bar.png HTTP/2.0" 200 3948 "https://login.cafsindia.com/" "Mozilla/5.0 (Linux; Android 10; K) AppleWebKit/537.36 (KHTML, like Gecko) Chrome/148.0.0.0 Mobile Safari/537.36"
152.57.112.39 - - [14/May/2026:12:52:32 +0530] "GET /images/pie.png HTTP/2.0" 200 9454 "https://login.cafsindia.com/" "Mozilla/5.0 (Linux; Android 10; K) AppleWebKit/537.36 (KHTML, like Gecko) Chrome/148.0.0.0 Mobile Safari/537.36"
152.57.112.39 - - [14/May/2026:12:52:33 +0530] "GET /images/logo.png HTTP/2.0" 200 26838 "https://login.cafsindia.com/" "Mozilla/5.0 (Linux; Android 10; K) AppleWebKit/537.36 (KHTML, like Gecko) Chrome/148.0.0.0 Mobile Safari/537.36"
152.57.112.39 - - [14/May/2026:12:52:33 +0530] "GET /images/bank.png HTTP/2.0" 200 5652 "https://login.cafsindia.com/" "Mozilla/5.0 (Linux; Android 10; K) AppleWebKit/537.36 (KHTML, like Gecko) Chrome/148.0.0.0 Mobile Safari/537.36"
152.57.112.39 - - [14/May/2026:12:52:33 +0530] "GET /images/logowhite.png HTTP/2.0" 200 20019 "https://login.cafsindia.com/" "Mozilla/5.0 (Linux; Android 10; K) AppleWebKit/537.36 (KHTML, like Gecko) Chrome/148.0.0.0 Mobile Safari/537.36"
152.57.112.39 - - [14/May/2026:12:52:33 +0530] "GET /dist/bootstrap-datetimepicker-master/build/js/bootstrap-datetimepicker.min.js HTTP/2.0" 200 38511 "https://login.cafsindia.com/" "Mozilla/5.0 (Linux; Android 10; K) AppleWebKit/537.36 (KHTML, like Gecko) Chrome/148.0.0.0 Mobile Safari/537.36"
152.57.112.39 - - [14/May/2026:12:52:33 +0530] "GET /dist/jquery-typeahead/dist/jquery.typeahead.min.js HTTP/2.0" 200 36150 "https://login.cafsindia.com/" "Mozilla/5.0 (Linux; Android 10; K) AppleWebKit/537.36 (KHTML, like Gecko) Chrome/148.0.0.0 Mobile Safari/537.36"
152.57.112.39 - - [14/May/2026:12:52:33 +0530] "GET /dist/select2/dist/js/select2.full.min.js HTTP/2.0" 200 75007 "https://login.cafsindia.com/" "Mozilla/5.0 (Linux; Android 10; K) AppleWebKit/537.36 (KHTML, like Gecko) Chrome/148.0.0.0 Mobile Safari/537.36"
152.57.112.39 - - [14/May/2026:12:52:33 +0530] "GET /dist/toastr/toastr.js HTTP/2.0" 200 7048 "https://login.cafsindia.com/" "Mozilla/5.0 (Linux; Android 10; K) AppleWebKit/537.36 (KHTML, like Gecko) Chrome/148.0.0.0 Mobile Safari/537.36"
152.57.112.39 - - [14/May/2026:12:52:33 +0530] "GET /dist/froala/froala_editor.pkgd.min.js HTTP/2.0" 200 540895 "https://login.cafsindia.com/" "Mozilla/5.0 (Linux; Android 10; K) AppleWebKit/537.36 (KHTML, like Gecko) Chrome/148.0.0.0 Mobile Safari/537.36"
152.57.112.39 - - [14/May/2026:12:52:33 +0530] "GET /dist/bootstrap-colorpicker.js HTTP/2.0" 200 34191 "https://login.cafsindia.com/" "Mozilla/5.0 (Linux; Android 10; K) AppleWebKit/537.36 (KHTML, like Gecko) Chrome/148.0.0.0 Mobile Safari/537.36"
152.57.112.39 - - [14/May/2026:12:52:33 +0530] "GET /dist/jquery_confirm/jquery-confirm.min.js HTTP/2.0" 200 27905 "https://login.cafsindia.com/" "Mozilla/5.0 (Linux; Android 10; K) AppleWebKit/537.36 (KHTML, like Gecko) Chrome/148.0.0.0 Mobile Safari/537.36"
152.57.112.39 - - [14/May/2026:12:52:33 +0530] "GET /dist/data_table/js/pdfmake.min.js HTTP/2.0" 200 1093355 "https://login.cafsindia.com/" "Mozilla/5.0 (Linux; Android 10; K) AppleWebKit/537.36 (KHTML, like Gecko) Chrome/148.0.0.0 Mobile Safari/537.36"
152.57.112.39 - - [14/May/2026:12:52:33 +0530] "GET /dist/data_table/js/data_tables.min.js HTTP/2.0" 200 84499 "https://login.cafsindia.com/" "Mozilla/5.0 (Linux; Android 10; K) AppleWebKit/537.36 (KHTML, like Gecko) Chrome/148.0.0.0 Mobile Safari/537.36"
152.57.112.39 - - [14/May/2026:12:52:33 +0530] "GET /dist/data_table/js/buttons.min.js HTTP/2.0" 200 19572 "https://login.cafsindia.com/" "Mozilla/5.0 (Linux; Android 10; K) AppleWebKit/537.36 (KHTML, like Gecko) Chrome/148.0.0.0 Mobile Safari/537.36"
152.57.112.39 - - [14/May/2026:12:52:33 +0530] "GET /dist/data_table/js/buttons.flash.min.js HTTP/2.0" 200 26268 "https://login.cafsindia.com/" "Mozilla/5.0 (Linux; Android 10; K) AppleWebKit/537.36 (KHTML, like Gecko) Chrome/148.0.0.0 Mobile Safari/537.36"
152.57.112.39 - - [14/May/2026:12:52:33 +0530] "GET /dist/data_table/js/jszip.min.js HTTP/2.0" 200 101953 "https://login.cafsindia.com/" "Mozilla/5.0 (Linux; Android 10; K) AppleWebKit/537.36 (KHTML, like Gecko) Chrome/148.0.0.0 Mobile Safari/537.36"
152.57.112.39 - - [14/May/2026:12:52:33 +0530] "GET /dist/data_table/js/vfs_fonts.js HTTP/2.0" 200 926233 "https://login.cafsindia.com/" "Mozilla/5.0 (Linux; Android 10; K) AppleWebKit/537.36 (KHTML, like Gecko) Chrome/148.0.0.0 Mobile Safari/537.36"
152.57.112.39 - - [14/May/2026:12:52:33 +0530] "GET /dist/data_table/js/buttons.html5.min.js HTTP/2.0" 200 24799 "https://login.cafsindia.com/" "Mozilla/5.0 (Linux; Android 10; K) AppleWebKit/537.36 (KHTML, like Gecko) Chrome/148.0.0.0 Mobile Safari/537.36"
152.57.112.39 - - [14/May/2026:12:52:33 +0530] "GET /dist/data_table/js/buttons.print.min.js HTTP/2.0" 200 2309 "https://login.cafsindia.com/" "Mozilla/5.0 (Linux; Android 10; K) AppleWebKit/537.36 (KHTML, like Gecko) Chrome/148.0.0.0 Mobile Safari/537.36"
152.57.112.39 - - [14/May/2026:12:52:33 +0530] "GET /dist/data_table/js/fixed_header.min.js HTTP/2.0" 200 8716 "https://login.cafsindia.com/" "Mozilla/5.0 (Linux; Android 10; K) AppleWebKit/537.36 (KHTML, like Gecko) Chrome/148.0.0.0 Mobile Safari/537.36"
152.57.112.39 - - [14/May/2026:12:52:33 +0530] "GET /dist/data_table/js/fixed_columns.min.js HTTP/2.0" 200 18722 "https://login.cafsindia.com/" "Mozilla/5.0 (Linux; Android 10; K) AppleWebKit/537.36 (KHTML, like Gecko) Chrome/148.0.0.0 Mobile Safari/537.36"
152.57.112.39 - - [14/May/2026:12:52:33 +0530] "GET /dist/filepond/filepond.js HTTP/2.0" 200 451702 "https://login.cafsindia.com/" "Mozilla/5.0 (Linux; Android 10; K) AppleWebKit/537.36 (KHTML, like Gecko) Chrome/148.0.0.0 Mobile Safari/537.36"
152.57.112.39 - - [14/May/2026:12:52:37 +0530] "GET /images/cafs_bg.png HTTP/2.0" 200 42654 "https://login.cafsindia.com/" "Mozilla/5.0 (Linux; Android 10; K) AppleWebKit/537.36 (KHTML, like Gecko) Chrome/148.0.0.0 Mobile Safari/537.36"
152.57.112.39 - - [14/May/2026:12:52:37 +0530] "GET /dist/filepond/filepond-plugin-get-file.js HTTP/2.0" 200 4311 "https://login.cafsindia.com/" "Mozilla/5.0 (Linux; Android 10; K) AppleWebKit/537.36 (KHTML, like Gecko) Chrome/148.0.0.0 Mobile Safari/537.36"
152.57.112.39 - - [14/May/2026:12:52:37 +0530] "GET /dist/filepond/filepond-validate.js HTTP/2.0" 200 2339 "https://login.cafsindia.com/" "Mozilla/5.0 (Linux; Android 10; K) AppleWebKit/537.36 (KHTML, like Gecko) Chrome/148.0.0.0 Mobile Safari/537.36"
152.57.112.39 - - [14/May/2026:12:52:37 +0530] "GET /dist/pdfobject/2.2.6/pdfobject.min.js HTTP/2.0" 200 5728 "https://login.cafsindia.com/" "Mozilla/5.0 (Linux; Android 10; K) AppleWebKit/537.36 (KHTML, like Gecko) Chrome/148.0.0.0 Mobile Safari/537.36"
152.57.112.39 - - [14/May/2026:12:52:37 +0530] "GET /images/playstore.png HTTP/2.0" 200 28557 "https://login.cafsindia.com/" "Mozilla/5.0 (Linux; Android 10; K) AppleWebKit/537.36 (KHTML, like Gecko) Chrome/148.0.0.0 Mobile Safari/537.36"
103.238.228.178 - - [14/May/2026:12:52:36 +0530] "POST /health_renewals/health_call_log_update/ HTTP/2.0" 200 7024 "https://login.cafsindia.com/health_renewals" "Mozilla/5.0 (Windows NT 10.0; Win64; x64) AppleWebKit/537.36 (KHTML, like Gecko) Chrome/148.0.0.0 Safari/537.36"
152.57.112.39 - - [14/May/2026:12:52:38 +0530] "GET /images/favicon.png HTTP/2.0" 200 14640 "https://login.cafsindia.com/" "Mozilla/5.0 (Linux; Android 10; K) AppleWebKit/537.36 (KHTML, like Gecko) Chrome/148.0.0.0 Mobile Safari/537.36"
103.238.228.178 - - [14/May/2026:12:52:38 +0530] "POST /health_renewals/search HTTP/2.0" 200 5183 "https://login.cafsindia.com/health_renewals" "Mozilla/5.0 (Windows NT 10.0; Win64; x64) AppleWebKit/537.36 (KHTML, like Gecko) Chrome/148.0.0.0 Safari/537.36"
152.57.112.39 - - [14/May/2026:12:52:41 +0530] "POST /login/corp_login/ HTTP/2.0" 200 65 "https://login.cafsindia.com/" "Mozilla/5.0 (Linux; Android 10; K) AppleWebKit/537.36 (KHTML, like Gecko) Chrome/148.0.0.0 Mobile Safari/537.36"
152.57.112.39 - - [14/May/2026:12:52:42 +0530] "GET /favicon.ico HTTP/2.0" 404 1190 "https://login.cafsindia.com/login/corp_login/" "Mozilla/5.0 (Linux; Android 10; K) AppleWebKit/537.36 (KHTML, like Gecko) Chrome/148.0.0.0 Mobile Safari/537.36"
103.238.228.178 - - [14/May/2026:12:52:41 +0530] "POST /health_renewals/call_log/3329 HTTP/2.0" 200 51064 "https://login.cafsindia.com/health_renewals" "Mozilla/5.0 (Windows NT 10.0; Win64; x64) AppleWebKit/537.36 (KHTML, like Gecko) Chrome/148.0.0.0 Safari/537.36"
103.238.228.178 - - [14/May/2026:12:52:43 +0530] "POST /health_renewals/search HTTP/2.0" 200 66 "https://login.cafsindia.com/health_renewals" "Mozilla/5.0 (Windows NT 10.0; Win64; x64) AppleWebKit/537.36 (KHTML, like Gecko) Chrome/148.0.0.0 Safari/537.36"
103.238.228.178 - - [14/May/2026:12:52:49 +0530] "POST /health/search HTTP/2.0" 200 510 "https://login.cafsindia.com/health" "Mozilla/5.0 (Windows NT 10.0; Win64; x64) AppleWebKit/537.36 (KHTML, like Gecko) Chrome/148.0.0.0 Safari/537.36"
152.57.123.209 - - [14/May/2026:12:52:51 +0530] "POST /login/corp_login/ HTTP/2.0" 200 65 "https://login.cafsindia.com/" "Mozilla/5.0 (Linux; Android 10; K) AppleWebKit/537.36 (KHTML, like Gecko) Chrome/148.0.0.0 Mobile Safari/537.36"
103.238.228.178 - - [14/May/2026:12:52:53 +0530] "POST /health/view/3119 HTTP/2.0" 200 418450 "https://login.cafsindia.com/health" "Mozilla/5.0 (Windows NT 10.0; Win64; x64) AppleWebKit/537.36 (KHTML, like Gecko) Chrome/148.0.0.0 Safari/537.36"
103.238.228.178 - - [14/May/2026:12:52:54 +0530] "POST /health/fetch_product HTTP/2.0" 200 1416 "https://login.cafsindia.com/health" "Mozilla/5.0 (Windows NT 10.0; Win64; x64) AppleWebKit/537.36 (KHTML, like Gecko) Chrome/148.0.0.0 Safari/537.36"
152.57.123.209 - - [14/May/2026:12:52:55 +0530] "GET / HTTP/2.0" 302 - "-" "Mozilla/5.0 (Linux; Android 10; K) AppleWebKit/537.36 (KHTML, like Gecko) Chrome/148.0.0.0 Mobile Safari/537.36"
152.57.123.209 - - [14/May/2026:12:52:55 +0530] "GET /home HTTP/2.0" 200 11149 "-" "Mozilla/5.0 (Linux; Android 10; K) AppleWebKit/537.36 (KHTML, like Gecko) Chrome/148.0.0.0 Mobile Safari/537.36"
152.57.123.209 - - [14/May/2026:12:52:56 +0530] "GET /dist/cafs.css?rel=20260514 HTTP/2.0" 200 33565 "https://login.cafsindia.com/home" "Mozilla/5.0 (Linux; Android 10; K) AppleWebKit/537.36 (KHTML, like Gecko) Chrome/148.0.0.0 Mobile Safari/537.36"
152.57.123.209 - - [14/May/2026:12:52:56 +0530] "GET /dist/jquery-ui.css HTTP/2.0" 200 35684 "https://login.cafsindia.com/home" "Mozilla/5.0 (Linux; Android 10; K) AppleWebKit/537.36 (KHTML, like Gecko) Chrome/148.0.0.0 Mobile Safari/537.36"
152.57.123.209 - - [14/May/2026:12:52:56 +0530] "GET /dist/data_table/css/data_tables.min.css HTTP/2.0" 200 15044 "https://login.cafsindia.com/home" "Mozilla/5.0 (Linux; Android 10; K) AppleWebKit/537.36 (KHTML, like Gecko) Chrome/148.0.0.0 Mobile Safari/537.36"
152.57.123.209 - - [14/May/2026:12:52:56 +0530] "GET /dist/bootstrap-colorpicker.css HTTP/2.0" 200 4802 "https://login.cafsindia.com/home" "Mozilla/5.0 (Linux; Android 10; K) AppleWebKit/537.36 (KHTML, like Gecko) Chrome/148.0.0.0 Mobile Safari/537.36"
152.57.123.209 - - [14/May/2026:12:52:56 +0530] "GET /dist/filepond/filepond.css HTTP/2.0" 200 27822 "https://login.cafsindia.com/home" "Mozilla/5.0 (Linux; Android 10; K) AppleWebKit/537.36 (KHTML, like Gecko) Chrome/148.0.0.0 Mobile Safari/537.36"
152.57.123.209 - - [14/May/2026:12:52:56 +0530] "GET /dist/filepond/filepond-plugin-get-file.css HTTP/2.0" 200 1794 "https://login.cafsindia.com/home" "Mozilla/5.0 (Linux; Android 10; K) AppleWebKit/537.36 (KHTML, like Gecko) Chrome/148.0.0.0 Mobile Safari/537.36"
152.57.123.209 - - [14/May/2026:12:52:56 +0530] "GET /dist/daterangepicker/daterangepicker.min.css HTTP/2.0" 200 8823 "https://login.cafsindia.com/home" "Mozilla/5.0 (Linux; Android 10; K) AppleWebKit/537.36 (KHTML, like Gecko) Chrome/148.0.0.0 Mobile Safari/537.36"
152.57.123.209 - - [14/May/2026:12:52:56 +0530] "GET /dist/validate.js?rel=20260514 HTTP/2.0" 200 1455 "https://login.cafsindia.com/home" "Mozilla/5.0 (Linux; Android 10; K) AppleWebKit/537.36 (KHTML, like Gecko) Chrome/148.0.0.0 Mobile Safari/537.36"
152.57.123.209 - - [14/May/2026:12:52:56 +0530] "GET /dist/daterangepicker/knockout.js HTTP/2.0" 200 59943 "https://login.cafsindia.com/home" "Mozilla/5.0 (Linux; Android 10; K) AppleWebKit/537.36 (KHTML, like Gecko) Chrome/148.0.0.0 Mobile Safari/537.36"
152.57.123.209 - - [14/May/2026:12:52:56 +0530] "GET /dist/daterangepicker/daterangepicker.min.js HTTP/2.0" 200 24746 "https://login.cafsindia.com/home" "Mozilla/5.0 (Linux; Android 10; K) AppleWebKit/537.36 (KHTML, like Gecko) Chrome/148.0.0.0 Mobile Safari/537.36"
152.57.123.209 - - [14/May/2026:12:52:56 +0530] "GET /dist/opensourcepos.min.js?rel=20260514 HTTP/2.0" 206 1 "https://login.cafsindia.com/home" "Mozilla/5.0 (Linux; Android 10; K) AppleWebKit/537.36 (KHTML, like Gecko) Chrome/148.0.0.0 Mobile Safari/537.36"
152.57.123.209 - - [14/May/2026:12:52:56 +0530] "GET /dist/opensourcepos.min.js?rel=20260514 HTTP/2.0" 206 570697 "https://login.cafsindia.com/home" "Mozilla/5.0 (Linux; Android 10; K) AppleWebKit/537.36 (KHTML, like Gecko) Chrome/148.0.0.0 Mobile Safari/537.36"
103.238.228.178 - - [14/May/2026:12:52:56 +0530] "POST /health_renewals/call_log/1521 HTTP/2.0" 200 63371 "https://login.cafsindia.com/health_renewals" "Mozilla/5.0 (Windows NT 10.0; Win64; x64) AppleWebKit/537.36 (KHTML, like Gecko) Chrome/148.0.0.0 Safari/537.36"
152.57.123.209 - - [14/May/2026:12:53:00 +0530] "GET /fonts/fontawesome-webfont.woff2?v=4.7.0 HTTP/2.0" 200 77160 "https://login.cafsindia.com/dist/font-awesome.min.css" "Mozilla/5.0 (Linux; Android 10; K) AppleWebKit/537.36 (KHTML, like Gecko) Chrome/148.0.0.0 Mobile Safari/537.36"
223.185.26.243 - - [14/May/2026:12:53:02 +0530] "GET /login HTTP/2.0" 200 15213 "https://login.cafsindia.com/home" "Mozilla/5.0 (Windows NT 10.0; Win64; x64) AppleWebKit/537.36 (KHTML, like Gecko) Chrome/148.0.0.0 Safari/537.36"
152.57.123.209 - - [14/May/2026:12:53:04 +0530] "GET / HTTP/2.0" 302 - "https://login.cafsindia.com/home" "Mozilla/5.0 (Linux; Android 10; K) AppleWebKit/537.36 (KHTML, like Gecko) Chrome/148.0.0.0 Mobile Safari/537.36"
152.57.123.209 - - [14/May/2026:12:53:05 +0530] "GET /home HTTP/2.0" 200 11149 "https://login.cafsindia.com/home" "Mozilla/5.0 (Linux; Android 10; K) AppleWebKit/537.36 (KHTML, like Gecko) Chrome/148.0.0.0 Mobile Safari/537.36"
171.79.53.38 - - [14/May/2026:12:53:04 +0530] "POST /life_renewals/call_log/4771 HTTP/2.0" 200 67844 "https://login.cafsindia.com/life_renewals" "Mozilla/5.0 (Windows NT 10.0; Win64; x64) AppleWebKit/537.36 (KHTML, like Gecko) Chrome/148.0.0.0 Safari/537.36"
152.57.123.209 - - [14/May/2026:12:53:11 +0530] "GET /portfolio HTTP/2.0" 200 275945 "https://login.cafsindia.com/home" "Mozilla/5.0 (Linux; Android 10; K) AppleWebKit/537.36 (KHTML, like Gecko) Chrome/148.0.0.0 Mobile Safari/537.36"
103.238.228.178 - - [14/May/2026:12:53:11 +0530] "POST /health/due_date_fetch HTTP/2.0" 200 45 "https://login.cafsindia.com/health" "Mozilla/5.0 (Windows NT 10.0; Win64; x64) AppleWebKit/537.36 (KHTML, like Gecko) Chrome/148.0.0.0 Safari/537.36"
103.238.228.178 - - [14/May/2026:12:53:11 +0530] "POST /health/save/3119 HTTP/2.0" 200 99 "https://login.cafsindia.com/health" "Mozilla/5.0 (Windows NT 10.0; Win64; x64) AppleWebKit/537.36 (KHTML, like Gecko) Chrome/148.0.0.0 Safari/537.36"
103.238.228.178 - - [14/May/2026:12:53:13 +0530] "POST /health/search HTTP/2.0" 200 509 "https://login.cafsindia.com/health" "Mozilla/5.0 (Windows NT 10.0; Win64; x64) AppleWebKit/537.36 (KHTML, like Gecko) Chrome/148.0.0.0 Safari/537.36"
152.57.123.209 - - [14/May/2026:12:53:16 +0530] "GET /dist/data_table/images/sort_both.png HTTP/2.0" 200 201 "https://login.cafsindia.com/dist/data_table/css/data_tables.min.css" "Mozilla/5.0 (Linux; Android 10; K) AppleWebKit/537.36 (KHTML, like Gecko) Chrome/148.0.0.0 Mobile Safari/537.36"
152.57.123.209 - - [14/May/2026:12:53:16 +0530] "POST /portfolio/search HTTP/2.0" 200 3955 "https://login.cafsindia.com/portfolio" "Mozilla/5.0 (Linux; Android 10; K) AppleWebKit/537.36 (KHTML, like Gecko) Chrome/148.0.0.0 Mobile Safari/537.36"
152.57.123.209 - - [14/May/2026:12:53:21 +0530] "GET /dist/data_table/images/sort_asc.png HTTP/2.0" 200 160 "https://login.cafsindia.com/dist/data_table/css/data_tables.min.css" "Mozilla/5.0 (Linux; Android 10; K) AppleWebKit/537.36 (KHTML, like Gecko) Chrome/148.0.0.0 Mobile Safari/537.36"
103.238.228.178 - - [14/May/2026:12:53:21 +0530] "POST /health_renewals/search HTTP/2.0" 200 66 "https://login.cafsindia.com/health_renewals" "Mozilla/5.0 (Windows NT 10.0; Win64; x64) AppleWebKit/537.36 (KHTML, like Gecko) Chrome/148.0.0.0 Safari/537.36"
171.79.53.38 - - [14/May/2026:12:53:21 +0530] "POST /life_renewals/life_call_log_update/ HTTP/2.0" 200 5764 "https://login.cafsindia.com/life_renewals" "Mozilla/5.0 (Windows NT 10.0; Win64; x64) AppleWebKit/537.36 (KHTML, like Gecko) Chrome/148.0.0.0 Safari/537.36"
171.79.53.38 - - [14/May/2026:12:53:26 +0530] "POST /life_renewals/search HTTP/2.0" 200 5259 "https://login.cafsindia.com/life_renewals" "Mozilla/5.0 (Windows NT 10.0; Win64; x64) AppleWebKit/537.36 (KHTML, like Gecko) Chrome/148.0.0.0 Safari/537.36"
103.238.228.178 - - [14/May/2026:12:53:26 +0530] "POST /health_renewals/sub_disposition_list HTTP/2.0" 200 5681 "https://login.cafsindia.com/health_renewals" "Mozilla/5.0 (Windows NT 10.0; Win64; x64) AppleWebKit/537.36 (KHTML, like Gecko) Chrome/148.0.0.0 Safari/537.36"
171.79.53.38 - - [14/May/2026:12:53:29 +0530] "POST /life_renewals/call_log/4770 HTTP/2.0" 200 67905 "https://login.cafsindia.com/life_renewals" "Mozilla/5.0 (Windows NT 10.0; Win64; x64) AppleWebKit/537.36 (KHTML, like Gecko) Chrome/148.0.0.0 Safari/537.36"
152.57.122.225 - - [14/May/2026:12:53:36 +0530] "POST /portfolio/search HTTP/2.0" 302 - "https://login.cafsindia.com/portfolio" "Mozilla/5.0 (Linux; Android 10; K) AppleWebKit/537.36 (KHTML, like Gecko) Chrome/148.0.0.0 Mobile Safari/537.36"
152.57.122.225 - - [14/May/2026:12:53:37 +0530] "GET /login HTTP/2.0" 200 15213 "https://login.cafsindia.com/portfolio" "Mozilla/5.0 (Linux; Android 10; K) AppleWebKit/537.36 (KHTML, like Gecko) Chrome/148.0.0.0 Mobile Safari/537.36"
103.238.228.178 - - [14/May/2026:12:53:36 +0530] "POST /health_renewals/health_call_log_update/ HTTP/2.0" 200 13171 "https://login.cafsindia.com/health_renewals" "Mozilla/5.0 (Windows NT 10.0; Win64; x64) AppleWebKit/537.36 (KHTML, like Gecko) Chrome/148.0.0.0 Safari/537.36"
103.238.228.178 - - [14/May/2026:12:53:42 +0530] "POST /health_renewals/search HTTP/2.0" 200 5180 "https://login.cafsindia.com/health_renewals" "Mozilla/5.0 (Windows NT 10.0; Win64; x64) AppleWebKit/537.36 (KHTML, like Gecko) Chrome/148.0.0.0 Safari/537.36"
106.222.223.136 - - [14/May/2026:12:53:47 +0530] "POST /health/search HTTP/2.0" 200 65 "https://login.cafsindia.com/health" "Mozilla/5.0 (Windows NT 10.0; Win64; x64) AppleWebKit/537.36 (KHTML, like Gecko) Chrome/148.0.0.0 Safari/537.36"
152.57.113.84 - - [14/May/2026:12:53:50 +0530] "GET /password_change HTTP/2.0" 302 - "https://login.cafsindia.com/portfolio" "Mozilla/5.0 (Linux; Android 10; K) AppleWebKit/537.36 (KHTML, like Gecko) Chrome/148.0.0.0 Mobile Safari/537.36"
152.57.113.84 - - [14/May/2026:12:53:51 +0530] "GET /login HTTP/2.0" 200 15213 "https://login.cafsindia.com/portfolio" "Mozilla/5.0 (Linux; Android 10; K) AppleWebKit/537.36 (KHTML, like Gecko) Chrome/148.0.0.0 Mobile Safari/537.36"
103.238.228.178 - - [14/May/2026:12:53:18 +0530] "GET /health HTTP/2.0" 200 - "-" "Mozilla/5.0 (Windows NT 10.0; Win64; x64) AppleWebKit/537.36 (KHTML, like Gecko) Chrome/148.0.0.0 Safari/537.36"
152.57.113.84 - - [14/May/2026:12:53:54 +0530] "POST /login/corp_login/ HTTP/2.0" 200 65 "https://login.cafsindia.com/login" "Mozilla/5.0 (Linux; Android 10; K) AppleWebKit/537.36 (KHTML, like Gecko) Chrome/148.0.0.0 Mobile Safari/537.36"
152.57.113.84 - - [14/May/2026:12:53:55 +0530] "GET /login HTTP/2.0" 302 - "https://login.cafsindia.com/login" "Mozilla/5.0 (Linux; Android 10; K) AppleWebKit/537.36 (KHTML, like Gecko) Chrome/148.0.0.0 Mobile Safari/537.36"
106.222.223.136 - - [14/May/2026:12:53:53 +0530] "POST /health/search HTTP/2.0" 200 4552 "https://login.cafsindia.com/health" "Mozilla/5.0 (Windows NT 10.0; Win64; x64) AppleWebKit/537.36 (KHTML, like Gecko) Chrome/148.0.0.0 Safari/537.36"
152.57.113.84 - - [14/May/2026:12:53:56 +0530] "GET /home HTTP/2.0" 200 11149 "https://login.cafsindia.com/login" "Mozilla/5.0 (Linux; Android 10; K) AppleWebKit/537.36 (KHTML, like Gecko) Chrome/148.0.0.0 Mobile Safari/537.36"
103.238.228.178 - - [14/May/2026:12:53:57 +0530] "POST /health_renewals/call_log/274 HTTP/2.0" 200 57053 "https://login.cafsindia.com/health_renewals" "Mozilla/5.0 (Windows NT 10.0; Win64; x64) AppleWebKit/537.36 (KHTML, like Gecko) Chrome/148.0.0.0 Safari/537.36"
103.238.228.178 - - [14/May/2026:12:53:35 +0530] "GET /health HTTP/2.0" 200 1356910 "-" "Mozilla/5.0 (Windows NT 10.0; Win64; x64) AppleWebKit/537.36 (KHTML, like Gecko) Chrome/148.0.0.0 Safari/537.36"
103.238.228.178 - - [14/May/2026:12:53:48 +0530] "POST /health/save/3119 HTTP/2.0" 200 - "https://login.cafsindia.com/health" "Mozilla/5.0 (Windows NT 10.0; Win64; x64) AppleWebKit/537.36 (KHTML, like Gecko) Chrome/148.0.0.0 Safari/537.36"
152.57.113.84 - - [14/May/2026:12:54:06 +0530] "GET /password_change HTTP/2.0" 200 14092 "https://login.cafsindia.com/home" "Mozilla/5.0 (Linux; Android 10; K) AppleWebKit/537.36 (KHTML, like Gecko) Chrome/148.0.0.0 Mobile Safari/537.36"
103.238.228.178 - - [14/May/2026:12:54:05 +0530] "POST /health/search HTTP/2.0" 200 4631 "https://login.cafsindia.com/health" "Mozilla/5.0 (Windows NT 10.0; Win64; x64) AppleWebKit/537.36 (KHTML, like Gecko) Chrome/148.0.0.0 Safari/537.36"
171.79.53.38 - - [14/May/2026:12:54:06 +0530] "POST /life_renewals/life_call_log_update/ HTTP/2.0" 200 7816 "https://login.cafsindia.com/life_renewals" "Mozilla/5.0 (Windows NT 10.0; Win64; x64) AppleWebKit/537.36 (KHTML, like Gecko) Chrome/148.0.0.0 Safari/537.36"
171.79.53.38 - - [14/May/2026:12:54:09 +0530] "POST /life_renewals/search HTTP/2.0" 200 5246 "https://login.cafsindia.com/life_renewals" "Mozilla/5.0 (Windows NT 10.0; Win64; x64) AppleWebKit/537.36 (KHTML, like Gecko) Chrome/148.0.0.0 Safari/537.36"
103.238.228.178 - - [14/May/2026:12:54:10 +0530] "POST /health_renewals/search HTTP/2.0" 200 66 "https://login.cafsindia.com/health_renewals" "Mozilla/5.0 (Windows NT 10.0; Win64; x64) AppleWebKit/537.36 (KHTML, like Gecko) Chrome/148.0.0.0 Safari/537.36"
152.57.113.84 - - [14/May/2026:12:54:11 +0530] "POST /password_change/check_password HTTP/2.0" 200 59 "https://login.cafsindia.com/password_change" "Mozilla/5.0 (Linux; Android 10; K) AppleWebKit/537.36 (KHTML, like Gecko) Chrome/148.0.0.0 Mobile Safari/537.36"
106.222.220.59 - - [14/May/2026:12:54:09 +0530] "POST /health/save/13106 HTTP/2.0" 200 100 "https://login.cafsindia.com/health" "Mozilla/5.0 (Windows NT 10.0; Win64; x64) AppleWebKit/537.36 (KHTML, like Gecko) Chrome/148.0.0.0 Safari/537.36"
103.238.228.178 - - [14/May/2026:12:54:12 +0530] "POST /health_renewals/search HTTP/2.0" 200 66 "https://login.cafsindia.com/health_renewals" "Mozilla/5.0 (Windows NT 10.0; Win64; x64) AppleWebKit/537.36 (KHTML, like Gecko) Chrome/148.0.0.0 Safari/537.36"
103.238.228.178 - - [14/May/2026:12:54:18 +0530] "POST /health_renewals/search HTTP/2.0" 200 5143 "https://login.cafsindia.com/health_renewals" "Mozilla/5.0 (Windows NT 10.0; Win64; x64) AppleWebKit/537.36 (KHTML, like Gecko) Chrome/148.0.0.0 Safari/537.36"
106.222.220.59 - - [14/May/2026:12:54:12 +0530] "POST /health/search HTTP/2.0" 200 514 "https://login.cafsindia.com/health" "Mozilla/5.0 (Windows NT 10.0; Win64; x64) AppleWebKit/537.36 (KHTML, like Gecko) Chrome/148.0.0.0 Safari/537.36"
152.57.127.169 - - [14/May/2026:12:54:27 +0530] "POST /password_change/save_password/ HTTP/2.0" 302 - "https://login.cafsindia.com/password_change" "Mozilla/5.0 (Linux; Android 10; K) AppleWebKit/537.36 (KHTML, like Gecko) Chrome/148.0.0.0 Mobile Safari/537.36"
