103.238.228.178 - - [13/May/2026:18:36:00 +0530] "POST /life_renewals/renewal_update/1349 HTTP/2.0" 200 3615 "https://login.cafsindia.com/life_renewals" "Mozilla/5.0 (Windows NT 10.0; Win64; x64) AppleWebKit/537.36 (KHTML, like Gecko) Chrome/148.0.0.0 Safari/537.36"
103.238.228.178 - - [13/May/2026:18:36:00 +0530] "POST /life_renewals/search HTTP/2.0" 200 577 "https://login.cafsindia.com/life_renewals" "Mozilla/5.0 (Windows NT 10.0; Win64; x64) AppleWebKit/537.36 (KHTML, like Gecko) Chrome/148.0.0.0 Safari/537.36"
103.238.228.178 - - [13/May/2026:18:35:59 +0530] "POST /health_renewals/call_log/4434 HTTP/2.0" 200 50363 "https://login.cafsindia.com/health_renewals" "Mozilla/5.0 (Windows NT 10.0; Win64; x64) AppleWebKit/537.36 (KHTML, like Gecko) Chrome/148.0.0.0 Safari/537.36"
106.222.102.187 - - [13/May/2026:18:36:01 +0530] "POST /life_renewals/life_call_log_update/ HTTP/2.0" 200 4338 "https://login.cafsindia.com/life_renewals" "Mozilla/5.0 (Windows NT 10.0; Win64; x64) AppleWebKit/537.36 (KHTML, like Gecko) Chrome/147.0.0.0 Safari/537.36"
106.222.102.187 - - [13/May/2026:18:36:03 +0530] "POST /life_renewals/search HTTP/2.0" 200 5244 "https://login.cafsindia.com/life_renewals" "Mozilla/5.0 (Windows NT 10.0; Win64; x64) AppleWebKit/537.36 (KHTML, like Gecko) Chrome/147.0.0.0 Safari/537.36"
103.238.228.178 - - [13/May/2026:18:36:04 +0530] "POST /health_renewals/health_call_log_edit HTTP/2.0" 200 672 "https://login.cafsindia.com/health_renewals" "Mozilla/5.0 (Windows NT 10.0; Win64; x64) AppleWebKit/537.36 (KHTML, like Gecko) Chrome/148.0.0.0 Safari/537.36"
103.238.228.178 - - [13/May/2026:18:36:04 +0530] "POST /health_renewals/sub_disposition_list HTTP/2.0" 200 5681 "https://login.cafsindia.com/health_renewals" "Mozilla/5.0 (Windows NT 10.0; Win64; x64) AppleWebKit/537.36 (KHTML, like Gecko) Chrome/148.0.0.0 Safari/537.36"
106.222.102.187 - - [13/May/2026:18:36:05 +0530] "POST /life_renewals/call_log/6539 HTTP/2.0" 200 67249 "https://login.cafsindia.com/life_renewals" "Mozilla/5.0 (Windows NT 10.0; Win64; x64) AppleWebKit/537.36 (KHTML, like Gecko) Chrome/147.0.0.0 Safari/537.36"
103.238.228.178 - - [13/May/2026:18:36:06 +0530] "POST /health_renewals/health_call_log_update/ HTTP/2.0" 200 10308 "https://login.cafsindia.com/health_renewals" "Mozilla/5.0 (Windows NT 10.0; Win64; x64) AppleWebKit/537.36 (KHTML, like Gecko) Chrome/148.0.0.0 Safari/537.36"
103.238.228.178 - - [13/May/2026:18:36:07 +0530] "POST /health_renewals/search HTTP/2.0" 200 5153 "https://login.cafsindia.com/health_renewals" "Mozilla/5.0 (Windows NT 10.0; Win64; x64) AppleWebKit/537.36 (KHTML, like Gecko) Chrome/148.0.0.0 Safari/537.36"
106.222.220.59 - - [13/May/2026:18:36:11 +0530] "POST /login/corp_login/ HTTP/2.0" 200 59 "https://login.cafsindia.com/" "Mozilla/5.0 (Windows NT 10.0; Win64; x64) AppleWebKit/537.36 (KHTML, like Gecko) Chrome/148.0.0.0 Safari/537.36"
103.238.228.178 - - [13/May/2026:18:36:11 +0530] "POST /health_renewals/search HTTP/2.0" 200 5147 "https://login.cafsindia.com/health_renewals" "Mozilla/5.0 (Windows NT 10.0; Win64; x64) AppleWebKit/537.36 (KHTML, like Gecko) Chrome/148.0.0.0 Safari/537.36"
103.238.228.178 - - [13/May/2026:18:36:12 +0530] "POST /life_renewals/search HTTP/2.0" 200 586 "https://login.cafsindia.com/life_renewals" "Mozilla/5.0 (Windows NT 10.0; Win64; x64) AppleWebKit/537.36 (KHTML, like Gecko) Chrome/148.0.0.0 Safari/537.36"
103.238.228.178 - - [13/May/2026:18:36:12 +0530] "POST /life_renewals/life_call_log_update/ HTTP/2.0" 200 3008 "https://login.cafsindia.com/life_renewals" "Mozilla/5.0 (Windows NT 10.0; Win64; x64) AppleWebKit/537.36 (KHTML, like Gecko) Chrome/148.0.0.0 Safari/537.36"
103.238.228.178 - - [13/May/2026:18:36:12 +0530] "POST /life_renewals/search HTTP/2.0" 200 12968 "https://login.cafsindia.com/life_renewals" "Mozilla/5.0 (Windows NT 10.0; Win64; x64) AppleWebKit/537.36 (KHTML, like Gecko) Chrome/148.0.0.0 Safari/537.36"
103.238.228.178 - - [13/May/2026:18:36:15 +0530] "POST /life_renewals/search HTTP/2.0" 200 13106 "https://login.cafsindia.com/life_renewals" "Mozilla/5.0 (Windows NT 10.0; Win64; x64) AppleWebKit/537.36 (KHTML, like Gecko) Chrome/148.0.0.0 Safari/537.36"
103.238.228.178 - - [13/May/2026:18:36:15 +0530] "POST /life_renewals/call_log/1357 HTTP/2.0" 200 69562 "https://login.cafsindia.com/life_renewals" "Mozilla/5.0 (Windows NT 10.0; Win64; x64) AppleWebKit/537.36 (KHTML, like Gecko) Chrome/148.0.0.0 Safari/537.36"
106.222.102.187 - - [13/May/2026:18:36:16 +0530] "POST /life_renewals/life_call_log_update/ HTTP/2.0" 200 4856 "https://login.cafsindia.com/life_renewals" "Mozilla/5.0 (Windows NT 10.0; Win64; x64) AppleWebKit/537.36 (KHTML, like Gecko) Chrome/147.0.0.0 Safari/537.36"
106.222.102.187 - - [13/May/2026:18:36:16 +0530] "POST /life_renewals/search HTTP/2.0" 200 5261 "https://login.cafsindia.com/life_renewals" "Mozilla/5.0 (Windows NT 10.0; Win64; x64) AppleWebKit/537.36 (KHTML, like Gecko) Chrome/147.0.0.0 Safari/537.36"
103.238.228.178 - - [13/May/2026:18:36:18 +0530] "POST /life_renewals/call_log/6614 HTTP/2.0" 200 70465 "https://login.cafsindia.com/life_renewals" "Mozilla/5.0 (Windows NT 10.0; Win64; x64) AppleWebKit/537.36 (KHTML, like Gecko) Chrome/148.0.0.0 Safari/537.36"
103.238.228.178 - - [13/May/2026:18:36:19 +0530] "POST /health_renewals/search HTTP/2.0" 200 5147 "https://login.cafsindia.com/health_renewals" "Mozilla/5.0 (Windows NT 10.0; Win64; x64) AppleWebKit/537.36 (KHTML, like Gecko) Chrome/148.0.0.0 Safari/537.36"
106.222.220.59 - - [13/May/2026:18:36:20 +0530] "POST /login/corp_login/ HTTP/2.0" 200 59 "https://login.cafsindia.com/" "Mozilla/5.0 (Windows NT 10.0; Win64; x64) AppleWebKit/537.36 (KHTML, like Gecko) Chrome/148.0.0.0 Safari/537.36"
103.238.228.178 - - [13/May/2026:18:36:22 +0530] "POST /life_renewals/life_call_log_update/ HTTP/2.0" 200 7854 "https://login.cafsindia.com/life_renewals" "Mozilla/5.0 (Windows NT 10.0; Win64; x64) AppleWebKit/537.36 (KHTML, like Gecko) Chrome/148.0.0.0 Safari/537.36"
103.238.228.178 - - [13/May/2026:18:36:23 +0530] "POST /life_renewals/search HTTP/2.0" 200 586 "https://login.cafsindia.com/life_renewals" "Mozilla/5.0 (Windows NT 10.0; Win64; x64) AppleWebKit/537.36 (KHTML, like Gecko) Chrome/148.0.0.0 Safari/537.36"
103.238.228.178 - - [13/May/2026:18:36:24 +0530] "POST /life_renewals/renewal/1357 HTTP/2.0" 200 22516 "https://login.cafsindia.com/life_renewals" "Mozilla/5.0 (Windows NT 10.0; Win64; x64) AppleWebKit/537.36 (KHTML, like Gecko) Chrome/148.0.0.0 Safari/537.36"
106.222.102.187 - - [13/May/2026:18:36:24 +0530] "POST /life_renewals/call_log/1498 HTTP/2.0" 200 80765 "https://login.cafsindia.com/life_renewals" "Mozilla/5.0 (Windows NT 10.0; Win64; x64) AppleWebKit/537.36 (KHTML, like Gecko) Chrome/147.0.0.0 Safari/537.36"
103.238.228.178 - - [13/May/2026:18:36:26 +0530] "POST /life_renewals/update_due_date HTTP/2.0" 200 45 "https://login.cafsindia.com/life_renewals" "Mozilla/5.0 (Windows NT 10.0; Win64; x64) AppleWebKit/537.36 (KHTML, like Gecko) Chrome/148.0.0.0 Safari/537.36"
103.238.228.178 - - [13/May/2026:18:36:26 +0530] "POST /life_renewals/update_due_date HTTP/2.0" 200 45 "https://login.cafsindia.com/life_renewals" "Mozilla/5.0 (Windows NT 10.0; Win64; x64) AppleWebKit/537.36 (KHTML, like Gecko) Chrome/148.0.0.0 Safari/537.36"
103.238.228.178 - - [13/May/2026:18:36:29 +0530] "POST /health_renewals/search HTTP/2.0" 200 66 "https://login.cafsindia.com/health_renewals" "Mozilla/5.0 (Windows NT 10.0; Win64; x64) AppleWebKit/537.36 (KHTML, like Gecko) Chrome/148.0.0.0 Safari/537.36"
103.238.228.178 - - [13/May/2026:18:36:29 +0530] "POST /life_renewals/renewal_update/1357 HTTP/2.0" 200 3627 "https://login.cafsindia.com/life_renewals" "Mozilla/5.0 (Windows NT 10.0; Win64; x64) AppleWebKit/537.36 (KHTML, like Gecko) Chrome/148.0.0.0 Safari/537.36"
103.238.228.178 - - [13/May/2026:18:36:30 +0530] "POST /life_renewals/search HTTP/2.0" 200 586 "https://login.cafsindia.com/life_renewals" "Mozilla/5.0 (Windows NT 10.0; Win64; x64) AppleWebKit/537.36 (KHTML, like Gecko) Chrome/148.0.0.0 Safari/537.36"
103.238.228.178 - - [13/May/2026:18:36:32 +0530] "POST /health_renewals/search HTTP/2.0" 200 5153 "https://login.cafsindia.com/health_renewals" "Mozilla/5.0 (Windows NT 10.0; Win64; x64) AppleWebKit/537.36 (KHTML, like Gecko) Chrome/148.0.0.0 Safari/537.36"
103.238.228.178 - - [13/May/2026:18:36:32 +0530] "POST /health_renewals/search HTTP/2.0" 200 1579 "https://login.cafsindia.com/health_renewals" "Mozilla/5.0 (Windows NT 10.0; Win64; x64) AppleWebKit/537.36 (KHTML, like Gecko) Chrome/148.0.0.0 Safari/537.36"
106.222.220.59 - - [13/May/2026:18:36:35 +0530] "POST /login/corp_login/ HTTP/2.0" 200 59 "https://login.cafsindia.com/" "Mozilla/5.0 (Windows NT 10.0; Win64; x64) AppleWebKit/537.36 (KHTML, like Gecko) Chrome/148.0.0.0 Safari/537.36"
103.238.228.178 - - [13/May/2026:18:36:35 +0530] "POST /life_renewals/search HTTP/2.0" 200 576 "https://login.cafsindia.com/life_renewals" "Mozilla/5.0 (Windows NT 10.0; Win64; x64) AppleWebKit/537.36 (KHTML, like Gecko) Chrome/148.0.0.0 Safari/537.36"
103.238.228.178 - - [13/May/2026:18:36:36 +0530] "POST /health_renewals/search HTTP/2.0" 200 5093 "https://login.cafsindia.com/health_renewals" "Mozilla/5.0 (Windows NT 10.0; Win64; x64) AppleWebKit/537.36 (KHTML, like Gecko) Chrome/148.0.0.0 Safari/537.36"
103.238.228.178 - - [13/May/2026:18:36:38 +0530] "POST /life_renewals/call_log/1369 HTTP/2.0" 200 69503 "https://login.cafsindia.com/life_renewals" "Mozilla/5.0 (Windows NT 10.0; Win64; x64) AppleWebKit/537.36 (KHTML, like Gecko) Chrome/148.0.0.0 Safari/537.36"
106.222.102.187 - - [13/May/2026:18:36:40 +0530] "POST /life_renewals/life_call_log_update/ HTTP/2.0" 200 10295 "https://login.cafsindia.com/life_renewals" "Mozilla/5.0 (Windows NT 10.0; Win64; x64) AppleWebKit/537.36 (KHTML, like Gecko) Chrome/147.0.0.0 Safari/537.36"
106.222.102.187 - - [13/May/2026:18:36:41 +0530] "POST /life_renewals/search HTTP/2.0" 200 5255 "https://login.cafsindia.com/life_renewals" "Mozilla/5.0 (Windows NT 10.0; Win64; x64) AppleWebKit/537.36 (KHTML, like Gecko) Chrome/147.0.0.0 Safari/537.36"
103.238.228.178 - - [13/May/2026:18:36:41 +0530] "POST /health_renewals/search HTTP/2.0" 200 5085 "https://login.cafsindia.com/health_renewals" "Mozilla/5.0 (Windows NT 10.0; Win64; x64) AppleWebKit/537.36 (KHTML, like Gecko) Chrome/148.0.0.0 Safari/537.36"
103.238.228.178 - - [13/May/2026:18:36:43 +0530] "POST /health_renewals/search HTTP/2.0" 200 5085 "https://login.cafsindia.com/health_renewals" "Mozilla/5.0 (Windows NT 10.0; Win64; x64) AppleWebKit/537.36 (KHTML, like Gecko) Chrome/148.0.0.0 Safari/537.36"
103.238.228.178 - - [13/May/2026:18:36:44 +0530] "POST /health_renewals/search HTTP/2.0" 200 571 "https://login.cafsindia.com/health_renewals" "Mozilla/5.0 (Windows NT 10.0; Win64; x64) AppleWebKit/537.36 (KHTML, like Gecko) Chrome/148.0.0.0 Safari/537.36"
103.238.228.178 - - [13/May/2026:18:36:44 +0530] "POST /health_renewals/search HTTP/2.0" 200 571 "https://login.cafsindia.com/health_renewals" "Mozilla/5.0 (Windows NT 10.0; Win64; x64) AppleWebKit/537.36 (KHTML, like Gecko) Chrome/148.0.0.0 Safari/537.36"
103.238.228.178 - - [13/May/2026:18:36:44 +0530] "POST /life_renewals/life_call_log_update/ HTTP/2.0" 200 7793 "https://login.cafsindia.com/life_renewals" "Mozilla/5.0 (Windows NT 10.0; Win64; x64) AppleWebKit/537.36 (KHTML, like Gecko) Chrome/148.0.0.0 Safari/537.36"
103.238.228.178 - - [13/May/2026:18:36:45 +0530] "POST /health_renewals/search HTTP/2.0" 200 571 "https://login.cafsindia.com/health_renewals" "Mozilla/5.0 (Windows NT 10.0; Win64; x64) AppleWebKit/537.36 (KHTML, like Gecko) Chrome/148.0.0.0 Safari/537.36"
103.238.228.178 - - [13/May/2026:18:36:45 +0530] "POST /life_renewals/search HTTP/2.0" 200 576 "https://login.cafsindia.com/life_renewals" "Mozilla/5.0 (Windows NT 10.0; Win64; x64) AppleWebKit/537.36 (KHTML, like Gecko) Chrome/148.0.0.0 Safari/537.36"
103.238.228.178 - - [13/May/2026:18:36:46 +0530] "POST /life_renewals/renewal/1369 HTTP/2.0" 200 22363 "https://login.cafsindia.com/life_renewals" "Mozilla/5.0 (Windows NT 10.0; Win64; x64) AppleWebKit/537.36 (KHTML, like Gecko) Chrome/148.0.0.0 Safari/537.36"
106.222.220.59 - - [13/May/2026:18:36:47 +0530] "POST /login/corp_login/ HTTP/2.0" 200 59 "https://login.cafsindia.com/" "Mozilla/5.0 (Windows NT 10.0; Win64; x64) AppleWebKit/537.36 (KHTML, like Gecko) Chrome/148.0.0.0 Safari/537.36"
103.238.228.178 - - [13/May/2026:18:36:48 +0530] "POST /life_renewals/update_due_date HTTP/2.0" 200 45 "https://login.cafsindia.com/life_renewals" "Mozilla/5.0 (Windows NT 10.0; Win64; x64) AppleWebKit/537.36 (KHTML, like Gecko) Chrome/148.0.0.0 Safari/537.36"
103.238.228.178 - - [13/May/2026:18:36:48 +0530] "POST /life_renewals/update_due_date HTTP/2.0" 200 45 "https://login.cafsindia.com/life_renewals" "Mozilla/5.0 (Windows NT 10.0; Win64; x64) AppleWebKit/537.36 (KHTML, like Gecko) Chrome/148.0.0.0 Safari/537.36"
103.238.228.178 - - [13/May/2026:18:36:53 +0530] "POST /life_renewals/renewal_update/1369 HTTP/2.0" 200 3611 "https://login.cafsindia.com/life_renewals" "Mozilla/5.0 (Windows NT 10.0; Win64; x64) AppleWebKit/537.36 (KHTML, like Gecko) Chrome/148.0.0.0 Safari/537.36"
103.238.228.178 - - [13/May/2026:18:36:53 +0530] "POST /life_renewals/search HTTP/2.0" 200 576 "https://login.cafsindia.com/life_renewals" "Mozilla/5.0 (Windows NT 10.0; Win64; x64) AppleWebKit/537.36 (KHTML, like Gecko) Chrome/148.0.0.0 Safari/537.36"
103.238.228.178 - - [13/May/2026:18:36:53 +0530] "POST /health_renewals/search HTTP/2.0" 200 5085 "https://login.cafsindia.com/health_renewals" "Mozilla/5.0 (Windows NT 10.0; Win64; x64) AppleWebKit/537.36 (KHTML, like Gecko) Chrome/148.0.0.0 Safari/537.36"
103.238.228.178 - - [13/May/2026:18:36:57 +0530] "POST /health_renewals/search HTTP/2.0" 200 5085 "https://login.cafsindia.com/health_renewals" "Mozilla/5.0 (Windows NT 10.0; Win64; x64) AppleWebKit/537.36 (KHTML, like Gecko) Chrome/148.0.0.0 Safari/537.36"
103.238.228.178 - - [13/May/2026:18:37:01 +0530] "POST /life_renewals/search HTTP/2.0" 200 589 "https://login.cafsindia.com/life_renewals" "Mozilla/5.0 (Windows NT 10.0; Win64; x64) AppleWebKit/537.36 (KHTML, like Gecko) Chrome/148.0.0.0 Safari/537.36"
106.222.220.59 - - [13/May/2026:18:37:05 +0530] "POST /login/corp_login/ HTTP/2.0" 200 59 "https://login.cafsindia.com/" "Mozilla/5.0 (Windows NT 10.0; Win64; x64) AppleWebKit/537.36 (KHTML, like Gecko) Chrome/148.0.0.0 Safari/537.36"
103.238.228.178 - - [13/May/2026:18:37:08 +0530] "POST /health_renewals/call_log/4038 HTTP/2.0" 200 46372 "https://login.cafsindia.com/health_renewals" "Mozilla/5.0 (Windows NT 10.0; Win64; x64) AppleWebKit/537.36 (KHTML, like Gecko) Chrome/148.0.0.0 Safari/537.36"
103.238.228.178 - - [13/May/2026:18:37:11 +0530] "POST /life_renewals/call_log/1405 HTTP/2.0" 200 69411 "https://login.cafsindia.com/life_renewals" "Mozilla/5.0 (Windows NT 10.0; Win64; x64) AppleWebKit/537.36 (KHTML, like Gecko) Chrome/148.0.0.0 Safari/537.36"
106.222.220.59 - - [13/May/2026:18:37:15 +0530] "POST /login/corp_login/ HTTP/2.0" 200 65 "https://login.cafsindia.com/" "Mozilla/5.0 (Windows NT 10.0; Win64; x64) AppleWebKit/537.36 (KHTML, like Gecko) Chrome/148.0.0.0 Safari/537.36"
106.222.220.59 - - [13/May/2026:18:37:15 +0530] "GET / HTTP/2.0" 302 - "https://login.cafsindia.com/" "Mozilla/5.0 (Windows NT 10.0; Win64; x64) AppleWebKit/537.36 (KHTML, like Gecko) Chrome/148.0.0.0 Safari/537.36"
106.222.220.59 - - [13/May/2026:18:37:16 +0530] "GET /home HTTP/2.0" 200 11150 "https://login.cafsindia.com/" "Mozilla/5.0 (Windows NT 10.0; Win64; x64) AppleWebKit/537.36 (KHTML, like Gecko) Chrome/148.0.0.0 Safari/537.36"
106.222.220.59 - - [13/May/2026:18:37:16 +0530] "GET /dist/cafs.css?rel=20260513 HTTP/2.0" 200 33565 "https://login.cafsindia.com/home" "Mozilla/5.0 (Windows NT 10.0; Win64; x64) AppleWebKit/537.36 (KHTML, like Gecko) Chrome/148.0.0.0 Safari/537.36"
106.222.220.59 - - [13/May/2026:18:37:16 +0530] "GET /dist/validate.js?rel=20260513 HTTP/2.0" 200 1455 "https://login.cafsindia.com/home" "Mozilla/5.0 (Windows NT 10.0; Win64; x64) AppleWebKit/537.36 (KHTML, like Gecko) Chrome/148.0.0.0 Safari/537.36"
103.238.228.178 - - [13/May/2026:18:37:19 +0530] "POST /health_renewals/search HTTP/2.0" 200 5101 "https://login.cafsindia.com/health_renewals" "Mozilla/5.0 (Windows NT 10.0; Win64; x64) AppleWebKit/537.36 (KHTML, like Gecko) Chrome/148.0.0.0 Safari/537.36"
103.238.228.178 - - [13/May/2026:18:37:19 +0530] "POST /life_renewals/life_call_log_update/ HTTP/2.0" 200 7620 "https://login.cafsindia.com/life_renewals" "Mozilla/5.0 (Windows NT 10.0; Win64; x64) AppleWebKit/537.36 (KHTML, like Gecko) Chrome/148.0.0.0 Safari/537.36"
103.238.228.178 - - [13/May/2026:18:37:20 +0530] "POST /life_renewals/search HTTP/2.0" 200 589 "https://login.cafsindia.com/life_renewals" "Mozilla/5.0 (Windows NT 10.0; Win64; x64) AppleWebKit/537.36 (KHTML, like Gecko) Chrome/148.0.0.0 Safari/537.36"
103.238.228.178 - - [13/May/2026:18:37:21 +0530] "POST /health_renewals/search HTTP/2.0" 200 5114 "https://login.cafsindia.com/health_renewals" "Mozilla/5.0 (Windows NT 10.0; Win64; x64) AppleWebKit/537.36 (KHTML, like Gecko) Chrome/148.0.0.0 Safari/537.36"
103.238.228.178 - - [13/May/2026:18:37:21 +0530] "POST /health_renewals/sub_disposition_list HTTP/2.0" 200 1458 "https://login.cafsindia.com/health_renewals" "Mozilla/5.0 (Windows NT 10.0; Win64; x64) AppleWebKit/537.36 (KHTML, like Gecko) Chrome/148.0.0.0 Safari/537.36"
103.238.228.178 - - [13/May/2026:18:37:21 +0530] "POST /life_renewals/renewal/1405 HTTP/2.0" 200 22385 "https://login.cafsindia.com/life_renewals" "Mozilla/5.0 (Windows NT 10.0; Win64; x64) AppleWebKit/537.36 (KHTML, like Gecko) Chrome/148.0.0.0 Safari/537.36"
103.238.228.178 - - [13/May/2026:18:37:22 +0530] "POST /health_renewals/search HTTP/2.0" 200 5101 "https://login.cafsindia.com/health_renewals" "Mozilla/5.0 (Windows NT 10.0; Win64; x64) AppleWebKit/537.36 (KHTML, like Gecko) Chrome/148.0.0.0 Safari/537.36"
103.238.228.178 - - [13/May/2026:18:37:23 +0530] "POST /life_renewals/update_due_date HTTP/2.0" 200 45 "https://login.cafsindia.com/life_renewals" "Mozilla/5.0 (Windows NT 10.0; Win64; x64) AppleWebKit/537.36 (KHTML, like Gecko) Chrome/148.0.0.0 Safari/537.36"
103.238.228.178 - - [13/May/2026:18:37:23 +0530] "POST /life_renewals/update_due_date HTTP/2.0" 200 45 "https://login.cafsindia.com/life_renewals" "Mozilla/5.0 (Windows NT 10.0; Win64; x64) AppleWebKit/537.36 (KHTML, like Gecko) Chrome/148.0.0.0 Safari/537.36"
103.238.228.178 - - [13/May/2026:18:37:30 +0530] "POST /health_renewals/call_log/4235 HTTP/2.0" 200 46982 "https://login.cafsindia.com/health_renewals" "Mozilla/5.0 (Windows NT 10.0; Win64; x64) AppleWebKit/537.36 (KHTML, like Gecko) Chrome/148.0.0.0 Safari/537.36"
103.238.228.178 - - [13/May/2026:18:37:31 +0530] "POST /life_renewals/renewal_update/1405 HTTP/2.0" 200 3621 "https://login.cafsindia.com/life_renewals" "Mozilla/5.0 (Windows NT 10.0; Win64; x64) AppleWebKit/537.36 (KHTML, like Gecko) Chrome/148.0.0.0 Safari/537.36"
103.238.228.178 - - [13/May/2026:18:37:32 +0530] "POST /life_renewals/search HTTP/2.0" 200 589 "https://login.cafsindia.com/life_renewals" "Mozilla/5.0 (Windows NT 10.0; Win64; x64) AppleWebKit/537.36 (KHTML, like Gecko) Chrome/148.0.0.0 Safari/537.36"
103.238.228.178 - - [13/May/2026:18:37:32 +0530] "POST /health_renewals/health_call_log_update/ HTTP/2.0" 200 31976 "https://login.cafsindia.com/health_renewals" "Mozilla/5.0 (Windows NT 10.0; Win64; x64) AppleWebKit/537.36 (KHTML, like Gecko) Chrome/148.0.0.0 Safari/537.36"
103.238.228.178 - - [13/May/2026:18:37:34 +0530] "POST /health_renewals/search HTTP/2.0" 200 592 "https://login.cafsindia.com/health_renewals" "Mozilla/5.0 (Windows NT 10.0; Win64; x64) AppleWebKit/537.36 (KHTML, like Gecko) Chrome/148.0.0.0 Safari/537.36"
103.238.228.178 - - [13/May/2026:18:37:38 +0530] "POST /life_renewals/life_call_log_update/ HTTP/2.0" 200 9132 "https://login.cafsindia.com/life_renewals" "Mozilla/5.0 (Windows NT 10.0; Win64; x64) AppleWebKit/537.36 (KHTML, like Gecko) Chrome/148.0.0.0 Safari/537.36"
103.238.228.178 - - [13/May/2026:18:37:39 +0530] "POST /life_renewals/search HTTP/2.0" 200 582 "https://login.cafsindia.com/life_renewals" "Mozilla/5.0 (Windows NT 10.0; Win64; x64) AppleWebKit/537.36 (KHTML, like Gecko) Chrome/148.0.0.0 Safari/537.36"
103.238.228.178 - - [13/May/2026:18:37:39 +0530] "POST /life_renewals/search HTTP/2.0" 200 12968 "https://login.cafsindia.com/life_renewals" "Mozilla/5.0 (Windows NT 10.0; Win64; x64) AppleWebKit/537.36 (KHTML, like Gecko) Chrome/148.0.0.0 Safari/537.36"
103.238.228.178 - - [13/May/2026:18:37:41 +0530] "POST /life_renewals/search HTTP/2.0" 200 13115 "https://login.cafsindia.com/life_renewals" "Mozilla/5.0 (Windows NT 10.0; Win64; x64) AppleWebKit/537.36 (KHTML, like Gecko) Chrome/148.0.0.0 Safari/537.36"
103.238.228.178 - - [13/May/2026:18:37:44 +0530] "POST /life_renewals/call_log/1642 HTTP/2.0" 200 86574 "https://login.cafsindia.com/life_renewals" "Mozilla/5.0 (Windows NT 10.0; Win64; x64) AppleWebKit/537.36 (KHTML, like Gecko) Chrome/148.0.0.0 Safari/537.36"
106.222.220.59 - - [13/May/2026:18:37:38 +0530] "GET /health HTTP/2.0" 200 1348132 "https://login.cafsindia.com/home" "Mozilla/5.0 (Windows NT 10.0; Win64; x64) AppleWebKit/537.36 (KHTML, like Gecko) Chrome/148.0.0.0 Safari/537.36"
106.222.220.59 - - [13/May/2026:18:37:45 +0530] "POST /health/search HTTP/2.0" 200 4541 "https://login.cafsindia.com/health" "Mozilla/5.0 (Windows NT 10.0; Win64; x64) AppleWebKit/537.36 (KHTML, like Gecko) Chrome/148.0.0.0 Safari/537.36"
106.222.102.187 - - [13/May/2026:18:37:46 +0530] "POST /life_renewals/life_call_log_update/ HTTP/2.0" 200 22577 "https://login.cafsindia.com/life_renewals" "Mozilla/5.0 (Windows NT 10.0; Win64; x64) AppleWebKit/537.36 (KHTML, like Gecko) Chrome/147.0.0.0 Safari/537.36"
106.222.102.187 - - [13/May/2026:18:37:46 +0530] "POST /life_renewals/call_log/103 HTTP/2.0" 200 88452 "https://login.cafsindia.com/life_renewals" "Mozilla/5.0 (Windows NT 10.0; Win64; x64) AppleWebKit/537.36 (KHTML, like Gecko) Chrome/147.0.0.0 Safari/537.36"
106.222.102.187 - - [13/May/2026:18:37:47 +0530] "POST /life_renewals/search HTTP/2.0" 200 5235 "https://login.cafsindia.com/life_renewals" "Mozilla/5.0 (Windows NT 10.0; Win64; x64) AppleWebKit/537.36 (KHTML, like Gecko) Chrome/147.0.0.0 Safari/537.36"
103.238.228.178 - - [13/May/2026:18:37:48 +0530] "POST /life_renewals/call_log/3885 HTTP/2.0" 200 67588 "https://login.cafsindia.com/life_renewals" "Mozilla/5.0 (Windows NT 10.0; Win64; x64) AppleWebKit/537.36 (KHTML, like Gecko) Chrome/148.0.0.0 Safari/537.36"
103.238.228.178 - - [13/May/2026:18:37:51 +0530] "POST /life_renewals/life_call_log_update/ HTTP/2.0" 200 30575 "https://login.cafsindia.com/life_renewals" "Mozilla/5.0 (Windows NT 10.0; Win64; x64) AppleWebKit/537.36 (KHTML, like Gecko) Chrome/148.0.0.0 Safari/537.36"
103.238.228.178 - - [13/May/2026:18:37:51 +0530] "POST /life_renewals/search HTTP/2.0" 200 582 "https://login.cafsindia.com/life_renewals" "Mozilla/5.0 (Windows NT 10.0; Win64; x64) AppleWebKit/537.36 (KHTML, like Gecko) Chrome/148.0.0.0 Safari/537.36"
103.238.228.178 - - [13/May/2026:18:37:52 +0530] "POST /life_renewals/renewal/1642 HTTP/2.0" 200 34236 "https://login.cafsindia.com/life_renewals" "Mozilla/5.0 (Windows NT 10.0; Win64; x64) AppleWebKit/537.36 (KHTML, like Gecko) Chrome/148.0.0.0 Safari/537.36"
103.238.228.178 - - [13/May/2026:18:37:54 +0530] "POST /life_renewals/update_due_date HTTP/2.0" 200 45 "https://login.cafsindia.com/life_renewals" "Mozilla/5.0 (Windows NT 10.0; Win64; x64) AppleWebKit/537.36 (KHTML, like Gecko) Chrome/148.0.0.0 Safari/537.36"
103.238.228.178 - - [13/May/2026:18:37:54 +0530] "POST /life_renewals/update_due_date HTTP/2.0" 200 45 "https://login.cafsindia.com/life_renewals" "Mozilla/5.0 (Windows NT 10.0; Win64; x64) AppleWebKit/537.36 (KHTML, like Gecko) Chrome/148.0.0.0 Safari/537.36"
103.238.228.178 - - [13/May/2026:18:37:55 +0530] "POST /life_renewals/life_call_log_edit HTTP/2.0" 200 651 "https://login.cafsindia.com/life_renewals" "Mozilla/5.0 (Windows NT 10.0; Win64; x64) AppleWebKit/537.36 (KHTML, like Gecko) Chrome/148.0.0.0 Safari/537.36"
106.222.220.59 - - [13/May/2026:18:37:55 +0530] "POST /health/search HTTP/2.0" 200 504 "https://login.cafsindia.com/health" "Mozilla/5.0 (Windows NT 10.0; Win64; x64) AppleWebKit/537.36 (KHTML, like Gecko) Chrome/148.0.0.0 Safari/537.36"
103.238.228.178 - - [13/May/2026:18:37:58 +0530] "POST /life_renewals/life_call_log_update/ HTTP/2.0" 200 4978 "https://login.cafsindia.com/life_renewals" "Mozilla/5.0 (Windows NT 10.0; Win64; x64) AppleWebKit/537.36 (KHTML, like Gecko) Chrome/148.0.0.0 Safari/537.36"
103.238.228.178 - - [13/May/2026:18:37:59 +0530] "POST /life_renewals/search HTTP/2.0" 200 12968 "https://login.cafsindia.com/life_renewals" "Mozilla/5.0 (Windows NT 10.0; Win64; x64) AppleWebKit/537.36 (KHTML, like Gecko) Chrome/148.0.0.0 Safari/537.36"
106.222.102.187 - - [13/May/2026:18:38:00 +0530] "POST /life_renewals/life_call_log_update/ HTTP/2.0" 200 33206 "https://login.cafsindia.com/life_renewals" "Mozilla/5.0 (Windows NT 10.0; Win64; x64) AppleWebKit/537.36 (KHTML, like Gecko) Chrome/147.0.0.0 Safari/537.36"
106.222.102.187 - - [13/May/2026:18:38:01 +0530] "POST /life_renewals/search HTTP/2.0" 200 5237 "https://login.cafsindia.com/life_renewals" "Mozilla/5.0 (Windows NT 10.0; Win64; x64) AppleWebKit/537.36 (KHTML, like Gecko) Chrome/147.0.0.0 Safari/537.36"
106.222.220.59 - - [13/May/2026:18:38:07 +0530] "POST /health/view/ HTTP/2.0" 200 409914 "https://login.cafsindia.com/health" "Mozilla/5.0 (Windows NT 10.0; Win64; x64) AppleWebKit/537.36 (KHTML, like Gecko) Chrome/148.0.0.0 Safari/537.36"
103.238.228.178 - - [13/May/2026:18:38:12 +0530] "POST /health_renewals/sub_disposition_list HTTP/2.0" 200 5681 "https://login.cafsindia.com/health_renewals" "Mozilla/5.0 (Windows NT 10.0; Win64; x64) AppleWebKit/537.36 (KHTML, like Gecko) Chrome/148.0.0.0 Safari/537.36"
103.238.228.178 - - [13/May/2026:18:38:16 +0530] "POST /life_renewals/search HTTP/2.0" 200 13117 "https://login.cafsindia.com/life_renewals" "Mozilla/5.0 (Windows NT 10.0; Win64; x64) AppleWebKit/537.36 (KHTML, like Gecko) Chrome/148.0.0.0 Safari/537.36"
106.222.102.187 - - [13/May/2026:18:38:16 +0530] "POST /life_renewals/call_log/103 HTTP/2.0" 200 88620 "https://login.cafsindia.com/life_renewals" "Mozilla/5.0 (Windows NT 10.0; Win64; x64) AppleWebKit/537.36 (KHTML, like Gecko) Chrome/147.0.0.0 Safari/537.36"
103.238.228.178 - - [13/May/2026:18:38:20 +0530] "POST /life_renewals/call_log/3933 HTTP/2.0" 200 69944 "https://login.cafsindia.com/life_renewals" "Mozilla/5.0 (Windows NT 10.0; Win64; x64) AppleWebKit/537.36 (KHTML, like Gecko) Chrome/148.0.0.0 Safari/537.36"
106.222.102.187 - - [13/May/2026:18:38:20 +0530] "POST /life_renewals/call_log/3605 HTTP/2.0" 200 92677 "https://login.cafsindia.com/life_renewals" "Mozilla/5.0 (Windows NT 10.0; Win64; x64) AppleWebKit/537.36 (KHTML, like Gecko) Chrome/147.0.0.0 Safari/537.36"
103.238.228.178 - - [13/May/2026:18:38:26 +0530] "POST /health_renewals/health_call_log_update/ HTTP/2.0" 200 7632 "https://login.cafsindia.com/health_renewals" "Mozilla/5.0 (Windows NT 10.0; Win64; x64) AppleWebKit/537.36 (KHTML, like Gecko) Chrome/148.0.0.0 Safari/537.36"
103.238.228.178 - - [13/May/2026:18:38:27 +0530] "POST /health_renewals/search HTTP/2.0" 200 5099 "https://login.cafsindia.com/health_renewals" "Mozilla/5.0 (Windows NT 10.0; Win64; x64) AppleWebKit/537.36 (KHTML, like Gecko) Chrome/148.0.0.0 Safari/537.36"
103.238.228.178 - - [13/May/2026:18:38:30 +0530] "POST /health_renewals/call_log/3735 HTTP/2.0" 200 46789 "https://login.cafsindia.com/health_renewals" "Mozilla/5.0 (Windows NT 10.0; Win64; x64) AppleWebKit/537.36 (KHTML, like Gecko) Chrome/148.0.0.0 Safari/537.36"
106.222.102.187 - - [13/May/2026:18:38:38 +0530] "POST /life_renewals/life_call_log_update/ HTTP/2.0" 200 38754 "https://login.cafsindia.com/life_renewals" "Mozilla/5.0 (Windows NT 10.0; Win64; x64) AppleWebKit/537.36 (KHTML, like Gecko) Chrome/147.0.0.0 Safari/537.36"
106.222.102.187 - - [13/May/2026:18:38:39 +0530] "POST /life_renewals/search HTTP/2.0" 200 5242 "https://login.cafsindia.com/life_renewals" "Mozilla/5.0 (Windows NT 10.0; Win64; x64) AppleWebKit/537.36 (KHTML, like Gecko) Chrome/147.0.0.0 Safari/537.36"
106.222.102.187 - - [13/May/2026:18:38:41 +0530] "POST /life_renewals/call_log/3670 HTTP/2.0" 200 110799 "https://login.cafsindia.com/life_renewals" "Mozilla/5.0 (Windows NT 10.0; Win64; x64) AppleWebKit/537.36 (KHTML, like Gecko) Chrome/147.0.0.0 Safari/537.36"
106.222.102.187 - - [13/May/2026:18:38:48 +0530] "POST /life_renewals/call_log/878 HTTP/2.0" 200 70018 "https://login.cafsindia.com/life_renewals" "Mozilla/5.0 (Windows NT 10.0; Win64; x64) AppleWebKit/537.36 (KHTML, like Gecko) Chrome/147.0.0.0 Safari/537.36"
103.238.228.178 - - [13/May/2026:18:38:56 +0530] "POST /health_renewals/call_log/4123 HTTP/2.0" 200 44176 "https://login.cafsindia.com/health_renewals" "Mozilla/5.0 (Windows NT 10.0; Win64; x64) AppleWebKit/537.36 (KHTML, like Gecko) Chrome/148.0.0.0 Safari/537.36"
103.238.228.178 - - [13/May/2026:18:39:09 +0530] "POST /life_renewals/renewal_update/1642 HTTP/2.0" 200 19278 "https://login.cafsindia.com/life_renewals" "Mozilla/5.0 (Windows NT 10.0; Win64; x64) AppleWebKit/537.36 (KHTML, like Gecko) Chrome/148.0.0.0 Safari/537.36"
103.238.228.178 - - [13/May/2026:18:39:09 +0530] "POST /life_renewals/search HTTP/2.0" 200 582 "https://login.cafsindia.com/life_renewals" "Mozilla/5.0 (Windows NT 10.0; Win64; x64) AppleWebKit/537.36 (KHTML, like Gecko) Chrome/148.0.0.0 Safari/537.36"
103.238.228.178 - - [13/May/2026:18:39:12 +0530] "POST /life_renewals/life_call_log_update/ HTTP/2.0" 200 8353 "https://login.cafsindia.com/life_renewals" "Mozilla/5.0 (Windows NT 10.0; Win64; x64) AppleWebKit/537.36 (KHTML, like Gecko) Chrome/148.0.0.0 Safari/537.36"
103.238.228.178 - - [13/May/2026:18:39:13 +0530] "POST /life_renewals/search HTTP/2.0" 200 12968 "https://login.cafsindia.com/life_renewals" "Mozilla/5.0 (Windows NT 10.0; Win64; x64) AppleWebKit/537.36 (KHTML, like Gecko) Chrome/148.0.0.0 Safari/537.36"
103.238.228.178 - - [13/May/2026:18:39:18 +0530] "POST /life_renewals/search HTTP/2.0" 200 584 "https://login.cafsindia.com/life_renewals" "Mozilla/5.0 (Windows NT 10.0; Win64; x64) AppleWebKit/537.36 (KHTML, like Gecko) Chrome/148.0.0.0 Safari/537.36"
103.238.228.178 - - [13/May/2026:18:39:25 +0530] "POST /life_renewals/search HTTP/2.0" 200 2118 "https://login.cafsindia.com/life_renewals" "Mozilla/5.0 (Windows NT 10.0; Win64; x64) AppleWebKit/537.36 (KHTML, like Gecko) Chrome/148.0.0.0 Safari/537.36"
103.238.228.178 - - [13/May/2026:18:39:27 +0530] "POST /health_renewals/sub_disposition_list HTTP/2.0" 200 5681 "https://login.cafsindia.com/health_renewals" "Mozilla/5.0 (Windows NT 10.0; Win64; x64) AppleWebKit/537.36 (KHTML, like Gecko) Chrome/148.0.0.0 Safari/537.36"
103.238.228.178 - - [13/May/2026:18:39:29 +0530] "POST /life_renewals/search HTTP/2.0" 200 5334 "https://login.cafsindia.com/life_renewals" "Mozilla/5.0 (Windows NT 10.0; Win64; x64) AppleWebKit/537.36 (KHTML, like Gecko) Chrome/148.0.0.0 Safari/537.36"
103.238.228.178 - - [13/May/2026:18:39:32 +0530] "POST /life_renewals/call_log/6069 HTTP/2.0" 200 69911 "https://login.cafsindia.com/life_renewals" "Mozilla/5.0 (Windows NT 10.0; Win64; x64) AppleWebKit/537.36 (KHTML, like Gecko) Chrome/148.0.0.0 Safari/537.36"
103.238.228.178 - - [13/May/2026:18:39:38 +0530] "POST /life_renewals/call_log/2809 HTTP/2.0" 200 88507 "https://login.cafsindia.com/life_renewals" "Mozilla/5.0 (Windows NT 10.0; Win64; x64) AppleWebKit/537.36 (KHTML, like Gecko) Chrome/148.0.0.0 Safari/537.36"
106.222.102.187 - - [13/May/2026:18:39:42 +0530] "POST /life_renewals/life_call_log_update/ HTTP/2.0" 200 8503 "https://login.cafsindia.com/life_renewals" "Mozilla/5.0 (Windows NT 10.0; Win64; x64) AppleWebKit/537.36 (KHTML, like Gecko) Chrome/147.0.0.0 Safari/537.36"
106.222.102.187 - - [13/May/2026:18:39:42 +0530] "POST /life_renewals/search HTTP/2.0" 200 5242 "https://login.cafsindia.com/life_renewals" "Mozilla/5.0 (Windows NT 10.0; Win64; x64) AppleWebKit/537.36 (KHTML, like Gecko) Chrome/147.0.0.0 Safari/537.36"
103.238.228.178 - - [13/May/2026:18:39:42 +0530] "POST /health_renewals/health_call_log_update/ HTTP/2.0" 200 7353 "https://login.cafsindia.com/health_renewals" "Mozilla/5.0 (Windows NT 10.0; Win64; x64) AppleWebKit/537.36 (KHTML, like Gecko) Chrome/148.0.0.0 Safari/537.36"
103.238.228.178 - - [13/May/2026:18:39:43 +0530] "POST /health_renewals/search HTTP/2.0" 200 5100 "https://login.cafsindia.com/health_renewals" "Mozilla/5.0 (Windows NT 10.0; Win64; x64) AppleWebKit/537.36 (KHTML, like Gecko) Chrome/148.0.0.0 Safari/537.36"
103.238.228.178 - - [13/May/2026:18:39:45 +0530] "POST /health_renewals/call_log/3736 HTTP/2.0" 200 47687 "https://login.cafsindia.com/health_renewals" "Mozilla/5.0 (Windows NT 10.0; Win64; x64) AppleWebKit/537.36 (KHTML, like Gecko) Chrome/148.0.0.0 Safari/537.36"
103.238.228.178 - - [13/May/2026:18:39:46 +0530] "POST /life_renewals/life_call_log_update/ HTTP/2.0" 200 33162 "https://login.cafsindia.com/life_renewals" "Mozilla/5.0 (Windows NT 10.0; Win64; x64) AppleWebKit/537.36 (KHTML, like Gecko) Chrome/148.0.0.0 Safari/537.36"
103.238.228.178 - - [13/May/2026:18:39:46 +0530] "POST /life_renewals/search HTTP/2.0" 200 584 "https://login.cafsindia.com/life_renewals" "Mozilla/5.0 (Windows NT 10.0; Win64; x64) AppleWebKit/537.36 (KHTML, like Gecko) Chrome/148.0.0.0 Safari/537.36"
103.238.228.178 - - [13/May/2026:18:39:47 +0530] "POST /life_renewals/renewal/2809 HTTP/2.0" 200 36571 "https://login.cafsindia.com/life_renewals" "Mozilla/5.0 (Windows NT 10.0; Win64; x64) AppleWebKit/537.36 (KHTML, like Gecko) Chrome/148.0.0.0 Safari/537.36"
103.238.228.178 - - [13/May/2026:18:39:49 +0530] "POST /life_renewals/update_due_date HTTP/2.0" 200 45 "https://login.cafsindia.com/life_renewals" "Mozilla/5.0 (Windows NT 10.0; Win64; x64) AppleWebKit/537.36 (KHTML, like Gecko) Chrome/148.0.0.0 Safari/537.36"
103.238.228.178 - - [13/May/2026:18:39:49 +0530] "POST /life_renewals/update_due_date HTTP/2.0" 200 45 "https://login.cafsindia.com/life_renewals" "Mozilla/5.0 (Windows NT 10.0; Win64; x64) AppleWebKit/537.36 (KHTML, like Gecko) Chrome/148.0.0.0 Safari/537.36"
106.222.102.187 - - [13/May/2026:18:39:53 +0530] "POST /life_renewals/call_log/3808 HTTP/2.0" 200 68922 "https://login.cafsindia.com/life_renewals" "Mozilla/5.0 (Windows NT 10.0; Win64; x64) AppleWebKit/537.36 (KHTML, like Gecko) Chrome/147.0.0.0 Safari/537.36"
103.238.228.178 - - [13/May/2026:18:39:54 +0530] "POST /life_renewals/renewal_update/2809 HTTP/2.0" 200 22389 "https://login.cafsindia.com/life_renewals" "Mozilla/5.0 (Windows NT 10.0; Win64; x64) AppleWebKit/537.36 (KHTML, like Gecko) Chrome/148.0.0.0 Safari/537.36"
103.238.228.178 - - [13/May/2026:18:39:55 +0530] "POST /life_renewals/search HTTP/2.0" 200 584 "https://login.cafsindia.com/life_renewals" "Mozilla/5.0 (Windows NT 10.0; Win64; x64) AppleWebKit/537.36 (KHTML, like Gecko) Chrome/148.0.0.0 Safari/537.36"
103.238.228.178 - - [13/May/2026:18:40:02 +0530] "POST /life_renewals/renewal/2809 HTTP/2.0" 200 36917 "https://login.cafsindia.com/life_renewals" "Mozilla/5.0 (Windows NT 10.0; Win64; x64) AppleWebKit/537.36 (KHTML, like Gecko) Chrome/148.0.0.0 Safari/537.36"
103.238.228.178 - - [13/May/2026:18:40:06 +0530] "POST /life_renewals/update_due_date HTTP/2.0" 200 45 "https://login.cafsindia.com/life_renewals" "Mozilla/5.0 (Windows NT 10.0; Win64; x64) AppleWebKit/537.36 (KHTML, like Gecko) Chrome/148.0.0.0 Safari/537.36"
103.238.228.178 - - [13/May/2026:18:40:06 +0530] "POST /life_renewals/update_due_date HTTP/2.0" 200 45 "https://login.cafsindia.com/life_renewals" "Mozilla/5.0 (Windows NT 10.0; Win64; x64) AppleWebKit/537.36 (KHTML, like Gecko) Chrome/148.0.0.0 Safari/537.36"
103.238.228.178 - - [13/May/2026:18:40:10 +0530] "POST /health_renewals/call_log/9959 HTTP/2.0" 200 46251 "https://login.cafsindia.com/health_renewals" "Mozilla/5.0 (Windows NT 10.0; Win64; x64) AppleWebKit/537.36 (KHTML, like Gecko) Chrome/148.0.0.0 Safari/537.36"
103.238.228.178 - - [13/May/2026:18:40:14 +0530] "POST /life_renewals/life_call_log_update/ HTTP/2.0" 200 8271 "https://login.cafsindia.com/life_renewals" "Mozilla/5.0 (Windows NT 10.0; Win64; x64) AppleWebKit/537.36 (KHTML, like Gecko) Chrome/148.0.0.0 Safari/537.36"
103.238.228.178 - - [13/May/2026:18:40:15 +0530] "POST /life_renewals/search HTTP/2.0" 200 5334 "https://login.cafsindia.com/life_renewals" "Mozilla/5.0 (Windows NT 10.0; Win64; x64) AppleWebKit/537.36 (KHTML, like Gecko) Chrome/148.0.0.0 Safari/537.36"
103.238.228.178 - - [13/May/2026:18:40:17 +0530] "POST /life_renewals/search HTTP/2.0" 200 577 "https://login.cafsindia.com/life_renewals" "Mozilla/5.0 (Windows NT 10.0; Win64; x64) AppleWebKit/537.36 (KHTML, like Gecko) Chrome/148.0.0.0 Safari/537.36"
103.238.228.178 - - [13/May/2026:18:40:17 +0530] "POST /health_renewals/health_call_log_edit HTTP/2.0" 200 661 "https://login.cafsindia.com/health_renewals" "Mozilla/5.0 (Windows NT 10.0; Win64; x64) AppleWebKit/537.36 (KHTML, like Gecko) Chrome/148.0.0.0 Safari/537.36"
103.238.228.178 - - [13/May/2026:18:40:17 +0530] "POST /health_renewals/sub_disposition_list HTTP/2.0" 200 5681 "https://login.cafsindia.com/health_renewals" "Mozilla/5.0 (Windows NT 10.0; Win64; x64) AppleWebKit/537.36 (KHTML, like Gecko) Chrome/148.0.0.0 Safari/537.36"
103.238.228.178 - - [13/May/2026:18:40:20 +0530] "POST /life_renewals/search HTTP/2.0" 200 1095 "https://login.cafsindia.com/life_renewals" "Mozilla/5.0 (Windows NT 10.0; Win64; x64) AppleWebKit/537.36 (KHTML, like Gecko) Chrome/148.0.0.0 Safari/537.36"
103.238.228.178 - - [13/May/2026:18:40:20 +0530] "POST /health_renewals/health_call_log_update/ HTTP/2.0" 200 6234 "https://login.cafsindia.com/health_renewals" "Mozilla/5.0 (Windows NT 10.0; Win64; x64) AppleWebKit/537.36 (KHTML, like Gecko) Chrome/148.0.0.0 Safari/537.36"
103.238.228.178 - - [13/May/2026:18:40:21 +0530] "POST /life_renewals/renewal_update/2809 HTTP/2.0" 200 22844 "https://login.cafsindia.com/life_renewals" "Mozilla/5.0 (Windows NT 10.0; Win64; x64) AppleWebKit/537.36 (KHTML, like Gecko) Chrome/148.0.0.0 Safari/537.36"
103.238.228.178 - - [13/May/2026:18:40:21 +0530] "POST /life_renewals/search HTTP/2.0" 200 584 "https://login.cafsindia.com/life_renewals" "Mozilla/5.0 (Windows NT 10.0; Win64; x64) AppleWebKit/537.36 (KHTML, like Gecko) Chrome/148.0.0.0 Safari/537.36"
103.238.228.178 - - [13/May/2026:18:40:21 +0530] "POST /health_renewals/search HTTP/2.0" 200 5139 "https://login.cafsindia.com/health_renewals" "Mozilla/5.0 (Windows NT 10.0; Win64; x64) AppleWebKit/537.36 (KHTML, like Gecko) Chrome/148.0.0.0 Safari/537.36"
103.238.228.178 - - [13/May/2026:18:40:22 +0530] "POST /health_renewals/call_log/12547 HTTP/2.0" 200 42449 "https://login.cafsindia.com/health_renewals" "Mozilla/5.0 (Windows NT 10.0; Win64; x64) AppleWebKit/537.36 (KHTML, like Gecko) Chrome/148.0.0.0 Safari/537.36"
106.222.102.187 - - [13/May/2026:18:40:25 +0530] "POST /life_renewals/life_call_log_update/ HTTP/2.0" 200 61668 "https://login.cafsindia.com/life_renewals" "Mozilla/5.0 (Windows NT 10.0; Win64; x64) AppleWebKit/537.36 (KHTML, like Gecko) Chrome/147.0.0.0 Safari/537.36"
103.238.228.178 - - [13/May/2026:18:40:27 +0530] "POST /health_renewals/health_call_log_edit HTTP/2.0" 200 706 "https://login.cafsindia.com/health_renewals" "Mozilla/5.0 (Windows NT 10.0; Win64; x64) AppleWebKit/537.36 (KHTML, like Gecko) Chrome/148.0.0.0 Safari/537.36"
103.238.228.178 - - [13/May/2026:18:40:27 +0530] "POST /life_renewals/search HTTP/2.0" 200 578 "https://login.cafsindia.com/life_renewals" "Mozilla/5.0 (Windows NT 10.0; Win64; x64) AppleWebKit/537.36 (KHTML, like Gecko) Chrome/148.0.0.0 Safari/537.36"
103.238.228.178 - - [13/May/2026:18:40:27 +0530] "POST /life_renewals/search HTTP/2.0" 200 2710 "https://login.cafsindia.com/life_renewals" "Mozilla/5.0 (Windows NT 10.0; Win64; x64) AppleWebKit/537.36 (KHTML, like Gecko) Chrome/148.0.0.0 Safari/537.36"
103.238.228.178 - - [13/May/2026:18:40:27 +0530] "POST /health_renewals/sub_disposition_list HTTP/2.0" 200 5681 "https://login.cafsindia.com/health_renewals" "Mozilla/5.0 (Windows NT 10.0; Win64; x64) AppleWebKit/537.36 (KHTML, like Gecko) Chrome/148.0.0.0 Safari/537.36"
106.222.102.187 - - [13/May/2026:18:40:27 +0530] "POST /life_renewals/search HTTP/2.0" 200 5270 "https://login.cafsindia.com/life_renewals" "Mozilla/5.0 (Windows NT 10.0; Win64; x64) AppleWebKit/537.36 (KHTML, like Gecko) Chrome/147.0.0.0 Safari/537.36"
103.238.228.178 - - [13/May/2026:18:40:29 +0530] "POST /life_renewals/call_log/7053 HTTP/2.0" 200 67830 "https://login.cafsindia.com/life_renewals" "Mozilla/5.0 (Windows NT 10.0; Win64; x64) AppleWebKit/537.36 (KHTML, like Gecko) Chrome/148.0.0.0 Safari/537.36"
103.238.228.178 - - [13/May/2026:18:40:31 +0530] "POST /life_renewals/renewal/7177 HTTP/2.0" 200 22411 "https://login.cafsindia.com/life_renewals" "Mozilla/5.0 (Windows NT 10.0; Win64; x64) AppleWebKit/537.36 (KHTML, like Gecko) Chrome/148.0.0.0 Safari/537.36"
103.238.228.178 - - [13/May/2026:18:40:33 +0530] "POST /life_renewals/life_call_log_edit HTTP/2.0" 200 603 "https://login.cafsindia.com/life_renewals" "Mozilla/5.0 (Windows NT 10.0; Win64; x64) AppleWebKit/537.36 (KHTML, like Gecko) Chrome/148.0.0.0 Safari/537.36"
103.238.228.178 - - [13/May/2026:18:40:35 +0530] "POST /life_renewals/life_call_log_update/ HTTP/2.0" 200 5277 "https://login.cafsindia.com/life_renewals" "Mozilla/5.0 (Windows NT 10.0; Win64; x64) AppleWebKit/537.36 (KHTML, like Gecko) Chrome/148.0.0.0 Safari/537.36"
103.238.228.178 - - [13/May/2026:18:40:36 +0530] "POST /life_renewals/search HTTP/2.0" 200 2710 "https://login.cafsindia.com/life_renewals" "Mozilla/5.0 (Windows NT 10.0; Win64; x64) AppleWebKit/537.36 (KHTML, like Gecko) Chrome/148.0.0.0 Safari/537.36"
103.238.228.178 - - [13/May/2026:18:40:39 +0530] "POST /life_renewals/call_log/2890 HTTP/2.0" 200 79315 "https://login.cafsindia.com/life_renewals" "Mozilla/5.0 (Windows NT 10.0; Win64; x64) AppleWebKit/537.36 (KHTML, like Gecko) Chrome/148.0.0.0 Safari/537.36"
103.238.228.178 - - [13/May/2026:18:40:40 +0530] "POST /life_renewals/search HTTP/2.0" 200 6841 "https://login.cafsindia.com/life_renewals" "Mozilla/5.0 (Windows NT 10.0; Win64; x64) AppleWebKit/537.36 (KHTML, like Gecko) Chrome/148.0.0.0 Safari/537.36"
103.238.228.178 - - [13/May/2026:18:40:45 +0530] "POST /life_renewals/search HTTP/2.0" 200 6887 "https://login.cafsindia.com/life_renewals" "Mozilla/5.0 (Windows NT 10.0; Win64; x64) AppleWebKit/537.36 (KHTML, like Gecko) Chrome/148.0.0.0 Safari/537.36"
103.238.228.178 - - [13/May/2026:18:40:46 +0530] "POST /life_renewals/life_call_log_update/ HTTP/2.0" 200 20665 "https://login.cafsindia.com/life_renewals" "Mozilla/5.0 (Windows NT 10.0; Win64; x64) AppleWebKit/537.36 (KHTML, like Gecko) Chrome/148.0.0.0 Safari/537.36"
103.238.228.178 - - [13/May/2026:18:40:47 +0530] "POST /life_renewals/search HTTP/2.0" 200 578 "https://login.cafsindia.com/life_renewals" "Mozilla/5.0 (Windows NT 10.0; Win64; x64) AppleWebKit/537.36 (KHTML, like Gecko) Chrome/148.0.0.0 Safari/537.36"
103.238.228.178 - - [13/May/2026:18:40:48 +0530] "POST /life_renewals/renewal/2890 HTTP/2.0" 200 28897 "https://login.cafsindia.com/life_renewals" "Mozilla/5.0 (Windows NT 10.0; Win64; x64) AppleWebKit/537.36 (KHTML, like Gecko) Chrome/148.0.0.0 Safari/537.36"
106.222.102.187 - - [13/May/2026:18:40:47 +0530] "POST /life_renewals/call_log/1339 HTTP/2.0" 200 82938 "https://login.cafsindia.com/life_renewals" "Mozilla/5.0 (Windows NT 10.0; Win64; x64) AppleWebKit/537.36 (KHTML, like Gecko) Chrome/147.0.0.0 Safari/537.36"
103.238.228.178 - - [13/May/2026:18:40:47 +0530] "POST /life_renewals/call_log/6698 HTTP/2.0" 200 70541 "https://login.cafsindia.com/life_renewals" "Mozilla/5.0 (Windows NT 10.0; Win64; x64) AppleWebKit/537.36 (KHTML, like Gecko) Chrome/148.0.0.0 Safari/537.36"
103.238.228.178 - - [13/May/2026:18:40:50 +0530] "POST /life_renewals/update_due_date HTTP/2.0" 200 45 "https://login.cafsindia.com/life_renewals" "Mozilla/5.0 (Windows NT 10.0; Win64; x64) AppleWebKit/537.36 (KHTML, like Gecko) Chrome/148.0.0.0 Safari/537.36"
103.238.228.178 - - [13/May/2026:18:40:50 +0530] "POST /life_renewals/update_due_date HTTP/2.0" 200 45 "https://login.cafsindia.com/life_renewals" "Mozilla/5.0 (Windows NT 10.0; Win64; x64) AppleWebKit/537.36 (KHTML, like Gecko) Chrome/148.0.0.0 Safari/537.36"
103.238.228.178 - - [13/May/2026:18:40:51 +0530] "POST /life_renewals/life_call_log_edit HTTP/2.0" 200 611 "https://login.cafsindia.com/life_renewals" "Mozilla/5.0 (Windows NT 10.0; Win64; x64) AppleWebKit/537.36 (KHTML, like Gecko) Chrome/148.0.0.0 Safari/537.36"
103.238.228.178 - - [13/May/2026:18:40:53 +0530] "POST /life_renewals/life_call_log_update/ HTTP/2.0" 200 8841 "https://login.cafsindia.com/life_renewals" "Mozilla/5.0 (Windows NT 10.0; Win64; x64) AppleWebKit/537.36 (KHTML, like Gecko) Chrome/148.0.0.0 Safari/537.36"
103.238.228.178 - - [13/May/2026:18:40:54 +0530] "POST /portfolio/search HTTP/2.0" 200 446 "https://login.cafsindia.com/portfolio" "Mozilla/5.0 (Windows NT 10.0; Win64; x64) AppleWebKit/537.36 (KHTML, like Gecko) Chrome/148.0.0.0 Safari/537.36"
103.238.228.178 - - [13/May/2026:18:40:55 +0530] "POST /life_renewals/search HTTP/2.0" 200 6887 "https://login.cafsindia.com/life_renewals" "Mozilla/5.0 (Windows NT 10.0; Win64; x64) AppleWebKit/537.36 (KHTML, like Gecko) Chrome/148.0.0.0 Safari/537.36"
103.238.228.178 - - [13/May/2026:18:40:59 +0530] "POST /portfolio/search HTTP/2.0" 200 453 "https://login.cafsindia.com/portfolio" "Mozilla/5.0 (Windows NT 10.0; Win64; x64) AppleWebKit/537.36 (KHTML, like Gecko) Chrome/148.0.0.0 Safari/537.36"
103.238.228.178 - - [13/May/2026:18:41:00 +0530] "POST /life_renewals/renewal_update/2890 HTTP/2.0" 200 12082 "https://login.cafsindia.com/life_renewals" "Mozilla/5.0 (Windows NT 10.0; Win64; x64) AppleWebKit/537.36 (KHTML, like Gecko) Chrome/148.0.0.0 Safari/537.36"
103.238.228.178 - - [13/May/2026:18:41:00 +0530] "POST /life_renewals/search HTTP/2.0" 200 578 "https://login.cafsindia.com/life_renewals" "Mozilla/5.0 (Windows NT 10.0; Win64; x64) AppleWebKit/537.36 (KHTML, like Gecko) Chrome/148.0.0.0 Safari/537.36"
103.238.228.178 - - [13/May/2026:18:41:01 +0530] "POST /life_renewals/search HTTP/2.0" 200 5764 "https://login.cafsindia.com/life_renewals" "Mozilla/5.0 (Windows NT 10.0; Win64; x64) AppleWebKit/537.36 (KHTML, like Gecko) Chrome/148.0.0.0 Safari/537.36"
103.238.228.178 - - [13/May/2026:18:41:04 +0530] "POST /life_renewals/search HTTP/2.0" 200 575 "https://login.cafsindia.com/life_renewals" "Mozilla/5.0 (Windows NT 10.0; Win64; x64) AppleWebKit/537.36 (KHTML, like Gecko) Chrome/148.0.0.0 Safari/537.36"
103.238.228.178 - - [13/May/2026:18:41:06 +0530] "POST /life_renewals/search HTTP/2.0" 200 13093 "https://login.cafsindia.com/life_renewals" "Mozilla/5.0 (Windows NT 10.0; Win64; x64) AppleWebKit/537.36 (KHTML, like Gecko) Chrome/148.0.0.0 Safari/537.36"
103.238.228.178 - - [13/May/2026:18:41:11 +0530] "POST /life_renewals/call_log/1227 HTTP/2.0" 200 68015 "https://login.cafsindia.com/life_renewals" "Mozilla/5.0 (Windows NT 10.0; Win64; x64) AppleWebKit/537.36 (KHTML, like Gecko) Chrome/148.0.0.0 Safari/537.36"
106.222.102.187 - - [13/May/2026:18:41:11 +0530] "POST /life_renewals/life_call_log_update/ HTTP/2.0" 200 7045 "https://login.cafsindia.com/life_renewals" "Mozilla/5.0 (Windows NT 10.0; Win64; x64) AppleWebKit/537.36 (KHTML, like Gecko) Chrome/147.0.0.0 Safari/537.36"
106.222.102.187 - - [13/May/2026:18:41:12 +0530] "POST /life_renewals/search HTTP/2.0" 200 5276 "https://login.cafsindia.com/life_renewals" "Mozilla/5.0 (Windows NT 10.0; Win64; x64) AppleWebKit/537.36 (KHTML, like Gecko) Chrome/147.0.0.0 Safari/537.36"
103.238.228.178 - - [13/May/2026:18:41:17 +0530] "POST /life_renewals/life_call_log_edit HTTP/2.0" 200 636 "https://login.cafsindia.com/life_renewals" "Mozilla/5.0 (Windows NT 10.0; Win64; x64) AppleWebKit/537.36 (KHTML, like Gecko) Chrome/148.0.0.0 Safari/537.36"
103.238.228.178 - - [13/May/2026:18:41:20 +0530] "POST /life_renewals/life_call_log_update/ HTTP/2.0" 200 5585 "https://login.cafsindia.com/life_renewals" "Mozilla/5.0 (Windows NT 10.0; Win64; x64) AppleWebKit/537.36 (KHTML, like Gecko) Chrome/148.0.0.0 Safari/537.36"
103.238.228.178 - - [13/May/2026:18:41:21 +0530] "POST /life_renewals/search HTTP/2.0" 200 13085 "https://login.cafsindia.com/life_renewals" "Mozilla/5.0 (Windows NT 10.0; Win64; x64) AppleWebKit/537.36 (KHTML, like Gecko) Chrome/148.0.0.0 Safari/537.36"
103.238.228.178 - - [13/May/2026:18:41:22 +0530] "POST /health_renewals/sub_disposition_list HTTP/2.0" 200 5681 "https://login.cafsindia.com/health_renewals" "Mozilla/5.0 (Windows NT 10.0; Win64; x64) AppleWebKit/537.36 (KHTML, like Gecko) Chrome/148.0.0.0 Safari/537.36"
106.222.102.187 - - [13/May/2026:18:41:23 +0530] "POST /life_renewals/life_call_log_update/ HTTP/2.0" 200 25303 "https://login.cafsindia.com/life_renewals" "Mozilla/5.0 (Windows NT 10.0; Win64; x64) AppleWebKit/537.36 (KHTML, like Gecko) Chrome/147.0.0.0 Safari/537.36"
106.222.102.187 - - [13/May/2026:18:41:23 +0530] "POST /life_renewals/search HTTP/2.0" 200 5274 "https://login.cafsindia.com/life_renewals" "Mozilla/5.0 (Windows NT 10.0; Win64; x64) AppleWebKit/537.36 (KHTML, like Gecko) Chrome/147.0.0.0 Safari/537.36"
103.238.228.178 - - [13/May/2026:18:41:24 +0530] "POST /life_renewals/call_log/5660 HTTP/2.0" 200 67791 "https://login.cafsindia.com/life_renewals" "Mozilla/5.0 (Windows NT 10.0; Win64; x64) AppleWebKit/537.36 (KHTML, like Gecko) Chrome/148.0.0.0 Safari/537.36"
