103.238.228.178 - - [14/May/2026:10:56:59 +0530] "POST /health_renewals/call_log/3156 HTTP/2.0" 200 53442 "https://login.cafsindia.com/health_renewals" "Mozilla/5.0 (Windows NT 10.0; Win64; x64) AppleWebKit/537.36 (KHTML, like Gecko) Chrome/148.0.0.0 Safari/537.36"
103.238.228.178 - - [14/May/2026:10:57:08 +0530] "POST /health_renewals/call_log/7956 HTTP/2.0" 200 49859 "https://login.cafsindia.com/health_renewals" "Mozilla/5.0 (Windows NT 10.0; Win64; x64) AppleWebKit/537.36 (KHTML, like Gecko) Chrome/148.0.0.0 Safari/537.36"
103.238.228.178 - - [14/May/2026:10:57:12 +0530] "POST /portfolio/save/ HTTP/2.0" 200 66 "https://login.cafsindia.com/portfolio" "Mozilla/5.0 (Macintosh; Intel Mac OS X 10_15_7) AppleWebKit/537.36 (KHTML, like Gecko) Chrome/148.0.0.0 Safari/537.36"
103.238.228.178 - - [14/May/2026:10:57:13 +0530] "POST /portfolio/search HTTP/2.0" 200 3961 "https://login.cafsindia.com/portfolio" "Mozilla/5.0 (Macintosh; Intel Mac OS X 10_15_7) AppleWebKit/537.36 (KHTML, like Gecko) Chrome/148.0.0.0 Safari/537.36"
103.238.228.178 - - [14/May/2026:10:57:17 +0530] "POST /portfolio/search HTTP/2.0" 200 1216 "https://login.cafsindia.com/portfolio" "Mozilla/5.0 (Macintosh; Intel Mac OS X 10_15_7) AppleWebKit/537.36 (KHTML, like Gecko) Chrome/148.0.0.0 Safari/537.36"
103.238.228.178 - - [14/May/2026:10:57:18 +0530] "POST /health/search HTTP/2.0" 200 11232 "https://login.cafsindia.com/health" "Mozilla/5.0 (Windows NT 10.0; Win64; x64) AppleWebKit/537.36 (KHTML, like Gecko) Chrome/148.0.0.0 Safari/537.36"
103.238.228.178 - - [14/May/2026:10:57:18 +0530] "POST /portfolio/view/6098 HTTP/2.0" 200 455325 "https://login.cafsindia.com/portfolio" "Mozilla/5.0 (Windows NT 10.0; Win64; x64) AppleWebKit/537.36 (KHTML, like Gecko) Chrome/147.0.0.0 Safari/537.36"
103.238.228.178 - - [14/May/2026:10:57:22 +0530] "POST /portfolio/get_com_info HTTP/2.0" 200 614 "https://login.cafsindia.com/portfolio" "Mozilla/5.0 (Windows NT 10.0; Win64; x64) AppleWebKit/537.36 (KHTML, like Gecko) Chrome/147.0.0.0 Safari/537.36"
103.238.228.178 - - [14/May/2026:10:57:22 +0530] "POST /portfolio/get_product_info HTTP/2.0" 200 107 "https://login.cafsindia.com/portfolio" "Mozilla/5.0 (Windows NT 10.0; Win64; x64) AppleWebKit/537.36 (KHTML, like Gecko) Chrome/147.0.0.0 Safari/537.36"
103.238.228.178 - - [14/May/2026:10:57:22 +0530] "POST /portfolio/calaculate_total HTTP/2.0" 200 38 "https://login.cafsindia.com/portfolio" "Mozilla/5.0 (Windows NT 10.0; Win64; x64) AppleWebKit/537.36 (KHTML, like Gecko) Chrome/147.0.0.0 Safari/537.36"
103.238.228.178 - - [14/May/2026:10:57:30 +0530] "POST /portfolio/view/6443 HTTP/2.0" 200 452718 "https://login.cafsindia.com/portfolio" "Mozilla/5.0 (Macintosh; Intel Mac OS X 10_15_7) AppleWebKit/537.36 (KHTML, like Gecko) Chrome/148.0.0.0 Safari/537.36"
103.238.228.178 - - [14/May/2026:10:57:44 +0530] "POST /health_renewals/search HTTP/2.0" 200 1060 "https://login.cafsindia.com/health_renewals" "Mozilla/5.0 (Windows NT 10.0; Win64; x64) AppleWebKit/537.36 (KHTML, like Gecko) Chrome/148.0.0.0 Safari/537.36"
103.238.228.178 - - [14/May/2026:10:57:34 +0530] "POST /portfolio/view/6443 HTTP/2.0" 200 452718 "https://login.cafsindia.com/portfolio" "Mozilla/5.0 (Macintosh; Intel Mac OS X 10_15_7) AppleWebKit/537.36 (KHTML, like Gecko) Chrome/148.0.0.0 Safari/537.36"
103.238.228.178 - - [14/May/2026:10:57:34 +0530] "POST /portfolio/view/6443 HTTP/2.0" 200 452718 "https://login.cafsindia.com/portfolio" "Mozilla/5.0 (Macintosh; Intel Mac OS X 10_15_7) AppleWebKit/537.36 (KHTML, like Gecko) Chrome/148.0.0.0 Safari/537.36"
103.238.228.178 - - [14/May/2026:10:57:37 +0530] "POST /portfolio/get_com_info HTTP/2.0" 200 197 "https://login.cafsindia.com/portfolio" "Mozilla/5.0 (Macintosh; Intel Mac OS X 10_15_7) AppleWebKit/537.36 (KHTML, like Gecko) Chrome/148.0.0.0 Safari/537.36"
103.238.228.178 - - [14/May/2026:10:57:37 +0530] "POST /portfolio/get_product_info HTTP/2.0" 200 107 "https://login.cafsindia.com/portfolio" "Mozilla/5.0 (Macintosh; Intel Mac OS X 10_15_7) AppleWebKit/537.36 (KHTML, like Gecko) Chrome/148.0.0.0 Safari/537.36"
103.238.228.178 - - [14/May/2026:10:57:37 +0530] "POST /portfolio/calaculate_total HTTP/2.0" 200 38 "https://login.cafsindia.com/portfolio" "Mozilla/5.0 (Macintosh; Intel Mac OS X 10_15_7) AppleWebKit/537.36 (KHTML, like Gecko) Chrome/148.0.0.0 Safari/537.36"
103.238.228.178 - - [14/May/2026:10:57:46 +0530] "POST /portfolio/calaculate_total HTTP/2.0" 200 38 "https://login.cafsindia.com/portfolio" "Mozilla/5.0 (Macintosh; Intel Mac OS X 10_15_7) AppleWebKit/537.36 (KHTML, like Gecko) Chrome/148.0.0.0 Safari/537.36"
103.238.228.178 - - [14/May/2026:10:57:46 +0530] "POST /portfolio/get_com_info HTTP/2.0" 200 197 "https://login.cafsindia.com/portfolio" "Mozilla/5.0 (Macintosh; Intel Mac OS X 10_15_7) AppleWebKit/537.36 (KHTML, like Gecko) Chrome/148.0.0.0 Safari/537.36"
103.238.228.178 - - [14/May/2026:10:57:46 +0530] "POST /portfolio/get_product_info HTTP/2.0" 200 107 "https://login.cafsindia.com/portfolio" "Mozilla/5.0 (Macintosh; Intel Mac OS X 10_15_7) AppleWebKit/537.36 (KHTML, like Gecko) Chrome/148.0.0.0 Safari/537.36"
103.238.228.178 - - [14/May/2026:10:57:46 +0530] "POST /portfolio/get_com_info HTTP/2.0" 200 197 "https://login.cafsindia.com/portfolio" "Mozilla/5.0 (Macintosh; Intel Mac OS X 10_15_7) AppleWebKit/537.36 (KHTML, like Gecko) Chrome/148.0.0.0 Safari/537.36"
103.238.228.178 - - [14/May/2026:10:57:46 +0530] "POST /portfolio/calaculate_total HTTP/2.0" 200 38 "https://login.cafsindia.com/portfolio" "Mozilla/5.0 (Macintosh; Intel Mac OS X 10_15_7) AppleWebKit/537.36 (KHTML, like Gecko) Chrome/148.0.0.0 Safari/537.36"
103.238.228.178 - - [14/May/2026:10:57:46 +0530] "POST /portfolio/get_product_info HTTP/2.0" 200 107 "https://login.cafsindia.com/portfolio" "Mozilla/5.0 (Macintosh; Intel Mac OS X 10_15_7) AppleWebKit/537.36 (KHTML, like Gecko) Chrome/148.0.0.0 Safari/537.36"
103.238.228.178 - - [14/May/2026:10:57:46 +0530] "POST /health_renewals/call_log/7956 HTTP/2.0" 200 49859 "https://login.cafsindia.com/health_renewals" "Mozilla/5.0 (Windows NT 10.0; Win64; x64) AppleWebKit/537.36 (KHTML, like Gecko) Chrome/148.0.0.0 Safari/537.36"
103.238.228.178 - - [14/May/2026:10:57:50 +0530] "POST /portfolio/save/6443 HTTP/2.0" 200 66 "https://login.cafsindia.com/portfolio" "Mozilla/5.0 (Macintosh; Intel Mac OS X 10_15_7) AppleWebKit/537.36 (KHTML, like Gecko) Chrome/148.0.0.0 Safari/537.36"
103.238.228.178 - - [14/May/2026:10:57:50 +0530] "POST /portfolio/search HTTP/2.0" 200 3961 "https://login.cafsindia.com/portfolio" "Mozilla/5.0 (Macintosh; Intel Mac OS X 10_15_7) AppleWebKit/537.36 (KHTML, like Gecko) Chrome/148.0.0.0 Safari/537.36"
103.238.228.178 - - [14/May/2026:10:57:52 +0530] "POST /portfolio/search HTTP/2.0" 200 1216 "https://login.cafsindia.com/portfolio" "Mozilla/5.0 (Macintosh; Intel Mac OS X 10_15_7) AppleWebKit/537.36 (KHTML, like Gecko) Chrome/148.0.0.0 Safari/537.36"
103.238.228.178 - - [14/May/2026:10:57:55 +0530] "POST /health_renewals/call_log/7957 HTTP/2.0" 200 49480 "https://login.cafsindia.com/health_renewals" "Mozilla/5.0 (Windows NT 10.0; Win64; x64) AppleWebKit/537.36 (KHTML, like Gecko) Chrome/148.0.0.0 Safari/537.36"
103.238.228.178 - - [14/May/2026:10:57:54 +0530] "POST /portfolio/view/6443 HTTP/2.0" 200 452718 "https://login.cafsindia.com/portfolio" "Mozilla/5.0 (Macintosh; Intel Mac OS X 10_15_7) AppleWebKit/537.36 (KHTML, like Gecko) Chrome/148.0.0.0 Safari/537.36"
103.238.228.178 - - [14/May/2026:10:58:00 +0530] "POST /portfolio/get_product_info HTTP/2.0" 200 107 "https://login.cafsindia.com/portfolio" "Mozilla/5.0 (Macintosh; Intel Mac OS X 10_15_7) AppleWebKit/537.36 (KHTML, like Gecko) Chrome/148.0.0.0 Safari/537.36"
103.238.228.178 - - [14/May/2026:10:58:00 +0530] "POST /portfolio/get_com_info HTTP/2.0" 200 197 "https://login.cafsindia.com/portfolio" "Mozilla/5.0 (Macintosh; Intel Mac OS X 10_15_7) AppleWebKit/537.36 (KHTML, like Gecko) Chrome/148.0.0.0 Safari/537.36"
103.238.228.178 - - [14/May/2026:10:58:00 +0530] "POST /portfolio/calaculate_total HTTP/2.0" 200 38 "https://login.cafsindia.com/portfolio" "Mozilla/5.0 (Macintosh; Intel Mac OS X 10_15_7) AppleWebKit/537.36 (KHTML, like Gecko) Chrome/148.0.0.0 Safari/537.36"
103.238.228.178 - - [14/May/2026:10:58:01 +0530] "POST /portfolio/view/6443 HTTP/2.0" 200 452718 "https://login.cafsindia.com/portfolio" "Mozilla/5.0 (Macintosh; Intel Mac OS X 10_15_7) AppleWebKit/537.36 (KHTML, like Gecko) Chrome/148.0.0.0 Safari/537.36"
103.238.228.178 - - [14/May/2026:10:58:01 +0530] "POST /health_renewals/call_log/7956 HTTP/2.0" 200 49859 "https://login.cafsindia.com/health_renewals" "Mozilla/5.0 (Windows NT 10.0; Win64; x64) AppleWebKit/537.36 (KHTML, like Gecko) Chrome/148.0.0.0 Safari/537.36"
103.238.228.178 - - [14/May/2026:10:58:01 +0530] "POST /portfolio/view/6443 HTTP/2.0" 200 452718 "https://login.cafsindia.com/portfolio" "Mozilla/5.0 (Macintosh; Intel Mac OS X 10_15_7) AppleWebKit/537.36 (KHTML, like Gecko) Chrome/148.0.0.0 Safari/537.36"
103.238.228.178 - - [14/May/2026:10:58:06 +0530] "POST /portfolio/calaculate_total HTTP/2.0" 200 38 "https://login.cafsindia.com/portfolio" "Mozilla/5.0 (Macintosh; Intel Mac OS X 10_15_7) AppleWebKit/537.36 (KHTML, like Gecko) Chrome/148.0.0.0 Safari/537.36"
103.238.228.178 - - [14/May/2026:10:58:06 +0530] "POST /portfolio/get_product_info HTTP/2.0" 200 107 "https://login.cafsindia.com/portfolio" "Mozilla/5.0 (Macintosh; Intel Mac OS X 10_15_7) AppleWebKit/537.36 (KHTML, like Gecko) Chrome/148.0.0.0 Safari/537.36"
103.238.228.178 - - [14/May/2026:10:58:06 +0530] "POST /portfolio/get_com_info HTTP/2.0" 200 197 "https://login.cafsindia.com/portfolio" "Mozilla/5.0 (Macintosh; Intel Mac OS X 10_15_7) AppleWebKit/537.36 (KHTML, like Gecko) Chrome/148.0.0.0 Safari/537.36"
103.238.228.178 - - [14/May/2026:10:58:08 +0530] "POST /portfolio/get_com_info HTTP/2.0" 200 197 "https://login.cafsindia.com/portfolio" "Mozilla/5.0 (Macintosh; Intel Mac OS X 10_15_7) AppleWebKit/537.36 (KHTML, like Gecko) Chrome/148.0.0.0 Safari/537.36"
103.238.228.178 - - [14/May/2026:10:58:08 +0530] "POST /portfolio/get_product_info HTTP/2.0" 200 107 "https://login.cafsindia.com/portfolio" "Mozilla/5.0 (Macintosh; Intel Mac OS X 10_15_7) AppleWebKit/537.36 (KHTML, like Gecko) Chrome/148.0.0.0 Safari/537.36"
103.238.228.178 - - [14/May/2026:10:58:08 +0530] "POST /portfolio/calaculate_total HTTP/2.0" 200 38 "https://login.cafsindia.com/portfolio" "Mozilla/5.0 (Macintosh; Intel Mac OS X 10_15_7) AppleWebKit/537.36 (KHTML, like Gecko) Chrome/148.0.0.0 Safari/537.36"
103.238.228.178 - - [14/May/2026:10:58:20 +0530] "POST /portfolio/save/6443 HTTP/2.0" 200 66 "https://login.cafsindia.com/portfolio" "Mozilla/5.0 (Macintosh; Intel Mac OS X 10_15_7) AppleWebKit/537.36 (KHTML, like Gecko) Chrome/148.0.0.0 Safari/537.36"
103.238.228.178 - - [14/May/2026:10:58:20 +0530] "POST /portfolio/search HTTP/2.0" 200 3961 "https://login.cafsindia.com/portfolio" "Mozilla/5.0 (Macintosh; Intel Mac OS X 10_15_7) AppleWebKit/537.36 (KHTML, like Gecko) Chrome/148.0.0.0 Safari/537.36"
103.238.228.178 - - [14/May/2026:10:58:23 +0530] "POST /portfolio/search HTTP/2.0" 200 1224 "https://login.cafsindia.com/portfolio" "Mozilla/5.0 (Macintosh; Intel Mac OS X 10_15_7) AppleWebKit/537.36 (KHTML, like Gecko) Chrome/148.0.0.0 Safari/537.36"
103.238.228.178 - - [14/May/2026:10:58:26 +0530] "POST /health_renewals/call_log/7957 HTTP/2.0" 200 49480 "https://login.cafsindia.com/health_renewals" "Mozilla/5.0 (Windows NT 10.0; Win64; x64) AppleWebKit/537.36 (KHTML, like Gecko) Chrome/148.0.0.0 Safari/537.36"
103.238.228.178 - - [14/May/2026:10:59:00 +0530] "POST /life_renewals/renewal/5674 HTTP/2.0" 200 28865 "https://login.cafsindia.com/life_renewals" "Mozilla/5.0 (Windows NT 10.0; Win64; x64) AppleWebKit/537.36 (KHTML, like Gecko) Chrome/148.0.0.0 Safari/537.36"
103.238.228.178 - - [14/May/2026:10:59:11 +0530] "POST /health_renewals/search HTTP/2.0" 200 574 "https://login.cafsindia.com/health_renewals" "Mozilla/5.0 (Windows NT 10.0; Win64; x64) AppleWebKit/537.36 (KHTML, like Gecko) Chrome/148.0.0.0 Safari/537.36"
103.238.228.178 - - [14/May/2026:10:59:18 +0530] "POST /health_renewals/search HTTP/2.0" 200 5131 "https://login.cafsindia.com/health_renewals" "Mozilla/5.0 (Windows NT 10.0; Win64; x64) AppleWebKit/537.36 (KHTML, like Gecko) Chrome/148.0.0.0 Safari/537.36"
103.238.228.178 - - [14/May/2026:10:59:19 +0530] "POST /life_renewals/renewal/5674 HTTP/2.0" 200 28865 "https://login.cafsindia.com/life_renewals" "Mozilla/5.0 (Windows NT 10.0; Win64; x64) AppleWebKit/537.36 (KHTML, like Gecko) Chrome/148.0.0.0 Safari/537.36"
171.79.53.38 - - [14/May/2026:10:59:22 +0530] "POST /health_renewals/search HTTP/2.0" 200 573 "https://login.cafsindia.com/health_renewals" "Mozilla/5.0 (Windows NT 10.0; Win64; x64) AppleWebKit/537.36 (KHTML, like Gecko) Chrome/148.0.0.0 Safari/537.36"
103.238.228.178 - - [14/May/2026:10:59:23 +0530] "POST /life_renewals/search HTTP/2.0" 200 601 "https://login.cafsindia.com/life_renewals" "Mozilla/5.0 (Windows NT 10.0; Win64; x64) AppleWebKit/537.36 (KHTML, like Gecko) Chrome/148.0.0.0 Safari/537.36"
103.238.228.178 - - [14/May/2026:10:59:27 +0530] "POST /life_renewals/renewal/3550 HTTP/2.0" 200 22432 "https://login.cafsindia.com/life_renewals" "Mozilla/5.0 (Windows NT 10.0; Win64; x64) AppleWebKit/537.36 (KHTML, like Gecko) Chrome/148.0.0.0 Safari/537.36"
103.238.228.178 - - [14/May/2026:10:59:38 +0530] "POST /portfolio/search HTTP/2.0" 200 3999 "https://login.cafsindia.com/portfolio" "Mozilla/5.0 (Windows NT 10.0; Win64; x64) AppleWebKit/537.36 (KHTML, like Gecko) Chrome/147.0.0.0 Safari/537.36"
103.238.228.178 - - [14/May/2026:10:59:39 +0530] "POST /portfolio/search HTTP/2.0" 200 3999 "https://login.cafsindia.com/portfolio" "Mozilla/5.0 (Windows NT 10.0; Win64; x64) AppleWebKit/537.36 (KHTML, like Gecko) Chrome/147.0.0.0 Safari/537.36"
103.238.228.178 - - [14/May/2026:10:59:39 +0530] "POST /portfolio/search HTTP/2.0" 200 455 "https://login.cafsindia.com/portfolio" "Mozilla/5.0 (Windows NT 10.0; Win64; x64) AppleWebKit/537.36 (KHTML, like Gecko) Chrome/147.0.0.0 Safari/537.36"
103.238.228.178 - - [14/May/2026:10:59:40 +0530] "POST /portfolio/search HTTP/2.0" 200 65 "https://login.cafsindia.com/portfolio" "Mozilla/5.0 (Windows NT 10.0; Win64; x64) AppleWebKit/537.36 (KHTML, like Gecko) Chrome/147.0.0.0 Safari/537.36"
103.238.228.178 - - [14/May/2026:10:59:40 +0530] "POST /portfolio/search HTTP/2.0" 200 65 "https://login.cafsindia.com/portfolio" "Mozilla/5.0 (Windows NT 10.0; Win64; x64) AppleWebKit/537.36 (KHTML, like Gecko) Chrome/147.0.0.0 Safari/537.36"
103.238.228.178 - - [14/May/2026:10:59:41 +0530] "POST /portfolio/search HTTP/2.0" 200 65 "https://login.cafsindia.com/portfolio" "Mozilla/5.0 (Windows NT 10.0; Win64; x64) AppleWebKit/537.36 (KHTML, like Gecko) Chrome/147.0.0.0 Safari/537.36"
103.238.228.178 - - [14/May/2026:10:59:41 +0530] "POST /portfolio/search HTTP/2.0" 200 65 "https://login.cafsindia.com/portfolio" "Mozilla/5.0 (Windows NT 10.0; Win64; x64) AppleWebKit/537.36 (KHTML, like Gecko) Chrome/147.0.0.0 Safari/537.36"
103.238.228.178 - - [14/May/2026:10:59:45 +0530] "POST /portfolio/search HTTP/2.0" 200 65 "https://login.cafsindia.com/portfolio" "Mozilla/5.0 (Windows NT 10.0; Win64; x64) AppleWebKit/537.36 (KHTML, like Gecko) Chrome/147.0.0.0 Safari/537.36"
103.238.228.178 - - [14/May/2026:10:59:46 +0530] "POST /portfolio/search HTTP/2.0" 200 65 "https://login.cafsindia.com/portfolio" "Mozilla/5.0 (Windows NT 10.0; Win64; x64) AppleWebKit/537.36 (KHTML, like Gecko) Chrome/147.0.0.0 Safari/537.36"
103.238.228.178 - - [14/May/2026:10:59:48 +0530] "POST /portfolio/search HTTP/2.0" 200 65 "https://login.cafsindia.com/portfolio" "Mozilla/5.0 (Windows NT 10.0; Win64; x64) AppleWebKit/537.36 (KHTML, like Gecko) Chrome/147.0.0.0 Safari/537.36"
103.238.228.178 - - [14/May/2026:10:59:48 +0530] "POST /portfolio/search HTTP/2.0" 200 65 "https://login.cafsindia.com/portfolio" "Mozilla/5.0 (Windows NT 10.0; Win64; x64) AppleWebKit/537.36 (KHTML, like Gecko) Chrome/147.0.0.0 Safari/537.36"
103.238.228.178 - - [14/May/2026:10:59:49 +0530] "POST /portfolio/search HTTP/2.0" 200 455 "https://login.cafsindia.com/portfolio" "Mozilla/5.0 (Windows NT 10.0; Win64; x64) AppleWebKit/537.36 (KHTML, like Gecko) Chrome/147.0.0.0 Safari/537.36"
103.238.228.178 - - [14/May/2026:10:59:53 +0530] "POST /portfolio/view/6097 HTTP/2.0" 200 455278 "https://login.cafsindia.com/portfolio" "Mozilla/5.0 (Windows NT 10.0; Win64; x64) AppleWebKit/537.36 (KHTML, like Gecko) Chrome/147.0.0.0 Safari/537.36"
103.238.228.178 - - [14/May/2026:11:00:08 +0530] "POST /portfolio/get_product_info HTTP/2.0" 200 108 "https://login.cafsindia.com/portfolio" "Mozilla/5.0 (Windows NT 10.0; Win64; x64) AppleWebKit/537.36 (KHTML, like Gecko) Chrome/147.0.0.0 Safari/537.36"
103.238.228.178 - - [14/May/2026:11:00:08 +0530] "POST /portfolio/get_com_info HTTP/2.0" 200 197 "https://login.cafsindia.com/portfolio" "Mozilla/5.0 (Windows NT 10.0; Win64; x64) AppleWebKit/537.36 (KHTML, like Gecko) Chrome/147.0.0.0 Safari/537.36"
103.238.228.178 - - [14/May/2026:11:00:08 +0530] "POST /portfolio/calaculate_total HTTP/2.0" 200 37 "https://login.cafsindia.com/portfolio" "Mozilla/5.0 (Windows NT 10.0; Win64; x64) AppleWebKit/537.36 (KHTML, like Gecko) Chrome/147.0.0.0 Safari/537.36"
223.185.26.243 - - [14/May/2026:11:00:24 +0530] "GET /login HTTP/2.0" 302 - "-" "Mozilla/5.0 (Windows NT 10.0; Win64; x64) AppleWebKit/537.36 (KHTML, like Gecko) Chrome/148.0.0.0 Safari/537.36"
223.185.26.243 - - [14/May/2026:11:00:24 +0530] "GET /home HTTP/2.0" 200 11150 "-" "Mozilla/5.0 (Windows NT 10.0; Win64; x64) AppleWebKit/537.36 (KHTML, like Gecko) Chrome/148.0.0.0 Safari/537.36"
103.238.228.178 - - [14/May/2026:11:00:37 +0530] "POST /life_renewals/update_due_date HTTP/2.0" 200 45 "https://login.cafsindia.com/life_renewals" "Mozilla/5.0 (Windows NT 10.0; Win64; x64) AppleWebKit/537.36 (KHTML, like Gecko) Chrome/148.0.0.0 Safari/537.36"
103.238.228.178 - - [14/May/2026:11:00:37 +0530] "POST /life_renewals/update_due_date HTTP/2.0" 200 45 "https://login.cafsindia.com/life_renewals" "Mozilla/5.0 (Windows NT 10.0; Win64; x64) AppleWebKit/537.36 (KHTML, like Gecko) Chrome/148.0.0.0 Safari/537.36"
103.238.228.178 - - [14/May/2026:11:00:38 +0530] "POST /life_renewals/calculate_premium HTTP/2.0" 200 38 "https://login.cafsindia.com/life_renewals" "Mozilla/5.0 (Windows NT 10.0; Win64; x64) AppleWebKit/537.36 (KHTML, like Gecko) Chrome/148.0.0.0 Safari/537.36"
103.238.228.178 - - [14/May/2026:11:00:41 +0530] "POST /life_renewals/calculate_premium HTTP/2.0" 200 38 "https://login.cafsindia.com/life_renewals" "Mozilla/5.0 (Windows NT 10.0; Win64; x64) AppleWebKit/537.36 (KHTML, like Gecko) Chrome/148.0.0.0 Safari/537.36"
223.185.26.243 - - [14/May/2026:11:00:28 +0530] "GET /health HTTP/2.0" 200 1348294 "https://login.cafsindia.com/home" "Mozilla/5.0 (Windows NT 10.0; Win64; x64) AppleWebKit/537.36 (KHTML, like Gecko) Chrome/148.0.0.0 Safari/537.36"
103.238.228.178 - - [14/May/2026:11:00:43 +0530] "POST /life_renewals/renewal_update/3550 HTTP/2.0" 200 3607 "https://login.cafsindia.com/life_renewals" "Mozilla/5.0 (Windows NT 10.0; Win64; x64) AppleWebKit/537.36 (KHTML, like Gecko) Chrome/148.0.0.0 Safari/537.36"
223.185.26.243 - - [14/May/2026:11:00:43 +0530] "POST /health/search HTTP/2.0" 200 4139 "https://login.cafsindia.com/health" "Mozilla/5.0 (Windows NT 10.0; Win64; x64) AppleWebKit/537.36 (KHTML, like Gecko) Chrome/148.0.0.0 Safari/537.36"
103.238.228.178 - - [14/May/2026:11:00:44 +0530] "POST /life_renewals/search HTTP/2.0" 200 601 "https://login.cafsindia.com/life_renewals" "Mozilla/5.0 (Windows NT 10.0; Win64; x64) AppleWebKit/537.36 (KHTML, like Gecko) Chrome/148.0.0.0 Safari/537.36"
103.238.228.178 - - [14/May/2026:11:00:48 +0530] "POST /health_renewals/search HTTP/2.0" 200 5140 "https://login.cafsindia.com/health_renewals" "Mozilla/5.0 (Windows NT 10.0; Win64; x64) AppleWebKit/537.36 (KHTML, like Gecko) Chrome/148.0.0.0 Safari/537.36"
103.238.228.178 - - [14/May/2026:11:00:48 +0530] "POST /health_renewals/search HTTP/2.0" 200 5099 "https://login.cafsindia.com/health_renewals" "Mozilla/5.0 (Windows NT 10.0; Win64; x64) AppleWebKit/537.36 (KHTML, like Gecko) Chrome/148.0.0.0 Safari/537.36"
103.238.228.178 - - [14/May/2026:11:00:49 +0530] "POST /health_renewals/search HTTP/2.0" 200 5152 "https://login.cafsindia.com/health_renewals" "Mozilla/5.0 (Windows NT 10.0; Win64; x64) AppleWebKit/537.36 (KHTML, like Gecko) Chrome/148.0.0.0 Safari/537.36"
103.238.228.178 - - [14/May/2026:11:00:49 +0530] "POST /health_renewals/search HTTP/2.0" 200 5032 "https://login.cafsindia.com/health_renewals" "Mozilla/5.0 (Windows NT 10.0; Win64; x64) AppleWebKit/537.36 (KHTML, like Gecko) Chrome/148.0.0.0 Safari/537.36"
103.238.228.178 - - [14/May/2026:11:00:50 +0530] "POST /health_renewals/search HTTP/2.0" 200 2037 "https://login.cafsindia.com/health_renewals" "Mozilla/5.0 (Windows NT 10.0; Win64; x64) AppleWebKit/537.36 (KHTML, like Gecko) Chrome/148.0.0.0 Safari/537.36"
103.238.228.178 - - [14/May/2026:11:00:51 +0530] "POST /health_renewals/search HTTP/2.0" 200 1544 "https://login.cafsindia.com/health_renewals" "Mozilla/5.0 (Windows NT 10.0; Win64; x64) AppleWebKit/537.36 (KHTML, like Gecko) Chrome/148.0.0.0 Safari/537.36"
103.238.228.178 - - [14/May/2026:11:00:57 +0530] "POST /health_renewals/search HTTP/2.0" 200 1033 "https://login.cafsindia.com/health_renewals" "Mozilla/5.0 (Windows NT 10.0; Win64; x64) AppleWebKit/537.36 (KHTML, like Gecko) Chrome/148.0.0.0 Safari/537.36"
103.238.228.178 - - [14/May/2026:11:00:57 +0530] "POST /health_renewals/search HTTP/2.0" 200 1033 "https://login.cafsindia.com/health_renewals" "Mozilla/5.0 (Windows NT 10.0; Win64; x64) AppleWebKit/537.36 (KHTML, like Gecko) Chrome/148.0.0.0 Safari/537.36"
103.238.228.178 - - [14/May/2026:11:01:12 +0530] "POST /life_renewals/search HTTP/2.0" 200 583 "https://login.cafsindia.com/life_renewals" "Mozilla/5.0 (Windows NT 10.0; Win64; x64) AppleWebKit/537.36 (KHTML, like Gecko) Chrome/148.0.0.0 Safari/537.36"
103.238.228.178 - - [14/May/2026:11:01:16 +0530] "POST /life_renewals/renewal/3302 HTTP/2.0" 200 22764 "https://login.cafsindia.com/life_renewals" "Mozilla/5.0 (Windows NT 10.0; Win64; x64) AppleWebKit/537.36 (KHTML, like Gecko) Chrome/148.0.0.0 Safari/537.36"
103.238.228.178 - - [14/May/2026:11:01:46 +0530] "GET /upload_files/health/94504062100_WhatsAppImage20250415at10.20.44AM.jpeg HTTP/2.0" 200 158501 "https://login.cafsindia.com/health" "Mozilla/5.0 (Windows NT 10.0; Win64; x64) AppleWebKit/537.36 (KHTML, like Gecko) Chrome/148.0.0.0 Safari/537.36"
103.238.228.178 - - [14/May/2026:11:01:46 +0530] "GET /health HTTP/2.0" 302 - "https://login.cafsindia.com/home" "Mozilla/5.0 (Windows NT 10.0; Win64; x64) AppleWebKit/537.36 (KHTML, like Gecko) Chrome/148.0.0.0 Safari/537.36"
103.238.228.178 - - [14/May/2026:11:01:47 +0530] "GET /login HTTP/2.0" 200 15213 "https://login.cafsindia.com/home" "Mozilla/5.0 (Windows NT 10.0; Win64; x64) AppleWebKit/537.36 (KHTML, like Gecko) Chrome/148.0.0.0 Safari/537.36"
103.238.228.178 - - [14/May/2026:11:01:48 +0530] "GET /favicon.ico HTTP/2.0" 404 1190 "https://login.cafsindia.com/upload_files/health/94504062100_WhatsAppImage20250415at10.20.44AM.jpeg" "Mozilla/5.0 (Windows NT 10.0; Win64; x64) AppleWebKit/537.36 (KHTML, like Gecko) Chrome/148.0.0.0 Safari/537.36"
106.222.220.59 - - [14/May/2026:11:02:54 +0530] "POST /health/search HTTP/2.0" 200 3663 "https://login.cafsindia.com/health" "Mozilla/5.0 (Windows NT 10.0; Win64; x64) AppleWebKit/537.36 (KHTML, like Gecko) Chrome/148.0.0.0 Safari/537.36"
106.222.220.59 - - [14/May/2026:11:03:06 +0530] "POST /health/search HTTP/2.0" 200 4553 "https://login.cafsindia.com/health" "Mozilla/5.0 (Windows NT 10.0; Win64; x64) AppleWebKit/537.36 (KHTML, like Gecko) Chrome/148.0.0.0 Safari/537.36"
106.222.220.59 - - [14/May/2026:11:03:07 +0530] "POST /health/search HTTP/2.0" 200 4553 "https://login.cafsindia.com/health" "Mozilla/5.0 (Windows NT 10.0; Win64; x64) AppleWebKit/537.36 (KHTML, like Gecko) Chrome/148.0.0.0 Safari/537.36"
171.79.53.38 - - [14/May/2026:11:03:05 +0530] "POST /health_renewals/call_log/12379 HTTP/2.0" 200 43361 "https://login.cafsindia.com/health_renewals" "Mozilla/5.0 (Windows NT 10.0; Win64; x64) AppleWebKit/537.36 (KHTML, like Gecko) Chrome/148.0.0.0 Safari/537.36"
106.222.220.59 - - [14/May/2026:11:03:12 +0530] "POST /health/search HTTP/2.0" 200 962 "https://login.cafsindia.com/health" "Mozilla/5.0 (Windows NT 10.0; Win64; x64) AppleWebKit/537.36 (KHTML, like Gecko) Chrome/148.0.0.0 Safari/537.36"
171.79.53.38 - - [14/May/2026:11:03:20 +0530] "POST /health_renewals/get_claim/12379 HTTP/2.0" 200 481 "https://login.cafsindia.com/health_renewals" "Mozilla/5.0 (Windows NT 10.0; Win64; x64) AppleWebKit/537.36 (KHTML, like Gecko) Chrome/148.0.0.0 Safari/537.36"
106.222.220.59 - - [14/May/2026:11:03:21 +0530] "POST /health/search HTTP/2.0" 200 4532 "https://login.cafsindia.com/health" "Mozilla/5.0 (Windows NT 10.0; Win64; x64) AppleWebKit/537.36 (KHTML, like Gecko) Chrome/148.0.0.0 Safari/537.36"
106.222.220.59 - - [14/May/2026:11:03:25 +0530] "POST /health/search HTTP/2.0" 200 962 "https://login.cafsindia.com/health" "Mozilla/5.0 (Windows NT 10.0; Win64; x64) AppleWebKit/537.36 (KHTML, like Gecko) Chrome/148.0.0.0 Safari/537.36"
171.79.53.38 - - [14/May/2026:11:03:33 +0530] "POST /health_renewals/renewal/12379 HTTP/2.0" 200 35037 "https://login.cafsindia.com/health_renewals" "Mozilla/5.0 (Windows NT 10.0; Win64; x64) AppleWebKit/537.36 (KHTML, like Gecko) Chrome/148.0.0.0 Safari/537.36"
106.222.220.59 - - [14/May/2026:11:03:33 +0530] "POST /health/search HTTP/2.0" 200 512 "https://login.cafsindia.com/health" "Mozilla/5.0 (Windows NT 10.0; Win64; x64) AppleWebKit/537.36 (KHTML, like Gecko) Chrome/148.0.0.0 Safari/537.36"
103.238.228.178 - - [14/May/2026:11:03:34 +0530] "POST /life_renewals/search HTTP/2.0" 200 583 "https://login.cafsindia.com/life_renewals" "Mozilla/5.0 (Windows NT 10.0; Win64; x64) AppleWebKit/537.36 (KHTML, like Gecko) Chrome/148.0.0.0 Safari/537.36"
103.238.228.178 - - [14/May/2026:11:04:22 +0530] "POST /life_renewals/search HTTP/2.0" 200 572 "https://login.cafsindia.com/life_renewals" "Mozilla/5.0 (Windows NT 10.0; Win64; x64) AppleWebKit/537.36 (KHTML, like Gecko) Chrome/148.0.0.0 Safari/537.36"
106.222.220.59 - - [14/May/2026:11:05:48 +0530] "POST /health/search HTTP/2.0" 200 66 "https://login.cafsindia.com/health" "Mozilla/5.0 (Windows NT 10.0; Win64; x64) AppleWebKit/537.36 (KHTML, like Gecko) Chrome/148.0.0.0 Safari/537.36"
106.222.220.59 - - [14/May/2026:11:05:49 +0530] "POST /health/search HTTP/2.0" 200 509 "https://login.cafsindia.com/health" "Mozilla/5.0 (Windows NT 10.0; Win64; x64) AppleWebKit/537.36 (KHTML, like Gecko) Chrome/148.0.0.0 Safari/537.36"
106.222.220.59 - - [14/May/2026:11:05:58 +0530] "POST /health/search HTTP/2.0" 200 509 "https://login.cafsindia.com/health" "Mozilla/5.0 (Windows NT 10.0; Win64; x64) AppleWebKit/537.36 (KHTML, like Gecko) Chrome/148.0.0.0 Safari/537.36"
103.238.228.178 - - [14/May/2026:11:08:10 +0530] "POST /health_renewals/sub_disposition_list HTTP/2.0" 200 5681 "https://login.cafsindia.com/health_renewals" "Mozilla/5.0 (Windows NT 10.0; Win64; x64) AppleWebKit/537.36 (KHTML, like Gecko) Chrome/148.0.0.0 Safari/537.36"
103.238.228.178 - - [14/May/2026:11:08:15 +0530] "POST /health_renewals/health_call_log_update/ HTTP/2.0" 200 2927 "https://login.cafsindia.com/health_renewals" "Mozilla/5.0 (Windows NT 10.0; Win64; x64) AppleWebKit/537.36 (KHTML, like Gecko) Chrome/148.0.0.0 Safari/537.36"
103.238.228.178 - - [14/May/2026:11:08:17 +0530] "POST /health_renewals/search HTTP/2.0" 200 5114 "https://login.cafsindia.com/health_renewals" "Mozilla/5.0 (Windows NT 10.0; Win64; x64) AppleWebKit/537.36 (KHTML, like Gecko) Chrome/148.0.0.0 Safari/537.36"
103.238.228.178 - - [14/May/2026:11:08:22 +0530] "POST /health_renewals/call_log/7930 HTTP/2.0" 200 47636 "https://login.cafsindia.com/health_renewals" "Mozilla/5.0 (Windows NT 10.0; Win64; x64) AppleWebKit/537.36 (KHTML, like Gecko) Chrome/148.0.0.0 Safari/537.36"
103.238.228.178 - - [14/May/2026:11:08:51 +0530] "POST /life_renewals/life_call_log_update/ HTTP/2.0" 200 4369 "https://login.cafsindia.com/life_renewals" "Mozilla/5.0 (Windows NT 10.0; Win64; x64) AppleWebKit/537.36 (KHTML, like Gecko) Chrome/148.0.0.0 Safari/537.36"
103.238.228.178 - - [14/May/2026:11:08:52 +0530] "POST /life_renewals/search HTTP/2.0" 200 5249 "https://login.cafsindia.com/life_renewals" "Mozilla/5.0 (Windows NT 10.0; Win64; x64) AppleWebKit/537.36 (KHTML, like Gecko) Chrome/148.0.0.0 Safari/537.36"
103.238.228.178 - - [14/May/2026:11:08:57 +0530] "POST /life_renewals/call_log/3694 HTTP/2.0" 200 70719 "https://login.cafsindia.com/life_renewals" "Mozilla/5.0 (Windows NT 10.0; Win64; x64) AppleWebKit/537.36 (KHTML, like Gecko) Chrome/148.0.0.0 Safari/537.36"
103.238.228.178 - - [14/May/2026:11:09:00 +0530] "POST /life_renewals/life_call_log_edit HTTP/2.0" 200 602 "https://login.cafsindia.com/life_renewals" "Mozilla/5.0 (Windows NT 10.0; Win64; x64) AppleWebKit/537.36 (KHTML, like Gecko) Chrome/148.0.0.0 Safari/537.36"
103.238.228.178 - - [14/May/2026:11:09:12 +0530] "POST /life_renewals/call_log/7412 HTTP/2.0" 200 65074 "https://login.cafsindia.com/life_renewals" "Mozilla/5.0 (Windows NT 10.0; Win64; x64) AppleWebKit/537.36 (KHTML, like Gecko) Chrome/148.0.0.0 Safari/537.36"
103.238.228.178 - - [14/May/2026:11:10:17 +0530] "POST /health_renewals/sub_disposition_list HTTP/2.0" 200 5681 "https://login.cafsindia.com/health_renewals" "Mozilla/5.0 (Windows NT 10.0; Win64; x64) AppleWebKit/537.36 (KHTML, like Gecko) Chrome/148.0.0.0 Safari/537.36"
103.238.228.178 - - [14/May/2026:11:10:38 +0530] "POST /life_renewals/search HTTP/2.0" 200 13015 "https://login.cafsindia.com/life_renewals" "Mozilla/5.0 (Windows NT 10.0; Win64; x64) AppleWebKit/537.36 (KHTML, like Gecko) Chrome/148.0.0.0 Safari/537.36"
152.57.32.5 - - [14/May/2026:11:10:50 +0530] "GET /portfolio HTTP/2.0" 302 - "-" "Mozilla/5.0 (Windows NT 10.0; Win64; x64) AppleWebKit/537.36 (KHTML, like Gecko) Chrome/148.0.0.0 Safari/537.36"
152.57.32.5 - - [14/May/2026:11:10:50 +0530] "GET /portfolio HTTP/2.0" 302 - "-" "Mozilla/5.0 (Windows NT 10.0; Win64; x64) AppleWebKit/537.36 (KHTML, like Gecko) Chrome/148.0.0.0 Safari/537.36"
152.57.32.5 - - [14/May/2026:11:10:52 +0530] "GET /login HTTP/2.0" 200 15213 "-" "Mozilla/5.0 (Windows NT 10.0; Win64; x64) AppleWebKit/537.36 (KHTML, like Gecko) Chrome/148.0.0.0 Safari/537.36"
152.57.32.5 - - [14/May/2026:11:10:53 +0530] "GET /dist/bootstrap.min.css?rel=20260514 HTTP/2.0" 200 127391 "https://login.cafsindia.com/login" "Mozilla/5.0 (Windows NT 10.0; Win64; x64) AppleWebKit/537.36 (KHTML, like Gecko) Chrome/148.0.0.0 Safari/537.36"
152.57.32.5 - - [14/May/2026:11:10:53 +0530] "GET /dist/cafs_login.css?rel=20260514 HTTP/2.0" 200 33753 "https://login.cafsindia.com/login" "Mozilla/5.0 (Windows NT 10.0; Win64; x64) AppleWebKit/537.36 (KHTML, like Gecko) Chrome/148.0.0.0 Safari/537.36"
103.238.228.178 - - [14/May/2026:11:10:49 +0530] "POST /health_renewals/renewal/4066 HTTP/2.0" 200 36404 "https://login.cafsindia.com/health_renewals" "Mozilla/5.0 (Windows NT 10.0; Win64; x64) AppleWebKit/537.36 (KHTML, like Gecko) Chrome/148.0.0.0 Safari/537.36"
103.238.228.178 - - [14/May/2026:11:10:46 +0530] "POST /health_renewals/health_call_log_update/ HTTP/2.0" 200 7085 "https://login.cafsindia.com/health_renewals" "Mozilla/5.0 (Windows NT 10.0; Win64; x64) AppleWebKit/537.36 (KHTML, like Gecko) Chrome/148.0.0.0 Safari/537.36"
152.57.32.5 - - [14/May/2026:11:10:53 +0530] "GET /dist/jquery.min.js?rel=20260514 HTTP/2.0" 200 88145 "https://login.cafsindia.com/login" "Mozilla/5.0 (Windows NT 10.0; Win64; x64) AppleWebKit/537.36 (KHTML, like Gecko) Chrome/148.0.0.0 Safari/537.36"
152.57.32.5 - - [14/May/2026:11:10:53 +0530] "GET /dist/opensourcepos.min.js?rel=20260514 HTTP/2.0" 200 1471322 "https://login.cafsindia.com/login" "Mozilla/5.0 (Windows NT 10.0; Win64; x64) AppleWebKit/537.36 (KHTML, like Gecko) Chrome/148.0.0.0 Safari/537.36"
103.238.228.178 - - [14/May/2026:11:10:54 +0530] "POST /health_renewals/search HTTP/2.0" 200 4109 "https://login.cafsindia.com/health_renewals" "Mozilla/5.0 (Windows NT 10.0; Win64; x64) AppleWebKit/537.36 (KHTML, like Gecko) Chrome/148.0.0.0 Safari/537.36"
152.57.32.5 - - [14/May/2026:11:10:55 +0530] "POST /login/corp_login/ HTTP/2.0" 200 65 "https://login.cafsindia.com/login" "Mozilla/5.0 (Windows NT 10.0; Win64; x64) AppleWebKit/537.36 (KHTML, like Gecko) Chrome/148.0.0.0 Safari/537.36"
152.57.32.5 - - [14/May/2026:11:10:56 +0530] "GET /login HTTP/2.0" 302 - "https://login.cafsindia.com/login" "Mozilla/5.0 (Windows NT 10.0; Win64; x64) AppleWebKit/537.36 (KHTML, like Gecko) Chrome/148.0.0.0 Safari/537.36"
152.57.32.5 - - [14/May/2026:11:10:56 +0530] "GET /home HTTP/2.0" 200 11149 "https://login.cafsindia.com/login" "Mozilla/5.0 (Windows NT 10.0; Win64; x64) AppleWebKit/537.36 (KHTML, like Gecko) Chrome/148.0.0.0 Safari/537.36"
152.57.32.5 - - [14/May/2026:11:10:56 +0530] "GET /dist/cafs.css?rel=20260514 HTTP/2.0" 200 33565 "https://login.cafsindia.com/home" "Mozilla/5.0 (Windows NT 10.0; Win64; x64) AppleWebKit/537.36 (KHTML, like Gecko) Chrome/148.0.0.0 Safari/537.36"
152.57.32.5 - - [14/May/2026:11:10:56 +0530] "GET /dist/validate.js?rel=20260514 HTTP/2.0" 200 1455 "https://login.cafsindia.com/home" "Mozilla/5.0 (Windows NT 10.0; Win64; x64) AppleWebKit/537.36 (KHTML, like Gecko) Chrome/148.0.0.0 Safari/537.36"
152.57.32.5 - - [14/May/2026:11:10:58 +0530] "GET /portfolio HTTP/2.0" 200 275945 "https://login.cafsindia.com/home" "Mozilla/5.0 (Windows NT 10.0; Win64; x64) AppleWebKit/537.36 (KHTML, like Gecko) Chrome/148.0.0.0 Safari/537.36"
152.57.32.5 - - [14/May/2026:11:10:59 +0530] "POST /portfolio/search HTTP/2.0" 200 3967 "https://login.cafsindia.com/portfolio" "Mozilla/5.0 (Windows NT 10.0; Win64; x64) AppleWebKit/537.36 (KHTML, like Gecko) Chrome/148.0.0.0 Safari/537.36"
103.238.228.178 - - [14/May/2026:11:11:01 +0530] "POST /life_renewals/search HTTP/2.0" 200 12967 "https://login.cafsindia.com/life_renewals" "Mozilla/5.0 (Windows NT 10.0; Win64; x64) AppleWebKit/537.36 (KHTML, like Gecko) Chrome/148.0.0.0 Safari/537.36"
152.57.32.5 - - [14/May/2026:11:11:01 +0530] "POST /portfolio/search HTTP/2.0" 200 3967 "https://login.cafsindia.com/portfolio" "Mozilla/5.0 (Windows NT 10.0; Win64; x64) AppleWebKit/537.36 (KHTML, like Gecko) Chrome/148.0.0.0 Safari/537.36"
152.57.32.5 - - [14/May/2026:11:11:01 +0530] "POST /portfolio/search HTTP/2.0" 200 64 "https://login.cafsindia.com/portfolio" "Mozilla/5.0 (Windows NT 10.0; Win64; x64) AppleWebKit/537.36 (KHTML, like Gecko) Chrome/148.0.0.0 Safari/537.36"
152.57.32.5 - - [14/May/2026:11:11:02 +0530] "POST /portfolio/search HTTP/2.0" 200 64 "https://login.cafsindia.com/portfolio" "Mozilla/5.0 (Windows NT 10.0; Win64; x64) AppleWebKit/537.36 (KHTML, like Gecko) Chrome/148.0.0.0 Safari/537.36"
103.238.228.178 - - [14/May/2026:11:11:02 +0530] "POST /health_renewals/call_log/7857 HTTP/2.0" 200 51620 "https://login.cafsindia.com/health_renewals" "Mozilla/5.0 (Windows NT 10.0; Win64; x64) AppleWebKit/537.36 (KHTML, like Gecko) Chrome/148.0.0.0 Safari/537.36"
152.57.32.5 - - [14/May/2026:11:11:06 +0530] "POST /portfolio/search HTTP/2.0" 200 64 "https://login.cafsindia.com/portfolio" "Mozilla/5.0 (Windows NT 10.0; Win64; x64) AppleWebKit/537.36 (KHTML, like Gecko) Chrome/148.0.0.0 Safari/537.36"
103.238.228.178 - - [14/May/2026:11:11:07 +0530] "POST /life_renewals/search HTTP/2.0" 200 13126 "https://login.cafsindia.com/life_renewals" "Mozilla/5.0 (Windows NT 10.0; Win64; x64) AppleWebKit/537.36 (KHTML, like Gecko) Chrome/148.0.0.0 Safari/537.36"
152.57.32.5 - - [14/May/2026:11:11:08 +0530] "POST /portfolio/search HTTP/2.0" 200 3917 "https://login.cafsindia.com/portfolio" "Mozilla/5.0 (Windows NT 10.0; Win64; x64) AppleWebKit/537.36 (KHTML, like Gecko) Chrome/148.0.0.0 Safari/537.36"
152.57.32.5 - - [14/May/2026:11:11:09 +0530] "POST /portfolio/search HTTP/2.0" 200 3967 "https://login.cafsindia.com/portfolio" "Mozilla/5.0 (Windows NT 10.0; Win64; x64) AppleWebKit/537.36 (KHTML, like Gecko) Chrome/148.0.0.0 Safari/537.36"
152.57.32.5 - - [14/May/2026:11:11:10 +0530] "POST /portfolio/search HTTP/2.0" 200 3967 "https://login.cafsindia.com/portfolio" "Mozilla/5.0 (Windows NT 10.0; Win64; x64) AppleWebKit/537.36 (KHTML, like Gecko) Chrome/148.0.0.0 Safari/537.36"
152.57.32.5 - - [14/May/2026:11:11:10 +0530] "POST /portfolio/search HTTP/2.0" 200 3967 "https://login.cafsindia.com/portfolio" "Mozilla/5.0 (Windows NT 10.0; Win64; x64) AppleWebKit/537.36 (KHTML, like Gecko) Chrome/148.0.0.0 Safari/537.36"
152.57.32.5 - - [14/May/2026:11:11:11 +0530] "POST /portfolio/search HTTP/2.0" 200 461 "https://login.cafsindia.com/portfolio" "Mozilla/5.0 (Windows NT 10.0; Win64; x64) AppleWebKit/537.36 (KHTML, like Gecko) Chrome/148.0.0.0 Safari/537.36"
152.57.32.5 - - [14/May/2026:11:11:11 +0530] "POST /portfolio/search HTTP/2.0" 200 461 "https://login.cafsindia.com/portfolio" "Mozilla/5.0 (Windows NT 10.0; Win64; x64) AppleWebKit/537.36 (KHTML, like Gecko) Chrome/148.0.0.0 Safari/537.36"
103.238.228.178 - - [14/May/2026:11:11:13 +0530] "POST /life_renewals/search HTTP/2.0" 200 581 "https://login.cafsindia.com/life_renewals" "Mozilla/5.0 (Windows NT 10.0; Win64; x64) AppleWebKit/537.36 (KHTML, like Gecko) Chrome/148.0.0.0 Safari/537.36"
152.57.32.5 - - [14/May/2026:11:11:16 +0530] "POST /portfolio/view/4968 HTTP/2.0" 200 456723 "https://login.cafsindia.com/portfolio" "Mozilla/5.0 (Windows NT 10.0; Win64; x64) AppleWebKit/537.36 (KHTML, like Gecko) Chrome/148.0.0.0 Safari/537.36"
152.57.32.5 - - [14/May/2026:11:11:17 +0530] "POST /portfolio/get_com_info HTTP/2.0" 200 614 "https://login.cafsindia.com/portfolio" "Mozilla/5.0 (Windows NT 10.0; Win64; x64) AppleWebKit/537.36 (KHTML, like Gecko) Chrome/148.0.0.0 Safari/537.36"
152.57.32.5 - - [14/May/2026:11:11:17 +0530] "POST /portfolio/calaculate_total HTTP/2.0" 200 38 "https://login.cafsindia.com/portfolio" "Mozilla/5.0 (Windows NT 10.0; Win64; x64) AppleWebKit/537.36 (KHTML, like Gecko) Chrome/148.0.0.0 Safari/537.36"
152.57.32.5 - - [14/May/2026:11:11:17 +0530] "POST /portfolio/get_product_info HTTP/2.0" 200 108 "https://login.cafsindia.com/portfolio" "Mozilla/5.0 (Windows NT 10.0; Win64; x64) AppleWebKit/537.36 (KHTML, like Gecko) Chrome/148.0.0.0 Safari/537.36"
103.238.228.178 - - [14/May/2026:11:11:29 +0530] "POST /life_renewals/search HTTP/2.0" 200 13012 "https://login.cafsindia.com/life_renewals" "Mozilla/5.0 (Windows NT 10.0; Win64; x64) AppleWebKit/537.36 (KHTML, like Gecko) Chrome/148.0.0.0 Safari/537.36"
103.238.228.178 - - [14/May/2026:11:11:31 +0530] "POST /life_renewals/renewal/7281 HTTP/2.0" 200 21722 "https://login.cafsindia.com/life_renewals" "Mozilla/5.0 (Windows NT 10.0; Win64; x64) AppleWebKit/537.36 (KHTML, like Gecko) Chrome/148.0.0.0 Safari/537.36"
103.238.228.178 - - [14/May/2026:11:11:32 +0530] "POST /life_renewals/search HTTP/2.0" 200 13079 "https://login.cafsindia.com/life_renewals" "Mozilla/5.0 (Windows NT 10.0; Win64; x64) AppleWebKit/537.36 (KHTML, like Gecko) Chrome/148.0.0.0 Safari/537.36"
103.238.228.178 - - [14/May/2026:11:11:33 +0530] "POST /life_renewals/renewal_edit HTTP/2.0" 200 716 "https://login.cafsindia.com/life_renewals" "Mozilla/5.0 (Windows NT 10.0; Win64; x64) AppleWebKit/537.36 (KHTML, like Gecko) Chrome/148.0.0.0 Safari/537.36"
103.238.228.178 - - [14/May/2026:11:11:34 +0530] "POST /life_renewals/renewal_edit HTTP/2.0" 200 716 "https://login.cafsindia.com/life_renewals" "Mozilla/5.0 (Windows NT 10.0; Win64; x64) AppleWebKit/537.36 (KHTML, like Gecko) Chrome/148.0.0.0 Safari/537.36"
106.222.220.59 - - [14/May/2026:11:11:34 +0530] "POST /health/search HTTP/2.0" 200 66 "https://login.cafsindia.com/health" "Mozilla/5.0 (Windows NT 10.0; Win64; x64) AppleWebKit/537.36 (KHTML, like Gecko) Chrome/148.0.0.0 Safari/537.36"
103.238.228.178 - - [14/May/2026:11:11:36 +0530] "POST /life_renewals/policys_of_client HTTP/2.0" 200 1246 "https://login.cafsindia.com/life_renewals" "Mozilla/5.0 (Windows NT 10.0; Win64; x64) AppleWebKit/537.36 (KHTML, like Gecko) Chrome/148.0.0.0 Safari/537.36"
103.238.228.178 - - [14/May/2026:11:11:42 +0530] "POST /life_renewals/calculate_premium HTTP/2.0" 200 38 "https://login.cafsindia.com/life_renewals" "Mozilla/5.0 (Windows NT 10.0; Win64; x64) AppleWebKit/537.36 (KHTML, like Gecko) Chrome/148.0.0.0 Safari/537.36"
106.222.220.59 - - [14/May/2026:11:11:43 +0530] "POST /health/search HTTP/2.0" 200 514 "https://login.cafsindia.com/health" "Mozilla/5.0 (Windows NT 10.0; Win64; x64) AppleWebKit/537.36 (KHTML, like Gecko) Chrome/148.0.0.0 Safari/537.36"
103.238.228.178 - - [14/May/2026:11:11:44 +0530] "POST /life_renewals/calculate_premium HTTP/2.0" 200 38 "https://login.cafsindia.com/life_renewals" "Mozilla/5.0 (Windows NT 10.0; Win64; x64) AppleWebKit/537.36 (KHTML, like Gecko) Chrome/148.0.0.0 Safari/537.36"
103.238.228.178 - - [14/May/2026:11:11:44 +0530] "POST /life_renewals/calculate_premium HTTP/2.0" 200 37 "https://login.cafsindia.com/life_renewals" "Mozilla/5.0 (Windows NT 10.0; Win64; x64) AppleWebKit/537.36 (KHTML, like Gecko) Chrome/148.0.0.0 Safari/537.36"
103.238.228.178 - - [14/May/2026:11:11:45 +0530] "POST /life_renewals/call_log/6618 HTTP/2.0" 200 65619 "https://login.cafsindia.com/life_renewals" "Mozilla/5.0 (Windows NT 10.0; Win64; x64) AppleWebKit/537.36 (KHTML, like Gecko) Chrome/148.0.0.0 Safari/537.36"
103.238.228.178 - - [14/May/2026:11:11:46 +0530] "POST /life_renewals/renewal_update/7281 HTTP/2.0" 200 2287 "https://login.cafsindia.com/life_renewals" "Mozilla/5.0 (Windows NT 10.0; Win64; x64) AppleWebKit/537.36 (KHTML, like Gecko) Chrome/148.0.0.0 Safari/537.36"
103.238.228.178 - - [14/May/2026:11:11:47 +0530] "POST /life_renewals/search HTTP/2.0" 200 581 "https://login.cafsindia.com/life_renewals" "Mozilla/5.0 (Windows NT 10.0; Win64; x64) AppleWebKit/537.36 (KHTML, like Gecko) Chrome/148.0.0.0 Safari/537.36"
103.238.228.178 - - [14/May/2026:11:11:49 +0530] "POST /life_renewals/search HTTP/2.0" 200 5219 "https://login.cafsindia.com/life_renewals" "Mozilla/5.0 (Windows NT 10.0; Win64; x64) AppleWebKit/537.36 (KHTML, like Gecko) Chrome/148.0.0.0 Safari/537.36"
103.238.228.178 - - [14/May/2026:11:12:02 +0530] "POST /health_renewals/health_call_log_edit HTTP/2.0" 200 684 "https://login.cafsindia.com/health_renewals" "Mozilla/5.0 (Windows NT 10.0; Win64; x64) AppleWebKit/537.36 (KHTML, like Gecko) Chrome/148.0.0.0 Safari/537.36"
103.238.228.178 - - [14/May/2026:11:12:03 +0530] "POST /health_renewals/sub_disposition_list HTTP/2.0" 200 5681 "https://login.cafsindia.com/health_renewals" "Mozilla/5.0 (Windows NT 10.0; Win64; x64) AppleWebKit/537.36 (KHTML, like Gecko) Chrome/148.0.0.0 Safari/537.36"
103.238.228.178 - - [14/May/2026:11:12:07 +0530] "POST /health_renewals/health_call_log_update/ HTTP/2.0" 200 8218 "https://login.cafsindia.com/health_renewals" "Mozilla/5.0 (Windows NT 10.0; Win64; x64) AppleWebKit/537.36 (KHTML, like Gecko) Chrome/148.0.0.0 Safari/537.36"
103.238.228.178 - - [14/May/2026:11:12:08 +0530] "POST /health_renewals/search HTTP/2.0" 200 5114 "https://login.cafsindia.com/health_renewals" "Mozilla/5.0 (Windows NT 10.0; Win64; x64) AppleWebKit/537.36 (KHTML, like Gecko) Chrome/148.0.0.0 Safari/537.36"
103.238.228.178 - - [14/May/2026:11:12:10 +0530] "POST /health_renewals/call_log/316 HTTP/2.0" 200 58660 "https://login.cafsindia.com/health_renewals" "Mozilla/5.0 (Windows NT 10.0; Win64; x64) AppleWebKit/537.36 (KHTML, like Gecko) Chrome/148.0.0.0 Safari/537.36"
106.222.220.59 - - [14/May/2026:11:12:42 +0530] "POST /health/search HTTP/2.0" 200 66 "https://login.cafsindia.com/health" "Mozilla/5.0 (Windows NT 10.0; Win64; x64) AppleWebKit/537.36 (KHTML, like Gecko) Chrome/148.0.0.0 Safari/537.36"
106.222.220.59 - - [14/May/2026:11:12:43 +0530] "POST /health/search HTTP/2.0" 200 518 "https://login.cafsindia.com/health" "Mozilla/5.0 (Windows NT 10.0; Win64; x64) AppleWebKit/537.36 (KHTML, like Gecko) Chrome/148.0.0.0 Safari/537.36"
103.238.228.178 - - [14/May/2026:11:12:45 +0530] "POST /health_renewals/sub_disposition_list HTTP/2.0" 200 5681 "https://login.cafsindia.com/health_renewals" "Mozilla/5.0 (Windows NT 10.0; Win64; x64) AppleWebKit/537.36 (KHTML, like Gecko) Chrome/148.0.0.0 Safari/537.36"
103.238.228.178 - - [14/May/2026:11:12:49 +0530] "POST /health_renewals/sub_disposition_list HTTP/2.0" 200 5681 "https://login.cafsindia.com/health_renewals" "Mozilla/5.0 (Windows NT 10.0; Win64; x64) AppleWebKit/537.36 (KHTML, like Gecko) Chrome/148.0.0.0 Safari/537.36"
103.238.228.178 - - [14/May/2026:11:12:51 +0530] "POST /health_renewals/health_call_log_update/ HTTP/2.0" 200 13847 "https://login.cafsindia.com/health_renewals" "Mozilla/5.0 (Windows NT 10.0; Win64; x64) AppleWebKit/537.36 (KHTML, like Gecko) Chrome/148.0.0.0 Safari/537.36"
103.238.228.178 - - [14/May/2026:11:12:53 +0530] "POST /health_renewals/search HTTP/2.0" 200 4110 "https://login.cafsindia.com/health_renewals" "Mozilla/5.0 (Windows NT 10.0; Win64; x64) AppleWebKit/537.36 (KHTML, like Gecko) Chrome/148.0.0.0 Safari/537.36"
103.238.228.178 - - [14/May/2026:11:13:01 +0530] "POST /health_renewals/search HTTP/2.0" 200 5096 "https://login.cafsindia.com/health_renewals" "Mozilla/5.0 (Windows NT 10.0; Win64; x64) AppleWebKit/537.36 (KHTML, like Gecko) Chrome/148.0.0.0 Safari/537.36"
103.238.228.178 - - [14/May/2026:11:13:05 +0530] "POST /health_renewals/search HTTP/2.0" 200 5147 "https://login.cafsindia.com/health_renewals" "Mozilla/5.0 (Windows NT 10.0; Win64; x64) AppleWebKit/537.36 (KHTML, like Gecko) Chrome/148.0.0.0 Safari/537.36"
103.238.228.178 - - [14/May/2026:11:13:09 +0530] "POST /health_renewals/search HTTP/2.0" 200 5160 "https://login.cafsindia.com/health_renewals" "Mozilla/5.0 (Windows NT 10.0; Win64; x64) AppleWebKit/537.36 (KHTML, like Gecko) Chrome/148.0.0.0 Safari/537.36"
103.238.228.178 - - [14/May/2026:11:13:14 +0530] "POST /health_renewals/search HTTP/2.0" 200 5143 "https://login.cafsindia.com/health_renewals" "Mozilla/5.0 (Windows NT 10.0; Win64; x64) AppleWebKit/537.36 (KHTML, like Gecko) Chrome/148.0.0.0 Safari/537.36"
103.238.228.178 - - [14/May/2026:11:13:10 +0530] "POST /health_renewals/health_call_log_update/ HTTP/2.0" 200 23284 "https://login.cafsindia.com/health_renewals" "Mozilla/5.0 (Windows NT 10.0; Win64; x64) AppleWebKit/537.36 (KHTML, like Gecko) Chrome/148.0.0.0 Safari/537.36"
103.238.228.178 - - [14/May/2026:11:13:16 +0530] "POST /health_renewals/search HTTP/2.0" 200 5109 "https://login.cafsindia.com/health_renewals" "Mozilla/5.0 (Windows NT 10.0; Win64; x64) AppleWebKit/537.36 (KHTML, like Gecko) Chrome/148.0.0.0 Safari/537.36"
103.238.228.178 - - [14/May/2026:11:13:20 +0530] "POST /health_renewals/search HTTP/2.0" 200 5142 "https://login.cafsindia.com/health_renewals" "Mozilla/5.0 (Windows NT 10.0; Win64; x64) AppleWebKit/537.36 (KHTML, like Gecko) Chrome/148.0.0.0 Safari/537.36"
103.238.228.178 - - [14/May/2026:11:13:24 +0530] "POST /health_renewals/search HTTP/2.0" 200 5096 "https://login.cafsindia.com/health_renewals" "Mozilla/5.0 (Windows NT 10.0; Win64; x64) AppleWebKit/537.36 (KHTML, like Gecko) Chrome/148.0.0.0 Safari/537.36"
103.238.228.178 - - [14/May/2026:11:13:29 +0530] "POST /health_renewals/search HTTP/2.0" 200 3610 "https://login.cafsindia.com/health_renewals" "Mozilla/5.0 (Windows NT 10.0; Win64; x64) AppleWebKit/537.36 (KHTML, like Gecko) Chrome/148.0.0.0 Safari/537.36"
103.238.228.178 - - [14/May/2026:11:13:32 +0530] "POST /health_renewals/call_log/6750 HTTP/2.0" 200 53375 "https://login.cafsindia.com/health_renewals" "Mozilla/5.0 (Windows NT 10.0; Win64; x64) AppleWebKit/537.36 (KHTML, like Gecko) Chrome/148.0.0.0 Safari/537.36"
103.238.228.178 - - [14/May/2026:11:14:04 +0530] "POST /health_renewals/call_log/3604 HTTP/2.0" 200 48870 "https://login.cafsindia.com/health_renewals" "Mozilla/5.0 (Windows NT 10.0; Win64; x64) AppleWebKit/537.36 (KHTML, like Gecko) Chrome/148.0.0.0 Safari/537.36"
106.222.220.59 - - [14/May/2026:11:14:56 +0530] "POST /health/search HTTP/2.0" 200 66 "https://login.cafsindia.com/health" "Mozilla/5.0 (Windows NT 10.0; Win64; x64) AppleWebKit/537.36 (KHTML, like Gecko) Chrome/148.0.0.0 Safari/537.36"
103.238.228.178 - - [14/May/2026:11:14:56 +0530] "POST /life_renewals/life_call_log_update/ HTTP/2.0" 200 2868 "https://login.cafsindia.com/life_renewals" "Mozilla/5.0 (Windows NT 10.0; Win64; x64) AppleWebKit/537.36 (KHTML, like Gecko) Chrome/148.0.0.0 Safari/537.36"
106.222.220.59 - - [14/May/2026:11:14:57 +0530] "POST /health/search HTTP/2.0" 200 505 "https://login.cafsindia.com/health" "Mozilla/5.0 (Windows NT 10.0; Win64; x64) AppleWebKit/537.36 (KHTML, like Gecko) Chrome/148.0.0.0 Safari/537.36"
103.238.228.178 - - [14/May/2026:11:14:58 +0530] "POST /life_renewals/search HTTP/2.0" 200 13095 "https://login.cafsindia.com/life_renewals" "Mozilla/5.0 (Windows NT 10.0; Win64; x64) AppleWebKit/537.36 (KHTML, like Gecko) Chrome/148.0.0.0 Safari/537.36"
106.222.220.59 - - [14/May/2026:11:15:00 +0530] "POST /health/search HTTP/2.0" 200 505 "https://login.cafsindia.com/health" "Mozilla/5.0 (Windows NT 10.0; Win64; x64) AppleWebKit/537.36 (KHTML, like Gecko) Chrome/148.0.0.0 Safari/537.36"
103.238.228.178 - - [14/May/2026:11:15:06 +0530] "POST /life_renewals/policys_of_client HTTP/2.0" 200 804 "https://login.cafsindia.com/life_renewals" "Mozilla/5.0 (Windows NT 10.0; Win64; x64) AppleWebKit/537.36 (KHTML, like Gecko) Chrome/148.0.0.0 Safari/537.36"
103.238.228.178 - - [14/May/2026:11:15:16 +0530] "POST /life_renewals/search HTTP/2.0" 200 580 "https://login.cafsindia.com/life_renewals" "Mozilla/5.0 (Windows NT 10.0; Win64; x64) AppleWebKit/537.36 (KHTML, like Gecko) Chrome/148.0.0.0 Safari/537.36"
