103.238.228.178 - - [14/May/2026:09:50:45 +0530] "GET /home HTTP/2.0" 302 - "-" "Mozilla/5.0 (Windows NT 10.0; Win64; x64) AppleWebKit/537.36 (KHTML, like Gecko) Chrome/148.0.0.0 Safari/537.36"
103.238.228.178 - - [14/May/2026:09:50:45 +0530] "GET /login HTTP/2.0" 200 15213 "-" "Mozilla/5.0 (Windows NT 10.0; Win64; x64) AppleWebKit/537.36 (KHTML, like Gecko) Chrome/148.0.0.0 Safari/537.36"
103.238.228.178 - - [14/May/2026:09:50:45 +0530] "GET /dist/bootstrap.min.css?rel=20260514 HTTP/2.0" 200 127391 "https://login.cafsindia.com/login" "Mozilla/5.0 (Windows NT 10.0; Win64; x64) AppleWebKit/537.36 (KHTML, like Gecko) Chrome/148.0.0.0 Safari/537.36"
106.51.166.126 - - [14/May/2026:09:50:46 +0530] "POST /health/discount HTTP/2.0" 200 50 "https://login.cafsindia.com/health" "Mozilla/5.0 (Windows NT 10.0; Win64; x64) AppleWebKit/537.36 (KHTML, like Gecko) Chrome/148.0.0.0 Safari/537.36"
103.238.228.178 - - [14/May/2026:09:50:45 +0530] "GET /dist/cafs_login.css?rel=20260514 HTTP/2.0" 200 33753 "https://login.cafsindia.com/login" "Mozilla/5.0 (Windows NT 10.0; Win64; x64) AppleWebKit/537.36 (KHTML, like Gecko) Chrome/148.0.0.0 Safari/537.36"
103.238.228.178 - - [14/May/2026:09:50:45 +0530] "GET /dist/jquery.min.js?rel=20260514 HTTP/2.0" 200 88145 "https://login.cafsindia.com/login" "Mozilla/5.0 (Windows NT 10.0; Win64; x64) AppleWebKit/537.36 (KHTML, like Gecko) Chrome/148.0.0.0 Safari/537.36"
103.238.228.178 - - [14/May/2026:09:50:45 +0530] "GET /dist/opensourcepos.min.js?rel=20260514 HTTP/2.0" 200 1471322 "https://login.cafsindia.com/login" "Mozilla/5.0 (Windows NT 10.0; Win64; x64) AppleWebKit/537.36 (KHTML, like Gecko) Chrome/148.0.0.0 Safari/537.36"
106.51.166.126 - - [14/May/2026:09:50:52 +0530] "POST /health/fetch_product HTTP/2.0" 200 569 "https://login.cafsindia.com/health" "Mozilla/5.0 (Windows NT 10.0; Win64; x64) AppleWebKit/537.36 (KHTML, like Gecko) Chrome/148.0.0.0 Safari/537.36"
106.51.166.126 - - [14/May/2026:09:51:01 +0530] "POST /health/discount HTTP/2.0" 200 50 "https://login.cafsindia.com/health" "Mozilla/5.0 (Windows NT 10.0; Win64; x64) AppleWebKit/537.36 (KHTML, like Gecko) Chrome/148.0.0.0 Safari/537.36"
103.238.228.178 - - [14/May/2026:09:51:14 +0530] "POST /life_renewals/search HTTP/2.0" 200 13052 "https://login.cafsindia.com/life_renewals" "Mozilla/5.0 (Windows NT 10.0; Win64; x64) AppleWebKit/537.36 (KHTML, like Gecko) Chrome/148.0.0.0 Safari/537.36"
103.238.228.178 - - [14/May/2026:09:51:43 +0530] "POST /life_renewals/call_log/3073 HTTP/2.0" 200 91843 "https://login.cafsindia.com/life_renewals" "Mozilla/5.0 (Windows NT 10.0; Win64; x64) AppleWebKit/537.36 (KHTML, like Gecko) Chrome/148.0.0.0 Safari/537.36"
103.238.228.178 - - [14/May/2026:09:51:46 +0530] "POST /health/search HTTP/2.0" 200 931 "https://login.cafsindia.com/health" "Mozilla/5.0 (Windows NT 10.0; Win64; x64) AppleWebKit/537.36 (KHTML, like Gecko) Chrome/148.0.0.0 Safari/537.36"
106.51.166.126 - - [14/May/2026:09:51:47 +0530] "POST /health/save/ HTTP/2.0" 200 100 "https://login.cafsindia.com/health" "Mozilla/5.0 (Windows NT 10.0; Win64; x64) AppleWebKit/537.36 (KHTML, like Gecko) Chrome/148.0.0.0 Safari/537.36"
106.51.166.126 - - [14/May/2026:09:51:48 +0530] "POST /health/search HTTP/2.0" 200 4581 "https://login.cafsindia.com/health" "Mozilla/5.0 (Windows NT 10.0; Win64; x64) AppleWebKit/537.36 (KHTML, like Gecko) Chrome/148.0.0.0 Safari/537.36"
106.51.166.126 - - [14/May/2026:09:51:50 +0530] "POST /health/search HTTP/2.0" 200 2291 "https://login.cafsindia.com/health" "Mozilla/5.0 (Windows NT 10.0; Win64; x64) AppleWebKit/537.36 (KHTML, like Gecko) Chrome/148.0.0.0 Safari/537.36"
106.51.166.126 - - [14/May/2026:09:51:53 +0530] "POST /health/view/13328 HTTP/2.0" 200 412102 "https://login.cafsindia.com/health" "Mozilla/5.0 (Windows NT 10.0; Win64; x64) AppleWebKit/537.36 (KHTML, like Gecko) Chrome/148.0.0.0 Safari/537.36"
106.51.166.126 - - [14/May/2026:09:51:54 +0530] "POST /health/fetch_product HTTP/2.0" 200 577 "https://login.cafsindia.com/health" "Mozilla/5.0 (Windows NT 10.0; Win64; x64) AppleWebKit/537.36 (KHTML, like Gecko) Chrome/148.0.0.0 Safari/537.36"
103.238.228.178 - - [14/May/2026:09:51:55 +0530] "POST /health/search HTTP/2.0" 200 11240 "https://login.cafsindia.com/health" "Mozilla/5.0 (Windows NT 10.0; Win64; x64) AppleWebKit/537.36 (KHTML, like Gecko) Chrome/148.0.0.0 Safari/537.36"
103.238.228.178 - - [14/May/2026:09:51:55 +0530] "POST /health/search HTTP/2.0" 200 11240 "https://login.cafsindia.com/health" "Mozilla/5.0 (Windows NT 10.0; Win64; x64) AppleWebKit/537.36 (KHTML, like Gecko) Chrome/148.0.0.0 Safari/537.36"
103.238.228.178 - - [14/May/2026:09:51:56 +0530] "POST /health/search HTTP/2.0" 200 11385 "https://login.cafsindia.com/health" "Mozilla/5.0 (Windows NT 10.0; Win64; x64) AppleWebKit/537.36 (KHTML, like Gecko) Chrome/148.0.0.0 Safari/537.36"
103.238.228.178 - - [14/May/2026:09:52:03 +0530] "POST /life_renewals/life_call_log_update/ HTTP/2.0" 200 37713 "https://login.cafsindia.com/life_renewals" "Mozilla/5.0 (Windows NT 10.0; Win64; x64) AppleWebKit/537.36 (KHTML, like Gecko) Chrome/148.0.0.0 Safari/537.36"
103.238.228.178 - - [14/May/2026:09:52:05 +0530] "POST /life_renewals/search HTTP/2.0" 200 13046 "https://login.cafsindia.com/life_renewals" "Mozilla/5.0 (Windows NT 10.0; Win64; x64) AppleWebKit/537.36 (KHTML, like Gecko) Chrome/148.0.0.0 Safari/537.36"
103.238.228.178 - - [14/May/2026:09:52:08 +0530] "POST /life_renewals/call_log/3611 HTTP/2.0" 200 91933 "https://login.cafsindia.com/life_renewals" "Mozilla/5.0 (Windows NT 10.0; Win64; x64) AppleWebKit/537.36 (KHTML, like Gecko) Chrome/148.0.0.0 Safari/537.36"
103.238.228.178 - - [14/May/2026:09:52:12 +0530] "GET /renewals_business_report HTTP/2.0" 200 68347 "https://login.cafsindia.com/report/index/3" "Mozilla/5.0 (Windows NT 10.0; Win64; x64) AppleWebKit/537.36 (KHTML, like Gecko) Chrome/148.0.0.0 Safari/537.36"
103.238.228.178 - - [14/May/2026:09:52:19 +0530] "POST /renewals_business_report/pending_details_tab HTTP/2.0" 200 34877 "https://login.cafsindia.com/renewals_business_report" "Mozilla/5.0 (Windows NT 10.0; Win64; x64) AppleWebKit/537.36 (KHTML, like Gecko) Chrome/148.0.0.0 Safari/537.36"
103.238.228.178 - - [14/May/2026:09:52:25 +0530] "GET /home HTTP/2.0" 302 - "-" "Mozilla/5.0 (Windows NT 10.0; Win64; x64) AppleWebKit/537.36 (KHTML, like Gecko) Chrome/148.0.0.0 Safari/537.36"
103.238.228.178 - - [14/May/2026:09:52:25 +0530] "GET /login HTTP/2.0" 200 15213 "-" "Mozilla/5.0 (Windows NT 10.0; Win64; x64) AppleWebKit/537.36 (KHTML, like Gecko) Chrome/148.0.0.0 Safari/537.36"
103.238.228.178 - - [14/May/2026:09:52:28 +0530] "POST /login/corp_login/ HTTP/2.0" 200 65 "https://login.cafsindia.com/login" "Mozilla/5.0 (Windows NT 10.0; Win64; x64) AppleWebKit/537.36 (KHTML, like Gecko) Chrome/148.0.0.0 Safari/537.36"
106.51.166.126 - - [14/May/2026:09:52:28 +0530] "POST /upload_files/upload.php?send_from=health&send_for=upload_insured_id_proof&extension=png,jpg,jpeg,pdf&upload_filesize=1000 HTTP/2.0" 200 126 "https://login.cafsindia.com/health" "Mozilla/5.0 (Windows NT 10.0; Win64; x64) AppleWebKit/537.36 (KHTML, like Gecko) Chrome/148.0.0.0 Safari/537.36"
103.238.228.178 - - [14/May/2026:09:52:28 +0530] "GET /login HTTP/2.0" 302 - "https://login.cafsindia.com/login" "Mozilla/5.0 (Windows NT 10.0; Win64; x64) AppleWebKit/537.36 (KHTML, like Gecko) Chrome/148.0.0.0 Safari/537.36"
103.238.228.178 - - [14/May/2026:09:52:29 +0530] "GET /home HTTP/2.0" 200 16794 "https://login.cafsindia.com/login" "Mozilla/5.0 (Windows NT 10.0; Win64; x64) AppleWebKit/537.36 (KHTML, like Gecko) Chrome/148.0.0.0 Safari/537.36"
103.238.228.178 - - [14/May/2026:09:52:29 +0530] "GET /dist/cafs.css?rel=20260514 HTTP/2.0" 200 33565 "https://login.cafsindia.com/home" "Mozilla/5.0 (Windows NT 10.0; Win64; x64) AppleWebKit/537.36 (KHTML, like Gecko) Chrome/148.0.0.0 Safari/537.36"
103.238.228.178 - - [14/May/2026:09:52:29 +0530] "GET /dist/validate.js?rel=20260514 HTTP/2.0" 200 1455 "https://login.cafsindia.com/home" "Mozilla/5.0 (Windows NT 10.0; Win64; x64) AppleWebKit/537.36 (KHTML, like Gecko) Chrome/148.0.0.0 Safari/537.36"
106.51.166.126 - - [14/May/2026:09:52:30 +0530] "POST /health/rowset_save HTTP/2.0" 200 1186 "https://login.cafsindia.com/health" "Mozilla/5.0 (Windows NT 10.0; Win64; x64) AppleWebKit/537.36 (KHTML, like Gecko) Chrome/148.0.0.0 Safari/537.36"
103.238.228.178 - - [14/May/2026:09:52:30 +0530] "POST /renewals_business_report/pending_details_tab HTTP/2.0" 200 17106 "https://login.cafsindia.com/renewals_business_report" "Mozilla/5.0 (Windows NT 10.0; Win64; x64) AppleWebKit/537.36 (KHTML, like Gecko) Chrome/148.0.0.0 Safari/537.36"
103.238.228.178 - - [14/May/2026:09:52:32 +0530] "POST /renewals_business_report/show_business_popup_data HTTP/2.0" 200 1224 "https://login.cafsindia.com/renewals_business_report" "Mozilla/5.0 (Windows NT 10.0; Win64; x64) AppleWebKit/537.36 (KHTML, like Gecko) Chrome/148.0.0.0 Safari/537.36"
103.238.228.178 - - [14/May/2026:09:52:34 +0530] "GET /health_renewals HTTP/2.0" 200 183453 "https://login.cafsindia.com/home" "Mozilla/5.0 (Windows NT 10.0; Win64; x64) AppleWebKit/537.36 (KHTML, like Gecko) Chrome/148.0.0.0 Safari/537.36"
106.51.166.126 - - [14/May/2026:09:52:34 +0530] "POST /health/save/13328 HTTP/2.0" 200 100 "https://login.cafsindia.com/health" "Mozilla/5.0 (Windows NT 10.0; Win64; x64) AppleWebKit/537.36 (KHTML, like Gecko) Chrome/148.0.0.0 Safari/537.36"
106.51.166.126 - - [14/May/2026:09:52:35 +0530] "POST /health/search HTTP/2.0" 200 4581 "https://login.cafsindia.com/health" "Mozilla/5.0 (Windows NT 10.0; Win64; x64) AppleWebKit/537.36 (KHTML, like Gecko) Chrome/148.0.0.0 Safari/537.36"
103.238.228.178 - - [14/May/2026:09:52:35 +0530] "POST /health_renewals/search HTTP/2.0" 200 4882 "https://login.cafsindia.com/health_renewals" "Mozilla/5.0 (Windows NT 10.0; Win64; x64) AppleWebKit/537.36 (KHTML, like Gecko) Chrome/148.0.0.0 Safari/537.36"
103.238.228.178 - - [14/May/2026:09:52:38 +0530] "POST /health_renewals/search HTTP/2.0" 200 565 "https://login.cafsindia.com/health_renewals" "Mozilla/5.0 (Windows NT 10.0; Win64; x64) AppleWebKit/537.36 (KHTML, like Gecko) Chrome/148.0.0.0 Safari/537.36"
106.51.166.126 - - [14/May/2026:09:52:39 +0530] "POST /health/search HTTP/2.0" 200 2291 "https://login.cafsindia.com/health" "Mozilla/5.0 (Windows NT 10.0; Win64; x64) AppleWebKit/537.36 (KHTML, like Gecko) Chrome/148.0.0.0 Safari/537.36"
103.238.228.178 - - [14/May/2026:09:52:37 +0530] "POST /health_renewals/call_log/4010 HTTP/2.0" 200 66304 "https://login.cafsindia.com/health_renewals" "Mozilla/5.0 (Windows NT 10.0; Win64; x64) AppleWebKit/537.36 (KHTML, like Gecko) Chrome/148.0.0.0 Safari/537.36"
103.238.228.178 - - [14/May/2026:09:52:40 +0530] "POST /health_renewals/call_log/12251 HTTP/2.0" 200 47477 "https://login.cafsindia.com/health_renewals" "Mozilla/5.0 (Windows NT 10.0; Win64; x64) AppleWebKit/537.36 (KHTML, like Gecko) Chrome/148.0.0.0 Safari/537.36"
103.238.228.178 - - [14/May/2026:09:52:41 +0530] "POST /health_renewals/call_log/4097 HTTP/2.0" 200 52578 "https://login.cafsindia.com/health_renewals" "Mozilla/5.0 (Windows NT 10.0; Win64; x64) AppleWebKit/537.36 (KHTML, like Gecko) Chrome/148.0.0.0 Safari/537.36"
106.51.166.126 - - [14/May/2026:09:52:43 +0530] "POST /health/view/13328 HTTP/2.0" 200 412670 "https://login.cafsindia.com/health" "Mozilla/5.0 (Windows NT 10.0; Win64; x64) AppleWebKit/537.36 (KHTML, like Gecko) Chrome/148.0.0.0 Safari/537.36"
106.51.166.126 - - [14/May/2026:09:52:44 +0530] "POST /health/fetch_product HTTP/2.0" 200 577 "https://login.cafsindia.com/health" "Mozilla/5.0 (Windows NT 10.0; Win64; x64) AppleWebKit/537.36 (KHTML, like Gecko) Chrome/148.0.0.0 Safari/537.36"
103.238.228.178 - - [14/May/2026:09:52:49 +0530] "POST /health_renewals/search HTTP/2.0" 200 1089 "https://login.cafsindia.com/health_renewals" "Mozilla/5.0 (Windows NT 10.0; Win64; x64) AppleWebKit/537.36 (KHTML, like Gecko) Chrome/148.0.0.0 Safari/537.36"
103.238.228.178 - - [14/May/2026:09:52:55 +0530] "POST /health_renewals/search HTTP/2.0" 200 5131 "https://login.cafsindia.com/health_renewals" "Mozilla/5.0 (Windows NT 10.0; Win64; x64) AppleWebKit/537.36 (KHTML, like Gecko) Chrome/148.0.0.0 Safari/537.36"
103.238.228.178 - - [14/May/2026:09:52:56 +0530] "POST /health_renewals/sub_disposition_list HTTP/2.0" 200 296 "https://login.cafsindia.com/health_renewals" "Mozilla/5.0 (Windows NT 10.0; Win64; x64) AppleWebKit/537.36 (KHTML, like Gecko) Chrome/148.0.0.0 Safari/537.36"
103.238.228.178 - - [14/May/2026:09:53:00 +0530] "POST /health_renewals/health_call_log_update/ HTTP/2.0" 200 8336 "https://login.cafsindia.com/health_renewals" "Mozilla/5.0 (Windows NT 10.0; Win64; x64) AppleWebKit/537.36 (KHTML, like Gecko) Chrome/148.0.0.0 Safari/537.36"
103.238.228.178 - - [14/May/2026:09:53:02 +0530] "POST /health_renewals/search HTTP/2.0" 200 565 "https://login.cafsindia.com/health_renewals" "Mozilla/5.0 (Windows NT 10.0; Win64; x64) AppleWebKit/537.36 (KHTML, like Gecko) Chrome/148.0.0.0 Safari/537.36"
106.51.166.126 - - [14/May/2026:09:53:03 +0530] "POST /health/save/13328 HTTP/2.0" 200 100 "https://login.cafsindia.com/health" "Mozilla/5.0 (Windows NT 10.0; Win64; x64) AppleWebKit/537.36 (KHTML, like Gecko) Chrome/148.0.0.0 Safari/537.36"
103.238.228.178 - - [14/May/2026:09:53:03 +0530] "POST /health_renewals/renewal/12251 HTTP/2.0" 200 35035 "https://login.cafsindia.com/health_renewals" "Mozilla/5.0 (Windows NT 10.0; Win64; x64) AppleWebKit/537.36 (KHTML, like Gecko) Chrome/148.0.0.0 Safari/537.36"
106.51.166.126 - - [14/May/2026:09:53:05 +0530] "POST /health/search HTTP/2.0" 200 4581 "https://login.cafsindia.com/health" "Mozilla/5.0 (Windows NT 10.0; Win64; x64) AppleWebKit/537.36 (KHTML, like Gecko) Chrome/148.0.0.0 Safari/537.36"
103.238.228.178 - - [14/May/2026:09:53:04 +0530] "POST /life_renewals/life_call_log_update/ HTTP/2.0" 200 37733 "https://login.cafsindia.com/life_renewals" "Mozilla/5.0 (Windows NT 10.0; Win64; x64) AppleWebKit/537.36 (KHTML, like Gecko) Chrome/148.0.0.0 Safari/537.36"
103.238.228.178 - - [14/May/2026:09:53:06 +0530] "POST /life_renewals/search HTTP/2.0" 200 13039 "https://login.cafsindia.com/life_renewals" "Mozilla/5.0 (Windows NT 10.0; Win64; x64) AppleWebKit/537.36 (KHTML, like Gecko) Chrome/148.0.0.0 Safari/537.36"
106.51.166.126 - - [14/May/2026:09:53:08 +0530] "GET /home/logout HTTP/2.0" 302 - "https://login.cafsindia.com/health" "Mozilla/5.0 (Windows NT 10.0; Win64; x64) AppleWebKit/537.36 (KHTML, like Gecko) Chrome/148.0.0.0 Safari/537.36"
106.51.166.126 - - [14/May/2026:09:53:08 +0530] "GET /login HTTP/2.0" 200 15213 "https://login.cafsindia.com/health" "Mozilla/5.0 (Windows NT 10.0; Win64; x64) AppleWebKit/537.36 (KHTML, like Gecko) Chrome/148.0.0.0 Safari/537.36"
103.238.228.178 - - [14/May/2026:09:53:08 +0530] "GET /health_renewals HTTP/2.0" 200 183453 "https://login.cafsindia.com/home" "Mozilla/5.0 (Windows NT 10.0; Win64; x64) AppleWebKit/537.36 (KHTML, like Gecko) Chrome/148.0.0.0 Safari/537.36"
103.238.228.178 - - [14/May/2026:09:53:09 +0530] "POST /health_renewals/search HTTP/2.0" 200 4882 "https://login.cafsindia.com/health_renewals" "Mozilla/5.0 (Windows NT 10.0; Win64; x64) AppleWebKit/537.36 (KHTML, like Gecko) Chrome/148.0.0.0 Safari/537.36"
103.238.228.178 - - [14/May/2026:09:53:11 +0530] "POST /life_renewals/call_log/6197 HTTP/2.0" 200 74497 "https://login.cafsindia.com/life_renewals" "Mozilla/5.0 (Windows NT 10.0; Win64; x64) AppleWebKit/537.36 (KHTML, like Gecko) Chrome/148.0.0.0 Safari/537.36"
103.238.228.178 - - [14/May/2026:09:53:15 +0530] "POST /health_renewals/update_due_date HTTP/2.0" 200 69 "https://login.cafsindia.com/health_renewals" "Mozilla/5.0 (Windows NT 10.0; Win64; x64) AppleWebKit/537.36 (KHTML, like Gecko) Chrome/148.0.0.0 Safari/537.36"
103.238.228.178 - - [14/May/2026:09:53:17 +0530] "POST /health_renewals/policy_no_exist HTTP/2.0" 200 36 "https://login.cafsindia.com/health_renewals" "Mozilla/5.0 (Windows NT 10.0; Win64; x64) AppleWebKit/537.36 (KHTML, like Gecko) Chrome/148.0.0.0 Safari/537.36"
103.238.228.178 - - [14/May/2026:09:53:17 +0530] "POST /health_renewals/search HTTP/2.0" 200 4137 "https://login.cafsindia.com/health_renewals" "Mozilla/5.0 (Windows NT 10.0; Win64; x64) AppleWebKit/537.36 (KHTML, like Gecko) Chrome/148.0.0.0 Safari/537.36"
103.238.228.178 - - [14/May/2026:09:53:21 +0530] "POST /health_renewals/search HTTP/2.0" 200 4137 "https://login.cafsindia.com/health_renewals" "Mozilla/5.0 (Windows NT 10.0; Win64; x64) AppleWebKit/537.36 (KHTML, like Gecko) Chrome/148.0.0.0 Safari/537.36"
103.238.228.178 - - [14/May/2026:09:53:29 +0530] "POST /health_renewals/search HTTP/2.0" 200 5144 "https://login.cafsindia.com/health_renewals" "Mozilla/5.0 (Windows NT 10.0; Win64; x64) AppleWebKit/537.36 (KHTML, like Gecko) Chrome/148.0.0.0 Safari/537.36"
103.238.228.178 - - [14/May/2026:09:54:48 +0530] "POST /health_renewals/sub_disposition_list HTTP/2.0" 200 5681 "https://login.cafsindia.com/health_renewals" "Mozilla/5.0 (Windows NT 10.0; Win64; x64) AppleWebKit/537.36 (KHTML, like Gecko) Chrome/148.0.0.0 Safari/537.36"
103.238.228.178 - - [14/May/2026:09:54:51 +0530] "POST /health_renewals/policy_no_exist HTTP/2.0" 200 36 "https://login.cafsindia.com/health_renewals" "Mozilla/5.0 (Windows NT 10.0; Win64; x64) AppleWebKit/537.36 (KHTML, like Gecko) Chrome/148.0.0.0 Safari/537.36"
103.238.228.178 - - [14/May/2026:09:54:52 +0530] "POST /health_renewals/renewal_update/12251 HTTP/2.0" 200 2616 "https://login.cafsindia.com/health_renewals" "Mozilla/5.0 (Windows NT 10.0; Win64; x64) AppleWebKit/537.36 (KHTML, like Gecko) Chrome/148.0.0.0 Safari/537.36"
103.238.228.178 - - [14/May/2026:09:54:55 +0530] "POST /health_renewals/health_call_log_update/ HTTP/2.0" 200 15254 "https://login.cafsindia.com/health_renewals" "Mozilla/5.0 (Windows NT 10.0; Win64; x64) AppleWebKit/537.36 (KHTML, like Gecko) Chrome/148.0.0.0 Safari/537.36"
103.238.228.178 - - [14/May/2026:09:54:56 +0530] "POST /health_renewals/search HTTP/2.0" 200 5092 "https://login.cafsindia.com/health_renewals" "Mozilla/5.0 (Windows NT 10.0; Win64; x64) AppleWebKit/537.36 (KHTML, like Gecko) Chrome/148.0.0.0 Safari/537.36"
103.238.228.178 - - [14/May/2026:09:54:56 +0530] "POST /health_renewals/search HTTP/2.0" 200 572 "https://login.cafsindia.com/health_renewals" "Mozilla/5.0 (Windows NT 10.0; Win64; x64) AppleWebKit/537.36 (KHTML, like Gecko) Chrome/148.0.0.0 Safari/537.36"
103.238.228.178 - - [14/May/2026:09:54:58 +0530] "POST /health_renewals/search HTTP/2.0" 200 5143 "https://login.cafsindia.com/health_renewals" "Mozilla/5.0 (Windows NT 10.0; Win64; x64) AppleWebKit/537.36 (KHTML, like Gecko) Chrome/148.0.0.0 Safari/537.36"
103.238.228.178 - - [14/May/2026:09:55:04 +0530] "POST /health_renewals/search HTTP/2.0" 200 592 "https://login.cafsindia.com/health_renewals" "Mozilla/5.0 (Windows NT 10.0; Win64; x64) AppleWebKit/537.36 (KHTML, like Gecko) Chrome/148.0.0.0 Safari/537.36"
103.238.228.178 - - [14/May/2026:09:55:07 +0530] "POST /health_renewals/call_log/4092 HTTP/2.0" 200 47381 "https://login.cafsindia.com/health_renewals" "Mozilla/5.0 (Windows NT 10.0; Win64; x64) AppleWebKit/537.36 (KHTML, like Gecko) Chrome/148.0.0.0 Safari/537.36"
103.238.228.178 - - [14/May/2026:09:55:07 +0530] "POST /health_renewals/call_log/8196 HTTP/2.0" 200 65568 "https://login.cafsindia.com/health_renewals" "Mozilla/5.0 (Windows NT 10.0; Win64; x64) AppleWebKit/537.36 (KHTML, like Gecko) Chrome/148.0.0.0 Safari/537.36"
103.238.228.178 - - [14/May/2026:09:55:33 +0530] "POST /health_renewals/sub_disposition_list HTTP/2.0" 200 296 "https://login.cafsindia.com/health_renewals" "Mozilla/5.0 (Windows NT 10.0; Win64; x64) AppleWebKit/537.36 (KHTML, like Gecko) Chrome/148.0.0.0 Safari/537.36"
103.238.228.178 - - [14/May/2026:09:55:37 +0530] "POST /health_renewals/health_call_log_update/ HTTP/2.0" 200 32266 "https://login.cafsindia.com/health_renewals" "Mozilla/5.0 (Windows NT 10.0; Win64; x64) AppleWebKit/537.36 (KHTML, like Gecko) Chrome/148.0.0.0 Safari/537.36"
103.238.228.178 - - [14/May/2026:09:55:38 +0530] "POST /health_renewals/search HTTP/2.0" 200 592 "https://login.cafsindia.com/health_renewals" "Mozilla/5.0 (Windows NT 10.0; Win64; x64) AppleWebKit/537.36 (KHTML, like Gecko) Chrome/148.0.0.0 Safari/537.36"
103.238.228.178 - - [14/May/2026:09:55:39 +0530] "POST /health_renewals/renewal/8196 HTTP/2.0" 200 38167 "https://login.cafsindia.com/health_renewals" "Mozilla/5.0 (Windows NT 10.0; Win64; x64) AppleWebKit/537.36 (KHTML, like Gecko) Chrome/148.0.0.0 Safari/537.36"
103.238.228.178 - - [14/May/2026:09:55:38 +0530] "POST /life_renewals/life_call_log_update/ HTTP/2.0" 200 14649 "https://login.cafsindia.com/life_renewals" "Mozilla/5.0 (Windows NT 10.0; Win64; x64) AppleWebKit/537.36 (KHTML, like Gecko) Chrome/148.0.0.0 Safari/537.36"
103.238.228.178 - - [14/May/2026:09:55:40 +0530] "POST /life_renewals/search HTTP/2.0" 200 13018 "https://login.cafsindia.com/life_renewals" "Mozilla/5.0 (Windows NT 10.0; Win64; x64) AppleWebKit/537.36 (KHTML, like Gecko) Chrome/148.0.0.0 Safari/537.36"
103.238.228.178 - - [14/May/2026:09:55:44 +0530] "POST /health_renewals/policy_no_exist HTTP/2.0" 200 36 "https://login.cafsindia.com/health_renewals" "Mozilla/5.0 (Windows NT 10.0; Win64; x64) AppleWebKit/537.36 (KHTML, like Gecko) Chrome/148.0.0.0 Safari/537.36"
103.238.228.178 - - [14/May/2026:09:55:44 +0530] "POST /life_renewals/call_log/7011 HTTP/2.0" 200 74714 "https://login.cafsindia.com/life_renewals" "Mozilla/5.0 (Windows NT 10.0; Win64; x64) AppleWebKit/537.36 (KHTML, like Gecko) Chrome/148.0.0.0 Safari/537.36"
103.238.228.178 - - [14/May/2026:09:55:44 +0530] "GET /health_renewals HTTP/2.0" 200 183453 "https://login.cafsindia.com/home" "Mozilla/5.0 (Windows NT 10.0; Win64; x64) AppleWebKit/537.36 (KHTML, like Gecko) Chrome/148.0.0.0 Safari/537.36"
103.238.228.178 - - [14/May/2026:09:55:45 +0530] "POST /health_renewals/search HTTP/2.0" 200 4882 "https://login.cafsindia.com/health_renewals" "Mozilla/5.0 (Windows NT 10.0; Win64; x64) AppleWebKit/537.36 (KHTML, like Gecko) Chrome/148.0.0.0 Safari/537.36"
103.238.228.178 - - [14/May/2026:09:55:47 +0530] "POST /health_renewals/search HTTP/2.0" 200 4811 "https://login.cafsindia.com/health_renewals" "Mozilla/5.0 (Windows NT 10.0; Win64; x64) AppleWebKit/537.36 (KHTML, like Gecko) Chrome/148.0.0.0 Safari/537.36"
103.238.228.178 - - [14/May/2026:09:55:48 +0530] "POST /health_renewals/search HTTP/2.0" 200 4979 "https://login.cafsindia.com/health_renewals" "Mozilla/5.0 (Windows NT 10.0; Win64; x64) AppleWebKit/537.36 (KHTML, like Gecko) Chrome/148.0.0.0 Safari/537.36"
103.238.228.178 - - [14/May/2026:09:55:49 +0530] "POST /health_renewals/search HTTP/2.0" 200 570 "https://login.cafsindia.com/health_renewals" "Mozilla/5.0 (Windows NT 10.0; Win64; x64) AppleWebKit/537.36 (KHTML, like Gecko) Chrome/148.0.0.0 Safari/537.36"
103.238.228.178 - - [14/May/2026:09:55:49 +0530] "POST /health_renewals/search HTTP/2.0" 200 570 "https://login.cafsindia.com/health_renewals" "Mozilla/5.0 (Windows NT 10.0; Win64; x64) AppleWebKit/537.36 (KHTML, like Gecko) Chrome/148.0.0.0 Safari/537.36"
103.238.228.178 - - [14/May/2026:09:55:50 +0530] "POST /health_renewals/renewal_update/8196 HTTP/2.0" 200 5746 "https://login.cafsindia.com/health_renewals" "Mozilla/5.0 (Windows NT 10.0; Win64; x64) AppleWebKit/537.36 (KHTML, like Gecko) Chrome/148.0.0.0 Safari/537.36"
103.238.228.178 - - [14/May/2026:09:55:50 +0530] "POST /health_renewals/search HTTP/2.0" 200 570 "https://login.cafsindia.com/health_renewals" "Mozilla/5.0 (Windows NT 10.0; Win64; x64) AppleWebKit/537.36 (KHTML, like Gecko) Chrome/148.0.0.0 Safari/537.36"
103.238.228.178 - - [14/May/2026:09:55:50 +0530] "POST /health_renewals/search HTTP/2.0" 200 570 "https://login.cafsindia.com/health_renewals" "Mozilla/5.0 (Windows NT 10.0; Win64; x64) AppleWebKit/537.36 (KHTML, like Gecko) Chrome/148.0.0.0 Safari/537.36"
103.238.228.178 - - [14/May/2026:09:55:51 +0530] "POST /health_renewals/search HTTP/2.0" 200 570 "https://login.cafsindia.com/health_renewals" "Mozilla/5.0 (Windows NT 10.0; Win64; x64) AppleWebKit/537.36 (KHTML, like Gecko) Chrome/148.0.0.0 Safari/537.36"
103.238.228.178 - - [14/May/2026:09:55:53 +0530] "POST /health_renewals/search HTTP/2.0" 200 5143 "https://login.cafsindia.com/health_renewals" "Mozilla/5.0 (Windows NT 10.0; Win64; x64) AppleWebKit/537.36 (KHTML, like Gecko) Chrome/148.0.0.0 Safari/537.36"
103.238.228.178 - - [14/May/2026:09:55:57 +0530] "POST /renewals_business_report/pending_details_tab HTTP/2.0" 200 15674 "https://login.cafsindia.com/renewals_business_report" "Mozilla/5.0 (Windows NT 10.0; Win64; x64) AppleWebKit/537.36 (KHTML, like Gecko) Chrome/148.0.0.0 Safari/537.36"
103.238.228.178 - - [14/May/2026:09:55:56 +0530] "POST /health_renewals/call_log/9810 HTTP/2.0" 200 46222 "https://login.cafsindia.com/health_renewals" "Mozilla/5.0 (Windows NT 10.0; Win64; x64) AppleWebKit/537.36 (KHTML, like Gecko) Chrome/148.0.0.0 Safari/537.36"
171.79.53.38 - - [14/May/2026:09:56:01 +0530] "POST /health_renewals/search HTTP/2.0" 200 4892 "https://login.cafsindia.com/health_renewals" "Mozilla/5.0 (Windows NT 10.0; Win64; x64) AppleWebKit/537.36 (KHTML, like Gecko) Chrome/148.0.0.0 Safari/537.36"
103.238.228.178 - - [14/May/2026:09:56:01 +0530] "POST /renewals_business_report/pending_details_tab HTTP/2.0" 200 44196 "https://login.cafsindia.com/renewals_business_report" "Mozilla/5.0 (Windows NT 10.0; Win64; x64) AppleWebKit/537.36 (KHTML, like Gecko) Chrome/148.0.0.0 Safari/537.36"
171.79.53.38 - - [14/May/2026:09:56:01 +0530] "POST /health_renewals/search HTTP/2.0" 200 1539 "https://login.cafsindia.com/health_renewals" "Mozilla/5.0 (Windows NT 10.0; Win64; x64) AppleWebKit/537.36 (KHTML, like Gecko) Chrome/148.0.0.0 Safari/537.36"
171.79.53.38 - - [14/May/2026:09:56:02 +0530] "POST /health_renewals/search HTTP/2.0" 200 1540 "https://login.cafsindia.com/health_renewals" "Mozilla/5.0 (Windows NT 10.0; Win64; x64) AppleWebKit/537.36 (KHTML, like Gecko) Chrome/148.0.0.0 Safari/537.36"
171.79.53.38 - - [14/May/2026:09:56:02 +0530] "POST /health_renewals/search HTTP/2.0" 200 66 "https://login.cafsindia.com/health_renewals" "Mozilla/5.0 (Windows NT 10.0; Win64; x64) AppleWebKit/537.36 (KHTML, like Gecko) Chrome/148.0.0.0 Safari/537.36"
171.79.53.38 - - [14/May/2026:09:56:03 +0530] "POST /health_renewals/search HTTP/2.0" 200 66 "https://login.cafsindia.com/health_renewals" "Mozilla/5.0 (Windows NT 10.0; Win64; x64) AppleWebKit/537.36 (KHTML, like Gecko) Chrome/148.0.0.0 Safari/537.36"
103.238.228.178 - - [14/May/2026:09:56:04 +0530] "POST /renewals_business_report/show_business_popup_data HTTP/2.0" 200 3538 "https://login.cafsindia.com/renewals_business_report" "Mozilla/5.0 (Windows NT 10.0; Win64; x64) AppleWebKit/537.36 (KHTML, like Gecko) Chrome/148.0.0.0 Safari/537.36"
103.238.228.178 - - [14/May/2026:09:56:05 +0530] "POST /health_renewals/sub_disposition_list HTTP/2.0" 200 5681 "https://login.cafsindia.com/health_renewals" "Mozilla/5.0 (Windows NT 10.0; Win64; x64) AppleWebKit/537.36 (KHTML, like Gecko) Chrome/148.0.0.0 Safari/537.36"
103.238.228.178 - - [14/May/2026:09:56:09 +0530] "POST /health_renewals/renewal/9810 HTTP/2.0" 200 35373 "https://login.cafsindia.com/health_renewals" "Mozilla/5.0 (Windows NT 10.0; Win64; x64) AppleWebKit/537.36 (KHTML, like Gecko) Chrome/148.0.0.0 Safari/537.36"
103.238.228.178 - - [14/May/2026:09:56:28 +0530] "POST /life_renewals/life_call_log_update/ HTTP/2.0" 200 14995 "https://login.cafsindia.com/life_renewals" "Mozilla/5.0 (Windows NT 10.0; Win64; x64) AppleWebKit/537.36 (KHTML, like Gecko) Chrome/148.0.0.0 Safari/537.36"
103.238.228.178 - - [14/May/2026:09:56:29 +0530] "POST /life_renewals/search HTTP/2.0" 200 13028 "https://login.cafsindia.com/life_renewals" "Mozilla/5.0 (Windows NT 10.0; Win64; x64) AppleWebKit/537.36 (KHTML, like Gecko) Chrome/148.0.0.0 Safari/537.36"
103.238.228.178 - - [14/May/2026:09:56:32 +0530] "GET /life_renewals HTTP/2.0" 200 147268 "https://login.cafsindia.com/report/index/3" "Mozilla/5.0 (Windows NT 10.0; Win64; x64) AppleWebKit/537.36 (KHTML, like Gecko) Chrome/148.0.0.0 Safari/537.36"
103.238.228.178 - - [14/May/2026:09:56:33 +0530] "POST /life_renewals/search HTTP/2.0" 200 5229 "https://login.cafsindia.com/life_renewals" "Mozilla/5.0 (Windows NT 10.0; Win64; x64) AppleWebKit/537.36 (KHTML, like Gecko) Chrome/148.0.0.0 Safari/537.36"
103.238.228.178 - - [14/May/2026:09:56:33 +0530] "POST /life_renewals/call_log/1642 HTTP/2.0" 200 86634 "https://login.cafsindia.com/life_renewals" "Mozilla/5.0 (Windows NT 10.0; Win64; x64) AppleWebKit/537.36 (KHTML, like Gecko) Chrome/148.0.0.0 Safari/537.36"
103.238.228.178 - - [14/May/2026:09:56:36 +0530] "GET /report/index/1 HTTP/2.0" 200 271243 "https://login.cafsindia.com/life_renewals" "Mozilla/5.0 (Windows NT 10.0; Win64; x64) AppleWebKit/537.36 (KHTML, like Gecko) Chrome/148.0.0.0 Safari/537.36"
103.238.228.178 - - [14/May/2026:09:56:38 +0530] "GET /report/search?order=asc&offset=0&limit=25&entry_date_cond%5B%5D=&search_entry_date_cond%5B%5D=&appl_no_cond%5B%5D=&search_appl_no_cond%5B%5D=&date_of_joining_cond%5B%5D=&search_date_of_joining_cond%5B%5D=&employee_code_cond%5B%5D=&search_employee_code_cond%5B%5D=&login_code_cond%5B%5D=&search_login_code_cond%5B%5D=&employee_name_cond%5B%5D=&search_employee_name_cond%5B%5D=&level_1_reporting_person_code_cond%5B%5D=&search_level_1_reporting_person_code_cond%5B%5D=&level_2_reporting_person_code_cond%5B%5D=&search_level_2_reporting_person_code_cond%5B%5D=&client_name_cond%5B%5D=&search_client_name_cond%5B%5D=&term_cond%5B%5D=&search_term_cond%5B%5D=&ppt_cond%5B%5D=&search_ppt_cond%5B%5D=&net_premium_cond%5B%5D=&search_net_premium_cond%5B%5D=&rider_premium_cond%5B%5D=&search_rider_premium_cond%5B%5D=&total_premium_cond%5B%5D=&search_total_premium_cond%5B%5D=&total_net_premium_cond%5B%5D=&search_total_net_premium_cond%5B%5D=&sum_assured_cond%5B%5D=&search_sum_assured_cond%5B%5D=&login_date_cond%5B%5D=&search_login_date_cond%5B%5D=&login_month_cond%5B%5D=&search_login_month_cond%5B%5D=&login_year_cond%5B%5D=&search_login_year_cond%5B%5D=&policy_number_cond%5B%5D=&search_policy_number_cond%5B%5D=&issuance_date_cond%5B%5D=&search_issuance_date_cond%5B%5D=&issuance_month_cond%5B%5D=&search_issuance_month_cond%5B%5D=&credit_amount_cond%5B%5D=&search_credit_amount_cond%5B%5D=&comp_login_date_cond%5B%5D=&search_comp_login_date_cond%5B%5D=&comp_app_no_cond%5B%5D=&search_comp_app_no_cond%5B%5D= HTTP/2.0" 200 - "https://login.cafsindia.com/report/index/1" "Mozilla/5.0 (Windows NT 10.0; Win64; x64) AppleWebKit/537.36 (KHTML, like Gecko) Chrome/148.0.0.0 Safari/537.36"
103.238.228.178 - - [14/May/2026:09:56:38 +0530] "GET /report/search?order=asc&offset=0&limit=25&filter_start_date=2026-04-15&filter_end_date=2026-05-14&entry_date_cond%5B%5D=&search_entry_date_cond%5B%5D=&appl_no_cond%5B%5D=&search_appl_no_cond%5B%5D=&date_of_joining_cond%5B%5D=&search_date_of_joining_cond%5B%5D=&employee_code_cond%5B%5D=&search_employee_code_cond%5B%5D=&login_code_cond%5B%5D=&search_login_code_cond%5B%5D=&employee_name_cond%5B%5D=&search_employee_name_cond%5B%5D=&level_1_reporting_person_code_cond%5B%5D=&search_level_1_reporting_person_code_cond%5B%5D=&level_2_reporting_person_code_cond%5B%5D=&search_level_2_reporting_person_code_cond%5B%5D=&client_name_cond%5B%5D=&search_client_name_cond%5B%5D=&term_cond%5B%5D=&search_term_cond%5B%5D=&ppt_cond%5B%5D=&search_ppt_cond%5B%5D=&net_premium_cond%5B%5D=&search_net_premium_cond%5B%5D=&rider_premium_cond%5B%5D=&search_rider_premium_cond%5B%5D=&total_premium_cond%5B%5D=&search_total_premium_cond%5B%5D=&total_net_premium_cond%5B%5D=&search_total_net_premium_cond%5B%5D=&sum_assured_cond%5B%5D=&search_sum_assured_cond%5B%5D=&login_date_cond%5B%5D=&search_login_date_cond%5B%5D=&login_month_cond%5B%5D=&search_login_month_cond%5B%5D=&login_year_cond%5B%5D=&search_login_year_cond%5B%5D=&policy_number_cond%5B%5D=&search_policy_number_cond%5B%5D=&issuance_date_cond%5B%5D=&search_issuance_date_cond%5B%5D=&issuance_month_cond%5B%5D=&search_issuance_month_cond%5B%5D=&credit_amount_cond%5B%5D=&search_credit_amount_cond%5B%5D=&comp_login_date_cond%5B%5D=&search_comp_login_date_cond%5B%5D=&comp_app_no_cond%5B%5D=&search_comp_app_no_cond%5B%5D= HTTP/2.0" 200 83547 "https://login.cafsindia.com/report/index/1" "Mozilla/5.0 (Windows NT 10.0; Win64; x64) AppleWebKit/537.36 (KHTML, like Gecko) Chrome/148.0.0.0 Safari/537.36"
103.238.228.178 - - [14/May/2026:09:56:39 +0530] "POST /renewals_business_report/pending_details_tab HTTP/2.0" 200 9733 "https://login.cafsindia.com/renewals_business_report" "Mozilla/5.0 (Windows NT 10.0; Win64; x64) AppleWebKit/537.36 (KHTML, like Gecko) Chrome/148.0.0.0 Safari/537.36"
103.238.228.178 - - [14/May/2026:09:56:56 +0530] "POST /renewals_business_report/pending_details_tab HTTP/2.0" 200 6772 "https://login.cafsindia.com/renewals_business_report" "Mozilla/5.0 (Windows NT 10.0; Win64; x64) AppleWebKit/537.36 (KHTML, like Gecko) Chrome/148.0.0.0 Safari/537.36"
103.238.228.178 - - [14/May/2026:09:56:58 +0530] "GET /report/search?order=asc&offset=0&limit=25&filter_start_date=2025-12-01&filter_end_date=2026-05-31&entry_date_cond%5B%5D=&search_entry_date_cond%5B%5D=&appl_no_cond%5B%5D=&search_appl_no_cond%5B%5D=&date_of_joining_cond%5B%5D=&search_date_of_joining_cond%5B%5D=&employee_code_cond%5B%5D=&search_employee_code_cond%5B%5D=&login_code_cond%5B%5D=&search_login_code_cond%5B%5D=&employee_name_cond%5B%5D=&search_employee_name_cond%5B%5D=&level_1_reporting_person_code_cond%5B%5D=&search_level_1_reporting_person_code_cond%5B%5D=&level_2_reporting_person_code_cond%5B%5D=&search_level_2_reporting_person_code_cond%5B%5D=&client_name_cond%5B%5D=&search_client_name_cond%5B%5D=&term_cond%5B%5D=&search_term_cond%5B%5D=&ppt_cond%5B%5D=&search_ppt_cond%5B%5D=&net_premium_cond%5B%5D=&search_net_premium_cond%5B%5D=&rider_premium_cond%5B%5D=&search_rider_premium_cond%5B%5D=&total_premium_cond%5B%5D=&search_total_premium_cond%5B%5D=&total_net_premium_cond%5B%5D=&search_total_net_premium_cond%5B%5D=&sum_assured_cond%5B%5D=&search_sum_assured_cond%5B%5D=&login_date_cond%5B%5D=&search_login_date_cond%5B%5D=&login_month_cond%5B%5D=&search_login_month_cond%5B%5D=&login_year_cond%5B%5D=&search_login_year_cond%5B%5D=&policy_number_cond%5B%5D=&search_policy_number_cond%5B%5D=&issuance_date_cond%5B%5D=&search_issuance_date_cond%5B%5D=&issuance_month_cond%5B%5D=&search_issuance_month_cond%5B%5D=&credit_amount_cond%5B%5D=&search_credit_amount_cond%5B%5D=&comp_login_date_cond%5B%5D=&search_comp_login_date_cond%5B%5D=&comp_app_no_cond%5B%5D=&search_comp_app_no_cond%5B%5D= HTTP/2.0" 200 549997 "https://login.cafsindia.com/report/index/1" "Mozilla/5.0 (Windows NT 10.0; Win64; x64) AppleWebKit/537.36 (KHTML, like Gecko) Chrome/148.0.0.0 Safari/537.36"
103.238.228.178 - - [14/May/2026:09:57:07 +0530] "POST /health/view/13241 HTTP/2.0" 200 421495 "https://login.cafsindia.com/health" "Mozilla/5.0 (Windows NT 10.0; Win64; x64) AppleWebKit/537.36 (KHTML, like Gecko) Chrome/148.0.0.0 Safari/537.36"
103.238.228.178 - - [14/May/2026:09:57:08 +0530] "POST /health/fetch_product HTTP/2.0" 200 149 "https://login.cafsindia.com/health" "Mozilla/5.0 (Windows NT 10.0; Win64; x64) AppleWebKit/537.36 (KHTML, like Gecko) Chrome/148.0.0.0 Safari/537.36"
103.238.228.178 - - [14/May/2026:09:57:34 +0530] "POST /health/due_date_fetch HTTP/2.0" 200 45 "https://login.cafsindia.com/health" "Mozilla/5.0 (Windows NT 10.0; Win64; x64) AppleWebKit/537.36 (KHTML, like Gecko) Chrome/148.0.0.0 Safari/537.36"
103.238.228.178 - - [14/May/2026:09:57:48 +0530] "POST /health/save/13241 HTTP/2.0" 200 100 "https://login.cafsindia.com/health" "Mozilla/5.0 (Windows NT 10.0; Win64; x64) AppleWebKit/537.36 (KHTML, like Gecko) Chrome/148.0.0.0 Safari/537.36"
103.238.228.178 - - [14/May/2026:09:57:49 +0530] "POST /health/search HTTP/2.0" 200 11405 "https://login.cafsindia.com/health" "Mozilla/5.0 (Windows NT 10.0; Win64; x64) AppleWebKit/537.36 (KHTML, like Gecko) Chrome/148.0.0.0 Safari/537.36"
103.238.228.178 - - [14/May/2026:09:57:55 +0530] "GET /health_renewals HTTP/2.0" 200 183035 "https://login.cafsindia.com/home" "Mozilla/5.0 (Windows NT 10.0; Win64; x64) AppleWebKit/537.36 (KHTML, like Gecko) Chrome/148.0.0.0 Safari/537.36"
103.238.228.178 - - [14/May/2026:09:57:56 +0530] "POST /health_renewals/search HTTP/2.0" 200 4882 "https://login.cafsindia.com/health_renewals" "Mozilla/5.0 (Windows NT 10.0; Win64; x64) AppleWebKit/537.36 (KHTML, like Gecko) Chrome/148.0.0.0 Safari/537.36"
103.238.228.178 - - [14/May/2026:09:58:03 +0530] "POST /health_renewals/search HTTP/2.0" 200 5126 "https://login.cafsindia.com/health_renewals" "Mozilla/5.0 (Windows NT 10.0; Win64; x64) AppleWebKit/537.36 (KHTML, like Gecko) Chrome/148.0.0.0 Safari/537.36"
103.238.228.178 - - [14/May/2026:09:58:05 +0530] "POST /health_renewals/search HTTP/2.0" 200 5138 "https://login.cafsindia.com/health_renewals" "Mozilla/5.0 (Windows NT 10.0; Win64; x64) AppleWebKit/537.36 (KHTML, like Gecko) Chrome/148.0.0.0 Safari/537.36"
103.238.228.178 - - [14/May/2026:09:58:07 +0530] "POST /health_renewals/search HTTP/2.0" 200 5102 "https://login.cafsindia.com/health_renewals" "Mozilla/5.0 (Windows NT 10.0; Win64; x64) AppleWebKit/537.36 (KHTML, like Gecko) Chrome/148.0.0.0 Safari/537.36"
103.238.228.178 - - [14/May/2026:09:58:08 +0530] "POST /health_renewals/search HTTP/2.0" 200 5138 "https://login.cafsindia.com/health_renewals" "Mozilla/5.0 (Windows NT 10.0; Win64; x64) AppleWebKit/537.36 (KHTML, like Gecko) Chrome/148.0.0.0 Safari/537.36"
103.238.228.178 - - [14/May/2026:09:58:15 +0530] "POST /health_renewals/search HTTP/2.0" 200 5114 "https://login.cafsindia.com/health_renewals" "Mozilla/5.0 (Windows NT 10.0; Win64; x64) AppleWebKit/537.36 (KHTML, like Gecko) Chrome/148.0.0.0 Safari/537.36"
103.238.228.178 - - [14/May/2026:09:58:23 +0530] "POST /health_renewals/search HTTP/2.0" 200 1081 "https://login.cafsindia.com/health_renewals" "Mozilla/5.0 (Windows NT 10.0; Win64; x64) AppleWebKit/537.36 (KHTML, like Gecko) Chrome/148.0.0.0 Safari/537.36"
103.238.228.178 - - [14/May/2026:09:58:25 +0530] "POST /health/search HTTP/2.0" 200 11240 "https://login.cafsindia.com/health" "Mozilla/5.0 (Windows NT 10.0; Win64; x64) AppleWebKit/537.36 (KHTML, like Gecko) Chrome/148.0.0.0 Safari/537.36"
171.79.53.38 - - [14/May/2026:09:58:26 +0530] "GET /login HTTP/2.0" 302 - "https://login.cafsindia.com/life_renewals" "Mozilla/5.0 (Windows NT 10.0; Win64; x64) AppleWebKit/537.36 (KHTML, like Gecko) Chrome/148.0.0.0 Safari/537.36"
171.79.53.38 - - [14/May/2026:09:58:26 +0530] "GET /home HTTP/2.0" 200 17418 "https://login.cafsindia.com/life_renewals" "Mozilla/5.0 (Windows NT 10.0; Win64; x64) AppleWebKit/537.36 (KHTML, like Gecko) Chrome/148.0.0.0 Safari/537.36"
103.238.228.178 - - [14/May/2026:09:58:28 +0530] "POST /health/view/13328 HTTP/2.0" 200 420652 "https://login.cafsindia.com/health" "Mozilla/5.0 (Windows NT 10.0; Win64; x64) AppleWebKit/537.36 (KHTML, like Gecko) Chrome/148.0.0.0 Safari/537.36"
103.238.228.178 - - [14/May/2026:09:58:29 +0530] "POST /health/fetch_product HTTP/2.0" 200 577 "https://login.cafsindia.com/health" "Mozilla/5.0 (Windows NT 10.0; Win64; x64) AppleWebKit/537.36 (KHTML, like Gecko) Chrome/148.0.0.0 Safari/537.36"
103.238.228.178 - - [14/May/2026:09:58:30 +0530] "POST /health_renewals/search HTTP/2.0" 200 5157 "https://login.cafsindia.com/health_renewals" "Mozilla/5.0 (Windows NT 10.0; Win64; x64) AppleWebKit/537.36 (KHTML, like Gecko) Chrome/148.0.0.0 Safari/537.36"
103.238.228.178 - - [14/May/2026:09:58:28 +0530] "POST /health_renewals/call_log/3334 HTTP/2.0" 200 47887 "https://login.cafsindia.com/health_renewals" "Mozilla/5.0 (Windows NT 10.0; Win64; x64) AppleWebKit/537.36 (KHTML, like Gecko) Chrome/148.0.0.0 Safari/537.36"
171.79.53.38 - - [14/May/2026:09:58:32 +0530] "GET /life_renewals HTTP/2.0" 200 144478 "https://login.cafsindia.com/home" "Mozilla/5.0 (Windows NT 10.0; Win64; x64) AppleWebKit/537.36 (KHTML, like Gecko) Chrome/148.0.0.0 Safari/537.36"
171.79.53.38 - - [14/May/2026:09:58:34 +0530] "POST /life_renewals/search HTTP/2.0" 200 5229 "https://login.cafsindia.com/life_renewals" "Mozilla/5.0 (Windows NT 10.0; Win64; x64) AppleWebKit/537.36 (KHTML, like Gecko) Chrome/148.0.0.0 Safari/537.36"
47.236.59.68 - - [14/May/2026:09:58:44 +0530] "GET /index.php/login HTTP/1.1" 200 15214 "-" "Mozilla/5.0 (Linux; Android 11; Redmi Note 9 Pro Build/RKQ1.200826.002; wv) AppleWebKit/5310.36 (KHTML, like Gecko) Version/4.0 Chrome/90.0.4430.210 Mobile Safari/5310.36"
171.79.53.38 - - [14/May/2026:09:58:44 +0530] "POST /life_renewals/search HTTP/2.0" 200 5070 "https://login.cafsindia.com/life_renewals" "Mozilla/5.0 (Windows NT 10.0; Win64; x64) AppleWebKit/537.36 (KHTML, like Gecko) Chrome/148.0.0.0 Safari/537.36"
47.236.59.68 - - [14/May/2026:09:58:46 +0530] "GET /.env HTTP/1.1" 404 1190 "-" "Mozilla/5.0 (Linux; Android 11; Redmi Note 9 Pro Build/RKQ1.200826.002; wv) AppleWebKit/5310.36 (KHTML, like Gecko) Version/4.0 Chrome/90.0.4430.210 Mobile Safari/5310.36"
47.236.59.68 - - [14/May/2026:09:58:46 +0530] "GET /dev/.env HTTP/1.1" 404 1190 "-" "Mozilla/5.0 (Linux; Android 11; Redmi Note 9 Pro Build/RKQ1.200826.002; wv) AppleWebKit/5310.36 (KHTML, like Gecko) Version/4.0 Chrome/90.0.4430.210 Mobile Safari/5310.36"
47.236.59.68 - - [14/May/2026:09:58:46 +0530] "GET /api/.env HTTP/1.1" 404 1190 "-" "Mozilla/5.0 (Linux; Android 11; Redmi Note 9 Pro Build/RKQ1.200826.002; wv) AppleWebKit/5310.36 (KHTML, like Gecko) Version/4.0 Chrome/90.0.4430.210 Mobile Safari/5310.36"
171.79.53.38 - - [14/May/2026:09:58:46 +0530] "POST /life_renewals/search HTTP/2.0" 200 5082 "https://login.cafsindia.com/life_renewals" "Mozilla/5.0 (Windows NT 10.0; Win64; x64) AppleWebKit/537.36 (KHTML, like Gecko) Chrome/148.0.0.0 Safari/537.36"
171.79.53.38 - - [14/May/2026:09:58:48 +0530] "POST /life_renewals/search HTTP/2.0" 200 5082 "https://login.cafsindia.com/life_renewals" "Mozilla/5.0 (Windows NT 10.0; Win64; x64) AppleWebKit/537.36 (KHTML, like Gecko) Chrome/148.0.0.0 Safari/537.36"
47.236.59.68 - - [14/May/2026:09:58:49 +0530] "GET /wp-admin/install.php HTTP/1.1" 404 1190 "-" "Mozilla/5.0 (Linux; Android 11; Redmi Note 9 Pro Build/RKQ1.200826.002; wv) AppleWebKit/5310.36 (KHTML, like Gecko) Version/4.0 Chrome/90.0.4430.210 Mobile Safari/5310.36"
47.236.59.68 - - [14/May/2026:09:58:49 +0530] "GET /wordpres/wp-admin/install.php HTTP/1.1" 404 1190 "-" "Mozilla/5.0 (Linux; Android 11; Redmi Note 9 Pro Build/RKQ1.200826.002; wv) AppleWebKit/5310.36 (KHTML, like Gecko) Version/4.0 Chrome/90.0.4430.210 Mobile Safari/5310.36"
103.238.228.178 - - [14/May/2026:09:58:51 +0530] "GET /upload_files/health/30344316704_WhatsAppImage20260513at2.49.02PM.jpeg HTTP/2.0" 200 103395 "https://login.cafsindia.com/health" "Mozilla/5.0 (Windows NT 10.0; Win64; x64) AppleWebKit/537.36 (KHTML, like Gecko) Chrome/148.0.0.0 Safari/537.36"
103.238.228.178 - - [14/May/2026:09:58:51 +0530] "GET /favicon.ico HTTP/2.0" 404 1190 "https://login.cafsindia.com/upload_files/health/30344316704_WhatsAppImage20260513at2.49.02PM.jpeg" "Mozilla/5.0 (Windows NT 10.0; Win64; x64) AppleWebKit/537.36 (KHTML, like Gecko) Chrome/148.0.0.0 Safari/537.36"
103.238.228.178 - - [14/May/2026:09:58:51 +0530] "GET /report/search?order=asc&offset=0&limit=25&filter_start_date=2026-03-01&filter_end_date=2026-05-31&entry_date_cond%5B%5D=&search_entry_date_cond%5B%5D=&appl_no_cond%5B%5D=&search_appl_no_cond%5B%5D=&date_of_joining_cond%5B%5D=&search_date_of_joining_cond%5B%5D=&employee_code_cond%5B%5D=&search_employee_code_cond%5B%5D=&login_code_cond%5B%5D=&search_login_code_cond%5B%5D=&employee_name_cond%5B%5D=&search_employee_name_cond%5B%5D=&level_1_reporting_person_code_cond%5B%5D=&search_level_1_reporting_person_code_cond%5B%5D=&level_2_reporting_person_code_cond%5B%5D=&search_level_2_reporting_person_code_cond%5B%5D=&client_name_cond%5B%5D=&search_client_name_cond%5B%5D=&term_cond%5B%5D=&search_term_cond%5B%5D=&ppt_cond%5B%5D=&search_ppt_cond%5B%5D=&net_premium_cond%5B%5D=&search_net_premium_cond%5B%5D=&rider_premium_cond%5B%5D=&search_rider_premium_cond%5B%5D=&total_premium_cond%5B%5D=&search_total_premium_cond%5B%5D=&total_net_premium_cond%5B%5D=&search_total_net_premium_cond%5B%5D=&sum_assured_cond%5B%5D=&search_sum_assured_cond%5B%5D=&login_date_cond%5B%5D=&search_login_date_cond%5B%5D=&login_month_cond%5B%5D=&search_login_month_cond%5B%5D=&login_year_cond%5B%5D=&search_login_year_cond%5B%5D=&policy_number_cond%5B%5D=&search_policy_number_cond%5B%5D=&issuance_date_cond%5B%5D=&search_issuance_date_cond%5B%5D=&issuance_month_cond%5B%5D=&search_issuance_month_cond%5B%5D=&credit_amount_cond%5B%5D=&search_credit_amount_cond%5B%5D=&comp_login_date_cond%5B%5D=&search_comp_login_date_cond%5B%5D=&comp_app_no_cond%5B%5D=&search_comp_app_no_cond%5B%5D= HTTP/2.0" 200 254381 "https://login.cafsindia.com/report/index/1" "Mozilla/5.0 (Windows NT 10.0; Win64; x64) AppleWebKit/537.36 (KHTML, like Gecko) Chrome/148.0.0.0 Safari/537.36"
103.238.228.178 - - [14/May/2026:09:58:53 +0530] "GET /upload_files/health/71990743034_WhatsAppImage20260513at2.49.02PM1.jpeg HTTP/2.0" 200 50568 "https://login.cafsindia.com/health" "Mozilla/5.0 (Windows NT 10.0; Win64; x64) AppleWebKit/537.36 (KHTML, like Gecko) Chrome/148.0.0.0 Safari/537.36"
47.236.59.68 - - [14/May/2026:09:58:54 +0530] "GET /wp-admin/setup-config.php?step=1 HTTP/1.1" 404 1190 "-" "Mozilla/5.0 (Linux; Android 11; Redmi Note 9 Pro Build/RKQ1.200826.002; wv) AppleWebKit/5310.36 (KHTML, like Gecko) Version/4.0 Chrome/90.0.4430.210 Mobile Safari/5310.36"
47.236.59.68 - - [14/May/2026:09:58:54 +0530] "GET /wordpres/wp-admin/setup-config.php?step=1 HTTP/1.1" 404 1190 "-" "Mozilla/5.0 (Linux; Android 11; Redmi Note 9 Pro Build/RKQ1.200826.002; wv) AppleWebKit/5310.36 (KHTML, like Gecko) Version/4.0 Chrome/90.0.4430.210 Mobile Safari/5310.36"
47.236.59.68 - - [14/May/2026:09:58:55 +0530] "GET /emergency.php HTTP/1.1" 404 1190 "-" "Mozilla/5.0 (Linux; Android 11; Redmi Note 9 Pro Build/RKQ1.200826.002; wv) AppleWebKit/5310.36 (KHTML, like Gecko) Version/4.0 Chrome/90.0.4430.210 Mobile Safari/5310.36"
47.236.59.68 - - [14/May/2026:09:58:55 +0530] "GET /blog/emergency.php HTTP/1.1" 404 1190 "-" "Mozilla/5.0 (Linux; Android 11; Redmi Note 9 Pro Build/RKQ1.200826.002; wv) AppleWebKit/5310.36 (KHTML, like Gecko) Version/4.0 Chrome/90.0.4430.210 Mobile Safari/5310.36"
47.236.59.68 - - [14/May/2026:09:58:56 +0530] "GET /file-manager/initialize/ HTTP/1.1" 404 1190 "-" "Mozilla/5.0 (Linux; Android 11; Redmi Note 9 Pro Build/RKQ1.200826.002; wv) AppleWebKit/5310.36 (KHTML, like Gecko) Version/4.0 Chrome/90.0.4430.210 Mobile Safari/5310.36"
47.236.59.68 - - [14/May/2026:09:58:56 +0530] "GET /assets/file-manager/initialize/ HTTP/1.1" 404 1190 "-" "Mozilla/5.0 (Linux; Android 11; Redmi Note 9 Pro Build/RKQ1.200826.002; wv) AppleWebKit/5310.36 (KHTML, like Gecko) Version/4.0 Chrome/90.0.4430.210 Mobile Safari/5310.36"
103.238.228.178 - - [14/May/2026:09:58:59 +0530] "POST /health/discount HTTP/2.0" 200 56 "https://login.cafsindia.com/health" "Mozilla/5.0 (Windows NT 10.0; Win64; x64) AppleWebKit/537.36 (KHTML, like Gecko) Chrome/148.0.0.0 Safari/537.36"
171.79.53.38 - - [14/May/2026:09:59:00 +0530] "POST /life_renewals/search HTTP/2.0" 200 5269 "https://login.cafsindia.com/life_renewals" "Mozilla/5.0 (Windows NT 10.0; Win64; x64) AppleWebKit/537.36 (KHTML, like Gecko) Chrome/148.0.0.0 Safari/537.36"
171.79.53.38 - - [14/May/2026:09:59:02 +0530] "POST /life_renewals/search HTTP/2.0" 200 5083 "https://login.cafsindia.com/life_renewals" "Mozilla/5.0 (Windows NT 10.0; Win64; x64) AppleWebKit/537.36 (KHTML, like Gecko) Chrome/148.0.0.0 Safari/537.36"
171.79.53.38 - - [14/May/2026:09:59:04 +0530] "POST /life_renewals/search HTTP/2.0" 200 5269 "https://login.cafsindia.com/life_renewals" "Mozilla/5.0 (Windows NT 10.0; Win64; x64) AppleWebKit/537.36 (KHTML, like Gecko) Chrome/148.0.0.0 Safari/537.36"
103.238.228.178 - - [14/May/2026:09:59:04 +0530] "POST /health/save/13328 HTTP/2.0" 200 100 "https://login.cafsindia.com/health" "Mozilla/5.0 (Windows NT 10.0; Win64; x64) AppleWebKit/537.36 (KHTML, like Gecko) Chrome/148.0.0.0 Safari/537.36"
103.238.228.178 - - [14/May/2026:09:59:05 +0530] "POST /health/search HTTP/2.0" 200 11242 "https://login.cafsindia.com/health" "Mozilla/5.0 (Windows NT 10.0; Win64; x64) AppleWebKit/537.36 (KHTML, like Gecko) Chrome/148.0.0.0 Safari/537.36"
171.79.53.38 - - [14/May/2026:09:59:05 +0530] "POST /life_renewals/search HTTP/2.0" 200 5083 "https://login.cafsindia.com/life_renewals" "Mozilla/5.0 (Windows NT 10.0; Win64; x64) AppleWebKit/537.36 (KHTML, like Gecko) Chrome/148.0.0.0 Safari/537.36"
171.79.53.38 - - [14/May/2026:09:59:08 +0530] "GET /life_renewals HTTP/2.0" 200 144478 "https://login.cafsindia.com/life_renewals" "Mozilla/5.0 (Windows NT 10.0; Win64; x64) AppleWebKit/537.36 (KHTML, like Gecko) Chrome/148.0.0.0 Safari/537.36"
171.79.53.38 - - [14/May/2026:09:59:10 +0530] "POST /life_renewals/search HTTP/2.0" 200 5229 "https://login.cafsindia.com/life_renewals" "Mozilla/5.0 (Windows NT 10.0; Win64; x64) AppleWebKit/537.36 (KHTML, like Gecko) Chrome/148.0.0.0 Safari/537.36"
171.79.53.38 - - [14/May/2026:09:59:14 +0530] "POST /life_renewals/search HTTP/2.0" 200 5070 "https://login.cafsindia.com/life_renewals" "Mozilla/5.0 (Windows NT 10.0; Win64; x64) AppleWebKit/537.36 (KHTML, like Gecko) Chrome/148.0.0.0 Safari/537.36"
171.79.53.38 - - [14/May/2026:09:59:16 +0530] "POST /life_renewals/search HTTP/2.0" 200 5082 "https://login.cafsindia.com/life_renewals" "Mozilla/5.0 (Windows NT 10.0; Win64; x64) AppleWebKit/537.36 (KHTML, like Gecko) Chrome/148.0.0.0 Safari/537.36"
171.79.53.38 - - [14/May/2026:09:59:17 +0530] "POST /life_renewals/search HTTP/2.0" 200 5070 "https://login.cafsindia.com/life_renewals" "Mozilla/5.0 (Windows NT 10.0; Win64; x64) AppleWebKit/537.36 (KHTML, like Gecko) Chrome/148.0.0.0 Safari/537.36"
