103.238.228.178 - - [14/May/2026:13:21:20 +0530] "POST /life_renewals/search HTTP/2.0" 200 579 "https://login.cafsindia.com/life_renewals" "Mozilla/5.0 (Windows NT 10.0; Win64; x64) AppleWebKit/537.36 (KHTML, like Gecko) Chrome/148.0.0.0 Safari/537.36"
103.238.228.178 - - [14/May/2026:13:21:27 +0530] "POST /life_renewals/search HTTP/2.0" 200 573 "https://login.cafsindia.com/life_renewals" "Mozilla/5.0 (Windows NT 10.0; Win64; x64) AppleWebKit/537.36 (KHTML, like Gecko) Chrome/148.0.0.0 Safari/537.36"
106.222.223.136 - - [14/May/2026:13:21:21 +0530] "GET /health HTTP/2.0" 200 1353955 "https://login.cafsindia.com/home" "Mozilla/5.0 (Windows NT 10.0; Win64; x64) AppleWebKit/537.36 (KHTML, like Gecko) Chrome/148.0.0.0 Safari/537.36"
106.222.223.136 - - [14/May/2026:13:21:31 +0530] "POST /health/search HTTP/2.0" 200 4631 "https://login.cafsindia.com/health" "Mozilla/5.0 (Windows NT 10.0; Win64; x64) AppleWebKit/537.36 (KHTML, like Gecko) Chrome/148.0.0.0 Safari/537.36"
103.238.228.178 - - [14/May/2026:13:21:31 +0530] "POST /life_renewals/call_log/6554 HTTP/2.0" 200 65728 "https://login.cafsindia.com/life_renewals" "Mozilla/5.0 (Windows NT 10.0; Win64; x64) AppleWebKit/537.36 (KHTML, like Gecko) Chrome/148.0.0.0 Safari/537.36"
171.79.53.38 - - [14/May/2026:13:21:35 +0530] "POST /life_renewals/call_log/3727 HTTP/2.0" 200 68799 "https://login.cafsindia.com/life_renewals" "Mozilla/5.0 (Windows NT 10.0; Win64; x64) AppleWebKit/537.36 (KHTML, like Gecko) Chrome/148.0.0.0 Safari/537.36"
103.238.228.178 - - [14/May/2026:13:21:38 +0530] "POST /life_renewals/life_call_log_update/ HTTP/2.0" 200 2981 "https://login.cafsindia.com/life_renewals" "Mozilla/5.0 (Windows NT 10.0; Win64; x64) AppleWebKit/537.36 (KHTML, like Gecko) Chrome/148.0.0.0 Safari/537.36"
103.238.228.178 - - [14/May/2026:13:21:39 +0530] "POST /life_renewals/search HTTP/2.0" 200 573 "https://login.cafsindia.com/life_renewals" "Mozilla/5.0 (Windows NT 10.0; Win64; x64) AppleWebKit/537.36 (KHTML, like Gecko) Chrome/148.0.0.0 Safari/537.36"
106.222.223.136 - - [14/May/2026:13:21:41 +0530] "POST /health/search HTTP/2.0" 200 4631 "https://login.cafsindia.com/health" "Mozilla/5.0 (Windows NT 10.0; Win64; x64) AppleWebKit/537.36 (KHTML, like Gecko) Chrome/148.0.0.0 Safari/537.36"
106.222.223.136 - - [14/May/2026:13:21:42 +0530] "POST /health/search HTTP/2.0" 200 4496 "https://login.cafsindia.com/health" "Mozilla/5.0 (Windows NT 10.0; Win64; x64) AppleWebKit/537.36 (KHTML, like Gecko) Chrome/148.0.0.0 Safari/537.36"
106.222.223.136 - - [14/May/2026:13:21:42 +0530] "POST /health/search HTTP/2.0" 200 4631 "https://login.cafsindia.com/health" "Mozilla/5.0 (Windows NT 10.0; Win64; x64) AppleWebKit/537.36 (KHTML, like Gecko) Chrome/148.0.0.0 Safari/537.36"
103.238.228.178 - - [14/May/2026:13:21:42 +0530] "POST /life_renewals/renewal/6554 HTTP/2.0" 200 21717 "https://login.cafsindia.com/life_renewals" "Mozilla/5.0 (Windows NT 10.0; Win64; x64) AppleWebKit/537.36 (KHTML, like Gecko) Chrome/148.0.0.0 Safari/537.36"
106.222.223.136 - - [14/May/2026:13:21:43 +0530] "POST /health/search HTTP/2.0" 200 4684 "https://login.cafsindia.com/health" "Mozilla/5.0 (Windows NT 10.0; Win64; x64) AppleWebKit/537.36 (KHTML, like Gecko) Chrome/148.0.0.0 Safari/537.36"
106.222.223.136 - - [14/May/2026:13:21:43 +0530] "POST /health/search HTTP/2.0" 200 4684 "https://login.cafsindia.com/health" "Mozilla/5.0 (Windows NT 10.0; Win64; x64) AppleWebKit/537.36 (KHTML, like Gecko) Chrome/148.0.0.0 Safari/537.36"
106.222.223.136 - - [14/May/2026:13:21:43 +0530] "POST /health/search HTTP/2.0" 200 1875 "https://login.cafsindia.com/health" "Mozilla/5.0 (Windows NT 10.0; Win64; x64) AppleWebKit/537.36 (KHTML, like Gecko) Chrome/148.0.0.0 Safari/537.36"
103.238.228.178 - - [14/May/2026:13:21:46 +0530] "POST /life_renewals/update_due_date HTTP/2.0" 200 45 "https://login.cafsindia.com/life_renewals" "Mozilla/5.0 (Windows NT 10.0; Win64; x64) AppleWebKit/537.36 (KHTML, like Gecko) Chrome/148.0.0.0 Safari/537.36"
103.238.228.178 - - [14/May/2026:13:21:46 +0530] "POST /life_renewals/update_due_date HTTP/2.0" 200 45 "https://login.cafsindia.com/life_renewals" "Mozilla/5.0 (Windows NT 10.0; Win64; x64) AppleWebKit/537.36 (KHTML, like Gecko) Chrome/148.0.0.0 Safari/537.36"
106.222.223.136 - - [14/May/2026:13:21:44 +0530] "POST /health/search HTTP/2.0" 200 65 "https://login.cafsindia.com/health" "Mozilla/5.0 (Windows NT 10.0; Win64; x64) AppleWebKit/537.36 (KHTML, like Gecko) Chrome/148.0.0.0 Safari/537.36"
106.222.223.136 - - [14/May/2026:13:21:44 +0530] "POST /health/search HTTP/2.0" 200 65 "https://login.cafsindia.com/health" "Mozilla/5.0 (Windows NT 10.0; Win64; x64) AppleWebKit/537.36 (KHTML, like Gecko) Chrome/148.0.0.0 Safari/537.36"
106.222.223.136 - - [14/May/2026:13:21:44 +0530] "POST /health/search HTTP/2.0" 200 66 "https://login.cafsindia.com/health" "Mozilla/5.0 (Windows NT 10.0; Win64; x64) AppleWebKit/537.36 (KHTML, like Gecko) Chrome/148.0.0.0 Safari/537.36"
106.222.223.136 - - [14/May/2026:13:21:45 +0530] "POST /health/search HTTP/2.0" 200 521 "https://login.cafsindia.com/health" "Mozilla/5.0 (Windows NT 10.0; Win64; x64) AppleWebKit/537.36 (KHTML, like Gecko) Chrome/148.0.0.0 Safari/537.36"
103.238.228.178 - - [14/May/2026:13:21:49 +0530] "POST /life_renewals/renewal_update/6554 HTTP/2.0" 200 2732 "https://login.cafsindia.com/life_renewals" "Mozilla/5.0 (Windows NT 10.0; Win64; x64) AppleWebKit/537.36 (KHTML, like Gecko) Chrome/148.0.0.0 Safari/537.36"
106.222.223.136 - - [14/May/2026:13:21:45 +0530] "POST /health/search HTTP/2.0" 200 521 "https://login.cafsindia.com/health" "Mozilla/5.0 (Windows NT 10.0; Win64; x64) AppleWebKit/537.36 (KHTML, like Gecko) Chrome/148.0.0.0 Safari/537.36"
103.238.228.178 - - [14/May/2026:13:21:50 +0530] "POST /life_renewals/search HTTP/2.0" 200 573 "https://login.cafsindia.com/life_renewals" "Mozilla/5.0 (Windows NT 10.0; Win64; x64) AppleWebKit/537.36 (KHTML, like Gecko) Chrome/148.0.0.0 Safari/537.36"
106.222.223.136 - - [14/May/2026:13:21:46 +0530] "POST /health/search HTTP/2.0" 200 521 "https://login.cafsindia.com/health" "Mozilla/5.0 (Windows NT 10.0; Win64; x64) AppleWebKit/537.36 (KHTML, like Gecko) Chrome/148.0.0.0 Safari/537.36"
103.238.228.178 - - [14/May/2026:13:21:55 +0530] "POST /life_renewals/search HTTP/2.0" 200 580 "https://login.cafsindia.com/life_renewals" "Mozilla/5.0 (Windows NT 10.0; Win64; x64) AppleWebKit/537.36 (KHTML, like Gecko) Chrome/148.0.0.0 Safari/537.36"
106.222.223.136 - - [14/May/2026:13:21:56 +0530] "POST /health/view/1098 HTTP/2.0" 200 418427 "https://login.cafsindia.com/health" "Mozilla/5.0 (Windows NT 10.0; Win64; x64) AppleWebKit/537.36 (KHTML, like Gecko) Chrome/148.0.0.0 Safari/537.36"
106.222.223.136 - - [14/May/2026:13:21:57 +0530] "POST /health/fetch_product HTTP/2.0" 200 1416 "https://login.cafsindia.com/health" "Mozilla/5.0 (Windows NT 10.0; Win64; x64) AppleWebKit/537.36 (KHTML, like Gecko) Chrome/148.0.0.0 Safari/537.36"
103.238.228.178 - - [14/May/2026:13:21:56 +0530] "POST /life_renewals/life_call_log_update/ HTTP/2.0" 200 5007 "https://login.cafsindia.com/life_renewals" "Mozilla/5.0 (Windows NT 10.0; Win64; x64) AppleWebKit/537.36 (KHTML, like Gecko) Chrome/148.0.0.0 Safari/537.36"
103.238.228.178 - - [14/May/2026:13:21:57 +0530] "POST /life_renewals/call_log/6555 HTTP/2.0" 200 66724 "https://login.cafsindia.com/life_renewals" "Mozilla/5.0 (Windows NT 10.0; Win64; x64) AppleWebKit/537.36 (KHTML, like Gecko) Chrome/148.0.0.0 Safari/537.36"
103.238.228.178 - - [14/May/2026:13:21:58 +0530] "POST /life_renewals/search HTTP/2.0" 200 6803 "https://login.cafsindia.com/life_renewals" "Mozilla/5.0 (Windows NT 10.0; Win64; x64) AppleWebKit/537.36 (KHTML, like Gecko) Chrome/148.0.0.0 Safari/537.36"
103.238.228.178 - - [14/May/2026:13:22:05 +0530] "POST /life_renewals/policys_of_client HTTP/2.0" 200 844 "https://login.cafsindia.com/life_renewals" "Mozilla/5.0 (Windows NT 10.0; Win64; x64) AppleWebKit/537.36 (KHTML, like Gecko) Chrome/148.0.0.0 Safari/537.36"
103.238.228.178 - - [14/May/2026:13:22:08 +0530] "POST /life_renewals/life_call_log_update/ HTTP/2.0" 200 4270 "https://login.cafsindia.com/life_renewals" "Mozilla/5.0 (Windows NT 10.0; Win64; x64) AppleWebKit/537.36 (KHTML, like Gecko) Chrome/148.0.0.0 Safari/537.36"
103.238.228.178 - - [14/May/2026:13:22:09 +0530] "POST /life_renewals/search HTTP/2.0" 200 580 "https://login.cafsindia.com/life_renewals" "Mozilla/5.0 (Windows NT 10.0; Win64; x64) AppleWebKit/537.36 (KHTML, like Gecko) Chrome/148.0.0.0 Safari/537.36"
106.222.223.136 - - [14/May/2026:13:22:09 +0530] "GET /home/logout HTTP/2.0" 302 - "https://login.cafsindia.com/health" "Mozilla/5.0 (Windows NT 10.0; Win64; x64) AppleWebKit/537.36 (KHTML, like Gecko) Chrome/148.0.0.0 Safari/537.36"
106.222.223.136 - - [14/May/2026:13:22:09 +0530] "GET /login HTTP/2.0" 200 15213 "https://login.cafsindia.com/health" "Mozilla/5.0 (Windows NT 10.0; Win64; x64) AppleWebKit/537.36 (KHTML, like Gecko) Chrome/148.0.0.0 Safari/537.36"
103.238.228.178 - - [14/May/2026:13:22:09 +0530] "POST /life_renewals/renewal/6555 HTTP/2.0" 200 21716 "https://login.cafsindia.com/life_renewals" "Mozilla/5.0 (Windows NT 10.0; Win64; x64) AppleWebKit/537.36 (KHTML, like Gecko) Chrome/148.0.0.0 Safari/537.36"
103.238.228.178 - - [14/May/2026:13:22:12 +0530] "POST /life_renewals/update_due_date HTTP/2.0" 200 45 "https://login.cafsindia.com/life_renewals" "Mozilla/5.0 (Windows NT 10.0; Win64; x64) AppleWebKit/537.36 (KHTML, like Gecko) Chrome/148.0.0.0 Safari/537.36"
103.238.228.178 - - [14/May/2026:13:22:12 +0530] "POST /life_renewals/update_due_date HTTP/2.0" 200 45 "https://login.cafsindia.com/life_renewals" "Mozilla/5.0 (Windows NT 10.0; Win64; x64) AppleWebKit/537.36 (KHTML, like Gecko) Chrome/148.0.0.0 Safari/537.36"
103.238.228.178 - - [14/May/2026:13:22:15 +0530] "POST /life_renewals/search HTTP/2.0" 200 587 "https://login.cafsindia.com/life_renewals" "Mozilla/5.0 (Windows NT 10.0; Win64; x64) AppleWebKit/537.36 (KHTML, like Gecko) Chrome/148.0.0.0 Safari/537.36"
103.238.228.178 - - [14/May/2026:13:22:15 +0530] "POST /life_renewals/renewal_update/6555 HTTP/2.0" 200 2729 "https://login.cafsindia.com/life_renewals" "Mozilla/5.0 (Windows NT 10.0; Win64; x64) AppleWebKit/537.36 (KHTML, like Gecko) Chrome/148.0.0.0 Safari/537.36"
103.238.228.178 - - [14/May/2026:13:22:16 +0530] "POST /life_renewals/search HTTP/2.0" 200 580 "https://login.cafsindia.com/life_renewals" "Mozilla/5.0 (Windows NT 10.0; Win64; x64) AppleWebKit/537.36 (KHTML, like Gecko) Chrome/148.0.0.0 Safari/537.36"
103.238.228.178 - - [14/May/2026:13:22:21 +0530] "POST /life_renewals/call_log/3843 HTTP/2.0" 200 84115 "https://login.cafsindia.com/life_renewals" "Mozilla/5.0 (Windows NT 10.0; Win64; x64) AppleWebKit/537.36 (KHTML, like Gecko) Chrome/148.0.0.0 Safari/537.36"
103.238.228.178 - - [14/May/2026:13:22:22 +0530] "POST /life_renewals/search HTTP/2.0" 200 581 "https://login.cafsindia.com/life_renewals" "Mozilla/5.0 (Windows NT 10.0; Win64; x64) AppleWebKit/537.36 (KHTML, like Gecko) Chrome/148.0.0.0 Safari/537.36"
103.238.228.178 - - [14/May/2026:13:22:25 +0530] "POST /life_renewals/call_log/6556 HTTP/2.0" 200 66692 "https://login.cafsindia.com/life_renewals" "Mozilla/5.0 (Windows NT 10.0; Win64; x64) AppleWebKit/537.36 (KHTML, like Gecko) Chrome/148.0.0.0 Safari/537.36"
103.238.228.178 - - [14/May/2026:13:22:34 +0530] "POST /life_renewals/life_call_log_update/ HTTP/2.0" 200 4245 "https://login.cafsindia.com/life_renewals" "Mozilla/5.0 (Windows NT 10.0; Win64; x64) AppleWebKit/537.36 (KHTML, like Gecko) Chrome/148.0.0.0 Safari/537.36"
103.238.228.178 - - [14/May/2026:13:22:35 +0530] "POST /life_renewals/search HTTP/2.0" 200 581 "https://login.cafsindia.com/life_renewals" "Mozilla/5.0 (Windows NT 10.0; Win64; x64) AppleWebKit/537.36 (KHTML, like Gecko) Chrome/148.0.0.0 Safari/537.36"
103.238.228.178 - - [14/May/2026:13:22:35 +0530] "POST /life_renewals/renewal/6556 HTTP/2.0" 200 21725 "https://login.cafsindia.com/life_renewals" "Mozilla/5.0 (Windows NT 10.0; Win64; x64) AppleWebKit/537.36 (KHTML, like Gecko) Chrome/148.0.0.0 Safari/537.36"
103.238.228.178 - - [14/May/2026:13:22:35 +0530] "POST /health_renewals/call_log/9798 HTTP/2.0" 200 45680 "https://login.cafsindia.com/health_renewals" "Mozilla/5.0 (Windows NT 10.0; Win64; x64) AppleWebKit/537.36 (KHTML, like Gecko) Chrome/148.0.0.0 Safari/537.36"
103.238.228.178 - - [14/May/2026:13:22:37 +0530] "POST /life_renewals/update_due_date HTTP/2.0" 200 45 "https://login.cafsindia.com/life_renewals" "Mozilla/5.0 (Windows NT 10.0; Win64; x64) AppleWebKit/537.36 (KHTML, like Gecko) Chrome/148.0.0.0 Safari/537.36"
103.238.228.178 - - [14/May/2026:13:22:37 +0530] "POST /life_renewals/update_due_date HTTP/2.0" 200 45 "https://login.cafsindia.com/life_renewals" "Mozilla/5.0 (Windows NT 10.0; Win64; x64) AppleWebKit/537.36 (KHTML, like Gecko) Chrome/148.0.0.0 Safari/537.36"
103.238.228.178 - - [14/May/2026:13:22:41 +0530] "POST /life_renewals/renewal_update/6556 HTTP/2.0" 200 2737 "https://login.cafsindia.com/life_renewals" "Mozilla/5.0 (Windows NT 10.0; Win64; x64) AppleWebKit/537.36 (KHTML, like Gecko) Chrome/148.0.0.0 Safari/537.36"
103.238.228.178 - - [14/May/2026:13:22:42 +0530] "POST /life_renewals/search HTTP/2.0" 200 581 "https://login.cafsindia.com/life_renewals" "Mozilla/5.0 (Windows NT 10.0; Win64; x64) AppleWebKit/537.36 (KHTML, like Gecko) Chrome/148.0.0.0 Safari/537.36"
103.238.228.178 - - [14/May/2026:13:22:50 +0530] "POST /life_renewals/search HTTP/2.0" 200 590 "https://login.cafsindia.com/life_renewals" "Mozilla/5.0 (Windows NT 10.0; Win64; x64) AppleWebKit/537.36 (KHTML, like Gecko) Chrome/148.0.0.0 Safari/537.36"
103.238.228.178 - - [14/May/2026:13:22:51 +0530] "POST /health_renewals/sub_disposition_list HTTP/2.0" 200 5681 "https://login.cafsindia.com/health_renewals" "Mozilla/5.0 (Windows NT 10.0; Win64; x64) AppleWebKit/537.36 (KHTML, like Gecko) Chrome/148.0.0.0 Safari/537.36"
103.238.228.178 - - [14/May/2026:13:22:53 +0530] "POST /life_renewals/call_log/6557 HTTP/2.0" 200 66295 "https://login.cafsindia.com/life_renewals" "Mozilla/5.0 (Windows NT 10.0; Win64; x64) AppleWebKit/537.36 (KHTML, like Gecko) Chrome/148.0.0.0 Safari/537.36"
171.79.53.38 - - [14/May/2026:13:22:55 +0530] "POST /life_renewals/life_call_log_update/ HTTP/2.0" 200 1791 "https://login.cafsindia.com/life_renewals" "Mozilla/5.0 (Windows NT 10.0; Win64; x64) AppleWebKit/537.36 (KHTML, like Gecko) Chrome/148.0.0.0 Safari/537.36"
171.79.53.38 - - [14/May/2026:13:22:56 +0530] "POST /life_renewals/search HTTP/2.0" 200 5224 "https://login.cafsindia.com/life_renewals" "Mozilla/5.0 (Windows NT 10.0; Win64; x64) AppleWebKit/537.36 (KHTML, like Gecko) Chrome/148.0.0.0 Safari/537.36"
103.238.228.178 - - [14/May/2026:13:22:57 +0530] "POST /health_renewals/health_call_log_update/ HTTP/2.0" 200 5234 "https://login.cafsindia.com/health_renewals" "Mozilla/5.0 (Windows NT 10.0; Win64; x64) AppleWebKit/537.36 (KHTML, like Gecko) Chrome/148.0.0.0 Safari/537.36"
103.238.228.178 - - [14/May/2026:13:22:59 +0530] "POST /health_renewals/search HTTP/2.0" 200 575 "https://login.cafsindia.com/health_renewals" "Mozilla/5.0 (Windows NT 10.0; Win64; x64) AppleWebKit/537.36 (KHTML, like Gecko) Chrome/148.0.0.0 Safari/537.36"
103.238.228.178 - - [14/May/2026:13:23:00 +0530] "POST /life_renewals/life_call_log_update/ HTTP/2.0" 200 3707 "https://login.cafsindia.com/life_renewals" "Mozilla/5.0 (Windows NT 10.0; Win64; x64) AppleWebKit/537.36 (KHTML, like Gecko) Chrome/148.0.0.0 Safari/537.36"
103.238.228.178 - - [14/May/2026:13:23:01 +0530] "POST /life_renewals/search HTTP/2.0" 200 590 "https://login.cafsindia.com/life_renewals" "Mozilla/5.0 (Windows NT 10.0; Win64; x64) AppleWebKit/537.36 (KHTML, like Gecko) Chrome/148.0.0.0 Safari/537.36"
103.238.228.178 - - [14/May/2026:13:23:02 +0530] "POST /health_renewals/search HTTP/2.0" 200 5124 "https://login.cafsindia.com/health_renewals" "Mozilla/5.0 (Windows NT 10.0; Win64; x64) AppleWebKit/537.36 (KHTML, like Gecko) Chrome/148.0.0.0 Safari/537.36"
103.238.228.178 - - [14/May/2026:13:23:02 +0530] "POST /life_renewals/renewal/6557 HTTP/2.0" 200 21725 "https://login.cafsindia.com/life_renewals" "Mozilla/5.0 (Windows NT 10.0; Win64; x64) AppleWebKit/537.36 (KHTML, like Gecko) Chrome/148.0.0.0 Safari/537.36"
103.238.228.178 - - [14/May/2026:13:23:04 +0530] "POST /life_renewals/update_due_date HTTP/2.0" 200 45 "https://login.cafsindia.com/life_renewals" "Mozilla/5.0 (Windows NT 10.0; Win64; x64) AppleWebKit/537.36 (KHTML, like Gecko) Chrome/148.0.0.0 Safari/537.36"
103.238.228.178 - - [14/May/2026:13:23:04 +0530] "POST /life_renewals/update_due_date HTTP/2.0" 200 45 "https://login.cafsindia.com/life_renewals" "Mozilla/5.0 (Windows NT 10.0; Win64; x64) AppleWebKit/537.36 (KHTML, like Gecko) Chrome/148.0.0.0 Safari/537.36"
103.238.228.178 - - [14/May/2026:13:23:06 +0530] "POST /health_renewals/sub_disposition_list HTTP/2.0" 200 5681 "https://login.cafsindia.com/health_renewals" "Mozilla/5.0 (Windows NT 10.0; Win64; x64) AppleWebKit/537.36 (KHTML, like Gecko) Chrome/148.0.0.0 Safari/537.36"
103.238.228.178 - - [14/May/2026:13:23:08 +0530] "POST /life_renewals/renewal_update/6557 HTTP/2.0" 200 2728 "https://login.cafsindia.com/life_renewals" "Mozilla/5.0 (Windows NT 10.0; Win64; x64) AppleWebKit/537.36 (KHTML, like Gecko) Chrome/148.0.0.0 Safari/537.36"
103.238.228.178 - - [14/May/2026:13:23:08 +0530] "POST /life_renewals/search HTTP/2.0" 200 590 "https://login.cafsindia.com/life_renewals" "Mozilla/5.0 (Windows NT 10.0; Win64; x64) AppleWebKit/537.36 (KHTML, like Gecko) Chrome/148.0.0.0 Safari/537.36"
103.238.228.178 - - [14/May/2026:13:23:10 +0530] "POST /health_renewals/search HTTP/2.0" 200 5164 "https://login.cafsindia.com/health_renewals" "Mozilla/5.0 (Windows NT 10.0; Win64; x64) AppleWebKit/537.36 (KHTML, like Gecko) Chrome/148.0.0.0 Safari/537.36"
103.238.228.178 - - [14/May/2026:13:23:09 +0530] "POST /health_renewals/health_call_log_update/ HTTP/2.0" 200 6029 "https://login.cafsindia.com/health_renewals" "Mozilla/5.0 (Windows NT 10.0; Win64; x64) AppleWebKit/537.36 (KHTML, like Gecko) Chrome/148.0.0.0 Safari/537.36"
103.238.228.178 - - [14/May/2026:13:23:11 +0530] "POST /health_renewals/search HTTP/2.0" 200 5146 "https://login.cafsindia.com/health_renewals" "Mozilla/5.0 (Windows NT 10.0; Win64; x64) AppleWebKit/537.36 (KHTML, like Gecko) Chrome/148.0.0.0 Safari/537.36"
103.238.228.178 - - [14/May/2026:13:23:12 +0530] "POST /health_renewals/search HTTP/2.0" 200 5134 "https://login.cafsindia.com/health_renewals" "Mozilla/5.0 (Windows NT 10.0; Win64; x64) AppleWebKit/537.36 (KHTML, like Gecko) Chrome/148.0.0.0 Safari/537.36"
103.238.228.178 - - [14/May/2026:13:23:13 +0530] "POST /life_renewals/search HTTP/2.0" 200 583 "https://login.cafsindia.com/life_renewals" "Mozilla/5.0 (Windows NT 10.0; Win64; x64) AppleWebKit/537.36 (KHTML, like Gecko) Chrome/148.0.0.0 Safari/537.36"
103.238.228.178 - - [14/May/2026:13:23:14 +0530] "POST /health_renewals/call_log/394 HTTP/2.0" 200 53283 "https://login.cafsindia.com/health_renewals" "Mozilla/5.0 (Windows NT 10.0; Win64; x64) AppleWebKit/537.36 (KHTML, like Gecko) Chrome/148.0.0.0 Safari/537.36"
103.238.228.178 - - [14/May/2026:13:23:15 +0530] "POST /life_renewals/call_log/6571 HTTP/2.0" 200 74485 "https://login.cafsindia.com/life_renewals" "Mozilla/5.0 (Windows NT 10.0; Win64; x64) AppleWebKit/537.36 (KHTML, like Gecko) Chrome/148.0.0.0 Safari/537.36"
103.238.228.178 - - [14/May/2026:13:23:16 +0530] "POST /health_renewals/call_log/3156 HTTP/2.0" 200 53442 "https://login.cafsindia.com/health_renewals" "Mozilla/5.0 (Windows NT 10.0; Win64; x64) AppleWebKit/537.36 (KHTML, like Gecko) Chrome/148.0.0.0 Safari/537.36"
103.238.228.178 - - [14/May/2026:13:23:24 +0530] "POST /health_renewals/health_call_log_edit HTTP/2.0" 200 668 "https://login.cafsindia.com/health_renewals" "Mozilla/5.0 (Windows NT 10.0; Win64; x64) AppleWebKit/537.36 (KHTML, like Gecko) Chrome/148.0.0.0 Safari/537.36"
103.238.228.178 - - [14/May/2026:13:23:22 +0530] "POST /life_renewals/life_call_log_update/ HTTP/2.0" 200 14570 "https://login.cafsindia.com/life_renewals" "Mozilla/5.0 (Windows NT 10.0; Win64; x64) AppleWebKit/537.36 (KHTML, like Gecko) Chrome/148.0.0.0 Safari/537.36"
103.238.228.178 - - [14/May/2026:13:23:25 +0530] "POST /health_renewals/sub_disposition_list HTTP/2.0" 200 5681 "https://login.cafsindia.com/health_renewals" "Mozilla/5.0 (Windows NT 10.0; Win64; x64) AppleWebKit/537.36 (KHTML, like Gecko) Chrome/148.0.0.0 Safari/537.36"
103.238.228.178 - - [14/May/2026:13:23:26 +0530] "POST /health_renewals/sub_disposition_list HTTP/2.0" 200 5681 "https://login.cafsindia.com/health_renewals" "Mozilla/5.0 (Windows NT 10.0; Win64; x64) AppleWebKit/537.36 (KHTML, like Gecko) Chrome/148.0.0.0 Safari/537.36"
103.238.228.178 - - [14/May/2026:13:23:26 +0530] "POST /life_renewals/search HTTP/2.0" 200 583 "https://login.cafsindia.com/life_renewals" "Mozilla/5.0 (Windows NT 10.0; Win64; x64) AppleWebKit/537.36 (KHTML, like Gecko) Chrome/148.0.0.0 Safari/537.36"
103.238.228.178 - - [14/May/2026:13:23:27 +0530] "POST /life_renewals/renewal/6571 HTTP/2.0" 200 25177 "https://login.cafsindia.com/life_renewals" "Mozilla/5.0 (Windows NT 10.0; Win64; x64) AppleWebKit/537.36 (KHTML, like Gecko) Chrome/148.0.0.0 Safari/537.36"
103.238.228.178 - - [14/May/2026:13:23:32 +0530] "POST /life_renewals/update_due_date HTTP/2.0" 200 45 "https://login.cafsindia.com/life_renewals" "Mozilla/5.0 (Windows NT 10.0; Win64; x64) AppleWebKit/537.36 (KHTML, like Gecko) Chrome/148.0.0.0 Safari/537.36"
103.238.228.178 - - [14/May/2026:13:23:32 +0530] "POST /life_renewals/update_due_date HTTP/2.0" 200 45 "https://login.cafsindia.com/life_renewals" "Mozilla/5.0 (Windows NT 10.0; Win64; x64) AppleWebKit/537.36 (KHTML, like Gecko) Chrome/148.0.0.0 Safari/537.36"
103.238.228.178 - - [14/May/2026:13:23:31 +0530] "POST /health_renewals/health_call_log_update/ HTTP/2.0" 200 15773 "https://login.cafsindia.com/health_renewals" "Mozilla/5.0 (Windows NT 10.0; Win64; x64) AppleWebKit/537.36 (KHTML, like Gecko) Chrome/148.0.0.0 Safari/537.36"
103.238.228.178 - - [14/May/2026:13:23:35 +0530] "POST /life_renewals/renewal_update/6571 HTTP/2.0" 200 7275 "https://login.cafsindia.com/life_renewals" "Mozilla/5.0 (Windows NT 10.0; Win64; x64) AppleWebKit/537.36 (KHTML, like Gecko) Chrome/148.0.0.0 Safari/537.36"
103.238.228.178 - - [14/May/2026:13:23:37 +0530] "POST /health_renewals/search HTTP/2.0" 200 5162 "https://login.cafsindia.com/health_renewals" "Mozilla/5.0 (Windows NT 10.0; Win64; x64) AppleWebKit/537.36 (KHTML, like Gecko) Chrome/148.0.0.0 Safari/537.36"
103.238.228.178 - - [14/May/2026:13:23:37 +0530] "POST /life_renewals/search HTTP/2.0" 200 583 "https://login.cafsindia.com/life_renewals" "Mozilla/5.0 (Windows NT 10.0; Win64; x64) AppleWebKit/537.36 (KHTML, like Gecko) Chrome/148.0.0.0 Safari/537.36"
103.238.228.178 - - [14/May/2026:13:23:41 +0530] "POST /life_renewals/search HTTP/2.0" 200 579 "https://login.cafsindia.com/life_renewals" "Mozilla/5.0 (Windows NT 10.0; Win64; x64) AppleWebKit/537.36 (KHTML, like Gecko) Chrome/148.0.0.0 Safari/537.36"
103.238.228.178 - - [14/May/2026:13:23:42 +0530] "POST /health_renewals/call_log/4008 HTTP/2.0" 200 49233 "https://login.cafsindia.com/health_renewals" "Mozilla/5.0 (Windows NT 10.0; Win64; x64) AppleWebKit/537.36 (KHTML, like Gecko) Chrome/148.0.0.0 Safari/537.36"
171.79.53.38 - - [14/May/2026:13:23:46 +0530] "POST /life_renewals/life_call_log_update/ HTTP/2.0" 200 7041 "https://login.cafsindia.com/life_renewals" "Mozilla/5.0 (Windows NT 10.0; Win64; x64) AppleWebKit/537.36 (KHTML, like Gecko) Chrome/148.0.0.0 Safari/537.36"
171.79.53.38 - - [14/May/2026:13:23:48 +0530] "POST /life_renewals/search HTTP/2.0" 200 5229 "https://login.cafsindia.com/life_renewals" "Mozilla/5.0 (Windows NT 10.0; Win64; x64) AppleWebKit/537.36 (KHTML, like Gecko) Chrome/148.0.0.0 Safari/537.36"
171.79.53.38 - - [14/May/2026:13:23:50 +0530] "POST /life_renewals/call_log/7433 HTTP/2.0" 200 64605 "https://login.cafsindia.com/life_renewals" "Mozilla/5.0 (Windows NT 10.0; Win64; x64) AppleWebKit/537.36 (KHTML, like Gecko) Chrome/148.0.0.0 Safari/537.36"
103.238.228.178 - - [14/May/2026:13:23:57 +0530] "POST /health_renewals/call_log/6840 HTTP/2.0" 200 56445 "https://login.cafsindia.com/health_renewals" "Mozilla/5.0 (Windows NT 10.0; Win64; x64) AppleWebKit/537.36 (KHTML, like Gecko) Chrome/148.0.0.0 Safari/537.36"
171.79.53.38 - - [14/May/2026:13:24:12 +0530] "POST /life_renewals/call_log/7414 HTTP/2.0" 200 64588 "https://login.cafsindia.com/life_renewals" "Mozilla/5.0 (Windows NT 10.0; Win64; x64) AppleWebKit/537.36 (KHTML, like Gecko) Chrome/148.0.0.0 Safari/537.36"
103.238.228.178 - - [14/May/2026:13:24:17 +0530] "POST /health_renewals/sub_disposition_list HTTP/2.0" 200 5681 "https://login.cafsindia.com/health_renewals" "Mozilla/5.0 (Windows NT 10.0; Win64; x64) AppleWebKit/537.36 (KHTML, like Gecko) Chrome/148.0.0.0 Safari/537.36"
103.238.228.178 - - [14/May/2026:13:24:26 +0530] "POST /health_renewals/health_call_log_update/ HTTP/2.0" 200 20243 "https://login.cafsindia.com/health_renewals" "Mozilla/5.0 (Windows NT 10.0; Win64; x64) AppleWebKit/537.36 (KHTML, like Gecko) Chrome/148.0.0.0 Safari/537.36"
103.238.228.178 - - [14/May/2026:13:24:28 +0530] "POST /health_renewals/search HTTP/2.0" 200 5163 "https://login.cafsindia.com/health_renewals" "Mozilla/5.0 (Windows NT 10.0; Win64; x64) AppleWebKit/537.36 (KHTML, like Gecko) Chrome/148.0.0.0 Safari/537.36"
103.238.228.178 - - [14/May/2026:13:24:30 +0530] "POST /health_renewals/call_log/7966 HTTP/2.0" 200 45601 "https://login.cafsindia.com/health_renewals" "Mozilla/5.0 (Windows NT 10.0; Win64; x64) AppleWebKit/537.36 (KHTML, like Gecko) Chrome/148.0.0.0 Safari/537.36"
103.238.228.178 - - [14/May/2026:13:24:31 +0530] "POST /health_renewals/call_log/3156 HTTP/2.0" 200 53442 "https://login.cafsindia.com/health_renewals" "Mozilla/5.0 (Windows NT 10.0; Win64; x64) AppleWebKit/537.36 (KHTML, like Gecko) Chrome/148.0.0.0 Safari/537.36"
171.79.53.38 - - [14/May/2026:13:24:34 +0530] "POST /life_renewals/life_call_log_update/ HTTP/2.0" 200 1537 "https://login.cafsindia.com/life_renewals" "Mozilla/5.0 (Windows NT 10.0; Win64; x64) AppleWebKit/537.36 (KHTML, like Gecko) Chrome/148.0.0.0 Safari/537.36"
171.79.53.38 - - [14/May/2026:13:24:35 +0530] "POST /life_renewals/search HTTP/2.0" 200 5237 "https://login.cafsindia.com/life_renewals" "Mozilla/5.0 (Windows NT 10.0; Win64; x64) AppleWebKit/537.36 (KHTML, like Gecko) Chrome/148.0.0.0 Safari/537.36"
103.238.228.178 - - [14/May/2026:13:25:04 +0530] "POST /health_renewals/sub_disposition_list HTTP/2.0" 200 5681 "https://login.cafsindia.com/health_renewals" "Mozilla/5.0 (Windows NT 10.0; Win64; x64) AppleWebKit/537.36 (KHTML, like Gecko) Chrome/148.0.0.0 Safari/537.36"
103.238.228.178 - - [14/May/2026:13:25:08 +0530] "POST /health_renewals/renewal/3156 HTTP/2.0" 200 36413 "https://login.cafsindia.com/health_renewals" "Mozilla/5.0 (Windows NT 10.0; Win64; x64) AppleWebKit/537.36 (KHTML, like Gecko) Chrome/148.0.0.0 Safari/537.36"
103.238.228.178 - - [14/May/2026:13:25:14 +0530] "POST /health/search HTTP/2.0" 200 44775 "https://login.cafsindia.com/health" "Mozilla/5.0 (Windows NT 10.0; Win64; x64) AppleWebKit/537.36 (KHTML, like Gecko) Chrome/148.0.0.0 Safari/537.36"
103.238.228.178 - - [14/May/2026:13:25:14 +0530] "POST /health/search HTTP/2.0" 200 45060 "https://login.cafsindia.com/health" "Mozilla/5.0 (Windows NT 10.0; Win64; x64) AppleWebKit/537.36 (KHTML, like Gecko) Chrome/148.0.0.0 Safari/537.36"
103.238.228.178 - - [14/May/2026:13:25:15 +0530] "POST /health/search HTTP/2.0" 200 45076 "https://login.cafsindia.com/health" "Mozilla/5.0 (Windows NT 10.0; Win64; x64) AppleWebKit/537.36 (KHTML, like Gecko) Chrome/148.0.0.0 Safari/537.36"
103.238.228.178 - - [14/May/2026:13:25:21 +0530] "POST /health/search HTTP/2.0" 200 45597 "https://login.cafsindia.com/health" "Mozilla/5.0 (Windows NT 10.0; Win64; x64) AppleWebKit/537.36 (KHTML, like Gecko) Chrome/148.0.0.0 Safari/537.36"
103.238.228.178 - - [14/May/2026:13:25:20 +0530] "POST /health/search HTTP/2.0" 200 44775 "https://login.cafsindia.com/health" "Mozilla/5.0 (Windows NT 10.0; Win64; x64) AppleWebKit/537.36 (KHTML, like Gecko) Chrome/148.0.0.0 Safari/537.36"
103.238.228.178 - - [14/May/2026:13:25:32 +0530] "POST /health_renewals/search HTTP/2.0" 200 559 "https://login.cafsindia.com/health_renewals" "Mozilla/5.0 (Windows NT 10.0; Win64; x64) AppleWebKit/537.36 (KHTML, like Gecko) Chrome/148.0.0.0 Safari/537.36"
103.238.228.178 - - [14/May/2026:13:25:36 +0530] "POST /health/search HTTP/2.0" 200 510 "https://login.cafsindia.com/health" "Mozilla/5.0 (Windows NT 10.0; Win64; x64) AppleWebKit/537.36 (KHTML, like Gecko) Chrome/148.0.0.0 Safari/537.36"
103.238.228.178 - - [14/May/2026:13:25:30 +0530] "POST /health_renewals/health_call_log_update/ HTTP/2.0" 200 5974 "https://login.cafsindia.com/health_renewals" "Mozilla/5.0 (Windows NT 10.0; Win64; x64) AppleWebKit/537.36 (KHTML, like Gecko) Chrome/148.0.0.0 Safari/537.36"
103.238.228.178 - - [14/May/2026:13:25:41 +0530] "POST /health_renewals/search HTTP/2.0" 200 5162 "https://login.cafsindia.com/health_renewals" "Mozilla/5.0 (Windows NT 10.0; Win64; x64) AppleWebKit/537.36 (KHTML, like Gecko) Chrome/148.0.0.0 Safari/537.36"
103.238.228.178 - - [14/May/2026:13:25:43 +0530] "POST /health/view/10277 HTTP/2.0" 200 420049 "https://login.cafsindia.com/health" "Mozilla/5.0 (Windows NT 10.0; Win64; x64) AppleWebKit/537.36 (KHTML, like Gecko) Chrome/148.0.0.0 Safari/537.36"
103.238.228.178 - - [14/May/2026:13:25:45 +0530] "POST /health/fetch_product HTTP/2.0" 200 577 "https://login.cafsindia.com/health" "Mozilla/5.0 (Windows NT 10.0; Win64; x64) AppleWebKit/537.36 (KHTML, like Gecko) Chrome/148.0.0.0 Safari/537.36"
103.238.228.178 - - [14/May/2026:13:25:49 +0530] "POST /health/due_date_fetch HTTP/2.0" 200 45 "https://login.cafsindia.com/health" "Mozilla/5.0 (Windows NT 10.0; Win64; x64) AppleWebKit/537.36 (KHTML, like Gecko) Chrome/148.0.0.0 Safari/537.36"
103.238.228.178 - - [14/May/2026:13:25:47 +0530] "POST /health_renewals/call_log/12446 HTTP/2.0" 200 43280 "https://login.cafsindia.com/health_renewals" "Mozilla/5.0 (Windows NT 10.0; Win64; x64) AppleWebKit/537.36 (KHTML, like Gecko) Chrome/148.0.0.0 Safari/537.36"
103.238.228.178 - - [14/May/2026:13:25:49 +0530] "POST /health/save/10277 HTTP/2.0" 200 100 "https://login.cafsindia.com/health" "Mozilla/5.0 (Windows NT 10.0; Win64; x64) AppleWebKit/537.36 (KHTML, like Gecko) Chrome/148.0.0.0 Safari/537.36"
103.238.228.178 - - [14/May/2026:13:25:52 +0530] "POST /health/search HTTP/2.0" 200 510 "https://login.cafsindia.com/health" "Mozilla/5.0 (Windows NT 10.0; Win64; x64) AppleWebKit/537.36 (KHTML, like Gecko) Chrome/148.0.0.0 Safari/537.36"
103.238.228.178 - - [14/May/2026:13:25:53 +0530] "GET /health HTTP/2.0" 200 1356991 "-" "Mozilla/5.0 (Windows NT 10.0; Win64; x64) AppleWebKit/537.36 (KHTML, like Gecko) Chrome/148.0.0.0 Safari/537.36"
103.238.228.178 - - [14/May/2026:13:26:16 +0530] "POST /health/search HTTP/2.0" 200 4631 "https://login.cafsindia.com/health" "Mozilla/5.0 (Windows NT 10.0; Win64; x64) AppleWebKit/537.36 (KHTML, like Gecko) Chrome/148.0.0.0 Safari/537.36"
103.238.228.178 - - [14/May/2026:13:26:18 +0530] "POST /health_renewals/search HTTP/2.0" 200 559 "https://login.cafsindia.com/health_renewals" "Mozilla/5.0 (Windows NT 10.0; Win64; x64) AppleWebKit/537.36 (KHTML, like Gecko) Chrome/148.0.0.0 Safari/537.36"
103.238.228.178 - - [14/May/2026:13:26:20 +0530] "POST /health_renewals/search HTTP/2.0" 200 5144 "https://login.cafsindia.com/health_renewals" "Mozilla/5.0 (Windows NT 10.0; Win64; x64) AppleWebKit/537.36 (KHTML, like Gecko) Chrome/148.0.0.0 Safari/537.36"
171.79.53.38 - - [14/May/2026:13:26:28 +0530] "POST /life_renewals/life_call_log_update/ HTTP/2.0" 200 1555 "https://login.cafsindia.com/life_renewals" "Mozilla/5.0 (Windows NT 10.0; Win64; x64) AppleWebKit/537.36 (KHTML, like Gecko) Chrome/148.0.0.0 Safari/537.36"
171.79.53.38 - - [14/May/2026:13:26:30 +0530] "POST /life_renewals/search HTTP/2.0" 200 5238 "https://login.cafsindia.com/life_renewals" "Mozilla/5.0 (Windows NT 10.0; Win64; x64) AppleWebKit/537.36 (KHTML, like Gecko) Chrome/148.0.0.0 Safari/537.36"
103.238.228.178 - - [14/May/2026:13:26:33 +0530] "POST /health_renewals/sub_disposition_list HTTP/2.0" 200 5681 "https://login.cafsindia.com/health_renewals" "Mozilla/5.0 (Windows NT 10.0; Win64; x64) AppleWebKit/537.36 (KHTML, like Gecko) Chrome/148.0.0.0 Safari/537.36"
171.79.53.38 - - [14/May/2026:13:26:36 +0530] "POST /life_renewals/call_log/7414 HTTP/2.0" 200 64786 "https://login.cafsindia.com/life_renewals" "Mozilla/5.0 (Windows NT 10.0; Win64; x64) AppleWebKit/537.36 (KHTML, like Gecko) Chrome/148.0.0.0 Safari/537.36"
171.79.53.38 - - [14/May/2026:13:26:41 +0530] "POST /life_renewals/life_call_log_edit HTTP/2.0" 200 583 "https://login.cafsindia.com/life_renewals" "Mozilla/5.0 (Windows NT 10.0; Win64; x64) AppleWebKit/537.36 (KHTML, like Gecko) Chrome/148.0.0.0 Safari/537.36"
171.79.53.38 - - [14/May/2026:13:26:47 +0530] "POST /life_renewals/life_call_log_update/ HTTP/2.0" 200 1557 "https://login.cafsindia.com/life_renewals" "Mozilla/5.0 (Windows NT 10.0; Win64; x64) AppleWebKit/537.36 (KHTML, like Gecko) Chrome/148.0.0.0 Safari/537.36"
171.79.53.38 - - [14/May/2026:13:26:48 +0530] "POST /life_renewals/search HTTP/2.0" 200 5266 "https://login.cafsindia.com/life_renewals" "Mozilla/5.0 (Windows NT 10.0; Win64; x64) AppleWebKit/537.36 (KHTML, like Gecko) Chrome/148.0.0.0 Safari/537.36"
103.238.228.178 - - [14/May/2026:13:26:56 +0530] "POST /health_renewals/health_call_log_update/ HTTP/2.0" 200 2860 "https://login.cafsindia.com/health_renewals" "Mozilla/5.0 (Windows NT 10.0; Win64; x64) AppleWebKit/537.36 (KHTML, like Gecko) Chrome/148.0.0.0 Safari/537.36"
171.79.53.38 - - [14/May/2026:13:26:58 +0530] "GET /life_renewals HTTP/2.0" 200 144478 "https://login.cafsindia.com/home" "Mozilla/5.0 (Windows NT 10.0; Win64; x64) AppleWebKit/537.36 (KHTML, like Gecko) Chrome/148.0.0.0 Safari/537.36"
103.238.228.178 - - [14/May/2026:13:26:59 +0530] "POST /health_renewals/search HTTP/2.0" 200 5170 "https://login.cafsindia.com/health_renewals" "Mozilla/5.0 (Windows NT 10.0; Win64; x64) AppleWebKit/537.36 (KHTML, like Gecko) Chrome/148.0.0.0 Safari/537.36"
171.79.53.38 - - [14/May/2026:13:27:00 +0530] "POST /life_renewals/search HTTP/2.0" 200 5229 "https://login.cafsindia.com/life_renewals" "Mozilla/5.0 (Windows NT 10.0; Win64; x64) AppleWebKit/537.36 (KHTML, like Gecko) Chrome/148.0.0.0 Safari/537.36"
171.79.53.38 - - [14/May/2026:13:27:03 +0530] "POST /life_renewals/search HTTP/2.0" 200 5228 "https://login.cafsindia.com/life_renewals" "Mozilla/5.0 (Windows NT 10.0; Win64; x64) AppleWebKit/537.36 (KHTML, like Gecko) Chrome/148.0.0.0 Safari/537.36"
171.79.53.38 - - [14/May/2026:13:27:04 +0530] "POST /life_renewals/search HTTP/2.0" 200 5219 "https://login.cafsindia.com/life_renewals" "Mozilla/5.0 (Windows NT 10.0; Win64; x64) AppleWebKit/537.36 (KHTML, like Gecko) Chrome/148.0.0.0 Safari/537.36"
171.79.53.38 - - [14/May/2026:13:27:04 +0530] "POST /life_renewals/search HTTP/2.0" 200 5273 "https://login.cafsindia.com/life_renewals" "Mozilla/5.0 (Windows NT 10.0; Win64; x64) AppleWebKit/537.36 (KHTML, like Gecko) Chrome/148.0.0.0 Safari/537.36"
171.79.53.38 - - [14/May/2026:13:27:05 +0530] "POST /life_renewals/search HTTP/2.0" 200 5319 "https://login.cafsindia.com/life_renewals" "Mozilla/5.0 (Windows NT 10.0; Win64; x64) AppleWebKit/537.36 (KHTML, like Gecko) Chrome/148.0.0.0 Safari/537.36"
103.238.228.178 - - [14/May/2026:13:27:06 +0530] "POST /health_renewals/search HTTP/2.0" 200 5165 "https://login.cafsindia.com/health_renewals" "Mozilla/5.0 (Windows NT 10.0; Win64; x64) AppleWebKit/537.36 (KHTML, like Gecko) Chrome/148.0.0.0 Safari/537.36"
171.79.53.38 - - [14/May/2026:13:27:09 +0530] "POST /life_renewals/search HTTP/2.0" 200 3702 "https://login.cafsindia.com/life_renewals" "Mozilla/5.0 (Windows NT 10.0; Win64; x64) AppleWebKit/537.36 (KHTML, like Gecko) Chrome/148.0.0.0 Safari/537.36"
171.79.53.38 - - [14/May/2026:13:27:09 +0530] "POST /life_renewals/search HTTP/2.0" 200 576 "https://login.cafsindia.com/life_renewals" "Mozilla/5.0 (Windows NT 10.0; Win64; x64) AppleWebKit/537.36 (KHTML, like Gecko) Chrome/148.0.0.0 Safari/537.36"
171.79.53.38 - - [14/May/2026:13:27:10 +0530] "POST /life_renewals/search HTTP/2.0" 200 576 "https://login.cafsindia.com/life_renewals" "Mozilla/5.0 (Windows NT 10.0; Win64; x64) AppleWebKit/537.36 (KHTML, like Gecko) Chrome/148.0.0.0 Safari/537.36"
171.79.53.38 - - [14/May/2026:13:27:18 +0530] "POST /life_renewals/call_log/7414 HTTP/2.0" 200 64786 "https://login.cafsindia.com/life_renewals" "Mozilla/5.0 (Windows NT 10.0; Win64; x64) AppleWebKit/537.36 (KHTML, like Gecko) Chrome/148.0.0.0 Safari/537.36"
103.238.228.178 - - [14/May/2026:13:27:22 +0530] "POST /health_renewals/call_log/3156 HTTP/2.0" 200 53442 "https://login.cafsindia.com/health_renewals" "Mozilla/5.0 (Windows NT 10.0; Win64; x64) AppleWebKit/537.36 (KHTML, like Gecko) Chrome/148.0.0.0 Safari/537.36"
103.238.228.178 - - [14/May/2026:13:27:41 +0530] "POST /health_renewals/search HTTP/2.0" 200 5161 "https://login.cafsindia.com/health_renewals" "Mozilla/5.0 (Windows NT 10.0; Win64; x64) AppleWebKit/537.36 (KHTML, like Gecko) Chrome/148.0.0.0 Safari/537.36"
103.238.228.178 - - [14/May/2026:13:27:44 +0530] "POST /health_renewals/search HTTP/2.0" 200 5137 "https://login.cafsindia.com/health_renewals" "Mozilla/5.0 (Windows NT 10.0; Win64; x64) AppleWebKit/537.36 (KHTML, like Gecko) Chrome/148.0.0.0 Safari/537.36"
103.238.228.178 - - [14/May/2026:13:27:47 +0530] "POST /health_renewals/search HTTP/2.0" 200 3086 "https://login.cafsindia.com/health_renewals" "Mozilla/5.0 (Windows NT 10.0; Win64; x64) AppleWebKit/537.36 (KHTML, like Gecko) Chrome/148.0.0.0 Safari/537.36"
103.238.228.178 - - [14/May/2026:13:27:52 +0530] "GET / HTTP/2.0" 200 15213 "-" "Mozilla/5.0 (Windows NT 10.0; Win64; x64) AppleWebKit/537.36 (KHTML, like Gecko) Chrome/148.0.0.0 Safari/537.36"
103.238.228.178 - - [14/May/2026:13:27:52 +0530] "GET /dist/bootstrap.min.css?rel=20260514 HTTP/2.0" 200 127391 "https://login.cafsindia.com/" "Mozilla/5.0 (Windows NT 10.0; Win64; x64) AppleWebKit/537.36 (KHTML, like Gecko) Chrome/148.0.0.0 Safari/537.36"
103.238.228.178 - - [14/May/2026:13:27:52 +0530] "GET /dist/cafs_login.css?rel=20260514 HTTP/2.0" 200 33753 "https://login.cafsindia.com/" "Mozilla/5.0 (Windows NT 10.0; Win64; x64) AppleWebKit/537.36 (KHTML, like Gecko) Chrome/148.0.0.0 Safari/537.36"
103.238.228.178 - - [14/May/2026:13:27:52 +0530] "GET /dist/jquery.min.js?rel=20260514 HTTP/2.0" 200 88145 "https://login.cafsindia.com/" "Mozilla/5.0 (Windows NT 10.0; Win64; x64) AppleWebKit/537.36 (KHTML, like Gecko) Chrome/148.0.0.0 Safari/537.36"
103.238.228.178 - - [14/May/2026:13:27:52 +0530] "GET /dist/opensourcepos.min.js?rel=20260514 HTTP/2.0" 200 1471322 "https://login.cafsindia.com/" "Mozilla/5.0 (Windows NT 10.0; Win64; x64) AppleWebKit/537.36 (KHTML, like Gecko) Chrome/148.0.0.0 Safari/537.36"
103.238.228.178 - - [14/May/2026:13:28:03 +0530] "POST /login/corp_login/ HTTP/2.0" 200 65 "https://login.cafsindia.com/" "Mozilla/5.0 (Windows NT 10.0; Win64; x64) AppleWebKit/537.36 (KHTML, like Gecko) Chrome/148.0.0.0 Safari/537.36"
103.238.228.178 - - [14/May/2026:13:28:04 +0530] "GET / HTTP/2.0" 302 - "https://login.cafsindia.com/" "Mozilla/5.0 (Windows NT 10.0; Win64; x64) AppleWebKit/537.36 (KHTML, like Gecko) Chrome/148.0.0.0 Safari/537.36"
103.238.228.178 - - [14/May/2026:13:28:04 +0530] "GET /home HTTP/2.0" 200 11149 "https://login.cafsindia.com/" "Mozilla/5.0 (Windows NT 10.0; Win64; x64) AppleWebKit/537.36 (KHTML, like Gecko) Chrome/148.0.0.0 Safari/537.36"
103.238.228.178 - - [14/May/2026:13:28:05 +0530] "GET /dist/validate.js?rel=20260514 HTTP/2.0" 200 1455 "https://login.cafsindia.com/home" "Mozilla/5.0 (Windows NT 10.0; Win64; x64) AppleWebKit/537.36 (KHTML, like Gecko) Chrome/148.0.0.0 Safari/537.36"
103.238.228.178 - - [14/May/2026:13:28:05 +0530] "GET /dist/cafs.css?rel=20260514 HTTP/2.0" 200 33565 "https://login.cafsindia.com/home" "Mozilla/5.0 (Windows NT 10.0; Win64; x64) AppleWebKit/537.36 (KHTML, like Gecko) Chrome/148.0.0.0 Safari/537.36"
106.222.220.59 - - [14/May/2026:13:28:06 +0530] "GET /home/logout HTTP/2.0" 302 - "https://login.cafsindia.com/health" "Mozilla/5.0 (Windows NT 10.0; Win64; x64) AppleWebKit/537.36 (KHTML, like Gecko) Chrome/148.0.0.0 Safari/537.36"
106.222.220.59 - - [14/May/2026:13:28:06 +0530] "GET /login HTTP/2.0" 200 15213 "https://login.cafsindia.com/health" "Mozilla/5.0 (Windows NT 10.0; Win64; x64) AppleWebKit/537.36 (KHTML, like Gecko) Chrome/148.0.0.0 Safari/537.36"
103.238.228.178 - - [14/May/2026:13:28:09 +0530] "POST /life_renewals/call_log/6599 HTTP/2.0" 200 76436 "https://login.cafsindia.com/life_renewals" "Mozilla/5.0 (Windows NT 10.0; Win64; x64) AppleWebKit/537.36 (KHTML, like Gecko) Chrome/148.0.0.0 Safari/537.36"
103.238.228.178 - - [14/May/2026:13:28:16 +0530] "POST /life_renewals/life_call_log_update/ HTTP/2.0" 200 17306 "https://login.cafsindia.com/life_renewals" "Mozilla/5.0 (Windows NT 10.0; Win64; x64) AppleWebKit/537.36 (KHTML, like Gecko) Chrome/148.0.0.0 Safari/537.36"
103.238.228.178 - - [14/May/2026:13:28:18 +0530] "POST /life_renewals/search HTTP/2.0" 200 579 "https://login.cafsindia.com/life_renewals" "Mozilla/5.0 (Windows NT 10.0; Win64; x64) AppleWebKit/537.36 (KHTML, like Gecko) Chrome/148.0.0.0 Safari/537.36"
103.238.228.178 - - [14/May/2026:13:28:21 +0530] "POST /life_renewals/renewal/6599 HTTP/2.0" 200 28286 "https://login.cafsindia.com/life_renewals" "Mozilla/5.0 (Windows NT 10.0; Win64; x64) AppleWebKit/537.36 (KHTML, like Gecko) Chrome/148.0.0.0 Safari/537.36"
103.238.228.178 - - [14/May/2026:13:28:11 +0530] "GET /health HTTP/2.0" 200 1348536 "https://login.cafsindia.com/home" "Mozilla/5.0 (Windows NT 10.0; Win64; x64) AppleWebKit/537.36 (KHTML, like Gecko) Chrome/148.0.0.0 Safari/537.36"
103.238.228.178 - - [14/May/2026:13:28:23 +0530] "POST /life_renewals/update_due_date HTTP/2.0" 200 45 "https://login.cafsindia.com/life_renewals" "Mozilla/5.0 (Windows NT 10.0; Win64; x64) AppleWebKit/537.36 (KHTML, like Gecko) Chrome/148.0.0.0 Safari/537.36"
103.238.228.178 - - [14/May/2026:13:28:23 +0530] "POST /life_renewals/update_due_date HTTP/2.0" 200 45 "https://login.cafsindia.com/life_renewals" "Mozilla/5.0 (Windows NT 10.0; Win64; x64) AppleWebKit/537.36 (KHTML, like Gecko) Chrome/148.0.0.0 Safari/537.36"
103.238.228.178 - - [14/May/2026:13:28:23 +0530] "POST /health/search HTTP/2.0" 200 4501 "https://login.cafsindia.com/health" "Mozilla/5.0 (Windows NT 10.0; Win64; x64) AppleWebKit/537.36 (KHTML, like Gecko) Chrome/148.0.0.0 Safari/537.36"
103.238.228.178 - - [14/May/2026:13:28:27 +0530] "POST /life_renewals/renewal_update/6599 HTTP/2.0" 200 11384 "https://login.cafsindia.com/life_renewals" "Mozilla/5.0 (Windows NT 10.0; Win64; x64) AppleWebKit/537.36 (KHTML, like Gecko) Chrome/148.0.0.0 Safari/537.36"
103.238.228.178 - - [14/May/2026:13:28:27 +0530] "POST /life_renewals/search HTTP/2.0" 200 579 "https://login.cafsindia.com/life_renewals" "Mozilla/5.0 (Windows NT 10.0; Win64; x64) AppleWebKit/537.36 (KHTML, like Gecko) Chrome/148.0.0.0 Safari/537.36"
103.238.228.178 - - [14/May/2026:13:28:27 +0530] "POST /health/search HTTP/2.0" 200 2290 "https://login.cafsindia.com/health" "Mozilla/5.0 (Windows NT 10.0; Win64; x64) AppleWebKit/537.36 (KHTML, like Gecko) Chrome/148.0.0.0 Safari/537.36"
103.238.228.178 - - [14/May/2026:13:28:27 +0530] "POST /portfolio/search HTTP/2.0" 200 9721 "https://login.cafsindia.com/portfolio" "Mozilla/5.0 (Windows NT 10.0; Win64; x64) AppleWebKit/537.36 (KHTML, like Gecko) Chrome/148.0.0.0 Safari/537.36"
103.238.228.178 - - [14/May/2026:13:28:27 +0530] "POST /portfolio/search HTTP/2.0" 200 9809 "https://login.cafsindia.com/portfolio" "Mozilla/5.0 (Windows NT 10.0; Win64; x64) AppleWebKit/537.36 (KHTML, like Gecko) Chrome/148.0.0.0 Safari/537.36"
103.238.228.178 - - [14/May/2026:13:28:28 +0530] "POST /portfolio/search HTTP/2.0" 200 9817 "https://login.cafsindia.com/portfolio" "Mozilla/5.0 (Windows NT 10.0; Win64; x64) AppleWebKit/537.36 (KHTML, like Gecko) Chrome/148.0.0.0 Safari/537.36"
103.238.228.178 - - [14/May/2026:13:28:28 +0530] "POST /portfolio/search HTTP/2.0" 200 4711 "https://login.cafsindia.com/portfolio" "Mozilla/5.0 (Windows NT 10.0; Win64; x64) AppleWebKit/537.36 (KHTML, like Gecko) Chrome/148.0.0.0 Safari/537.36"
103.238.228.178 - - [14/May/2026:13:28:29 +0530] "POST /portfolio/search HTTP/2.0" 200 1236 "https://login.cafsindia.com/portfolio" "Mozilla/5.0 (Windows NT 10.0; Win64; x64) AppleWebKit/537.36 (KHTML, like Gecko) Chrome/148.0.0.0 Safari/537.36"
103.238.228.178 - - [14/May/2026:13:28:29 +0530] "POST /portfolio/search HTTP/2.0" 200 65 "https://login.cafsindia.com/portfolio" "Mozilla/5.0 (Windows NT 10.0; Win64; x64) AppleWebKit/537.36 (KHTML, like Gecko) Chrome/148.0.0.0 Safari/537.36"
103.238.228.178 - - [14/May/2026:13:28:31 +0530] "POST /portfolio/search HTTP/2.0" 200 65 "https://login.cafsindia.com/portfolio" "Mozilla/5.0 (Windows NT 10.0; Win64; x64) AppleWebKit/537.36 (KHTML, like Gecko) Chrome/148.0.0.0 Safari/537.36"
103.238.228.178 - - [14/May/2026:13:28:32 +0530] "POST /life_renewals/search HTTP/2.0" 200 584 "https://login.cafsindia.com/life_renewals" "Mozilla/5.0 (Windows NT 10.0; Win64; x64) AppleWebKit/537.36 (KHTML, like Gecko) Chrome/148.0.0.0 Safari/537.36"
103.238.228.178 - - [14/May/2026:13:28:32 +0530] "POST /portfolio/search HTTP/2.0" 200 65 "https://login.cafsindia.com/portfolio" "Mozilla/5.0 (Windows NT 10.0; Win64; x64) AppleWebKit/537.36 (KHTML, like Gecko) Chrome/148.0.0.0 Safari/537.36"
103.238.228.178 - - [14/May/2026:13:28:32 +0530] "POST /portfolio/search HTTP/2.0" 200 855 "https://login.cafsindia.com/portfolio" "Mozilla/5.0 (Windows NT 10.0; Win64; x64) AppleWebKit/537.36 (KHTML, like Gecko) Chrome/148.0.0.0 Safari/537.36"
103.238.228.178 - - [14/May/2026:13:28:33 +0530] "POST /portfolio/search HTTP/2.0" 200 855 "https://login.cafsindia.com/portfolio" "Mozilla/5.0 (Windows NT 10.0; Win64; x64) AppleWebKit/537.36 (KHTML, like Gecko) Chrome/148.0.0.0 Safari/537.36"
103.238.228.178 - - [14/May/2026:13:28:36 +0530] "POST /life_renewals/call_log/6701 HTTP/2.0" 200 75916 "https://login.cafsindia.com/life_renewals" "Mozilla/5.0 (Windows NT 10.0; Win64; x64) AppleWebKit/537.36 (KHTML, like Gecko) Chrome/148.0.0.0 Safari/537.36"
103.238.228.178 - - [14/May/2026:13:28:36 +0530] "POST /portfolio/view/5219 HTTP/2.0" 200 456805 "https://login.cafsindia.com/portfolio" "Mozilla/5.0 (Windows NT 10.0; Win64; x64) AppleWebKit/537.36 (KHTML, like Gecko) Chrome/148.0.0.0 Safari/537.36"
103.238.228.178 - - [14/May/2026:13:28:38 +0530] "POST /portfolio/calaculate_total HTTP/2.0" 200 38 "https://login.cafsindia.com/portfolio" "Mozilla/5.0 (Windows NT 10.0; Win64; x64) AppleWebKit/537.36 (KHTML, like Gecko) Chrome/148.0.0.0 Safari/537.36"
103.238.228.178 - - [14/May/2026:13:28:38 +0530] "POST /portfolio/get_com_info HTTP/2.0" 200 614 "https://login.cafsindia.com/portfolio" "Mozilla/5.0 (Windows NT 10.0; Win64; x64) AppleWebKit/537.36 (KHTML, like Gecko) Chrome/148.0.0.0 Safari/537.36"
103.238.228.178 - - [14/May/2026:13:28:38 +0530] "POST /portfolio/get_product_info HTTP/2.0" 200 108 "https://login.cafsindia.com/portfolio" "Mozilla/5.0 (Windows NT 10.0; Win64; x64) AppleWebKit/537.36 (KHTML, like Gecko) Chrome/148.0.0.0 Safari/537.36"
171.79.53.38 - - [14/May/2026:13:28:38 +0530] "POST /life_renewals/life_call_log_update/ HTTP/2.0" 200 1828 "https://login.cafsindia.com/life_renewals" "Mozilla/5.0 (Windows NT 10.0; Win64; x64) AppleWebKit/537.36 (KHTML, like Gecko) Chrome/148.0.0.0 Safari/537.36"
171.79.53.38 - - [14/May/2026:13:28:40 +0530] "POST /life_renewals/search HTTP/2.0" 200 575 "https://login.cafsindia.com/life_renewals" "Mozilla/5.0 (Windows NT 10.0; Win64; x64) AppleWebKit/537.36 (KHTML, like Gecko) Chrome/148.0.0.0 Safari/537.36"
103.238.228.178 - - [14/May/2026:13:28:43 +0530] "POST /portfolio/view/6331 HTTP/2.0" 200 454952 "https://login.cafsindia.com/portfolio" "Mozilla/5.0 (Windows NT 10.0; Win64; x64) AppleWebKit/537.36 (KHTML, like Gecko) Chrome/148.0.0.0 Safari/537.36"
103.238.228.178 - - [14/May/2026:13:28:45 +0530] "POST /portfolio/calaculate_total HTTP/2.0" 200 38 "https://login.cafsindia.com/portfolio" "Mozilla/5.0 (Windows NT 10.0; Win64; x64) AppleWebKit/537.36 (KHTML, like Gecko) Chrome/148.0.0.0 Safari/537.36"
103.238.228.178 - - [14/May/2026:13:28:45 +0530] "POST /portfolio/get_com_info HTTP/2.0" 200 614 "https://login.cafsindia.com/portfolio" "Mozilla/5.0 (Windows NT 10.0; Win64; x64) AppleWebKit/537.36 (KHTML, like Gecko) Chrome/148.0.0.0 Safari/537.36"
103.238.228.178 - - [14/May/2026:13:28:45 +0530] "POST /portfolio/get_product_info HTTP/2.0" 200 107 "https://login.cafsindia.com/portfolio" "Mozilla/5.0 (Windows NT 10.0; Win64; x64) AppleWebKit/537.36 (KHTML, like Gecko) Chrome/148.0.0.0 Safari/537.36"
171.79.53.38 - - [14/May/2026:13:28:57 +0530] "POST /life_renewals/search HTTP/2.0" 200 5274 "https://login.cafsindia.com/life_renewals" "Mozilla/5.0 (Windows NT 10.0; Win64; x64) AppleWebKit/537.36 (KHTML, like Gecko) Chrome/148.0.0.0 Safari/537.36"
103.238.228.178 - - [14/May/2026:13:29:00 +0530] "POST /portfolio/search HTTP/2.0" 200 9722 "https://login.cafsindia.com/portfolio" "Mozilla/5.0 (Windows NT 10.0; Win64; x64) AppleWebKit/537.36 (KHTML, like Gecko) Chrome/148.0.0.0 Safari/537.36"
171.79.53.38 - - [14/May/2026:13:29:05 +0530] "POST /life_renewals/search HTTP/2.0" 200 5248 "https://login.cafsindia.com/life_renewals" "Mozilla/5.0 (Windows NT 10.0; Win64; x64) AppleWebKit/537.36 (KHTML, like Gecko) Chrome/148.0.0.0 Safari/537.36"
