106.222.220.59 - - [14/May/2026:13:12:39 +0530] "POST /health/search HTTP/2.0" 200 66 "https://login.cafsindia.com/health" "Mozilla/5.0 (Windows NT 10.0; Win64; x64) AppleWebKit/537.36 (KHTML, like Gecko) Chrome/148.0.0.0 Safari/537.36"
103.238.228.178 - - [14/May/2026:13:12:39 +0530] "POST /life_renewals/call_log/5829 HTTP/2.0" 200 65915 "https://login.cafsindia.com/life_renewals" "Mozilla/5.0 (Windows NT 10.0; Win64; x64) AppleWebKit/537.36 (KHTML, like Gecko) Chrome/148.0.0.0 Safari/537.36"
171.79.53.38 - - [14/May/2026:13:12:40 +0530] "POST /life_renewals/call_log/3704 HTTP/2.0" 200 75212 "https://login.cafsindia.com/life_renewals" "Mozilla/5.0 (Windows NT 10.0; Win64; x64) AppleWebKit/537.36 (KHTML, like Gecko) Chrome/148.0.0.0 Safari/537.36"
106.222.220.59 - - [14/May/2026:13:12:43 +0530] "POST /health/search HTTP/2.0" 200 66 "https://login.cafsindia.com/health" "Mozilla/5.0 (Windows NT 10.0; Win64; x64) AppleWebKit/537.36 (KHTML, like Gecko) Chrome/148.0.0.0 Safari/537.36"
106.222.220.59 - - [14/May/2026:13:12:44 +0530] "POST /health/search HTTP/2.0" 200 66 "https://login.cafsindia.com/health" "Mozilla/5.0 (Windows NT 10.0; Win64; x64) AppleWebKit/537.36 (KHTML, like Gecko) Chrome/148.0.0.0 Safari/537.36"
106.222.220.59 - - [14/May/2026:13:12:44 +0530] "POST /health/search HTTP/2.0" 200 4632 "https://login.cafsindia.com/health" "Mozilla/5.0 (Windows NT 10.0; Win64; x64) AppleWebKit/537.36 (KHTML, like Gecko) Chrome/148.0.0.0 Safari/537.36"
103.238.228.178 - - [14/May/2026:13:12:49 +0530] "POST /life_renewals/life_call_log_update/ HTTP/2.0" 200 3225 "https://login.cafsindia.com/life_renewals" "Mozilla/5.0 (Windows NT 10.0; Win64; x64) AppleWebKit/537.36 (KHTML, like Gecko) Chrome/148.0.0.0 Safari/537.36"
103.238.228.178 - - [14/May/2026:13:12:51 +0530] "POST /life_renewals/search HTTP/2.0" 200 585 "https://login.cafsindia.com/life_renewals" "Mozilla/5.0 (Windows NT 10.0; Win64; x64) AppleWebKit/537.36 (KHTML, like Gecko) Chrome/148.0.0.0 Safari/537.36"
106.222.220.59 - - [14/May/2026:13:12:50 +0530] "POST /health/search HTTP/2.0" 200 4632 "https://login.cafsindia.com/health" "Mozilla/5.0 (Windows NT 10.0; Win64; x64) AppleWebKit/537.36 (KHTML, like Gecko) Chrome/148.0.0.0 Safari/537.36"
103.238.228.178 - - [14/May/2026:13:12:52 +0530] "POST /life_renewals/renewal/5829 HTTP/2.0" 200 22070 "https://login.cafsindia.com/life_renewals" "Mozilla/5.0 (Windows NT 10.0; Win64; x64) AppleWebKit/537.36 (KHTML, like Gecko) Chrome/148.0.0.0 Safari/537.36"
103.238.228.178 - - [14/May/2026:13:12:56 +0530] "POST /life_renewals/update_due_date HTTP/2.0" 200 45 "https://login.cafsindia.com/life_renewals" "Mozilla/5.0 (Windows NT 10.0; Win64; x64) AppleWebKit/537.36 (KHTML, like Gecko) Chrome/148.0.0.0 Safari/537.36"
106.222.220.59 - - [14/May/2026:13:12:55 +0530] "POST /health/search HTTP/2.0" 200 66 "https://login.cafsindia.com/health" "Mozilla/5.0 (Windows NT 10.0; Win64; x64) AppleWebKit/537.36 (KHTML, like Gecko) Chrome/148.0.0.0 Safari/537.36"
103.238.228.178 - - [14/May/2026:13:12:56 +0530] "POST /life_renewals/update_due_date HTTP/2.0" 200 45 "https://login.cafsindia.com/life_renewals" "Mozilla/5.0 (Windows NT 10.0; Win64; x64) AppleWebKit/537.36 (KHTML, like Gecko) Chrome/148.0.0.0 Safari/537.36"
103.238.228.178 - - [14/May/2026:13:12:59 +0530] "POST /life_renewals/renewal_update/5829 HTTP/2.0" 200 3191 "https://login.cafsindia.com/life_renewals" "Mozilla/5.0 (Windows NT 10.0; Win64; x64) AppleWebKit/537.36 (KHTML, like Gecko) Chrome/148.0.0.0 Safari/537.36"
103.238.228.178 - - [14/May/2026:13:12:57 +0530] "POST /health_renewals/call_log/9833 HTTP/2.0" 200 45408 "https://login.cafsindia.com/health_renewals" "Mozilla/5.0 (Windows NT 10.0; Win64; x64) AppleWebKit/537.36 (KHTML, like Gecko) Chrome/148.0.0.0 Safari/537.36"
103.238.228.178 - - [14/May/2026:13:13:01 +0530] "POST /life_renewals/search HTTP/2.0" 200 585 "https://login.cafsindia.com/life_renewals" "Mozilla/5.0 (Windows NT 10.0; Win64; x64) AppleWebKit/537.36 (KHTML, like Gecko) Chrome/148.0.0.0 Safari/537.36"
106.222.220.59 - - [14/May/2026:13:13:01 +0530] "POST /health/search HTTP/2.0" 200 4632 "https://login.cafsindia.com/health" "Mozilla/5.0 (Windows NT 10.0; Win64; x64) AppleWebKit/537.36 (KHTML, like Gecko) Chrome/148.0.0.0 Safari/537.36"
106.222.220.59 - - [14/May/2026:13:13:04 +0530] "GET /health_renewals HTTP/2.0" 200 183035 "https://login.cafsindia.com/health" "Mozilla/5.0 (Windows NT 10.0; Win64; x64) AppleWebKit/537.36 (KHTML, like Gecko) Chrome/148.0.0.0 Safari/537.36"
171.79.53.38 - - [14/May/2026:13:13:03 +0530] "POST /life_renewals/life_call_log_update/ HTTP/2.0" 200 6169 "https://login.cafsindia.com/life_renewals" "Mozilla/5.0 (Windows NT 10.0; Win64; x64) AppleWebKit/537.36 (KHTML, like Gecko) Chrome/148.0.0.0 Safari/537.36"
106.222.220.59 - - [14/May/2026:13:13:06 +0530] "POST /health_renewals/search HTTP/2.0" 200 4882 "https://login.cafsindia.com/health_renewals" "Mozilla/5.0 (Windows NT 10.0; Win64; x64) AppleWebKit/537.36 (KHTML, like Gecko) Chrome/148.0.0.0 Safari/537.36"
103.238.228.178 - - [14/May/2026:13:13:07 +0530] "POST /life_renewals/search HTTP/2.0" 200 580 "https://login.cafsindia.com/life_renewals" "Mozilla/5.0 (Windows NT 10.0; Win64; x64) AppleWebKit/537.36 (KHTML, like Gecko) Chrome/148.0.0.0 Safari/537.36"
171.79.53.38 - - [14/May/2026:13:13:07 +0530] "POST /life_renewals/search HTTP/2.0" 200 5226 "https://login.cafsindia.com/life_renewals" "Mozilla/5.0 (Windows NT 10.0; Win64; x64) AppleWebKit/537.36 (KHTML, like Gecko) Chrome/148.0.0.0 Safari/537.36"
106.222.220.59 - - [14/May/2026:13:13:10 +0530] "POST /health_renewals/search HTTP/2.0" 200 4893 "https://login.cafsindia.com/health_renewals" "Mozilla/5.0 (Windows NT 10.0; Win64; x64) AppleWebKit/537.36 (KHTML, like Gecko) Chrome/148.0.0.0 Safari/537.36"
103.238.228.178 - - [14/May/2026:13:13:08 +0530] "POST /life_renewals/life_call_log_update/ HTTP/2.0" 200 1503 "https://login.cafsindia.com/life_renewals" "Mozilla/5.0 (Windows NT 10.0; Win64; x64) AppleWebKit/537.36 (KHTML, like Gecko) Chrome/148.0.0.0 Safari/537.36"
103.238.228.178 - - [14/May/2026:13:13:12 +0530] "POST /life_renewals/search HTTP/2.0" 200 10952 "https://login.cafsindia.com/life_renewals" "Mozilla/5.0 (Windows NT 10.0; Win64; x64) AppleWebKit/537.36 (KHTML, like Gecko) Chrome/148.0.0.0 Safari/537.36"
106.222.220.59 - - [14/May/2026:13:13:13 +0530] "POST /health_renewals/search HTTP/2.0" 200 568 "https://login.cafsindia.com/health_renewals" "Mozilla/5.0 (Windows NT 10.0; Win64; x64) AppleWebKit/537.36 (KHTML, like Gecko) Chrome/148.0.0.0 Safari/537.36"
103.238.228.178 - - [14/May/2026:13:13:11 +0530] "POST /life_renewals/call_log/5894 HTTP/2.0" 200 68338 "https://login.cafsindia.com/life_renewals" "Mozilla/5.0 (Windows NT 10.0; Win64; x64) AppleWebKit/537.36 (KHTML, like Gecko) Chrome/148.0.0.0 Safari/537.36"
106.222.220.59 - - [14/May/2026:13:13:18 +0530] "GET /home/logout HTTP/2.0" 302 - "https://login.cafsindia.com/health" "Mozilla/5.0 (Windows NT 10.0; Win64; x64) AppleWebKit/537.36 (KHTML, like Gecko) Chrome/148.0.0.0 Safari/537.36"
106.222.220.59 - - [14/May/2026:13:13:19 +0530] "GET /login HTTP/2.0" 200 15213 "https://login.cafsindia.com/health" "Mozilla/5.0 (Windows NT 10.0; Win64; x64) AppleWebKit/537.36 (KHTML, like Gecko) Chrome/148.0.0.0 Safari/537.36"
106.222.220.59 - - [14/May/2026:13:13:18 +0530] "POST /health_renewals/call_log/5169 HTTP/2.0" 200 58757 "https://login.cafsindia.com/health_renewals" "Mozilla/5.0 (Windows NT 10.0; Win64; x64) AppleWebKit/537.36 (KHTML, like Gecko) Chrome/148.0.0.0 Safari/537.36"
103.238.228.178 - - [14/May/2026:13:13:22 +0530] "POST /life_renewals/life_call_log_update/ HTTP/2.0" 200 6213 "https://login.cafsindia.com/life_renewals" "Mozilla/5.0 (Windows NT 10.0; Win64; x64) AppleWebKit/537.36 (KHTML, like Gecko) Chrome/148.0.0.0 Safari/537.36"
103.238.228.178 - - [14/May/2026:13:13:26 +0530] "POST /life_renewals/search HTTP/2.0" 200 580 "https://login.cafsindia.com/life_renewals" "Mozilla/5.0 (Windows NT 10.0; Win64; x64) AppleWebKit/537.36 (KHTML, like Gecko) Chrome/148.0.0.0 Safari/537.36"
171.79.53.38 - - [14/May/2026:13:13:24 +0530] "POST /life_renewals/call_log/6586 HTTP/2.0" 200 65577 "https://login.cafsindia.com/life_renewals" "Mozilla/5.0 (Windows NT 10.0; Win64; x64) AppleWebKit/537.36 (KHTML, like Gecko) Chrome/148.0.0.0 Safari/537.36"
103.238.228.178 - - [14/May/2026:13:13:27 +0530] "POST /life_renewals/renewal/5894 HTTP/2.0" 200 22067 "https://login.cafsindia.com/life_renewals" "Mozilla/5.0 (Windows NT 10.0; Win64; x64) AppleWebKit/537.36 (KHTML, like Gecko) Chrome/148.0.0.0 Safari/537.36"
103.238.228.178 - - [14/May/2026:13:13:31 +0530] "POST /life_renewals/update_due_date HTTP/2.0" 200 45 "https://login.cafsindia.com/life_renewals" "Mozilla/5.0 (Windows NT 10.0; Win64; x64) AppleWebKit/537.36 (KHTML, like Gecko) Chrome/148.0.0.0 Safari/537.36"
103.238.228.178 - - [14/May/2026:13:13:31 +0530] "POST /life_renewals/update_due_date HTTP/2.0" 200 45 "https://login.cafsindia.com/life_renewals" "Mozilla/5.0 (Windows NT 10.0; Win64; x64) AppleWebKit/537.36 (KHTML, like Gecko) Chrome/148.0.0.0 Safari/537.36"
103.238.228.178 - - [14/May/2026:13:13:35 +0530] "POST /life_renewals/renewal_update/5894 HTTP/2.0" 200 3181 "https://login.cafsindia.com/life_renewals" "Mozilla/5.0 (Windows NT 10.0; Win64; x64) AppleWebKit/537.36 (KHTML, like Gecko) Chrome/148.0.0.0 Safari/537.36"
103.238.228.178 - - [14/May/2026:13:13:37 +0530] "POST /life_renewals/search HTTP/2.0" 200 580 "https://login.cafsindia.com/life_renewals" "Mozilla/5.0 (Windows NT 10.0; Win64; x64) AppleWebKit/537.36 (KHTML, like Gecko) Chrome/148.0.0.0 Safari/537.36"
103.238.228.178 - - [14/May/2026:13:13:42 +0530] "POST /life_renewals/search HTTP/2.0" 200 573 "https://login.cafsindia.com/life_renewals" "Mozilla/5.0 (Windows NT 10.0; Win64; x64) AppleWebKit/537.36 (KHTML, like Gecko) Chrome/148.0.0.0 Safari/537.36"
49.37.223.177 - - [14/May/2026:13:13:46 +0530] "POST /upload_files/upload.php?send_from=health&send_for=upload_address_proof&extension=png,jpg,jpeg,pdf&upload_filesize=1000 HTTP/2.0" 200 127 "https://login.cafsindia.com/health" "Mozilla/5.0 (Windows NT 10.0; Win64; x64) AppleWebKit/537.36 (KHTML, like Gecko) Chrome/147.0.0.0 Safari/537.36"
49.37.223.177 - - [14/May/2026:13:13:50 +0530] "POST /upload_files/upload.php?send_from=health&send_for=upload_id_proof&extension=png,jpg,jpeg,pdf&upload_filesize=1000 HTTP/2.0" 200 127 "https://login.cafsindia.com/health" "Mozilla/5.0 (Windows NT 10.0; Win64; x64) AppleWebKit/537.36 (KHTML, like Gecko) Chrome/147.0.0.0 Safari/537.36"
103.238.228.178 - - [14/May/2026:13:13:47 +0530] "POST /life_renewals/call_log/6304 HTTP/2.0" 200 76872 "https://login.cafsindia.com/life_renewals" "Mozilla/5.0 (Windows NT 10.0; Win64; x64) AppleWebKit/537.36 (KHTML, like Gecko) Chrome/148.0.0.0 Safari/537.36"
103.238.228.178 - - [14/May/2026:13:13:47 +0530] "POST /life_renewals/call_log/7215 HTTP/2.0" 200 68584 "https://login.cafsindia.com/life_renewals" "Mozilla/5.0 (Windows NT 10.0; Win64; x64) AppleWebKit/537.36 (KHTML, like Gecko) Chrome/148.0.0.0 Safari/537.36"
171.79.53.38 - - [14/May/2026:13:13:51 +0530] "POST /life_renewals/call_log/4915 HTTP/2.0" 200 72791 "https://login.cafsindia.com/life_renewals" "Mozilla/5.0 (Windows NT 10.0; Win64; x64) AppleWebKit/537.36 (KHTML, like Gecko) Chrome/148.0.0.0 Safari/537.36"
49.37.223.177 - - [14/May/2026:13:13:58 +0530] "POST /upload_files/upload.php?send_from=health&send_for=upload_bank_proof&extension=png,jpg,jpeg,pdf&upload_filesize=1000 HTTP/2.0" 200 126 "https://login.cafsindia.com/health" "Mozilla/5.0 (Windows NT 10.0; Win64; x64) AppleWebKit/537.36 (KHTML, like Gecko) Chrome/147.0.0.0 Safari/537.36"
103.238.228.178 - - [14/May/2026:13:13:57 +0530] "POST /life_renewals/life_call_log_update/ HTTP/2.0" 200 17843 "https://login.cafsindia.com/life_renewals" "Mozilla/5.0 (Windows NT 10.0; Win64; x64) AppleWebKit/537.36 (KHTML, like Gecko) Chrome/148.0.0.0 Safari/537.36"
103.238.228.178 - - [14/May/2026:13:14:00 +0530] "POST /life_renewals/search HTTP/2.0" 200 573 "https://login.cafsindia.com/life_renewals" "Mozilla/5.0 (Windows NT 10.0; Win64; x64) AppleWebKit/537.36 (KHTML, like Gecko) Chrome/148.0.0.0 Safari/537.36"
49.37.223.177 - - [14/May/2026:13:14:02 +0530] "POST /upload_files/upload.php?send_from=health&send_for=upload_photo_copy&extension=png,jpg,jpeg,pdf&upload_filesize=1000 HTTP/2.0" 200 128 "https://login.cafsindia.com/health" "Mozilla/5.0 (Windows NT 10.0; Win64; x64) AppleWebKit/537.36 (KHTML, like Gecko) Chrome/147.0.0.0 Safari/537.36"
103.238.228.178 - - [14/May/2026:13:14:01 +0530] "POST /life_renewals/renewal/6304 HTTP/2.0" 200 29644 "https://login.cafsindia.com/life_renewals" "Mozilla/5.0 (Windows NT 10.0; Win64; x64) AppleWebKit/537.36 (KHTML, like Gecko) Chrome/148.0.0.0 Safari/537.36"
49.47.241.120 - - [14/May/2026:13:14:03 +0530] "GET /login HTTP/2.0" 200 15213 "https://login.cafsindia.com/health" "Mozilla/5.0 (Windows NT 10.0; Win64; x64) AppleWebKit/537.36 (KHTML, like Gecko) Chrome/109.0.0.0 Safari/537.36"
49.47.241.120 - - [14/May/2026:13:14:06 +0530] "GET /dist/bootstrap.min.css?rel=20260514 HTTP/2.0" 200 127391 "https://login.cafsindia.com/login" "Mozilla/5.0 (Windows NT 10.0; Win64; x64) AppleWebKit/537.36 (KHTML, like Gecko) Chrome/109.0.0.0 Safari/537.36"
49.47.241.120 - - [14/May/2026:13:14:06 +0530] "GET /dist/cafs_login.css?rel=20260514 HTTP/2.0" 200 33753 "https://login.cafsindia.com/login" "Mozilla/5.0 (Windows NT 10.0; Win64; x64) AppleWebKit/537.36 (KHTML, like Gecko) Chrome/109.0.0.0 Safari/537.36"
49.47.241.120 - - [14/May/2026:13:14:06 +0530] "GET /dist/jquery.min.js?rel=20260514 HTTP/2.0" 200 88145 "https://login.cafsindia.com/login" "Mozilla/5.0 (Windows NT 10.0; Win64; x64) AppleWebKit/537.36 (KHTML, like Gecko) Chrome/109.0.0.0 Safari/537.36"
49.47.241.120 - - [14/May/2026:13:14:06 +0530] "GET /dist/font-awesome.min.css HTTP/2.0" 200 31004 "https://login.cafsindia.com/login" "Mozilla/5.0 (Windows NT 10.0; Win64; x64) AppleWebKit/537.36 (KHTML, like Gecko) Chrome/109.0.0.0 Safari/537.36"
49.47.241.120 - - [14/May/2026:13:14:06 +0530] "GET /dist/bootstrap-datetimepicker-master/build/css/bootstrap-datetimepicker.min.css HTTP/2.0" 200 7789 "https://login.cafsindia.com/login" "Mozilla/5.0 (Windows NT 10.0; Win64; x64) AppleWebKit/537.36 (KHTML, like Gecko) Chrome/109.0.0.0 Safari/537.36"
49.47.241.120 - - [14/May/2026:13:14:06 +0530] "GET /dist/data_table/datatables.min.css HTTP/2.0" 200 21730 "https://login.cafsindia.com/login" "Mozilla/5.0 (Windows NT 10.0; Win64; x64) AppleWebKit/537.36 (KHTML, like Gecko) Chrome/109.0.0.0 Safari/537.36"
49.47.241.120 - - [14/May/2026:13:14:06 +0530] "GET /dist/select2/dist/css/select2.min.css HTTP/2.0" 200 15197 "https://login.cafsindia.com/login" "Mozilla/5.0 (Windows NT 10.0; Win64; x64) AppleWebKit/537.36 (KHTML, like Gecko) Chrome/109.0.0.0 Safari/537.36"
49.47.241.120 - - [14/May/2026:13:14:06 +0530] "GET /dist/toastr/toastr.css HTTP/2.0" 200 6154 "https://login.cafsindia.com/login" "Mozilla/5.0 (Windows NT 10.0; Win64; x64) AppleWebKit/537.36 (KHTML, like Gecko) Chrome/109.0.0.0 Safari/537.36"
49.47.241.120 - - [14/May/2026:13:14:06 +0530] "GET /dist/froala/froala_editor.pkgd.min.css HTTP/2.0" 200 61469 "https://login.cafsindia.com/login" "Mozilla/5.0 (Windows NT 10.0; Win64; x64) AppleWebKit/537.36 (KHTML, like Gecko) Chrome/109.0.0.0 Safari/537.36"
49.47.241.120 - - [14/May/2026:13:14:06 +0530] "GET /dist/froala/froala_style.min.css HTTP/2.0" 200 7670 "https://login.cafsindia.com/login" "Mozilla/5.0 (Windows NT 10.0; Win64; x64) AppleWebKit/537.36 (KHTML, like Gecko) Chrome/109.0.0.0 Safari/537.36"
49.47.241.120 - - [14/May/2026:13:14:07 +0530] "GET /dist/jquery_confirm/jquery-confirm.min.css HTTP/2.0" 200 22546 "https://login.cafsindia.com/login" "Mozilla/5.0 (Windows NT 10.0; Win64; x64) AppleWebKit/537.36 (KHTML, like Gecko) Chrome/109.0.0.0 Safari/537.36"
49.47.241.120 - - [14/May/2026:13:14:07 +0530] "GET /dist/opensourcepos.min.js?rel=20260514 HTTP/2.0" 200 1471322 "https://login.cafsindia.com/login" "Mozilla/5.0 (Windows NT 10.0; Win64; x64) AppleWebKit/537.36 (KHTML, like Gecko) Chrome/109.0.0.0 Safari/537.36"
49.47.241.120 - - [14/May/2026:13:14:07 +0530] "GET /dist/bootstrap-datetimepicker-master/build/js/bootstrap-datetimepicker.min.js HTTP/2.0" 200 38511 "https://login.cafsindia.com/login" "Mozilla/5.0 (Windows NT 10.0; Win64; x64) AppleWebKit/537.36 (KHTML, like Gecko) Chrome/109.0.0.0 Safari/537.36"
49.47.241.120 - - [14/May/2026:13:14:07 +0530] "GET /dist/jquery-typeahead/dist/jquery.typeahead.min.js HTTP/2.0" 200 36150 "https://login.cafsindia.com/login" "Mozilla/5.0 (Windows NT 10.0; Win64; x64) AppleWebKit/537.36 (KHTML, like Gecko) Chrome/109.0.0.0 Safari/537.36"
49.47.241.120 - - [14/May/2026:13:14:07 +0530] "GET /dist/select2/dist/js/select2.full.min.js HTTP/2.0" 200 75007 "https://login.cafsindia.com/login" "Mozilla/5.0 (Windows NT 10.0; Win64; x64) AppleWebKit/537.36 (KHTML, like Gecko) Chrome/109.0.0.0 Safari/537.36"
49.47.241.120 - - [14/May/2026:13:14:07 +0530] "GET /dist/toastr/toastr.js HTTP/2.0" 200 7048 "https://login.cafsindia.com/login" "Mozilla/5.0 (Windows NT 10.0; Win64; x64) AppleWebKit/537.36 (KHTML, like Gecko) Chrome/109.0.0.0 Safari/537.36"
49.47.241.120 - - [14/May/2026:13:14:07 +0530] "GET /dist/froala/froala_editor.pkgd.min.js HTTP/2.0" 200 540895 "https://login.cafsindia.com/login" "Mozilla/5.0 (Windows NT 10.0; Win64; x64) AppleWebKit/537.36 (KHTML, like Gecko) Chrome/109.0.0.0 Safari/537.36"
49.47.241.120 - - [14/May/2026:13:14:07 +0530] "GET /dist/jquery_confirm/jquery-confirm.min.js HTTP/2.0" 200 27905 "https://login.cafsindia.com/login" "Mozilla/5.0 (Windows NT 10.0; Win64; x64) AppleWebKit/537.36 (KHTML, like Gecko) Chrome/109.0.0.0 Safari/537.36"
49.47.241.120 - - [14/May/2026:13:14:07 +0530] "GET /dist/bootstrap-colorpicker.js HTTP/2.0" 200 34191 "https://login.cafsindia.com/login" "Mozilla/5.0 (Windows NT 10.0; Win64; x64) AppleWebKit/537.36 (KHTML, like Gecko) Chrome/109.0.0.0 Safari/537.36"
49.47.241.120 - - [14/May/2026:13:14:07 +0530] "GET /dist/data_table/js/data_tables.min.js HTTP/2.0" 200 84499 "https://login.cafsindia.com/login" "Mozilla/5.0 (Windows NT 10.0; Win64; x64) AppleWebKit/537.36 (KHTML, like Gecko) Chrome/109.0.0.0 Safari/537.36"
49.47.241.120 - - [14/May/2026:13:14:07 +0530] "GET /dist/data_table/js/buttons.min.js HTTP/2.0" 200 19572 "https://login.cafsindia.com/login" "Mozilla/5.0 (Windows NT 10.0; Win64; x64) AppleWebKit/537.36 (KHTML, like Gecko) Chrome/109.0.0.0 Safari/537.36"
49.47.241.120 - - [14/May/2026:13:14:07 +0530] "GET /dist/data_table/js/buttons.flash.min.js HTTP/2.0" 200 26268 "https://login.cafsindia.com/login" "Mozilla/5.0 (Windows NT 10.0; Win64; x64) AppleWebKit/537.36 (KHTML, like Gecko) Chrome/109.0.0.0 Safari/537.36"
49.47.241.120 - - [14/May/2026:13:14:07 +0530] "GET /dist/data_table/js/jszip.min.js HTTP/2.0" 200 101953 "https://login.cafsindia.com/login" "Mozilla/5.0 (Windows NT 10.0; Win64; x64) AppleWebKit/537.36 (KHTML, like Gecko) Chrome/109.0.0.0 Safari/537.36"
49.47.241.120 - - [14/May/2026:13:14:07 +0530] "GET /dist/data_table/js/vfs_fonts.js HTTP/2.0" 200 926233 "https://login.cafsindia.com/login" "Mozilla/5.0 (Windows NT 10.0; Win64; x64) AppleWebKit/537.36 (KHTML, like Gecko) Chrome/109.0.0.0 Safari/537.36"
49.47.241.120 - - [14/May/2026:13:14:07 +0530] "GET /dist/data_table/js/pdfmake.min.js HTTP/2.0" 200 1093355 "https://login.cafsindia.com/login" "Mozilla/5.0 (Windows NT 10.0; Win64; x64) AppleWebKit/537.36 (KHTML, like Gecko) Chrome/109.0.0.0 Safari/537.36"
49.47.241.120 - - [14/May/2026:13:14:08 +0530] "GET /dist/data_table/js/buttons.html5.min.js HTTP/2.0" 200 24799 "https://login.cafsindia.com/login" "Mozilla/5.0 (Windows NT 10.0; Win64; x64) AppleWebKit/537.36 (KHTML, like Gecko) Chrome/109.0.0.0 Safari/537.36"
49.47.241.120 - - [14/May/2026:13:14:08 +0530] "GET /dist/data_table/js/buttons.print.min.js HTTP/2.0" 200 2309 "https://login.cafsindia.com/login" "Mozilla/5.0 (Windows NT 10.0; Win64; x64) AppleWebKit/537.36 (KHTML, like Gecko) Chrome/109.0.0.0 Safari/537.36"
103.238.228.178 - - [14/May/2026:13:14:05 +0530] "POST /life_renewals/update_due_date HTTP/2.0" 200 45 "https://login.cafsindia.com/life_renewals" "Mozilla/5.0 (Windows NT 10.0; Win64; x64) AppleWebKit/537.36 (KHTML, like Gecko) Chrome/148.0.0.0 Safari/537.36"
49.47.241.120 - - [14/May/2026:13:14:08 +0530] "GET /dist/data_table/js/fixed_header.min.js HTTP/2.0" 200 8716 "https://login.cafsindia.com/login" "Mozilla/5.0 (Windows NT 10.0; Win64; x64) AppleWebKit/537.36 (KHTML, like Gecko) Chrome/109.0.0.0 Safari/537.36"
103.238.228.178 - - [14/May/2026:13:14:05 +0530] "POST /life_renewals/update_due_date HTTP/2.0" 200 45 "https://login.cafsindia.com/life_renewals" "Mozilla/5.0 (Windows NT 10.0; Win64; x64) AppleWebKit/537.36 (KHTML, like Gecko) Chrome/148.0.0.0 Safari/537.36"
49.47.241.120 - - [14/May/2026:13:14:09 +0530] "GET /dist/filepond/filepond.js HTTP/2.0" 200 451702 "https://login.cafsindia.com/login" "Mozilla/5.0 (Windows NT 10.0; Win64; x64) AppleWebKit/537.36 (KHTML, like Gecko) Chrome/109.0.0.0 Safari/537.36"
49.47.241.120 - - [14/May/2026:13:14:09 +0530] "GET /dist/data_table/js/fixed_columns.min.js HTTP/2.0" 200 18722 "https://login.cafsindia.com/login" "Mozilla/5.0 (Windows NT 10.0; Win64; x64) AppleWebKit/537.36 (KHTML, like Gecko) Chrome/109.0.0.0 Safari/537.36"
49.47.241.120 - - [14/May/2026:13:14:09 +0530] "GET /dist/filepond/filepond-plugin-get-file.js HTTP/2.0" 200 4311 "https://login.cafsindia.com/login" "Mozilla/5.0 (Windows NT 10.0; Win64; x64) AppleWebKit/537.36 (KHTML, like Gecko) Chrome/109.0.0.0 Safari/537.36"
49.47.241.120 - - [14/May/2026:13:14:09 +0530] "GET /dist/filepond/filepond-validate.js HTTP/2.0" 200 2339 "https://login.cafsindia.com/login" "Mozilla/5.0 (Windows NT 10.0; Win64; x64) AppleWebKit/537.36 (KHTML, like Gecko) Chrome/109.0.0.0 Safari/537.36"
49.47.241.120 - - [14/May/2026:13:14:09 +0530] "GET /dist/pdfobject/2.2.6/pdfobject.min.js HTTP/2.0" 200 5728 "https://login.cafsindia.com/login" "Mozilla/5.0 (Windows NT 10.0; Win64; x64) AppleWebKit/537.36 (KHTML, like Gecko) Chrome/109.0.0.0 Safari/537.36"
49.47.241.120 - - [14/May/2026:13:14:09 +0530] "GET /images/bar.png HTTP/2.0" 200 3948 "https://login.cafsindia.com/login" "Mozilla/5.0 (Windows NT 10.0; Win64; x64) AppleWebKit/537.36 (KHTML, like Gecko) Chrome/109.0.0.0 Safari/537.36"
49.47.241.120 - - [14/May/2026:13:14:09 +0530] "GET /images/pie.png HTTP/2.0" 200 9454 "https://login.cafsindia.com/login" "Mozilla/5.0 (Windows NT 10.0; Win64; x64) AppleWebKit/537.36 (KHTML, like Gecko) Chrome/109.0.0.0 Safari/537.36"
49.47.241.120 - - [14/May/2026:13:14:09 +0530] "GET /images/bank.png HTTP/2.0" 200 5652 "https://login.cafsindia.com/login" "Mozilla/5.0 (Windows NT 10.0; Win64; x64) AppleWebKit/537.36 (KHTML, like Gecko) Chrome/109.0.0.0 Safari/537.36"
49.47.241.120 - - [14/May/2026:13:14:09 +0530] "GET /images/cafs_bg.png HTTP/2.0" 200 42654 "https://login.cafsindia.com/login" "Mozilla/5.0 (Windows NT 10.0; Win64; x64) AppleWebKit/537.36 (KHTML, like Gecko) Chrome/109.0.0.0 Safari/537.36"
49.47.241.120 - - [14/May/2026:13:14:09 +0530] "GET /images/logo.png HTTP/2.0" 200 26838 "https://login.cafsindia.com/login" "Mozilla/5.0 (Windows NT 10.0; Win64; x64) AppleWebKit/537.36 (KHTML, like Gecko) Chrome/109.0.0.0 Safari/537.36"
49.47.241.120 - - [14/May/2026:13:14:09 +0530] "GET /images/playstore.png HTTP/2.0" 200 28557 "https://login.cafsindia.com/login" "Mozilla/5.0 (Windows NT 10.0; Win64; x64) AppleWebKit/537.36 (KHTML, like Gecko) Chrome/109.0.0.0 Safari/537.36"
49.47.241.120 - - [14/May/2026:13:14:09 +0530] "GET /images/logowhite.png HTTP/2.0" 200 20019 "https://login.cafsindia.com/login" "Mozilla/5.0 (Windows NT 10.0; Win64; x64) AppleWebKit/537.36 (KHTML, like Gecko) Chrome/109.0.0.0 Safari/537.36"
49.47.241.120 - - [14/May/2026:13:14:09 +0530] "GET /images/favicon.png HTTP/2.0" 200 14640 "https://login.cafsindia.com/login" "Mozilla/5.0 (Windows NT 10.0; Win64; x64) AppleWebKit/537.36 (KHTML, like Gecko) Chrome/109.0.0.0 Safari/537.36"
103.238.228.178 - - [14/May/2026:13:14:08 +0530] "POST /health_renewals/sub_disposition_list HTTP/2.0" 200 5681 "https://login.cafsindia.com/health_renewals" "Mozilla/5.0 (Windows NT 10.0; Win64; x64) AppleWebKit/537.36 (KHTML, like Gecko) Chrome/148.0.0.0 Safari/537.36"
49.37.223.177 - - [14/May/2026:13:14:06 +0530] "POST /health/discount HTTP/2.0" 200 50 "https://login.cafsindia.com/health" "Mozilla/5.0 (Windows NT 10.0; Win64; x64) AppleWebKit/537.36 (KHTML, like Gecko) Chrome/147.0.0.0 Safari/537.36"
103.238.228.178 - - [14/May/2026:13:14:11 +0530] "POST /life_renewals/renewal_update/6304 HTTP/2.0" 200 13163 "https://login.cafsindia.com/life_renewals" "Mozilla/5.0 (Windows NT 10.0; Win64; x64) AppleWebKit/537.36 (KHTML, like Gecko) Chrome/148.0.0.0 Safari/537.36"
49.37.223.177 - - [14/May/2026:13:14:11 +0530] "POST /health/fetch_product HTTP/2.0" 200 1408 "https://login.cafsindia.com/health" "Mozilla/5.0 (Windows NT 10.0; Win64; x64) AppleWebKit/537.36 (KHTML, like Gecko) Chrome/147.0.0.0 Safari/537.36"
103.238.228.178 - - [14/May/2026:13:14:13 +0530] "POST /life_renewals/search HTTP/2.0" 200 573 "https://login.cafsindia.com/life_renewals" "Mozilla/5.0 (Windows NT 10.0; Win64; x64) AppleWebKit/537.36 (KHTML, like Gecko) Chrome/148.0.0.0 Safari/537.36"
103.238.228.178 - - [14/May/2026:13:14:15 +0530] "POST /life_renewals/renewal/6304 HTTP/2.0" 200 29990 "https://login.cafsindia.com/life_renewals" "Mozilla/5.0 (Windows NT 10.0; Win64; x64) AppleWebKit/537.36 (KHTML, like Gecko) Chrome/148.0.0.0 Safari/537.36"
103.238.228.178 - - [14/May/2026:13:14:18 +0530] "POST /life_renewals/update_due_date HTTP/2.0" 200 45 "https://login.cafsindia.com/life_renewals" "Mozilla/5.0 (Windows NT 10.0; Win64; x64) AppleWebKit/537.36 (KHTML, like Gecko) Chrome/148.0.0.0 Safari/537.36"
103.238.228.178 - - [14/May/2026:13:14:18 +0530] "POST /life_renewals/update_due_date HTTP/2.0" 200 45 "https://login.cafsindia.com/life_renewals" "Mozilla/5.0 (Windows NT 10.0; Win64; x64) AppleWebKit/537.36 (KHTML, like Gecko) Chrome/148.0.0.0 Safari/537.36"
103.238.228.178 - - [14/May/2026:13:14:14 +0530] "POST /health_renewals/health_call_log_update/ HTTP/2.0" 200 13592 "https://login.cafsindia.com/health_renewals" "Mozilla/5.0 (Windows NT 10.0; Win64; x64) AppleWebKit/537.36 (KHTML, like Gecko) Chrome/148.0.0.0 Safari/537.36"
103.238.228.178 - - [14/May/2026:13:14:21 +0530] "POST /health_renewals/search HTTP/2.0" 200 5147 "https://login.cafsindia.com/health_renewals" "Mozilla/5.0 (Windows NT 10.0; Win64; x64) AppleWebKit/537.36 (KHTML, like Gecko) Chrome/148.0.0.0 Safari/537.36"
103.238.228.178 - - [14/May/2026:13:14:21 +0530] "POST /life_renewals/renewal_update/6304 HTTP/2.0" 200 13618 "https://login.cafsindia.com/life_renewals" "Mozilla/5.0 (Windows NT 10.0; Win64; x64) AppleWebKit/537.36 (KHTML, like Gecko) Chrome/148.0.0.0 Safari/537.36"
103.238.228.178 - - [14/May/2026:13:14:25 +0530] "POST /life_renewals/search HTTP/2.0" 200 573 "https://login.cafsindia.com/life_renewals" "Mozilla/5.0 (Windows NT 10.0; Win64; x64) AppleWebKit/537.36 (KHTML, like Gecko) Chrome/148.0.0.0 Safari/537.36"
103.238.228.178 - - [14/May/2026:13:14:18 +0530] "POST /health_renewals/health_call_log_update/ HTTP/2.0" 200 1234 "https://login.cafsindia.com/health_renewals" "Mozilla/5.0 (Windows NT 10.0; Win64; x64) AppleWebKit/537.36 (KHTML, like Gecko) Chrome/148.0.0.0 Safari/537.36"
103.238.228.178 - - [14/May/2026:13:14:29 +0530] "POST /health_renewals/search HTTP/2.0" 200 5071 "https://login.cafsindia.com/health_renewals" "Mozilla/5.0 (Windows NT 10.0; Win64; x64) AppleWebKit/537.36 (KHTML, like Gecko) Chrome/148.0.0.0 Safari/537.36"
103.238.228.178 - - [14/May/2026:13:14:30 +0530] "POST /life_renewals/search HTTP/2.0" 200 575 "https://login.cafsindia.com/life_renewals" "Mozilla/5.0 (Windows NT 10.0; Win64; x64) AppleWebKit/537.36 (KHTML, like Gecko) Chrome/148.0.0.0 Safari/537.36"
49.37.223.177 - - [14/May/2026:13:14:31 +0530] "POST /health/discount HTTP/2.0" 200 58 "https://login.cafsindia.com/health" "Mozilla/5.0 (Windows NT 10.0; Win64; x64) AppleWebKit/537.36 (KHTML, like Gecko) Chrome/147.0.0.0 Safari/537.36"
171.79.53.38 - - [14/May/2026:13:14:34 +0530] "POST /life_renewals/life_call_log_update/ HTTP/2.0" 200 12162 "https://login.cafsindia.com/life_renewals" "Mozilla/5.0 (Windows NT 10.0; Win64; x64) AppleWebKit/537.36 (KHTML, like Gecko) Chrome/148.0.0.0 Safari/537.36"
103.238.228.178 - - [14/May/2026:13:14:35 +0530] "POST /life_renewals/call_log/6321 HTTP/2.0" 200 77108 "https://login.cafsindia.com/life_renewals" "Mozilla/5.0 (Windows NT 10.0; Win64; x64) AppleWebKit/537.36 (KHTML, like Gecko) Chrome/148.0.0.0 Safari/537.36"
103.238.228.178 - - [14/May/2026:13:14:33 +0530] "POST /health_renewals/call_log/3472 HTTP/2.0" 200 49618 "https://login.cafsindia.com/health_renewals" "Mozilla/5.0 (Windows NT 10.0; Win64; x64) AppleWebKit/537.36 (KHTML, like Gecko) Chrome/148.0.0.0 Safari/537.36"
171.79.53.38 - - [14/May/2026:13:14:40 +0530] "POST /life_renewals/search HTTP/2.0" 200 5226 "https://login.cafsindia.com/life_renewals" "Mozilla/5.0 (Windows NT 10.0; Win64; x64) AppleWebKit/537.36 (KHTML, like Gecko) Chrome/148.0.0.0 Safari/537.36"
103.238.228.178 - - [14/May/2026:13:14:44 +0530] "POST /life_renewals/life_call_log_update/ HTTP/2.0" 200 6684 "https://login.cafsindia.com/life_renewals" "Mozilla/5.0 (Windows NT 10.0; Win64; x64) AppleWebKit/537.36 (KHTML, like Gecko) Chrome/148.0.0.0 Safari/537.36"
103.238.228.178 - - [14/May/2026:13:14:47 +0530] "POST /life_renewals/life_call_log_update/ HTTP/2.0" 200 18151 "https://login.cafsindia.com/life_renewals" "Mozilla/5.0 (Windows NT 10.0; Win64; x64) AppleWebKit/537.36 (KHTML, like Gecko) Chrome/148.0.0.0 Safari/537.36"
103.238.228.178 - - [14/May/2026:13:14:51 +0530] "POST /life_renewals/search HTTP/2.0" 200 10440 "https://login.cafsindia.com/life_renewals" "Mozilla/5.0 (Windows NT 10.0; Win64; x64) AppleWebKit/537.36 (KHTML, like Gecko) Chrome/148.0.0.0 Safari/537.36"
103.238.228.178 - - [14/May/2026:13:14:54 +0530] "POST /life_renewals/search HTTP/2.0" 200 575 "https://login.cafsindia.com/life_renewals" "Mozilla/5.0 (Windows NT 10.0; Win64; x64) AppleWebKit/537.36 (KHTML, like Gecko) Chrome/148.0.0.0 Safari/537.36"
103.238.228.178 - - [14/May/2026:13:14:54 +0530] "POST /life_renewals/renewal/6321 HTTP/2.0" 200 29264 "https://login.cafsindia.com/life_renewals" "Mozilla/5.0 (Windows NT 10.0; Win64; x64) AppleWebKit/537.36 (KHTML, like Gecko) Chrome/148.0.0.0 Safari/537.36"
103.238.228.178 - - [14/May/2026:13:14:58 +0530] "POST /life_renewals/call_log/6969 HTTP/2.0" 200 69259 "https://login.cafsindia.com/life_renewals" "Mozilla/5.0 (Windows NT 10.0; Win64; x64) AppleWebKit/537.36 (KHTML, like Gecko) Chrome/148.0.0.0 Safari/537.36"
103.238.228.178 - - [14/May/2026:13:15:01 +0530] "POST /life_renewals/update_due_date HTTP/2.0" 200 45 "https://login.cafsindia.com/life_renewals" "Mozilla/5.0 (Windows NT 10.0; Win64; x64) AppleWebKit/537.36 (KHTML, like Gecko) Chrome/148.0.0.0 Safari/537.36"
103.238.228.178 - - [14/May/2026:13:15:01 +0530] "POST /life_renewals/update_due_date HTTP/2.0" 200 45 "https://login.cafsindia.com/life_renewals" "Mozilla/5.0 (Windows NT 10.0; Win64; x64) AppleWebKit/537.36 (KHTML, like Gecko) Chrome/148.0.0.0 Safari/537.36"
103.238.228.178 - - [14/May/2026:13:15:05 +0530] "POST /health_renewals/health_call_log_edit HTTP/2.0" 200 697 "https://login.cafsindia.com/health_renewals" "Mozilla/5.0 (Windows NT 10.0; Win64; x64) AppleWebKit/537.36 (KHTML, like Gecko) Chrome/148.0.0.0 Safari/537.36"
103.238.228.178 - - [14/May/2026:13:15:06 +0530] "POST /health_renewals/sub_disposition_list HTTP/2.0" 200 5681 "https://login.cafsindia.com/health_renewals" "Mozilla/5.0 (Windows NT 10.0; Win64; x64) AppleWebKit/537.36 (KHTML, like Gecko) Chrome/148.0.0.0 Safari/537.36"
171.79.53.38 - - [14/May/2026:13:15:00 +0530] "POST /life_renewals/life_call_log_update/ HTTP/2.0" 200 2805 "https://login.cafsindia.com/life_renewals" "Mozilla/5.0 (Windows NT 10.0; Win64; x64) AppleWebKit/537.36 (KHTML, like Gecko) Chrome/148.0.0.0 Safari/537.36"
103.238.228.178 - - [14/May/2026:13:15:08 +0530] "POST /life_renewals/renewal_update/6321 HTTP/2.0" 200 12678 "https://login.cafsindia.com/life_renewals" "Mozilla/5.0 (Windows NT 10.0; Win64; x64) AppleWebKit/537.36 (KHTML, like Gecko) Chrome/148.0.0.0 Safari/537.36"
103.238.228.178 - - [14/May/2026:13:15:11 +0530] "POST /life_renewals/search HTTP/2.0" 200 575 "https://login.cafsindia.com/life_renewals" "Mozilla/5.0 (Windows NT 10.0; Win64; x64) AppleWebKit/537.36 (KHTML, like Gecko) Chrome/148.0.0.0 Safari/537.36"
103.238.228.178 - - [14/May/2026:13:15:03 +0530] "POST /health_renewals/call_log/12547 HTTP/2.0" 200 42337 "https://login.cafsindia.com/health_renewals" "Mozilla/5.0 (Windows NT 10.0; Win64; x64) AppleWebKit/537.36 (KHTML, like Gecko) Chrome/148.0.0.0 Safari/537.36"
171.79.53.38 - - [14/May/2026:13:15:03 +0530] "POST /life_renewals/call_log/3456 HTTP/2.0" 200 75290 "https://login.cafsindia.com/life_renewals" "Mozilla/5.0 (Windows NT 10.0; Win64; x64) AppleWebKit/537.36 (KHTML, like Gecko) Chrome/148.0.0.0 Safari/537.36"
103.238.228.178 - - [14/May/2026:13:15:14 +0530] "POST /health_renewals/sub_disposition_list HTTP/2.0" 200 5681 "https://login.cafsindia.com/health_renewals" "Mozilla/5.0 (Windows NT 10.0; Win64; x64) AppleWebKit/537.36 (KHTML, like Gecko) Chrome/148.0.0.0 Safari/537.36"
103.238.228.178 - - [14/May/2026:13:15:13 +0530] "POST /life_renewals/renewal/6321 HTTP/2.0" 200 29610 "https://login.cafsindia.com/life_renewals" "Mozilla/5.0 (Windows NT 10.0; Win64; x64) AppleWebKit/537.36 (KHTML, like Gecko) Chrome/148.0.0.0 Safari/537.36"
171.79.53.38 - - [14/May/2026:13:15:08 +0530] "POST /life_renewals/search HTTP/2.0" 200 5229 "https://login.cafsindia.com/life_renewals" "Mozilla/5.0 (Windows NT 10.0; Win64; x64) AppleWebKit/537.36 (KHTML, like Gecko) Chrome/148.0.0.0 Safari/537.36"
103.238.228.178 - - [14/May/2026:13:15:09 +0530] "POST /health_renewals/health_call_log_update/ HTTP/2.0" 200 5367 "https://login.cafsindia.com/health_renewals" "Mozilla/5.0 (Windows NT 10.0; Win64; x64) AppleWebKit/537.36 (KHTML, like Gecko) Chrome/148.0.0.0 Safari/537.36"
103.238.228.178 - - [14/May/2026:13:15:17 +0530] "POST /health_renewals/search HTTP/2.0" 200 5143 "https://login.cafsindia.com/health_renewals" "Mozilla/5.0 (Windows NT 10.0; Win64; x64) AppleWebKit/537.36 (KHTML, like Gecko) Chrome/148.0.0.0 Safari/537.36"
103.238.228.178 - - [14/May/2026:13:15:15 +0530] "POST /life_renewals/life_call_log_update/ HTTP/2.0" 200 7720 "https://login.cafsindia.com/life_renewals" "Mozilla/5.0 (Windows NT 10.0; Win64; x64) AppleWebKit/537.36 (KHTML, like Gecko) Chrome/148.0.0.0 Safari/537.36"
103.238.228.178 - - [14/May/2026:13:15:19 +0530] "POST /life_renewals/update_due_date HTTP/2.0" 200 45 "https://login.cafsindia.com/life_renewals" "Mozilla/5.0 (Windows NT 10.0; Win64; x64) AppleWebKit/537.36 (KHTML, like Gecko) Chrome/148.0.0.0 Safari/537.36"
103.238.228.178 - - [14/May/2026:13:15:18 +0530] "POST /health_renewals/search HTTP/2.0" 200 5148 "https://login.cafsindia.com/health_renewals" "Mozilla/5.0 (Windows NT 10.0; Win64; x64) AppleWebKit/537.36 (KHTML, like Gecko) Chrome/148.0.0.0 Safari/537.36"
103.238.228.178 - - [14/May/2026:13:15:19 +0530] "POST /life_renewals/update_due_date HTTP/2.0" 200 45 "https://login.cafsindia.com/life_renewals" "Mozilla/5.0 (Windows NT 10.0; Win64; x64) AppleWebKit/537.36 (KHTML, like Gecko) Chrome/148.0.0.0 Safari/537.36"
103.238.228.178 - - [14/May/2026:13:15:20 +0530] "POST /life_renewals/search HTTP/2.0" 200 10950 "https://login.cafsindia.com/life_renewals" "Mozilla/5.0 (Windows NT 10.0; Win64; x64) AppleWebKit/537.36 (KHTML, like Gecko) Chrome/148.0.0.0 Safari/537.36"
103.238.228.178 - - [14/May/2026:13:15:22 +0530] "POST /life_renewals/renewal_update/6321 HTTP/2.0" 200 13133 "https://login.cafsindia.com/life_renewals" "Mozilla/5.0 (Windows NT 10.0; Win64; x64) AppleWebKit/537.36 (KHTML, like Gecko) Chrome/148.0.0.0 Safari/537.36"
103.238.228.178 - - [14/May/2026:13:15:24 +0530] "POST /life_renewals/search HTTP/2.0" 200 575 "https://login.cafsindia.com/life_renewals" "Mozilla/5.0 (Windows NT 10.0; Win64; x64) AppleWebKit/537.36 (KHTML, like Gecko) Chrome/148.0.0.0 Safari/537.36"
49.37.223.177 - - [14/May/2026:13:15:24 +0530] "POST /health/save/ HTTP/2.0" 200 100 "https://login.cafsindia.com/health" "Mozilla/5.0 (Windows NT 10.0; Win64; x64) AppleWebKit/537.36 (KHTML, like Gecko) Chrome/147.0.0.0 Safari/537.36"
103.238.228.178 - - [14/May/2026:13:15:23 +0530] "POST /health_renewals/health_call_log_update/ HTTP/2.0" 200 11312 "https://login.cafsindia.com/health_renewals" "Mozilla/5.0 (Windows NT 10.0; Win64; x64) AppleWebKit/537.36 (KHTML, like Gecko) Chrome/148.0.0.0 Safari/537.36"
103.238.228.178 - - [14/May/2026:13:15:20 +0530] "POST /health_renewals/call_log/9833 HTTP/2.0" 200 45408 "https://login.cafsindia.com/health_renewals" "Mozilla/5.0 (Windows NT 10.0; Win64; x64) AppleWebKit/537.36 (KHTML, like Gecko) Chrome/148.0.0.0 Safari/537.36"
103.238.228.178 - - [14/May/2026:13:15:24 +0530] "POST /life_renewals/call_log/6321 HTTP/2.0" 200 77276 "https://login.cafsindia.com/life_renewals" "Mozilla/5.0 (Windows NT 10.0; Win64; x64) AppleWebKit/537.36 (KHTML, like Gecko) Chrome/148.0.0.0 Safari/537.36"
171.79.53.38 - - [14/May/2026:13:15:24 +0530] "POST /life_renewals/call_log/3704 HTTP/2.0" 200 75212 "https://login.cafsindia.com/life_renewals" "Mozilla/5.0 (Windows NT 10.0; Win64; x64) AppleWebKit/537.36 (KHTML, like Gecko) Chrome/148.0.0.0 Safari/537.36"
103.238.228.178 - - [14/May/2026:13:15:27 +0530] "POST /health_renewals/search HTTP/2.0" 200 5082 "https://login.cafsindia.com/health_renewals" "Mozilla/5.0 (Windows NT 10.0; Win64; x64) AppleWebKit/537.36 (KHTML, like Gecko) Chrome/148.0.0.0 Safari/537.36"
49.37.223.177 - - [14/May/2026:13:15:27 +0530] "POST /health/search HTTP/2.0" 200 4546 "https://login.cafsindia.com/health" "Mozilla/5.0 (Windows NT 10.0; Win64; x64) AppleWebKit/537.36 (KHTML, like Gecko) Chrome/147.0.0.0 Safari/537.36"
103.238.228.178 - - [14/May/2026:13:15:29 +0530] "POST /health_renewals/search HTTP/2.0" 200 66 "https://login.cafsindia.com/health_renewals" "Mozilla/5.0 (Windows NT 10.0; Win64; x64) AppleWebKit/537.36 (KHTML, like Gecko) Chrome/148.0.0.0 Safari/537.36"
103.238.228.178 - - [14/May/2026:13:15:29 +0530] "POST /health_renewals/search HTTP/2.0" 200 66 "https://login.cafsindia.com/health_renewals" "Mozilla/5.0 (Windows NT 10.0; Win64; x64) AppleWebKit/537.36 (KHTML, like Gecko) Chrome/148.0.0.0 Safari/537.36"
103.238.228.178 - - [14/May/2026:13:15:29 +0530] "POST /health_renewals/search HTTP/2.0" 200 580 "https://login.cafsindia.com/health_renewals" "Mozilla/5.0 (Windows NT 10.0; Win64; x64) AppleWebKit/537.36 (KHTML, like Gecko) Chrome/148.0.0.0 Safari/537.36"
103.238.228.178 - - [14/May/2026:13:15:34 +0530] "POST /health_renewals/search HTTP/2.0" 200 5112 "https://login.cafsindia.com/health_renewals" "Mozilla/5.0 (Windows NT 10.0; Win64; x64) AppleWebKit/537.36 (KHTML, like Gecko) Chrome/148.0.0.0 Safari/537.36"
103.238.228.178 - - [14/May/2026:13:15:37 +0530] "POST /health_renewals/search HTTP/2.0" 200 3094 "https://login.cafsindia.com/health_renewals" "Mozilla/5.0 (Windows NT 10.0; Win64; x64) AppleWebKit/537.36 (KHTML, like Gecko) Chrome/148.0.0.0 Safari/537.36"
103.238.228.178 - - [14/May/2026:13:15:40 +0530] "POST /health_renewals/search HTTP/2.0" 200 5112 "https://login.cafsindia.com/health_renewals" "Mozilla/5.0 (Windows NT 10.0; Win64; x64) AppleWebKit/537.36 (KHTML, like Gecko) Chrome/148.0.0.0 Safari/537.36"
103.238.228.178 - - [14/May/2026:13:15:40 +0530] "POST /life_renewals/search HTTP/2.0" 200 582 "https://login.cafsindia.com/life_renewals" "Mozilla/5.0 (Windows NT 10.0; Win64; x64) AppleWebKit/537.36 (KHTML, like Gecko) Chrome/148.0.0.0 Safari/537.36"
103.238.228.178 - - [14/May/2026:13:15:37 +0530] "POST /health_renewals/call_log/12442 HTTP/2.0" 200 44211 "https://login.cafsindia.com/health_renewals" "Mozilla/5.0 (Windows NT 10.0; Win64; x64) AppleWebKit/537.36 (KHTML, like Gecko) Chrome/148.0.0.0 Safari/537.36"
103.238.228.178 - - [14/May/2026:13:15:41 +0530] "POST /health_renewals/search HTTP/2.0" 200 5082 "https://login.cafsindia.com/health_renewals" "Mozilla/5.0 (Windows NT 10.0; Win64; x64) AppleWebKit/537.36 (KHTML, like Gecko) Chrome/148.0.0.0 Safari/537.36"
49.37.223.177 - - [14/May/2026:13:15:43 +0530] "POST /health/save/ HTTP/2.0" 200 100 "https://login.cafsindia.com/health" "Mozilla/5.0 (Windows NT 10.0; Win64; x64) AppleWebKit/537.36 (KHTML, like Gecko) Chrome/147.0.0.0 Safari/537.36"
103.238.228.178 - - [14/May/2026:13:15:45 +0530] "POST /life_renewals/call_log/6440 HTTP/2.0" 200 70730 "https://login.cafsindia.com/life_renewals" "Mozilla/5.0 (Windows NT 10.0; Win64; x64) AppleWebKit/537.36 (KHTML, like Gecko) Chrome/148.0.0.0 Safari/537.36"
49.37.223.177 - - [14/May/2026:13:15:47 +0530] "POST /health/search HTTP/2.0" 200 4546 "https://login.cafsindia.com/health" "Mozilla/5.0 (Windows NT 10.0; Win64; x64) AppleWebKit/537.36 (KHTML, like Gecko) Chrome/147.0.0.0 Safari/537.36"
103.238.228.178 - - [14/May/2026:13:15:55 +0530] "POST /life_renewals/life_call_log_update/ HTTP/2.0" 200 9449 "https://login.cafsindia.com/life_renewals" "Mozilla/5.0 (Windows NT 10.0; Win64; x64) AppleWebKit/537.36 (KHTML, like Gecko) Chrome/148.0.0.0 Safari/537.36"
103.238.228.178 - - [14/May/2026:13:15:57 +0530] "POST /life_renewals/search HTTP/2.0" 200 582 "https://login.cafsindia.com/life_renewals" "Mozilla/5.0 (Windows NT 10.0; Win64; x64) AppleWebKit/537.36 (KHTML, like Gecko) Chrome/148.0.0.0 Safari/537.36"
103.238.228.178 - - [14/May/2026:13:15:58 +0530] "POST /life_renewals/renewal/6440 HTTP/2.0" 200 21728 "https://login.cafsindia.com/life_renewals" "Mozilla/5.0 (Windows NT 10.0; Win64; x64) AppleWebKit/537.36 (KHTML, like Gecko) Chrome/148.0.0.0 Safari/537.36"
103.238.228.178 - - [14/May/2026:13:15:59 +0530] "POST /health_renewals/call_log/9934 HTTP/2.0" 200 45140 "https://login.cafsindia.com/health_renewals" "Mozilla/5.0 (Windows NT 10.0; Win64; x64) AppleWebKit/537.36 (KHTML, like Gecko) Chrome/148.0.0.0 Safari/537.36"
49.37.223.177 - - [14/May/2026:13:16:05 +0530] "POST /upload_files/upload.php?send_from=health&send_for=upload_insured_id_proof&extension=png,jpg,jpeg,pdf&upload_filesize=1000 HTTP/2.0" 200 127 "https://login.cafsindia.com/health" "Mozilla/5.0 (Windows NT 10.0; Win64; x64) AppleWebKit/537.36 (KHTML, like Gecko) Chrome/147.0.0.0 Safari/537.36"
103.238.228.178 - - [14/May/2026:13:16:05 +0530] "POST /life_renewals/update_due_date HTTP/2.0" 200 45 "https://login.cafsindia.com/life_renewals" "Mozilla/5.0 (Windows NT 10.0; Win64; x64) AppleWebKit/537.36 (KHTML, like Gecko) Chrome/148.0.0.0 Safari/537.36"
103.238.228.178 - - [14/May/2026:13:16:05 +0530] "POST /life_renewals/update_due_date HTTP/2.0" 200 45 "https://login.cafsindia.com/life_renewals" "Mozilla/5.0 (Windows NT 10.0; Win64; x64) AppleWebKit/537.36 (KHTML, like Gecko) Chrome/148.0.0.0 Safari/537.36"
49.37.223.177 - - [14/May/2026:13:16:08 +0530] "POST /health/rowset_save HTTP/2.0" 200 1190 "https://login.cafsindia.com/health" "Mozilla/5.0 (Windows NT 10.0; Win64; x64) AppleWebKit/537.36 (KHTML, like Gecko) Chrome/147.0.0.0 Safari/537.36"
103.238.228.178 - - [14/May/2026:13:16:08 +0530] "POST /life_renewals/renewal_update/6440 HTTP/2.0" 200 2737 "https://login.cafsindia.com/life_renewals" "Mozilla/5.0 (Windows NT 10.0; Win64; x64) AppleWebKit/537.36 (KHTML, like Gecko) Chrome/148.0.0.0 Safari/537.36"
103.238.228.178 - - [14/May/2026:13:16:13 +0530] "POST /life_renewals/search HTTP/2.0" 200 582 "https://login.cafsindia.com/life_renewals" "Mozilla/5.0 (Windows NT 10.0; Win64; x64) AppleWebKit/537.36 (KHTML, like Gecko) Chrome/148.0.0.0 Safari/537.36"
103.238.228.178 - - [14/May/2026:13:16:11 +0530] "POST /life_renewals/life_call_log_update/ HTTP/2.0" 200 18378 "https://login.cafsindia.com/life_renewals" "Mozilla/5.0 (Windows NT 10.0; Win64; x64) AppleWebKit/537.36 (KHTML, like Gecko) Chrome/148.0.0.0 Safari/537.36"
103.238.228.178 - - [14/May/2026:13:16:15 +0530] "POST /life_renewals/search HTTP/2.0" 200 586 "https://login.cafsindia.com/life_renewals" "Mozilla/5.0 (Windows NT 10.0; Win64; x64) AppleWebKit/537.36 (KHTML, like Gecko) Chrome/148.0.0.0 Safari/537.36"
103.238.228.178 - - [14/May/2026:13:16:15 +0530] "POST /life_renewals/search HTTP/2.0" 200 10440 "https://login.cafsindia.com/life_renewals" "Mozilla/5.0 (Windows NT 10.0; Win64; x64) AppleWebKit/537.36 (KHTML, like Gecko) Chrome/148.0.0.0 Safari/537.36"
103.238.228.178 - - [14/May/2026:13:16:18 +0530] "POST /life_renewals/search HTTP/2.0" 200 12996 "https://login.cafsindia.com/life_renewals" "Mozilla/5.0 (Windows NT 10.0; Win64; x64) AppleWebKit/537.36 (KHTML, like Gecko) Chrome/148.0.0.0 Safari/537.36"
103.238.228.178 - - [14/May/2026:13:16:19 +0530] "POST /life_renewals/call_log/6503 HTTP/2.0" 200 65380 "https://login.cafsindia.com/life_renewals" "Mozilla/5.0 (Windows NT 10.0; Win64; x64) AppleWebKit/537.36 (KHTML, like Gecko) Chrome/148.0.0.0 Safari/537.36"
103.238.228.178 - - [14/May/2026:13:16:23 +0530] "POST /health_renewals/sub_disposition_list HTTP/2.0" 200 5681 "https://login.cafsindia.com/health_renewals" "Mozilla/5.0 (Windows NT 10.0; Win64; x64) AppleWebKit/537.36 (KHTML, like Gecko) Chrome/148.0.0.0 Safari/537.36"
103.238.228.178 - - [14/May/2026:13:16:24 +0530] "POST /life_renewals/call_log/1450 HTTP/2.0" 200 68866 "https://login.cafsindia.com/life_renewals" "Mozilla/5.0 (Windows NT 10.0; Win64; x64) AppleWebKit/537.36 (KHTML, like Gecko) Chrome/148.0.0.0 Safari/537.36"
103.238.228.178 - - [14/May/2026:13:16:28 +0530] "POST /health_renewals/search HTTP/2.0" 200 5082 "https://login.cafsindia.com/health_renewals" "Mozilla/5.0 (Windows NT 10.0; Win64; x64) AppleWebKit/537.36 (KHTML, like Gecko) Chrome/148.0.0.0 Safari/537.36"
103.238.228.178 - - [14/May/2026:13:16:28 +0530] "POST /health_renewals/search HTTP/2.0" 200 562 "https://login.cafsindia.com/health_renewals" "Mozilla/5.0 (Windows NT 10.0; Win64; x64) AppleWebKit/537.36 (KHTML, like Gecko) Chrome/148.0.0.0 Safari/537.36"
103.238.228.178 - - [14/May/2026:13:16:31 +0530] "POST /health_renewals/search HTTP/2.0" 200 562 "https://login.cafsindia.com/health_renewals" "Mozilla/5.0 (Windows NT 10.0; Win64; x64) AppleWebKit/537.36 (KHTML, like Gecko) Chrome/148.0.0.0 Safari/537.36"
171.79.53.38 - - [14/May/2026:13:16:31 +0530] "POST /life_renewals/life_call_log_update/ HTTP/2.0" 200 15622 "https://login.cafsindia.com/life_renewals" "Mozilla/5.0 (Windows NT 10.0; Win64; x64) AppleWebKit/537.36 (KHTML, like Gecko) Chrome/148.0.0.0 Safari/537.36"
103.238.228.178 - - [14/May/2026:13:16:30 +0530] "POST /life_renewals/life_call_log_update/ HTTP/2.0" 200 2550 "https://login.cafsindia.com/life_renewals" "Mozilla/5.0 (Windows NT 10.0; Win64; x64) AppleWebKit/537.36 (KHTML, like Gecko) Chrome/148.0.0.0 Safari/537.36"
171.79.53.38 - - [14/May/2026:13:16:39 +0530] "POST /life_renewals/search HTTP/2.0" 200 5239 "https://login.cafsindia.com/life_renewals" "Mozilla/5.0 (Windows NT 10.0; Win64; x64) AppleWebKit/537.36 (KHTML, like Gecko) Chrome/148.0.0.0 Safari/537.36"
103.238.228.178 - - [14/May/2026:13:16:39 +0530] "POST /life_renewals/search HTTP/2.0" 200 586 "https://login.cafsindia.com/life_renewals" "Mozilla/5.0 (Windows NT 10.0; Win64; x64) AppleWebKit/537.36 (KHTML, like Gecko) Chrome/148.0.0.0 Safari/537.36"
103.238.228.178 - - [14/May/2026:13:16:39 +0530] "POST /health_renewals/call_log/3472 HTTP/2.0" 200 49844 "https://login.cafsindia.com/health_renewals" "Mozilla/5.0 (Windows NT 10.0; Win64; x64) AppleWebKit/537.36 (KHTML, like Gecko) Chrome/148.0.0.0 Safari/537.36"
171.79.53.38 - - [14/May/2026:13:16:46 +0530] "POST /life_renewals/life_call_log_update/ HTTP/2.0" 200 15298 "https://login.cafsindia.com/life_renewals" "Mozilla/5.0 (Windows NT 10.0; Win64; x64) AppleWebKit/537.36 (KHTML, like Gecko) Chrome/148.0.0.0 Safari/537.36"
103.238.228.178 - - [14/May/2026:13:16:50 +0530] "POST /health_renewals/sub_disposition_list HTTP/2.0" 200 5681 "https://login.cafsindia.com/health_renewals" "Mozilla/5.0 (Windows NT 10.0; Win64; x64) AppleWebKit/537.36 (KHTML, like Gecko) Chrome/148.0.0.0 Safari/537.36"
171.79.53.38 - - [14/May/2026:13:16:48 +0530] "POST /life_renewals/call_log/3722 HTTP/2.0" 200 72420 "https://login.cafsindia.com/life_renewals" "Mozilla/5.0 (Windows NT 10.0; Win64; x64) AppleWebKit/537.36 (KHTML, like Gecko) Chrome/148.0.0.0 Safari/537.36"
171.79.53.38 - - [14/May/2026:13:16:50 +0530] "POST /life_renewals/search HTTP/2.0" 200 5261 "https://login.cafsindia.com/life_renewals" "Mozilla/5.0 (Windows NT 10.0; Win64; x64) AppleWebKit/537.36 (KHTML, like Gecko) Chrome/148.0.0.0 Safari/537.36"
103.238.228.178 - - [14/May/2026:13:16:50 +0530] "POST /life_renewals/call_log/1437 HTTP/2.0" 200 69773 "https://login.cafsindia.com/life_renewals" "Mozilla/5.0 (Windows NT 10.0; Win64; x64) AppleWebKit/537.36 (KHTML, like Gecko) Chrome/148.0.0.0 Safari/537.36"
103.238.228.178 - - [14/May/2026:13:16:52 +0530] "POST /health_renewals/call_log/9934 HTTP/2.0" 200 45140 "https://login.cafsindia.com/health_renewals" "Mozilla/5.0 (Windows NT 10.0; Win64; x64) AppleWebKit/537.36 (KHTML, like Gecko) Chrome/148.0.0.0 Safari/537.36"
103.238.228.178 - - [14/May/2026:13:16:57 +0530] "POST /health_renewals/health_call_log_update/ HTTP/2.0" 200 4077 "https://login.cafsindia.com/health_renewals" "Mozilla/5.0 (Windows NT 10.0; Win64; x64) AppleWebKit/537.36 (KHTML, like Gecko) Chrome/148.0.0.0 Safari/537.36"
103.238.228.178 - - [14/May/2026:13:17:06 +0530] "POST /health_renewals/search HTTP/2.0" 200 5150 "https://login.cafsindia.com/health_renewals" "Mozilla/5.0 (Windows NT 10.0; Win64; x64) AppleWebKit/537.36 (KHTML, like Gecko) Chrome/148.0.0.0 Safari/537.36"
