103.238.228.178 - - [14/May/2026:10:06:08 +0530] "GET /report/search?order=asc&offset=0&limit=25&filter_start_date=2025-04-01&filter_end_date=2026-05-31&entry_date_cond%5B%5D=&search_entry_date_cond%5B%5D=&date_of_joining_cond%5B%5D=&search_date_of_joining_cond%5B%5D=&login_code_cond%5B%5D=&search_login_code_cond%5B%5D=&employee_name_cond%5B%5D=&search_employee_name_cond%5B%5D=&level_1_reporting_person_code_cond%5B%5D=&search_level_1_reporting_person_code_cond%5B%5D=&level_2_reporting_person_code_cond%5B%5D=&search_level_2_reporting_person_code_cond%5B%5D=&contact_number_cond%5B%5D=&search_contact_number_cond%5B%5D=&proposer_name_cond%5B%5D=&search_proposer_name_cond%5B%5D=&net_premium_cond%5B%5D=&search_net_premium_cond%5B%5D=&plus_on_premium_cond%5B%5D=&search_plus_on_premium_cond%5B%5D=&gst_cond%5B%5D=&search_gst_cond%5B%5D=&total_premium_cond%5B%5D=&search_total_premium_cond%5B%5D=&collected_person_name_cond%5B%5D=&search_collected_person_name_cond%5B%5D=&login_date_cond%5B%5D=&search_login_date_cond%5B%5D=&policy_number_cond%5B%5D=&search_policy_number_cond%5B%5D=&issued_date_cond%5B%5D=&search_issued_date_cond%5B%5D=&r_number_cond%5B%5D=&search_r_number_cond%5B%5D=&age_cond%5B%5D=&search_age_cond%5B%5D=&product_credit_cond%5B%5D=&search_product_credit_cond%5B%5D=&policy_from_date_cond%5B%5D=&search_policy_from_date_cond%5B%5D=&proposer_dob_cond%5B%5D=&search_proposer_dob_cond%5B%5D= HTTP/2.0" 200 5169955 "https://login.cafsindia.com/report/index/3" "Mozilla/5.0 (Windows NT 10.0; Win64; x64) AppleWebKit/537.36 (KHTML, like Gecko) Chrome/148.0.0.0 Safari/537.36"
103.238.228.178 - - [14/May/2026:10:06:29 +0530] "GET /home HTTP/2.0" 200 11149 "https://login.cafsindia.com/login" "Mozilla/5.0 (Windows NT 10.0; Win64; x64) AppleWebKit/537.36 (KHTML, like Gecko) Chrome/148.0.0.0 Safari/537.36"
103.238.228.178 - - [14/May/2026:10:06:29 +0530] "GET /dist/cafs.css?rel=20260514 HTTP/2.0" 200 33565 "https://login.cafsindia.com/home" "Mozilla/5.0 (Windows NT 10.0; Win64; x64) AppleWebKit/537.36 (KHTML, like Gecko) Chrome/148.0.0.0 Safari/537.36"
103.238.228.178 - - [14/May/2026:10:06:29 +0530] "GET /dist/filepond/filepond-plugin-get-file.css HTTP/2.0" 200 1794 "https://login.cafsindia.com/home" "Mozilla/5.0 (Windows NT 10.0; Win64; x64) AppleWebKit/537.36 (KHTML, like Gecko) Chrome/148.0.0.0 Safari/537.36"
103.238.228.178 - - [14/May/2026:10:06:29 +0530] "GET /dist/jquery-ui.css HTTP/2.0" 200 35684 "https://login.cafsindia.com/home" "Mozilla/5.0 (Windows NT 10.0; Win64; x64) AppleWebKit/537.36 (KHTML, like Gecko) Chrome/148.0.0.0 Safari/537.36"
103.238.228.178 - - [14/May/2026:10:06:29 +0530] "GET /dist/data_table/css/data_tables.min.css HTTP/2.0" 200 15044 "https://login.cafsindia.com/home" "Mozilla/5.0 (Windows NT 10.0; Win64; x64) AppleWebKit/537.36 (KHTML, like Gecko) Chrome/148.0.0.0 Safari/537.36"
103.238.228.178 - - [14/May/2026:10:06:29 +0530] "GET /dist/validate.js?rel=20260514 HTTP/2.0" 200 1455 "https://login.cafsindia.com/home" "Mozilla/5.0 (Windows NT 10.0; Win64; x64) AppleWebKit/537.36 (KHTML, like Gecko) Chrome/148.0.0.0 Safari/537.36"
103.238.228.178 - - [14/May/2026:10:06:29 +0530] "GET /dist/daterangepicker/knockout.js HTTP/2.0" 200 59943 "https://login.cafsindia.com/home" "Mozilla/5.0 (Windows NT 10.0; Win64; x64) AppleWebKit/537.36 (KHTML, like Gecko) Chrome/148.0.0.0 Safari/537.36"
103.238.228.178 - - [14/May/2026:10:06:29 +0530] "GET /dist/daterangepicker/daterangepicker.min.js HTTP/2.0" 200 24746 "https://login.cafsindia.com/home" "Mozilla/5.0 (Windows NT 10.0; Win64; x64) AppleWebKit/537.36 (KHTML, like Gecko) Chrome/148.0.0.0 Safari/537.36"
103.238.228.178 - - [14/May/2026:10:06:29 +0530] "GET /dist/bootstrap-colorpicker.css HTTP/2.0" 200 4802 "https://login.cafsindia.com/home" "Mozilla/5.0 (Windows NT 10.0; Win64; x64) AppleWebKit/537.36 (KHTML, like Gecko) Chrome/148.0.0.0 Safari/537.36"
103.238.228.178 - - [14/May/2026:10:06:29 +0530] "GET /dist/filepond/filepond.css HTTP/2.0" 200 27822 "https://login.cafsindia.com/home" "Mozilla/5.0 (Windows NT 10.0; Win64; x64) AppleWebKit/537.36 (KHTML, like Gecko) Chrome/148.0.0.0 Safari/537.36"
103.238.228.178 - - [14/May/2026:10:06:29 +0530] "GET /dist/daterangepicker/daterangepicker.min.css HTTP/2.0" 200 8823 "https://login.cafsindia.com/home" "Mozilla/5.0 (Windows NT 10.0; Win64; x64) AppleWebKit/537.36 (KHTML, like Gecko) Chrome/148.0.0.0 Safari/537.36"
103.238.228.178 - - [14/May/2026:10:06:32 +0530] "GET /images/favicon.png HTTP/2.0" 200 14640 "https://login.cafsindia.com/home" "Mozilla/5.0 (Windows NT 10.0; Win64; x64) AppleWebKit/537.36 (KHTML, like Gecko) Chrome/148.0.0.0 Safari/537.36"
103.238.228.178 - - [14/May/2026:10:06:30 +0530] "POST /health_renewals/renewal/4092 HTTP/2.0" 200 36402 "https://login.cafsindia.com/health_renewals" "Mozilla/5.0 (Windows NT 10.0; Win64; x64) AppleWebKit/537.36 (KHTML, like Gecko) Chrome/148.0.0.0 Safari/537.36"
103.238.228.178 - - [14/May/2026:10:06:33 +0530] "POST /life_renewals/life_call_log_update/ HTTP/2.0" 200 9942 "https://login.cafsindia.com/life_renewals" "Mozilla/5.0 (Windows NT 10.0; Win64; x64) AppleWebKit/537.36 (KHTML, like Gecko) Chrome/148.0.0.0 Safari/537.36"
103.238.228.178 - - [14/May/2026:10:06:34 +0530] "POST /life_renewals/search HTTP/2.0" 200 13000 "https://login.cafsindia.com/life_renewals" "Mozilla/5.0 (Windows NT 10.0; Win64; x64) AppleWebKit/537.36 (KHTML, like Gecko) Chrome/148.0.0.0 Safari/537.36"
103.238.228.178 - - [14/May/2026:10:06:37 +0530] "POST /life_renewals/call_log/238 HTTP/2.0" 200 87686 "https://login.cafsindia.com/life_renewals" "Mozilla/5.0 (Windows NT 10.0; Win64; x64) AppleWebKit/537.36 (KHTML, like Gecko) Chrome/148.0.0.0 Safari/537.36"
103.238.228.178 - - [14/May/2026:10:06:40 +0530] "GET /health HTTP/2.0" 200 1348212 "https://login.cafsindia.com/home" "Mozilla/5.0 (Windows NT 10.0; Win64; x64) AppleWebKit/537.36 (KHTML, like Gecko) Chrome/148.0.0.0 Safari/537.36"
103.238.228.178 - - [14/May/2026:10:06:50 +0530] "GET /dist/data_table/images/sort_both.png HTTP/2.0" 200 201 "https://login.cafsindia.com/dist/data_table/css/data_tables.min.css" "Mozilla/5.0 (Windows NT 10.0; Win64; x64) AppleWebKit/537.36 (KHTML, like Gecko) Chrome/148.0.0.0 Safari/537.36"
103.238.228.178 - - [14/May/2026:10:06:50 +0530] "POST /health/search HTTP/2.0" 200 4566 "https://login.cafsindia.com/health" "Mozilla/5.0 (Windows NT 10.0; Win64; x64) AppleWebKit/537.36 (KHTML, like Gecko) Chrome/148.0.0.0 Safari/537.36"
103.238.228.178 - - [14/May/2026:10:06:51 +0530] "GET /dist/data_table/images/sort_asc.png HTTP/2.0" 200 160 "https://login.cafsindia.com/dist/data_table/css/data_tables.min.css" "Mozilla/5.0 (Windows NT 10.0; Win64; x64) AppleWebKit/537.36 (KHTML, like Gecko) Chrome/148.0.0.0 Safari/537.36"
106.51.166.126 - - [14/May/2026:10:06:52 +0530] "GET /login HTTP/2.0" 200 15213 "https://login.cafsindia.com/health" "Mozilla/5.0 (Windows NT 10.0; Win64; x64) AppleWebKit/537.36 (KHTML, like Gecko) Chrome/148.0.0.0 Safari/537.36"
106.51.166.126 - - [14/May/2026:10:06:52 +0530] "GET /dist/bootstrap.min.css?rel=20260514 HTTP/2.0" 200 127391 "https://login.cafsindia.com/login" "Mozilla/5.0 (Windows NT 10.0; Win64; x64) AppleWebKit/537.36 (KHTML, like Gecko) Chrome/148.0.0.0 Safari/537.36"
106.51.166.126 - - [14/May/2026:10:06:52 +0530] "GET /dist/cafs_login.css?rel=20260514 HTTP/2.0" 200 33753 "https://login.cafsindia.com/login" "Mozilla/5.0 (Windows NT 10.0; Win64; x64) AppleWebKit/537.36 (KHTML, like Gecko) Chrome/148.0.0.0 Safari/537.36"
106.51.166.126 - - [14/May/2026:10:06:52 +0530] "GET /dist/jquery.min.js?rel=20260514 HTTP/2.0" 200 88145 "https://login.cafsindia.com/login" "Mozilla/5.0 (Windows NT 10.0; Win64; x64) AppleWebKit/537.36 (KHTML, like Gecko) Chrome/148.0.0.0 Safari/537.36"
106.51.166.126 - - [14/May/2026:10:06:52 +0530] "GET /dist/opensourcepos.min.js?rel=20260514 HTTP/2.0" 200 1471322 "https://login.cafsindia.com/login" "Mozilla/5.0 (Windows NT 10.0; Win64; x64) AppleWebKit/537.36 (KHTML, like Gecko) Chrome/148.0.0.0 Safari/537.36"
103.238.228.178 - - [14/May/2026:10:06:54 +0530] "POST /health/search HTTP/2.0" 200 4563 "https://login.cafsindia.com/health" "Mozilla/5.0 (Windows NT 10.0; Win64; x64) AppleWebKit/537.36 (KHTML, like Gecko) Chrome/148.0.0.0 Safari/537.36"
103.238.228.178 - - [14/May/2026:10:06:59 +0530] "POST /health_renewals/call_log/4092 HTTP/2.0" 200 47381 "https://login.cafsindia.com/health_renewals" "Mozilla/5.0 (Windows NT 10.0; Win64; x64) AppleWebKit/537.36 (KHTML, like Gecko) Chrome/148.0.0.0 Safari/537.36"
103.238.228.178 - - [14/May/2026:10:07:05 +0530] "POST /life_renewals/search HTTP/2.0" 200 5219 "https://login.cafsindia.com/life_renewals" "Mozilla/5.0 (Windows NT 10.0; Win64; x64) AppleWebKit/537.36 (KHTML, like Gecko) Chrome/148.0.0.0 Safari/537.36"
106.222.220.59 - - [14/May/2026:10:07:01 +0530] "GET /health HTTP/2.0" 200 1348213 "https://login.cafsindia.com/home" "Mozilla/5.0 (Windows NT 10.0; Win64; x64) AppleWebKit/537.36 (KHTML, like Gecko) Chrome/148.0.0.0 Safari/537.36"
106.222.220.59 - - [14/May/2026:10:07:11 +0530] "POST /health/search HTTP/2.0" 200 4527 "https://login.cafsindia.com/health" "Mozilla/5.0 (Windows NT 10.0; Win64; x64) AppleWebKit/537.36 (KHTML, like Gecko) Chrome/148.0.0.0 Safari/537.36"
106.222.220.59 - - [14/May/2026:10:07:14 +0530] "POST /health/search HTTP/2.0" 200 1841 "https://login.cafsindia.com/health" "Mozilla/5.0 (Windows NT 10.0; Win64; x64) AppleWebKit/537.36 (KHTML, like Gecko) Chrome/148.0.0.0 Safari/537.36"
103.238.228.178 - - [14/May/2026:10:07:22 +0530] "POST /life_renewals/life_call_log_update/ HTTP/2.0" 200 32322 "https://login.cafsindia.com/life_renewals" "Mozilla/5.0 (Windows NT 10.0; Win64; x64) AppleWebKit/537.36 (KHTML, like Gecko) Chrome/148.0.0.0 Safari/537.36"
103.238.228.178 - - [14/May/2026:10:07:23 +0530] "POST /life_renewals/search HTTP/2.0" 200 12999 "https://login.cafsindia.com/life_renewals" "Mozilla/5.0 (Windows NT 10.0; Win64; x64) AppleWebKit/537.36 (KHTML, like Gecko) Chrome/148.0.0.0 Safari/537.36"
103.238.228.178 - - [14/May/2026:10:07:33 +0530] "POST /life_renewals/search HTTP/2.0" 200 13115 "https://login.cafsindia.com/life_renewals" "Mozilla/5.0 (Windows NT 10.0; Win64; x64) AppleWebKit/537.36 (KHTML, like Gecko) Chrome/148.0.0.0 Safari/537.36"
171.79.53.38 - - [14/May/2026:10:07:54 +0530] "POST /life_renewals/search HTTP/2.0" 200 5082 "https://login.cafsindia.com/life_renewals" "Mozilla/5.0 (Windows NT 10.0; Win64; x64) AppleWebKit/537.36 (KHTML, like Gecko) Chrome/148.0.0.0 Safari/537.36"
171.79.53.38 - - [14/May/2026:10:07:56 +0530] "POST /life_renewals/search HTTP/2.0" 200 5110 "https://login.cafsindia.com/life_renewals" "Mozilla/5.0 (Windows NT 10.0; Win64; x64) AppleWebKit/537.36 (KHTML, like Gecko) Chrome/148.0.0.0 Safari/537.36"
103.238.228.178 - - [14/May/2026:10:08:01 +0530] "POST /health_renewals/sub_disposition_list HTTP/2.0" 200 5681 "https://login.cafsindia.com/health_renewals" "Mozilla/5.0 (Windows NT 10.0; Win64; x64) AppleWebKit/537.36 (KHTML, like Gecko) Chrome/148.0.0.0 Safari/537.36"
171.79.53.38 - - [14/May/2026:10:08:02 +0530] "POST /life_renewals/call_log/3286 HTTP/2.0" 200 85694 "https://login.cafsindia.com/life_renewals" "Mozilla/5.0 (Windows NT 10.0; Win64; x64) AppleWebKit/537.36 (KHTML, like Gecko) Chrome/148.0.0.0 Safari/537.36"
103.238.228.178 - - [14/May/2026:10:08:09 +0530] "POST /portfolio/search HTTP/2.0" 200 64 "https://login.cafsindia.com/portfolio" "Mozilla/5.0 (Windows NT 10.0; Win64; x64) AppleWebKit/537.36 (KHTML, like Gecko) Chrome/148.0.0.0 Safari/537.36"
103.238.228.178 - - [14/May/2026:10:08:10 +0530] "POST /portfolio/search HTTP/2.0" 200 9721 "https://login.cafsindia.com/portfolio" "Mozilla/5.0 (Windows NT 10.0; Win64; x64) AppleWebKit/537.36 (KHTML, like Gecko) Chrome/148.0.0.0 Safari/537.36"
103.238.228.178 - - [14/May/2026:10:08:12 +0530] "POST /health/search HTTP/2.0" 200 508 "https://login.cafsindia.com/health" "Mozilla/5.0 (Windows NT 10.0; Win64; x64) AppleWebKit/537.36 (KHTML, like Gecko) Chrome/148.0.0.0 Safari/537.36"
103.238.228.178 - - [14/May/2026:10:08:14 +0530] "POST /health/view/13278 HTTP/2.0" 200 421897 "https://login.cafsindia.com/health" "Mozilla/5.0 (Windows NT 10.0; Win64; x64) AppleWebKit/537.36 (KHTML, like Gecko) Chrome/148.0.0.0 Safari/537.36"
103.238.228.178 - - [14/May/2026:10:08:15 +0530] "POST /health/fetch_product HTTP/2.0" 200 577 "https://login.cafsindia.com/health" "Mozilla/5.0 (Windows NT 10.0; Win64; x64) AppleWebKit/537.36 (KHTML, like Gecko) Chrome/148.0.0.0 Safari/537.36"
103.238.228.178 - - [14/May/2026:10:08:17 +0530] "GET /upload_files/health/39040473616_WhatsAppImage20260511at2.46.10PM.jpeg HTTP/2.0" 200 43552 "https://login.cafsindia.com/health" "Mozilla/5.0 (Windows NT 10.0; Win64; x64) AppleWebKit/537.36 (KHTML, like Gecko) Chrome/148.0.0.0 Safari/537.36"
103.238.228.178 - - [14/May/2026:10:08:27 +0530] "POST /upload_files/upload.php?send_from=health&send_for=upload_address_proof&extension=png,jpg,jpeg,pdf&upload_filesize=1000 HTTP/2.0" 200 111 "https://login.cafsindia.com/health" "Mozilla/5.0 (Windows NT 10.0; Win64; x64) AppleWebKit/537.36 (KHTML, like Gecko) Chrome/148.0.0.0 Safari/537.36"
103.238.228.178 - - [14/May/2026:10:08:31 +0530] "POST /upload_files/upload.php?send_from=health&send_for=upload_id_proof&extension=png,jpg,jpeg,pdf&upload_filesize=1000 HTTP/2.0" 200 108 "https://login.cafsindia.com/health" "Mozilla/5.0 (Windows NT 10.0; Win64; x64) AppleWebKit/537.36 (KHTML, like Gecko) Chrome/148.0.0.0 Safari/537.36"
103.238.228.178 - - [14/May/2026:10:08:32 +0530] "POST /health_renewals/health_call_log_update/ HTTP/2.0" 200 8351 "https://login.cafsindia.com/health_renewals" "Mozilla/5.0 (Windows NT 10.0; Win64; x64) AppleWebKit/537.36 (KHTML, like Gecko) Chrome/148.0.0.0 Safari/537.36"
103.238.228.178 - - [14/May/2026:10:08:33 +0530] "POST /health_renewals/search HTTP/2.0" 200 5100 "https://login.cafsindia.com/health_renewals" "Mozilla/5.0 (Windows NT 10.0; Win64; x64) AppleWebKit/537.36 (KHTML, like Gecko) Chrome/148.0.0.0 Safari/537.36"
103.238.228.178 - - [14/May/2026:10:08:36 +0530] "POST /upload_files/upload.php?send_from=health&send_for=upload_bank_proof&extension=png,jpg,jpeg,pdf&upload_filesize=1000 HTTP/2.0" 200 110 "https://login.cafsindia.com/health" "Mozilla/5.0 (Windows NT 10.0; Win64; x64) AppleWebKit/537.36 (KHTML, like Gecko) Chrome/148.0.0.0 Safari/537.36"
103.238.228.178 - - [14/May/2026:10:08:35 +0530] "POST /health_renewals/call_log/4066 HTTP/2.0" 200 50853 "https://login.cafsindia.com/health_renewals" "Mozilla/5.0 (Windows NT 10.0; Win64; x64) AppleWebKit/537.36 (KHTML, like Gecko) Chrome/148.0.0.0 Safari/537.36"
171.79.53.38 - - [14/May/2026:10:08:44 +0530] "POST /life_renewals/life_call_log_update/ HTTP/2.0" 200 28595 "https://login.cafsindia.com/life_renewals" "Mozilla/5.0 (Windows NT 10.0; Win64; x64) AppleWebKit/537.36 (KHTML, like Gecko) Chrome/148.0.0.0 Safari/537.36"
171.79.53.38 - - [14/May/2026:10:08:46 +0530] "POST /life_renewals/search HTTP/2.0" 200 5082 "https://login.cafsindia.com/life_renewals" "Mozilla/5.0 (Windows NT 10.0; Win64; x64) AppleWebKit/537.36 (KHTML, like Gecko) Chrome/148.0.0.0 Safari/537.36"
103.238.228.178 - - [14/May/2026:10:09:21 +0530] "POST /health_renewals/search HTTP/2.0" 200 3119 "https://login.cafsindia.com/health_renewals" "Mozilla/5.0 (Windows NT 10.0; Win64; x64) AppleWebKit/537.36 (KHTML, like Gecko) Chrome/148.0.0.0 Safari/537.36"
103.238.228.178 - - [14/May/2026:10:09:30 +0530] "POST /upload_files/upload.php?send_from=health&send_for=upload_photo_copy&extension=png,jpg,jpeg,pdf&upload_filesize=1000 HTTP/2.0" 200 102 "https://login.cafsindia.com/health" "Mozilla/5.0 (Windows NT 10.0; Win64; x64) AppleWebKit/537.36 (KHTML, like Gecko) Chrome/148.0.0.0 Safari/537.36"
103.238.228.178 - - [14/May/2026:10:09:30 +0530] "POST /health_renewals/call_log/10338 HTTP/2.0" 200 58741 "https://login.cafsindia.com/health_renewals" "Mozilla/5.0 (Windows NT 10.0; Win64; x64) AppleWebKit/537.36 (KHTML, like Gecko) Chrome/148.0.0.0 Safari/537.36"
103.238.228.178 - - [14/May/2026:10:09:34 +0530] "POST /health/discount HTTP/2.0" 200 50 "https://login.cafsindia.com/health" "Mozilla/5.0 (Windows NT 10.0; Win64; x64) AppleWebKit/537.36 (KHTML, like Gecko) Chrome/148.0.0.0 Safari/537.36"
103.238.228.178 - - [14/May/2026:10:09:39 +0530] "POST /health/fetch_product HTTP/2.0" 200 569 "https://login.cafsindia.com/health" "Mozilla/5.0 (Windows NT 10.0; Win64; x64) AppleWebKit/537.36 (KHTML, like Gecko) Chrome/148.0.0.0 Safari/537.36"
103.238.228.178 - - [14/May/2026:10:10:03 +0530] "POST /life_renewals/search HTTP/2.0" 200 12967 "https://login.cafsindia.com/life_renewals" "Mozilla/5.0 (Windows NT 10.0; Win64; x64) AppleWebKit/537.36 (KHTML, like Gecko) Chrome/148.0.0.0 Safari/537.36"
103.238.228.178 - - [14/May/2026:10:10:16 +0530] "POST /health/discount HTTP/2.0" 200 58 "https://login.cafsindia.com/health" "Mozilla/5.0 (Windows NT 10.0; Win64; x64) AppleWebKit/537.36 (KHTML, like Gecko) Chrome/148.0.0.0 Safari/537.36"
103.238.228.178 - - [14/May/2026:10:11:45 +0530] "POST /health_renewals/search HTTP/2.0" 200 66 "https://login.cafsindia.com/health_renewals" "Mozilla/5.0 (Windows NT 10.0; Win64; x64) AppleWebKit/537.36 (KHTML, like Gecko) Chrome/148.0.0.0 Safari/537.36"
103.238.228.178 - - [14/May/2026:10:11:47 +0530] "POST /health_renewals/search HTTP/2.0" 200 582 "https://login.cafsindia.com/health_renewals" "Mozilla/5.0 (Windows NT 10.0; Win64; x64) AppleWebKit/537.36 (KHTML, like Gecko) Chrome/148.0.0.0 Safari/537.36"
103.238.228.178 - - [14/May/2026:10:11:48 +0530] "POST /health/save/ HTTP/2.0" 200 100 "https://login.cafsindia.com/health" "Mozilla/5.0 (Windows NT 10.0; Win64; x64) AppleWebKit/537.36 (KHTML, like Gecko) Chrome/148.0.0.0 Safari/537.36"
103.238.228.178 - - [14/May/2026:10:11:49 +0530] "POST /health/search HTTP/2.0" 200 4619 "https://login.cafsindia.com/health" "Mozilla/5.0 (Windows NT 10.0; Win64; x64) AppleWebKit/537.36 (KHTML, like Gecko) Chrome/148.0.0.0 Safari/537.36"
103.238.228.178 - - [14/May/2026:10:11:57 +0530] "POST /health/save/ HTTP/2.0" 200 100 "https://login.cafsindia.com/health" "Mozilla/5.0 (Windows NT 10.0; Win64; x64) AppleWebKit/537.36 (KHTML, like Gecko) Chrome/148.0.0.0 Safari/537.36"
103.238.228.178 - - [14/May/2026:10:11:58 +0530] "POST /health/search HTTP/2.0" 200 4619 "https://login.cafsindia.com/health" "Mozilla/5.0 (Windows NT 10.0; Win64; x64) AppleWebKit/537.36 (KHTML, like Gecko) Chrome/148.0.0.0 Safari/537.36"
103.238.228.178 - - [14/May/2026:10:12:04 +0530] "POST /health/search HTTP/2.0" 200 504 "https://login.cafsindia.com/health" "Mozilla/5.0 (Windows NT 10.0; Win64; x64) AppleWebKit/537.36 (KHTML, like Gecko) Chrome/148.0.0.0 Safari/537.36"
103.238.228.178 - - [14/May/2026:10:12:06 +0530] "POST /health/view/13304 HTTP/2.0" 200 421274 "https://login.cafsindia.com/health" "Mozilla/5.0 (Windows NT 10.0; Win64; x64) AppleWebKit/537.36 (KHTML, like Gecko) Chrome/148.0.0.0 Safari/537.36"
103.238.228.178 - - [14/May/2026:10:12:07 +0530] "POST /health/fetch_product HTTP/2.0" 200 577 "https://login.cafsindia.com/health" "Mozilla/5.0 (Windows NT 10.0; Win64; x64) AppleWebKit/537.36 (KHTML, like Gecko) Chrome/148.0.0.0 Safari/537.36"
103.238.228.178 - - [14/May/2026:10:12:07 +0530] "POST /health/save/ HTTP/2.0" 200 100 "https://login.cafsindia.com/health" "Mozilla/5.0 (Windows NT 10.0; Win64; x64) AppleWebKit/537.36 (KHTML, like Gecko) Chrome/148.0.0.0 Safari/537.36"
103.238.228.178 - - [14/May/2026:10:12:08 +0530] "POST /health/search HTTP/2.0" 200 4619 "https://login.cafsindia.com/health" "Mozilla/5.0 (Windows NT 10.0; Win64; x64) AppleWebKit/537.36 (KHTML, like Gecko) Chrome/148.0.0.0 Safari/537.36"
103.238.228.178 - - [14/May/2026:10:12:12 +0530] "POST /health/save/ HTTP/2.0" 200 100 "https://login.cafsindia.com/health" "Mozilla/5.0 (Windows NT 10.0; Win64; x64) AppleWebKit/537.36 (KHTML, like Gecko) Chrome/148.0.0.0 Safari/537.36"
103.238.228.178 - - [14/May/2026:10:12:12 +0530] "POST /health/search HTTP/2.0" 200 4619 "https://login.cafsindia.com/health" "Mozilla/5.0 (Windows NT 10.0; Win64; x64) AppleWebKit/537.36 (KHTML, like Gecko) Chrome/148.0.0.0 Safari/537.36"
103.238.228.178 - - [14/May/2026:10:12:16 +0530] "POST /health/due_date_fetch HTTP/2.0" 200 45 "https://login.cafsindia.com/health" "Mozilla/5.0 (Windows NT 10.0; Win64; x64) AppleWebKit/537.36 (KHTML, like Gecko) Chrome/148.0.0.0 Safari/537.36"
103.238.228.178 - - [14/May/2026:10:12:19 +0530] "POST /health/save/ HTTP/2.0" 200 100 "https://login.cafsindia.com/health" "Mozilla/5.0 (Windows NT 10.0; Win64; x64) AppleWebKit/537.36 (KHTML, like Gecko) Chrome/148.0.0.0 Safari/537.36"
103.238.228.178 - - [14/May/2026:10:12:20 +0530] "POST /health/search HTTP/2.0" 200 4619 "https://login.cafsindia.com/health" "Mozilla/5.0 (Windows NT 10.0; Win64; x64) AppleWebKit/537.36 (KHTML, like Gecko) Chrome/148.0.0.0 Safari/537.36"
106.222.220.59 - - [14/May/2026:10:12:21 +0530] "GET /home HTTP/2.0" 302 - "-" "Mozilla/5.0 (Windows NT 10.0; Win64; x64) AppleWebKit/537.36 (KHTML, like Gecko) Chrome/148.0.0.0 Safari/537.36"
106.222.220.59 - - [14/May/2026:10:12:21 +0530] "GET /login HTTP/2.0" 200 15213 "-" "Mozilla/5.0 (Windows NT 10.0; Win64; x64) AppleWebKit/537.36 (KHTML, like Gecko) Chrome/148.0.0.0 Safari/537.36"
103.238.228.178 - - [14/May/2026:10:12:23 +0530] "POST /health/save/13304 HTTP/2.0" 200 100 "https://login.cafsindia.com/health" "Mozilla/5.0 (Windows NT 10.0; Win64; x64) AppleWebKit/537.36 (KHTML, like Gecko) Chrome/148.0.0.0 Safari/537.36"
103.238.228.178 - - [14/May/2026:10:12:23 +0530] "POST /health/search HTTP/2.0" 200 513 "https://login.cafsindia.com/health" "Mozilla/5.0 (Windows NT 10.0; Win64; x64) AppleWebKit/537.36 (KHTML, like Gecko) Chrome/148.0.0.0 Safari/537.36"
103.238.228.178 - - [14/May/2026:10:12:25 +0530] "POST /health/search HTTP/2.0" 200 11221 "https://login.cafsindia.com/health" "Mozilla/5.0 (Windows NT 10.0; Win64; x64) AppleWebKit/537.36 (KHTML, like Gecko) Chrome/148.0.0.0 Safari/537.36"
103.238.228.178 - - [14/May/2026:10:12:26 +0530] "POST /health/save/ HTTP/2.0" 200 100 "https://login.cafsindia.com/health" "Mozilla/5.0 (Windows NT 10.0; Win64; x64) AppleWebKit/537.36 (KHTML, like Gecko) Chrome/148.0.0.0 Safari/537.36"
103.238.228.178 - - [14/May/2026:10:12:27 +0530] "POST /health/search HTTP/2.0" 200 4619 "https://login.cafsindia.com/health" "Mozilla/5.0 (Windows NT 10.0; Win64; x64) AppleWebKit/537.36 (KHTML, like Gecko) Chrome/148.0.0.0 Safari/537.36"
103.238.228.178 - - [14/May/2026:10:12:27 +0530] "POST /life_renewals/search HTTP/2.0" 200 618 "https://login.cafsindia.com/life_renewals" "Mozilla/5.0 (Windows NT 10.0; Win64; x64) AppleWebKit/537.36 (KHTML, like Gecko) Chrome/148.0.0.0 Safari/537.36"
106.222.220.59 - - [14/May/2026:10:12:29 +0530] "POST /login/corp_login/ HTTP/2.0" 200 65 "https://login.cafsindia.com/login" "Mozilla/5.0 (Windows NT 10.0; Win64; x64) AppleWebKit/537.36 (KHTML, like Gecko) Chrome/148.0.0.0 Safari/537.36"
106.222.220.59 - - [14/May/2026:10:12:29 +0530] "GET /login HTTP/2.0" 302 - "https://login.cafsindia.com/login" "Mozilla/5.0 (Windows NT 10.0; Win64; x64) AppleWebKit/537.36 (KHTML, like Gecko) Chrome/148.0.0.0 Safari/537.36"
106.222.220.59 - - [14/May/2026:10:12:29 +0530] "GET /home HTTP/2.0" 200 16376 "https://login.cafsindia.com/login" "Mozilla/5.0 (Windows NT 10.0; Win64; x64) AppleWebKit/537.36 (KHTML, like Gecko) Chrome/148.0.0.0 Safari/537.36"
106.222.220.59 - - [14/May/2026:10:12:30 +0530] "GET /dist/validate.js?rel=20260514 HTTP/2.0" 200 1455 "https://login.cafsindia.com/home" "Mozilla/5.0 (Windows NT 10.0; Win64; x64) AppleWebKit/537.36 (KHTML, like Gecko) Chrome/148.0.0.0 Safari/537.36"
106.222.220.59 - - [14/May/2026:10:12:30 +0530] "GET /dist/cafs.css?rel=20260514 HTTP/2.0" 200 33565 "https://login.cafsindia.com/home" "Mozilla/5.0 (Windows NT 10.0; Win64; x64) AppleWebKit/537.36 (KHTML, like Gecko) Chrome/148.0.0.0 Safari/537.36"
106.222.220.59 - - [14/May/2026:10:12:30 +0530] "GET /images/favicon.png HTTP/2.0" 200 14640 "https://login.cafsindia.com/home" "Mozilla/5.0 (Windows NT 10.0; Win64; x64) AppleWebKit/537.36 (KHTML, like Gecko) Chrome/148.0.0.0 Safari/537.36"
103.238.228.178 - - [14/May/2026:10:12:34 +0530] "POST /health_renewals/search HTTP/2.0" 200 1082 "https://login.cafsindia.com/health_renewals" "Mozilla/5.0 (Windows NT 10.0; Win64; x64) AppleWebKit/537.36 (KHTML, like Gecko) Chrome/148.0.0.0 Safari/537.36"
103.238.228.178 - - [14/May/2026:10:12:35 +0530] "POST /life_renewals/call_log/3703 HTTP/2.0" 200 70733 "https://login.cafsindia.com/life_renewals" "Mozilla/5.0 (Windows NT 10.0; Win64; x64) AppleWebKit/537.36 (KHTML, like Gecko) Chrome/148.0.0.0 Safari/537.36"
103.238.228.178 - - [14/May/2026:10:12:41 +0530] "POST /health/search HTTP/2.0" 200 499 "https://login.cafsindia.com/health" "Mozilla/5.0 (Windows NT 10.0; Win64; x64) AppleWebKit/537.36 (KHTML, like Gecko) Chrome/148.0.0.0 Safari/537.36"
103.238.228.178 - - [14/May/2026:10:12:43 +0530] "POST /health/view/13307 HTTP/2.0" 200 421807 "https://login.cafsindia.com/health" "Mozilla/5.0 (Windows NT 10.0; Win64; x64) AppleWebKit/537.36 (KHTML, like Gecko) Chrome/148.0.0.0 Safari/537.36"
103.238.228.178 - - [14/May/2026:10:12:42 +0530] "GET /report/search?order=asc&offset=0&limit=25&filter_start_date=2026-03-01&filter_end_date=2026-05-31&entry_date_cond%5B%5D=&search_entry_date_cond%5B%5D=&date_of_joining_cond%5B%5D=&search_date_of_joining_cond%5B%5D=&login_code_cond%5B%5D=&search_login_code_cond%5B%5D=&employee_name_cond%5B%5D=&search_employee_name_cond%5B%5D=&level_1_reporting_person_code_cond%5B%5D=&search_level_1_reporting_person_code_cond%5B%5D=&level_2_reporting_person_code_cond%5B%5D=&search_level_2_reporting_person_code_cond%5B%5D=&contact_number_cond%5B%5D=&search_contact_number_cond%5B%5D=&proposer_name_cond%5B%5D=&search_proposer_name_cond%5B%5D=&net_premium_cond%5B%5D=&search_net_premium_cond%5B%5D=&plus_on_premium_cond%5B%5D=&search_plus_on_premium_cond%5B%5D=&gst_cond%5B%5D=&search_gst_cond%5B%5D=&total_premium_cond%5B%5D=&search_total_premium_cond%5B%5D=&collected_person_name_cond%5B%5D=&search_collected_person_name_cond%5B%5D=&login_date_cond%5B%5D=&search_login_date_cond%5B%5D=&policy_number_cond%5B%5D=&search_policy_number_cond%5B%5D=&issued_date_cond%5B%5D=&search_issued_date_cond%5B%5D=&r_number_cond%5B%5D=&search_r_number_cond%5B%5D=&age_cond%5B%5D=&search_age_cond%5B%5D=&product_credit_cond%5B%5D=&search_product_credit_cond%5B%5D=&policy_from_date_cond%5B%5D=&search_policy_from_date_cond%5B%5D=&proposer_dob_cond%5B%5D=&search_proposer_dob_cond%5B%5D= HTTP/2.0" 200 987941 "https://login.cafsindia.com/report/index/3" "Mozilla/5.0 (Windows NT 10.0; Win64; x64) AppleWebKit/537.36 (KHTML, like Gecko) Chrome/148.0.0.0 Safari/537.36"
103.238.228.178 - - [14/May/2026:10:12:45 +0530] "POST /health/fetch_product HTTP/2.0" 200 577 "https://login.cafsindia.com/health" "Mozilla/5.0 (Windows NT 10.0; Win64; x64) AppleWebKit/537.36 (KHTML, like Gecko) Chrome/148.0.0.0 Safari/537.36"
103.238.228.178 - - [14/May/2026:10:12:46 +0530] "POST /health/rowset_save HTTP/2.0" 200 994 "https://login.cafsindia.com/health" "Mozilla/5.0 (Windows NT 10.0; Win64; x64) AppleWebKit/537.36 (KHTML, like Gecko) Chrome/148.0.0.0 Safari/537.36"
103.238.228.178 - - [14/May/2026:10:12:48 +0530] "POST /health/save/ HTTP/2.0" 200 100 "https://login.cafsindia.com/health" "Mozilla/5.0 (Windows NT 10.0; Win64; x64) AppleWebKit/537.36 (KHTML, like Gecko) Chrome/148.0.0.0 Safari/537.36"
103.238.228.178 - - [14/May/2026:10:12:48 +0530] "POST /health/search HTTP/2.0" 200 4619 "https://login.cafsindia.com/health" "Mozilla/5.0 (Windows NT 10.0; Win64; x64) AppleWebKit/537.36 (KHTML, like Gecko) Chrome/148.0.0.0 Safari/537.36"
103.238.228.178 - - [14/May/2026:10:12:49 +0530] "POST /health/save/ HTTP/2.0" 200 100 "https://login.cafsindia.com/health" "Mozilla/5.0 (Windows NT 10.0; Win64; x64) AppleWebKit/537.36 (KHTML, like Gecko) Chrome/148.0.0.0 Safari/537.36"
103.238.228.178 - - [14/May/2026:10:12:50 +0530] "POST /health/search HTTP/2.0" 200 4619 "https://login.cafsindia.com/health" "Mozilla/5.0 (Windows NT 10.0; Win64; x64) AppleWebKit/537.36 (KHTML, like Gecko) Chrome/148.0.0.0 Safari/537.36"
103.238.228.178 - - [14/May/2026:10:12:52 +0530] "POST /health/due_date_fetch HTTP/2.0" 200 45 "https://login.cafsindia.com/health" "Mozilla/5.0 (Windows NT 10.0; Win64; x64) AppleWebKit/537.36 (KHTML, like Gecko) Chrome/148.0.0.0 Safari/537.36"
103.238.228.178 - - [14/May/2026:10:12:56 +0530] "POST /health/save/ HTTP/2.0" 200 100 "https://login.cafsindia.com/health" "Mozilla/5.0 (Windows NT 10.0; Win64; x64) AppleWebKit/537.36 (KHTML, like Gecko) Chrome/148.0.0.0 Safari/537.36"
103.238.228.178 - - [14/May/2026:10:12:57 +0530] "POST /health/search HTTP/2.0" 200 4620 "https://login.cafsindia.com/health" "Mozilla/5.0 (Windows NT 10.0; Win64; x64) AppleWebKit/537.36 (KHTML, like Gecko) Chrome/148.0.0.0 Safari/537.36"
103.238.228.178 - - [14/May/2026:10:12:58 +0530] "POST /health/save/13307 HTTP/2.0" 200 100 "https://login.cafsindia.com/health" "Mozilla/5.0 (Windows NT 10.0; Win64; x64) AppleWebKit/537.36 (KHTML, like Gecko) Chrome/148.0.0.0 Safari/537.36"
103.238.228.178 - - [14/May/2026:10:12:59 +0530] "POST /health/search HTTP/2.0" 200 508 "https://login.cafsindia.com/health" "Mozilla/5.0 (Windows NT 10.0; Win64; x64) AppleWebKit/537.36 (KHTML, like Gecko) Chrome/148.0.0.0 Safari/537.36"
103.238.228.178 - - [14/May/2026:10:13:00 +0530] "POST /health/search HTTP/2.0" 200 11221 "https://login.cafsindia.com/health" "Mozilla/5.0 (Windows NT 10.0; Win64; x64) AppleWebKit/537.36 (KHTML, like Gecko) Chrome/148.0.0.0 Safari/537.36"
103.238.228.178 - - [14/May/2026:10:13:04 +0530] "POST /life_renewals/search HTTP/2.0" 200 618 "https://login.cafsindia.com/life_renewals" "Mozilla/5.0 (Windows NT 10.0; Win64; x64) AppleWebKit/537.36 (KHTML, like Gecko) Chrome/148.0.0.0 Safari/537.36"
103.238.228.178 - - [14/May/2026:10:13:07 +0530] "POST /health/rowset_save HTTP/2.0" 200 1385 "https://login.cafsindia.com/health" "Mozilla/5.0 (Windows NT 10.0; Win64; x64) AppleWebKit/537.36 (KHTML, like Gecko) Chrome/148.0.0.0 Safari/537.36"
103.238.228.178 - - [14/May/2026:10:13:08 +0530] "POST /life_renewals/call_log/3739 HTTP/2.0" 200 70483 "https://login.cafsindia.com/life_renewals" "Mozilla/5.0 (Windows NT 10.0; Win64; x64) AppleWebKit/537.36 (KHTML, like Gecko) Chrome/148.0.0.0 Safari/537.36"
103.238.228.178 - - [14/May/2026:10:13:06 +0530] "GET /report/search?order=asc&offset=0&limit=25&filter_start_date=2026-03-01&filter_end_date=2026-05-31&entry_date_cond%5B%5D=&search_entry_date_cond%5B%5D=&date_of_joining_cond%5B%5D=&search_date_of_joining_cond%5B%5D=&login_code_cond%5B%5D=&search_login_code_cond%5B%5D=&employee_name_cond%5B%5D=&search_employee_name_cond%5B%5D=&level_1_reporting_person_code_cond%5B%5D=&search_level_1_reporting_person_code_cond%5B%5D=&level_2_reporting_person_code_cond%5B%5D=&search_level_2_reporting_person_code_cond%5B%5D=&contact_number_cond%5B%5D=&search_contact_number_cond%5B%5D=&proposer_name_cond%5B%5D=&search_proposer_name_cond%5B%5D=&net_premium_cond%5B%5D=&search_net_premium_cond%5B%5D=&plus_on_premium_cond%5B%5D=&search_plus_on_premium_cond%5B%5D=&gst_cond%5B%5D=&search_gst_cond%5B%5D=&total_premium_cond%5B%5D=&search_total_premium_cond%5B%5D=&collected_person_name_cond%5B%5D=&search_collected_person_name_cond%5B%5D=&login_date_cond%5B%5D=&search_login_date_cond%5B%5D=&policy_number_cond%5B%5D=&search_policy_number_cond%5B%5D=&issued_date_cond%5B%5D=&search_issued_date_cond%5B%5D=&r_number_cond%5B%5D=&search_r_number_cond%5B%5D=&age_cond%5B%5D=&search_age_cond%5B%5D=&product_credit_cond%5B%5D=&search_product_credit_cond%5B%5D=&policy_from_date_cond%5B%5D=&search_policy_from_date_cond%5B%5D=&proposer_dob_cond%5B%5D=&search_proposer_dob_cond%5B%5D= HTTP/2.0" 200 987969 "https://login.cafsindia.com/report/index/3" "Mozilla/5.0 (Windows NT 10.0; Win64; x64) AppleWebKit/537.36 (KHTML, like Gecko) Chrome/148.0.0.0 Safari/537.36"
103.238.228.178 - - [14/May/2026:10:13:12 +0530] "POST /health/search HTTP/2.0" 200 503 "https://login.cafsindia.com/health" "Mozilla/5.0 (Windows NT 10.0; Win64; x64) AppleWebKit/537.36 (KHTML, like Gecko) Chrome/148.0.0.0 Safari/537.36"
106.222.220.59 - - [14/May/2026:10:13:14 +0530] "GET /product_name HTTP/2.0" 200 30888 "https://login.cafsindia.com/home" "Mozilla/5.0 (Windows NT 10.0; Win64; x64) AppleWebKit/537.36 (KHTML, like Gecko) Chrome/148.0.0.0 Safari/537.36"
106.222.220.59 - - [14/May/2026:10:13:15 +0530] "POST /product_name/search HTTP/2.0" 200 1695 "https://login.cafsindia.com/product_name" "Mozilla/5.0 (Windows NT 10.0; Win64; x64) AppleWebKit/537.36 (KHTML, like Gecko) Chrome/148.0.0.0 Safari/537.36"
106.222.220.59 - - [14/May/2026:10:13:22 +0530] "POST /product_name/search HTTP/2.0" 200 1674 "https://login.cafsindia.com/product_name" "Mozilla/5.0 (Windows NT 10.0; Win64; x64) AppleWebKit/537.36 (KHTML, like Gecko) Chrome/148.0.0.0 Safari/537.36"
106.222.220.59 - - [14/May/2026:10:13:22 +0530] "POST /product_name/search HTTP/2.0" 200 63 "https://login.cafsindia.com/product_name" "Mozilla/5.0 (Windows NT 10.0; Win64; x64) AppleWebKit/537.36 (KHTML, like Gecko) Chrome/148.0.0.0 Safari/537.36"
106.222.220.59 - - [14/May/2026:10:13:22 +0530] "POST /product_name/search HTTP/2.0" 200 63 "https://login.cafsindia.com/product_name" "Mozilla/5.0 (Windows NT 10.0; Win64; x64) AppleWebKit/537.36 (KHTML, like Gecko) Chrome/148.0.0.0 Safari/537.36"
106.222.220.59 - - [14/May/2026:10:13:23 +0530] "POST /product_name/search HTTP/2.0" 200 63 "https://login.cafsindia.com/product_name" "Mozilla/5.0 (Windows NT 10.0; Win64; x64) AppleWebKit/537.36 (KHTML, like Gecko) Chrome/148.0.0.0 Safari/537.36"
103.238.228.178 - - [14/May/2026:10:13:23 +0530] "POST /health/save/ HTTP/2.0" 200 100 "https://login.cafsindia.com/health" "Mozilla/5.0 (Windows NT 10.0; Win64; x64) AppleWebKit/537.36 (KHTML, like Gecko) Chrome/148.0.0.0 Safari/537.36"
106.222.220.59 - - [14/May/2026:10:13:24 +0530] "POST /product_name/search HTTP/2.0" 200 63 "https://login.cafsindia.com/product_name" "Mozilla/5.0 (Windows NT 10.0; Win64; x64) AppleWebKit/537.36 (KHTML, like Gecko) Chrome/148.0.0.0 Safari/537.36"
103.238.228.178 - - [14/May/2026:10:13:24 +0530] "POST /health/search HTTP/2.0" 200 4620 "https://login.cafsindia.com/health" "Mozilla/5.0 (Windows NT 10.0; Win64; x64) AppleWebKit/537.36 (KHTML, like Gecko) Chrome/148.0.0.0 Safari/537.36"
106.222.220.59 - - [14/May/2026:10:13:24 +0530] "POST /product_name/search HTTP/2.0" 200 1674 "https://login.cafsindia.com/product_name" "Mozilla/5.0 (Windows NT 10.0; Win64; x64) AppleWebKit/537.36 (KHTML, like Gecko) Chrome/148.0.0.0 Safari/537.36"
106.222.220.59 - - [14/May/2026:10:13:25 +0530] "POST /product_name/search HTTP/2.0" 200 1695 "https://login.cafsindia.com/product_name" "Mozilla/5.0 (Windows NT 10.0; Win64; x64) AppleWebKit/537.36 (KHTML, like Gecko) Chrome/148.0.0.0 Safari/537.36"
103.238.228.178 - - [14/May/2026:10:13:28 +0530] "POST /life_renewals/search HTTP/2.0" 200 4461 "https://login.cafsindia.com/life_renewals" "Mozilla/5.0 (Windows NT 10.0; Win64; x64) AppleWebKit/537.36 (KHTML, like Gecko) Chrome/148.0.0.0 Safari/537.36"
103.238.228.178 - - [14/May/2026:10:13:28 +0530] "POST /health_renewals/call_log/9867 HTTP/2.0" 200 44490 "https://login.cafsindia.com/health_renewals" "Mozilla/5.0 (Windows NT 10.0; Win64; x64) AppleWebKit/537.36 (KHTML, like Gecko) Chrome/148.0.0.0 Safari/537.36"
106.222.220.59 - - [14/May/2026:10:13:31 +0530] "POST /product_name/search HTTP/2.0" 200 1684 "https://login.cafsindia.com/product_name" "Mozilla/5.0 (Windows NT 10.0; Win64; x64) AppleWebKit/537.36 (KHTML, like Gecko) Chrome/148.0.0.0 Safari/537.36"
106.222.220.59 - - [14/May/2026:10:13:34 +0530] "POST /product_name/search HTTP/2.0" 200 1796 "https://login.cafsindia.com/product_name" "Mozilla/5.0 (Windows NT 10.0; Win64; x64) AppleWebKit/537.36 (KHTML, like Gecko) Chrome/148.0.0.0 Safari/537.36"
103.238.228.178 - - [14/May/2026:10:13:34 +0530] "POST /life_renewals/call_log/3703 HTTP/2.0" 200 70733 "https://login.cafsindia.com/life_renewals" "Mozilla/5.0 (Windows NT 10.0; Win64; x64) AppleWebKit/537.36 (KHTML, like Gecko) Chrome/148.0.0.0 Safari/537.36"
106.222.220.59 - - [14/May/2026:10:13:38 +0530] "POST /product_name/search HTTP/2.0" 200 1769 "https://login.cafsindia.com/product_name" "Mozilla/5.0 (Windows NT 10.0; Win64; x64) AppleWebKit/537.36 (KHTML, like Gecko) Chrome/148.0.0.0 Safari/537.36"
106.222.220.59 - - [14/May/2026:10:13:41 +0530] "POST /product_name/search HTTP/2.0" 200 1812 "https://login.cafsindia.com/product_name" "Mozilla/5.0 (Windows NT 10.0; Win64; x64) AppleWebKit/537.36 (KHTML, like Gecko) Chrome/148.0.0.0 Safari/537.36"
106.222.220.59 - - [14/May/2026:10:13:43 +0530] "POST /product_name/search HTTP/2.0" 200 1749 "https://login.cafsindia.com/product_name" "Mozilla/5.0 (Windows NT 10.0; Win64; x64) AppleWebKit/537.36 (KHTML, like Gecko) Chrome/148.0.0.0 Safari/537.36"
106.222.220.59 - - [14/May/2026:10:13:44 +0530] "POST /product_name/search HTTP/2.0" 200 1751 "https://login.cafsindia.com/product_name" "Mozilla/5.0 (Windows NT 10.0; Win64; x64) AppleWebKit/537.36 (KHTML, like Gecko) Chrome/148.0.0.0 Safari/537.36"
106.222.220.59 - - [14/May/2026:10:13:45 +0530] "POST /product_name/search HTTP/2.0" 200 1819 "https://login.cafsindia.com/product_name" "Mozilla/5.0 (Windows NT 10.0; Win64; x64) AppleWebKit/537.36 (KHTML, like Gecko) Chrome/148.0.0.0 Safari/537.36"
106.222.220.59 - - [14/May/2026:10:13:46 +0530] "POST /product_name/view/87 HTTP/2.0" 200 11075 "https://login.cafsindia.com/product_name" "Mozilla/5.0 (Windows NT 10.0; Win64; x64) AppleWebKit/537.36 (KHTML, like Gecko) Chrome/148.0.0.0 Safari/537.36"
103.238.228.178 - - [14/May/2026:10:13:48 +0530] "POST /health/rowset_save HTTP/2.0" 200 1781 "https://login.cafsindia.com/health" "Mozilla/5.0 (Windows NT 10.0; Win64; x64) AppleWebKit/537.36 (KHTML, like Gecko) Chrome/148.0.0.0 Safari/537.36"
106.222.220.59 - - [14/May/2026:10:13:50 +0530] "GET /home HTTP/2.0" 200 - "https://login.cafsindia.com/login" "Mozilla/5.0 (Windows NT 10.0; Win64; x64) AppleWebKit/537.36 (KHTML, like Gecko) Chrome/148.0.0.0 Safari/537.36"
103.238.228.178 - - [14/May/2026:10:13:51 +0530] "POST /health/save/ HTTP/2.0" 200 100 "https://login.cafsindia.com/health" "Mozilla/5.0 (Windows NT 10.0; Win64; x64) AppleWebKit/537.36 (KHTML, like Gecko) Chrome/148.0.0.0 Safari/537.36"
106.222.220.59 - - [14/May/2026:10:13:51 +0530] "GET /home HTTP/2.0" 200 16376 "-" "Mozilla/5.0 (Windows NT 10.0; Win64; x64) AppleWebKit/537.36 (KHTML, like Gecko) Chrome/148.0.0.0 Safari/537.36"
103.238.228.178 - - [14/May/2026:10:13:52 +0530] "POST /health/search HTTP/2.0" 200 4620 "https://login.cafsindia.com/health" "Mozilla/5.0 (Windows NT 10.0; Win64; x64) AppleWebKit/537.36 (KHTML, like Gecko) Chrome/148.0.0.0 Safari/537.36"
106.222.220.59 - - [14/May/2026:10:13:59 +0530] "GET /employees HTTP/2.0" 200 362960 "https://login.cafsindia.com/home" "Mozilla/5.0 (Windows NT 10.0; Win64; x64) AppleWebKit/537.36 (KHTML, like Gecko) Chrome/148.0.0.0 Safari/537.36"
103.238.228.178 - - [14/May/2026:10:13:59 +0530] "POST /health/save/ HTTP/2.0" 200 100 "https://login.cafsindia.com/health" "Mozilla/5.0 (Windows NT 10.0; Win64; x64) AppleWebKit/537.36 (KHTML, like Gecko) Chrome/148.0.0.0 Safari/537.36"
106.222.220.59 - - [14/May/2026:10:14:00 +0530] "POST /employees/search HTTP/2.0" 200 6405 "https://login.cafsindia.com/employees" "Mozilla/5.0 (Windows NT 10.0; Win64; x64) AppleWebKit/537.36 (KHTML, like Gecko) Chrome/148.0.0.0 Safari/537.36"
103.238.228.178 - - [14/May/2026:10:14:00 +0530] "POST /health/search HTTP/2.0" 200 4620 "https://login.cafsindia.com/health" "Mozilla/5.0 (Windows NT 10.0; Win64; x64) AppleWebKit/537.36 (KHTML, like Gecko) Chrome/148.0.0.0 Safari/537.36"
106.222.220.59 - - [14/May/2026:10:14:05 +0530] "POST /employees/search HTTP/2.0" 200 6391 "https://login.cafsindia.com/employees" "Mozilla/5.0 (Windows NT 10.0; Win64; x64) AppleWebKit/537.36 (KHTML, like Gecko) Chrome/148.0.0.0 Safari/537.36"
103.238.228.178 - - [14/May/2026:10:14:05 +0530] "POST /health/save/ HTTP/2.0" 200 100 "https://login.cafsindia.com/health" "Mozilla/5.0 (Windows NT 10.0; Win64; x64) AppleWebKit/537.36 (KHTML, like Gecko) Chrome/148.0.0.0 Safari/537.36"
103.238.228.178 - - [14/May/2026:10:14:05 +0530] "POST /health/search HTTP/2.0" 200 4620 "https://login.cafsindia.com/health" "Mozilla/5.0 (Windows NT 10.0; Win64; x64) AppleWebKit/537.36 (KHTML, like Gecko) Chrome/148.0.0.0 Safari/537.36"
106.222.220.59 - - [14/May/2026:10:14:06 +0530] "POST /employees/search HTTP/2.0" 200 6405 "https://login.cafsindia.com/employees" "Mozilla/5.0 (Windows NT 10.0; Win64; x64) AppleWebKit/537.36 (KHTML, like Gecko) Chrome/148.0.0.0 Safari/537.36"
103.238.228.178 - - [14/May/2026:10:14:08 +0530] "POST /health/save/ HTTP/2.0" 200 100 "https://login.cafsindia.com/health" "Mozilla/5.0 (Windows NT 10.0; Win64; x64) AppleWebKit/537.36 (KHTML, like Gecko) Chrome/148.0.0.0 Safari/537.36"
103.238.228.178 - - [14/May/2026:10:14:09 +0530] "POST /health/search HTTP/2.0" 200 4620 "https://login.cafsindia.com/health" "Mozilla/5.0 (Windows NT 10.0; Win64; x64) AppleWebKit/537.36 (KHTML, like Gecko) Chrome/148.0.0.0 Safari/537.36"
106.222.220.59 - - [14/May/2026:10:14:10 +0530] "POST /employees/search HTTP/2.0" 200 6385 "https://login.cafsindia.com/employees" "Mozilla/5.0 (Windows NT 10.0; Win64; x64) AppleWebKit/537.36 (KHTML, like Gecko) Chrome/148.0.0.0 Safari/537.36"
106.222.220.59 - - [14/May/2026:10:14:11 +0530] "POST /employees/search HTTP/2.0" 200 6403 "https://login.cafsindia.com/employees" "Mozilla/5.0 (Windows NT 10.0; Win64; x64) AppleWebKit/537.36 (KHTML, like Gecko) Chrome/148.0.0.0 Safari/537.36"
106.222.220.59 - - [14/May/2026:10:14:12 +0530] "POST /employees/search HTTP/2.0" 200 6444 "https://login.cafsindia.com/employees" "Mozilla/5.0 (Windows NT 10.0; Win64; x64) AppleWebKit/537.36 (KHTML, like Gecko) Chrome/148.0.0.0 Safari/537.36"
106.222.220.59 - - [14/May/2026:10:14:13 +0530] "POST /employees/search HTTP/2.0" 200 3871 "https://login.cafsindia.com/employees" "Mozilla/5.0 (Windows NT 10.0; Win64; x64) AppleWebKit/537.36 (KHTML, like Gecko) Chrome/148.0.0.0 Safari/537.36"
106.222.220.59 - - [14/May/2026:10:14:14 +0530] "POST /employees/search HTTP/2.0" 200 3871 "https://login.cafsindia.com/employees" "Mozilla/5.0 (Windows NT 10.0; Win64; x64) AppleWebKit/537.36 (KHTML, like Gecko) Chrome/148.0.0.0 Safari/537.36"
103.238.228.178 - - [14/May/2026:10:14:19 +0530] "POST /health/view/13309 HTTP/2.0" 200 421824 "https://login.cafsindia.com/health" "Mozilla/5.0 (Windows NT 10.0; Win64; x64) AppleWebKit/537.36 (KHTML, like Gecko) Chrome/148.0.0.0 Safari/537.36"
103.238.228.178 - - [14/May/2026:10:14:20 +0530] "POST /health_renewals/search HTTP/2.0" 200 561 "https://login.cafsindia.com/health_renewals" "Mozilla/5.0 (Windows NT 10.0; Win64; x64) AppleWebKit/537.36 (KHTML, like Gecko) Chrome/148.0.0.0 Safari/537.36"
103.238.228.178 - - [14/May/2026:10:14:21 +0530] "POST /health/fetch_product HTTP/2.0" 200 577 "https://login.cafsindia.com/health" "Mozilla/5.0 (Windows NT 10.0; Win64; x64) AppleWebKit/537.36 (KHTML, like Gecko) Chrome/148.0.0.0 Safari/537.36"
103.238.228.178 - - [14/May/2026:10:14:21 +0530] "POST /health/rowset_save HTTP/2.0" 200 2178 "https://login.cafsindia.com/health" "Mozilla/5.0 (Windows NT 10.0; Win64; x64) AppleWebKit/537.36 (KHTML, like Gecko) Chrome/148.0.0.0 Safari/537.36"
103.238.228.178 - - [14/May/2026:10:14:23 +0530] "POST /health/search HTTP/2.0" 200 11221 "https://login.cafsindia.com/health" "Mozilla/5.0 (Windows NT 10.0; Win64; x64) AppleWebKit/537.36 (KHTML, like Gecko) Chrome/148.0.0.0 Safari/537.36"
103.238.228.178 - - [14/May/2026:10:14:25 +0530] "POST /health/save/ HTTP/2.0" 200 100 "https://login.cafsindia.com/health" "Mozilla/5.0 (Windows NT 10.0; Win64; x64) AppleWebKit/537.36 (KHTML, like Gecko) Chrome/148.0.0.0 Safari/537.36"
103.238.228.178 - - [14/May/2026:10:14:26 +0530] "POST /health/search HTTP/2.0" 200 4620 "https://login.cafsindia.com/health" "Mozilla/5.0 (Windows NT 10.0; Win64; x64) AppleWebKit/537.36 (KHTML, like Gecko) Chrome/148.0.0.0 Safari/537.36"
103.238.228.178 - - [14/May/2026:10:14:26 +0530] "POST /health/view/13329 HTTP/2.0" 200 421281 "https://login.cafsindia.com/health" "Mozilla/5.0 (Windows NT 10.0; Win64; x64) AppleWebKit/537.36 (KHTML, like Gecko) Chrome/148.0.0.0 Safari/537.36"
103.238.228.178 - - [14/May/2026:10:14:27 +0530] "POST /health/fetch_product HTTP/2.0" 200 577 "https://login.cafsindia.com/health" "Mozilla/5.0 (Windows NT 10.0; Win64; x64) AppleWebKit/537.36 (KHTML, like Gecko) Chrome/148.0.0.0 Safari/537.36"
103.238.228.178 - - [14/May/2026:10:14:27 +0530] "POST /health_renewals/call_log/5472 HTTP/2.0" 200 52557 "https://login.cafsindia.com/health_renewals" "Mozilla/5.0 (Windows NT 10.0; Win64; x64) AppleWebKit/537.36 (KHTML, like Gecko) Chrome/148.0.0.0 Safari/537.36"
103.238.228.178 - - [14/May/2026:10:14:31 +0530] "POST /health/search HTTP/2.0" 200 497 "https://login.cafsindia.com/health" "Mozilla/5.0 (Windows NT 10.0; Win64; x64) AppleWebKit/537.36 (KHTML, like Gecko) Chrome/148.0.0.0 Safari/537.36"
106.222.220.59 - - [14/May/2026:10:14:32 +0530] "POST /employees/view/31 HTTP/2.0" 200 367587 "https://login.cafsindia.com/employees" "Mozilla/5.0 (Windows NT 10.0; Win64; x64) AppleWebKit/537.36 (KHTML, like Gecko) Chrome/148.0.0.0 Safari/537.36"
106.222.220.59 - - [14/May/2026:10:14:32 +0530] "POST /employees/view/31 HTTP/2.0" 200 367587 "https://login.cafsindia.com/employees" "Mozilla/5.0 (Windows NT 10.0; Win64; x64) AppleWebKit/537.36 (KHTML, like Gecko) Chrome/148.0.0.0 Safari/537.36"
106.222.220.59 - - [14/May/2026:10:14:32 +0530] "POST /employees/view/31 HTTP/2.0" 200 367587 "https://login.cafsindia.com/employees" "Mozilla/5.0 (Windows NT 10.0; Win64; x64) AppleWebKit/537.36 (KHTML, like Gecko) Chrome/148.0.0.0 Safari/537.36"
103.238.228.178 - - [14/May/2026:10:14:42 +0530] "POST /health/search HTTP/2.0" 200 4620 "https://login.cafsindia.com/health" "Mozilla/5.0 (Windows NT 10.0; Win64; x64) AppleWebKit/537.36 (KHTML, like Gecko) Chrome/148.0.0.0 Safari/537.36"
106.222.220.59 - - [14/May/2026:10:14:43 +0530] "POST /employees/search HTTP/2.0" 200 3871 "https://login.cafsindia.com/employees" "Mozilla/5.0 (Windows NT 10.0; Win64; x64) AppleWebKit/537.36 (KHTML, like Gecko) Chrome/148.0.0.0 Safari/537.36"
103.238.228.178 - - [14/May/2026:10:14:44 +0530] "GET /upload_files/health/85177215663_MrParthibanAadhar.jpeg HTTP/2.0" 200 217914 "https://login.cafsindia.com/health" "Mozilla/5.0 (Windows NT 10.0; Win64; x64) AppleWebKit/537.36 (KHTML, like Gecko) Chrome/148.0.0.0 Safari/537.36"
103.238.228.178 - - [14/May/2026:10:14:48 +0530] "GET /upload_files/health/74664234243_MrParthibanpan.jpeg HTTP/2.0" 200 216526 "https://login.cafsindia.com/health" "Mozilla/5.0 (Windows NT 10.0; Win64; x64) AppleWebKit/537.36 (KHTML, like Gecko) Chrome/148.0.0.0 Safari/537.36"
103.238.228.178 - - [14/May/2026:10:14:50 +0530] "GET /upload_files/health/95810905586_MrParthibanProof.jpeg HTTP/2.0" 200 229148 "https://login.cafsindia.com/health" "Mozilla/5.0 (Windows NT 10.0; Win64; x64) AppleWebKit/537.36 (KHTML, like Gecko) Chrome/148.0.0.0 Safari/537.36"
103.238.228.178 - - [14/May/2026:10:14:52 +0530] "GET /upload_files/health/97475339969_photocopy.png HTTP/2.0" 200 6692 "https://login.cafsindia.com/health" "Mozilla/5.0 (Windows NT 10.0; Win64; x64) AppleWebKit/537.36 (KHTML, like Gecko) Chrome/148.0.0.0 Safari/537.36"
103.238.228.178 - - [14/May/2026:10:14:51 +0530] "POST /health/view/13322 HTTP/2.0" 200 413408 "https://login.cafsindia.com/health" "Mozilla/5.0 (Windows NT 10.0; Win64; x64) AppleWebKit/537.36 (KHTML, like Gecko) Chrome/148.0.0.0 Safari/537.36"
103.238.228.178 - - [14/May/2026:10:14:53 +0530] "POST /health/fetch_product HTTP/2.0" 200 149 "https://login.cafsindia.com/health" "Mozilla/5.0 (Windows NT 10.0; Win64; x64) AppleWebKit/537.36 (KHTML, like Gecko) Chrome/148.0.0.0 Safari/537.36"
103.238.228.178 - - [14/May/2026:10:14:51 +0530] "POST /health_renewals/call_log/10336 HTTP/2.0" 200 50531 "https://login.cafsindia.com/health_renewals" "Mozilla/5.0 (Windows NT 10.0; Win64; x64) AppleWebKit/537.36 (KHTML, like Gecko) Chrome/148.0.0.0 Safari/537.36"
103.238.228.178 - - [14/May/2026:10:14:58 +0530] "POST /health_renewals/search HTTP/2.0" 200 1569 "https://login.cafsindia.com/health_renewals" "Mozilla/5.0 (Windows NT 10.0; Win64; x64) AppleWebKit/537.36 (KHTML, like Gecko) Chrome/148.0.0.0 Safari/537.36"
103.238.228.178 - - [14/May/2026:10:15:02 +0530] "POST /health/discount HTTP/2.0" 200 58 "https://login.cafsindia.com/health" "Mozilla/5.0 (Windows NT 10.0; Win64; x64) AppleWebKit/537.36 (KHTML, like Gecko) Chrome/148.0.0.0 Safari/537.36"
106.222.220.59 - - [14/May/2026:10:15:04 +0530] "POST /employees/search HTTP/2.0" 200 3872 "https://login.cafsindia.com/employees" "Mozilla/5.0 (Windows NT 10.0; Win64; x64) AppleWebKit/537.36 (KHTML, like Gecko) Chrome/148.0.0.0 Safari/537.36"
106.222.220.59 - - [14/May/2026:10:15:10 +0530] "POST /employees/search HTTP/2.0" 200 6406 "https://login.cafsindia.com/employees" "Mozilla/5.0 (Windows NT 10.0; Win64; x64) AppleWebKit/537.36 (KHTML, like Gecko) Chrome/148.0.0.0 Safari/537.36"
106.222.220.59 - - [14/May/2026:10:15:11 +0530] "POST /employees/search HTTP/2.0" 200 6392 "https://login.cafsindia.com/employees" "Mozilla/5.0 (Windows NT 10.0; Win64; x64) AppleWebKit/537.36 (KHTML, like Gecko) Chrome/148.0.0.0 Safari/537.36"
106.222.220.59 - - [14/May/2026:10:15:12 +0530] "POST /employees/search HTTP/2.0" 200 6392 "https://login.cafsindia.com/employees" "Mozilla/5.0 (Windows NT 10.0; Win64; x64) AppleWebKit/537.36 (KHTML, like Gecko) Chrome/148.0.0.0 Safari/537.36"
