157.51.120.32 - - [14/May/2026:14:21:50 +0530] "GET /dist/jquery-typeahead/dist/jquery.typeahead.min.js HTTP/2.0" 304 - "https://rms.cafsjobs.com/enrolment/" "Mozilla/5.0 (iPhone; CPU iPhone OS 18_6_2 like Mac OS X) AppleWebKit/605.1.15 (KHTML, like Gecko) CriOS/148.0.7778.100 Mobile/15E148 Safari/604.1"
157.51.120.32 - - [14/May/2026:14:21:50 +0530] "GET /dist/font-awesome.min.css HTTP/2.0" 304 - "https://rms.cafsjobs.com/enrolment/" "Mozilla/5.0 (iPhone; CPU iPhone OS 18_6_2 like Mac OS X) AppleWebKit/605.1.15 (KHTML, like Gecko) CriOS/148.0.7778.100 Mobile/15E148 Safari/604.1"
157.51.120.32 - - [14/May/2026:14:21:50 +0530] "GET /dist/opensourcepos.min.js?rel=20191228 HTTP/2.0" 304 - "https://rms.cafsjobs.com/enrolment/" "Mozilla/5.0 (iPhone; CPU iPhone OS 18_6_2 like Mac OS X) AppleWebKit/605.1.15 (KHTML, like Gecko) CriOS/148.0.7778.100 Mobile/15E148 Safari/604.1"
157.51.120.32 - - [14/May/2026:14:21:50 +0530] "GET /dist/jquery-ui.css HTTP/2.0" 304 - "https://rms.cafsjobs.com/enrolment/" "Mozilla/5.0 (iPhone; CPU iPhone OS 18_6_2 like Mac OS X) AppleWebKit/605.1.15 (KHTML, like Gecko) CriOS/148.0.7778.100 Mobile/15E148 Safari/604.1"
157.51.120.32 - - [14/May/2026:14:21:50 +0530] "GET /dist/toastr/toastr.js HTTP/2.0" 304 - "https://rms.cafsjobs.com/enrolment/" "Mozilla/5.0 (iPhone; CPU iPhone OS 18_6_2 like Mac OS X) AppleWebKit/605.1.15 (KHTML, like Gecko) CriOS/148.0.7778.100 Mobile/15E148 Safari/604.1"
157.51.120.32 - - [14/May/2026:14:21:50 +0530] "GET /dist/jquery_confirm/jquery-confirm.min.js HTTP/2.0" 304 - "https://rms.cafsjobs.com/enrolment/" "Mozilla/5.0 (iPhone; CPU iPhone OS 18_6_2 like Mac OS X) AppleWebKit/605.1.15 (KHTML, like Gecko) CriOS/148.0.7778.100 Mobile/15E148 Safari/604.1"
157.51.120.32 - - [14/May/2026:14:21:50 +0530] "GET /dist/data_table/datatables.min.css HTTP/2.0" 304 - "https://rms.cafsjobs.com/enrolment/" "Mozilla/5.0 (iPhone; CPU iPhone OS 18_6_2 like Mac OS X) AppleWebKit/605.1.15 (KHTML, like Gecko) CriOS/148.0.7778.100 Mobile/15E148 Safari/604.1"
157.51.120.32 - - [14/May/2026:14:21:50 +0530] "GET /dist/bootstrap-datetimepicker-master/build/css/bootstrap-datetimepicker.min.css HTTP/2.0" 304 - "https://rms.cafsjobs.com/enrolment/" "Mozilla/5.0 (iPhone; CPU iPhone OS 18_6_2 like Mac OS X) AppleWebKit/605.1.15 (KHTML, like Gecko) CriOS/148.0.7778.100 Mobile/15E148 Safari/604.1"
157.51.120.32 - - [14/May/2026:14:21:50 +0530] "GET /dist/select2/dist/js/select2.full.min.js HTTP/2.0" 304 - "https://rms.cafsjobs.com/enrolment/" "Mozilla/5.0 (iPhone; CPU iPhone OS 18_6_2 like Mac OS X) AppleWebKit/605.1.15 (KHTML, like Gecko) CriOS/148.0.7778.100 Mobile/15E148 Safari/604.1"
157.51.120.32 - - [14/May/2026:14:21:50 +0530] "GET /dist/data_table/datatables.min.js HTTP/2.0" 304 - "https://rms.cafsjobs.com/enrolment/" "Mozilla/5.0 (iPhone; CPU iPhone OS 18_6_2 like Mac OS X) AppleWebKit/605.1.15 (KHTML, like Gecko) CriOS/148.0.7778.100 Mobile/15E148 Safari/604.1"
157.51.120.32 - - [14/May/2026:14:21:50 +0530] "GET /dist/jquery_confirm/jquery-confirm.min.css HTTP/2.0" 304 - "https://rms.cafsjobs.com/enrolment/" "Mozilla/5.0 (iPhone; CPU iPhone OS 18_6_2 like Mac OS X) AppleWebKit/605.1.15 (KHTML, like Gecko) CriOS/148.0.7778.100 Mobile/15E148 Safari/604.1"
157.51.120.32 - - [14/May/2026:14:21:50 +0530] "GET /enrolment/asset/images/employment.jpeg HTTP/2.0" 304 - "https://rms.cafsjobs.com/enrolment/" "Mozilla/5.0 (iPhone; CPU iPhone OS 18_6_2 like Mac OS X) AppleWebKit/605.1.15 (KHTML, like Gecko) CriOS/148.0.7778.100 Mobile/15E148 Safari/604.1"
157.51.120.32 - - [14/May/2026:14:21:50 +0530] "GET /fonts/fontawesome-webfont.woff2?v=4.7.0 HTTP/2.0" 304 - "https://rms.cafsjobs.com/enrolment/" "Mozilla/5.0 (iPhone; CPU iPhone OS 18_6_2 like Mac OS X) AppleWebKit/605.1.15 (KHTML, like Gecko) CriOS/148.0.7778.100 Mobile/15E148 Safari/604.1"
157.51.120.32 - - [14/May/2026:14:21:58 +0530] "POST /enrolment/enrolment_callback.php?frm=exit_number HTTP/2.0" 200 58 "https://rms.cafsjobs.com/enrolment/" "Mozilla/5.0 (iPhone; CPU iPhone OS 18_6_2 like Mac OS X) AppleWebKit/605.1.15 (KHTML, like Gecko) CriOS/148.0.7778.100 Mobile/15E148 Safari/604.1"
157.51.120.106 - - [14/May/2026:14:22:27 +0530] "POST /enrolment/enrolment_callback.php?frm=clear_session HTTP/2.0" 200 16 "https://rms.cafsjobs.com/enrolment/" "Mozilla/5.0 (iPhone; CPU iPhone OS 18_6_2 like Mac OS X) AppleWebKit/605.1.15 (KHTML, like Gecko) CriOS/148.0.7778.100 Mobile/15E148 Safari/604.1"
157.51.120.106 - - [14/May/2026:14:22:28 +0530] "GET /enrolment/ HTTP/2.0" 200 78324 "https://rms.cafsjobs.com/enrolment/" "Mozilla/5.0 (iPhone; CPU iPhone OS 18_6_2 like Mac OS X) AppleWebKit/605.1.15 (KHTML, like Gecko) CriOS/148.0.7778.100 Mobile/15E148 Safari/604.1"
157.51.120.106 - - [14/May/2026:14:22:29 +0530] "GET /dist/bootstrap.min.css?rel=20191228 HTTP/2.0" 304 - "https://rms.cafsjobs.com/enrolment/" "Mozilla/5.0 (iPhone; CPU iPhone OS 18_6_2 like Mac OS X) AppleWebKit/605.1.15 (KHTML, like Gecko) CriOS/148.0.7778.100 Mobile/15E148 Safari/604.1"
157.51.120.106 - - [14/May/2026:14:22:29 +0530] "GET /dist/cafs_rms.css?rel=20191228 HTTP/2.0" 304 - "https://rms.cafsjobs.com/enrolment/" "Mozilla/5.0 (iPhone; CPU iPhone OS 18_6_2 like Mac OS X) AppleWebKit/605.1.15 (KHTML, like Gecko) CriOS/148.0.7778.100 Mobile/15E148 Safari/604.1"
157.51.120.106 - - [14/May/2026:14:22:29 +0530] "GET /dist/toastr/toastr.css HTTP/2.0" 304 - "https://rms.cafsjobs.com/enrolment/" "Mozilla/5.0 (iPhone; CPU iPhone OS 18_6_2 like Mac OS X) AppleWebKit/605.1.15 (KHTML, like Gecko) CriOS/148.0.7778.100 Mobile/15E148 Safari/604.1"
157.51.120.106 - - [14/May/2026:14:22:29 +0530] "GET /dist/bootstrap-datetimepicker-master/build/css/bootstrap-datetimepicker.min.css HTTP/2.0" 304 - "https://rms.cafsjobs.com/enrolment/" "Mozilla/5.0 (iPhone; CPU iPhone OS 18_6_2 like Mac OS X) AppleWebKit/605.1.15 (KHTML, like Gecko) CriOS/148.0.7778.100 Mobile/15E148 Safari/604.1"
157.51.120.106 - - [14/May/2026:14:22:29 +0530] "GET /dist/data_table/datatables.min.css HTTP/2.0" 304 - "https://rms.cafsjobs.com/enrolment/" "Mozilla/5.0 (iPhone; CPU iPhone OS 18_6_2 like Mac OS X) AppleWebKit/605.1.15 (KHTML, like Gecko) CriOS/148.0.7778.100 Mobile/15E148 Safari/604.1"
157.51.120.106 - - [14/May/2026:14:22:29 +0530] "GET /dist/jquery-typeahead/dist/jquery.typeahead.min.js HTTP/2.0" 304 - "https://rms.cafsjobs.com/enrolment/" "Mozilla/5.0 (iPhone; CPU iPhone OS 18_6_2 like Mac OS X) AppleWebKit/605.1.15 (KHTML, like Gecko) CriOS/148.0.7778.100 Mobile/15E148 Safari/604.1"
157.51.120.106 - - [14/May/2026:14:22:29 +0530] "GET /dist/toastr/toastr.js HTTP/2.0" 304 - "https://rms.cafsjobs.com/enrolment/" "Mozilla/5.0 (iPhone; CPU iPhone OS 18_6_2 like Mac OS X) AppleWebKit/605.1.15 (KHTML, like Gecko) CriOS/148.0.7778.100 Mobile/15E148 Safari/604.1"
157.51.120.106 - - [14/May/2026:14:22:29 +0530] "GET /dist/select2/dist/js/select2.full.min.js HTTP/2.0" 304 - "https://rms.cafsjobs.com/enrolment/" "Mozilla/5.0 (iPhone; CPU iPhone OS 18_6_2 like Mac OS X) AppleWebKit/605.1.15 (KHTML, like Gecko) CriOS/148.0.7778.100 Mobile/15E148 Safari/604.1"
157.51.120.106 - - [14/May/2026:14:22:29 +0530] "GET /dist/select2/dist/css/select2.min.css HTTP/2.0" 304 - "https://rms.cafsjobs.com/enrolment/" "Mozilla/5.0 (iPhone; CPU iPhone OS 18_6_2 like Mac OS X) AppleWebKit/605.1.15 (KHTML, like Gecko) CriOS/148.0.7778.100 Mobile/15E148 Safari/604.1"
157.51.120.106 - - [14/May/2026:14:22:29 +0530] "GET /dist/jquery_confirm/jquery-confirm.min.css HTTP/2.0" 304 - "https://rms.cafsjobs.com/enrolment/" "Mozilla/5.0 (iPhone; CPU iPhone OS 18_6_2 like Mac OS X) AppleWebKit/605.1.15 (KHTML, like Gecko) CriOS/148.0.7778.100 Mobile/15E148 Safari/604.1"
157.51.120.106 - - [14/May/2026:14:22:29 +0530] "GET /dist/font-awesome.min.css HTTP/2.0" 304 - "https://rms.cafsjobs.com/enrolment/" "Mozilla/5.0 (iPhone; CPU iPhone OS 18_6_2 like Mac OS X) AppleWebKit/605.1.15 (KHTML, like Gecko) CriOS/148.0.7778.100 Mobile/15E148 Safari/604.1"
157.51.120.106 - - [14/May/2026:14:22:29 +0530] "GET /dist/bootstrap-datetimepicker-master/build/js/bootstrap-datetimepicker.min.js HTTP/2.0" 304 - "https://rms.cafsjobs.com/enrolment/" "Mozilla/5.0 (iPhone; CPU iPhone OS 18_6_2 like Mac OS X) AppleWebKit/605.1.15 (KHTML, like Gecko) CriOS/148.0.7778.100 Mobile/15E148 Safari/604.1"
157.51.120.106 - - [14/May/2026:14:22:29 +0530] "GET /dist/jquery_confirm/jquery-confirm.min.js HTTP/2.0" 304 - "https://rms.cafsjobs.com/enrolment/" "Mozilla/5.0 (iPhone; CPU iPhone OS 18_6_2 like Mac OS X) AppleWebKit/605.1.15 (KHTML, like Gecko) CriOS/148.0.7778.100 Mobile/15E148 Safari/604.1"
157.51.120.106 - - [14/May/2026:14:22:29 +0530] "GET /dist/data_table/datatables.min.js HTTP/2.0" 304 - "https://rms.cafsjobs.com/enrolment/" "Mozilla/5.0 (iPhone; CPU iPhone OS 18_6_2 like Mac OS X) AppleWebKit/605.1.15 (KHTML, like Gecko) CriOS/148.0.7778.100 Mobile/15E148 Safari/604.1"
157.51.120.106 - - [14/May/2026:14:22:29 +0530] "GET /dist/jquery-ui.css HTTP/2.0" 304 - "https://rms.cafsjobs.com/enrolment/" "Mozilla/5.0 (iPhone; CPU iPhone OS 18_6_2 like Mac OS X) AppleWebKit/605.1.15 (KHTML, like Gecko) CriOS/148.0.7778.100 Mobile/15E148 Safari/604.1"
157.51.120.106 - - [14/May/2026:14:22:29 +0530] "GET /dist/validate.js?rel=20191228 HTTP/2.0" 304 - "https://rms.cafsjobs.com/enrolment/" "Mozilla/5.0 (iPhone; CPU iPhone OS 18_6_2 like Mac OS X) AppleWebKit/605.1.15 (KHTML, like Gecko) CriOS/148.0.7778.100 Mobile/15E148 Safari/604.1"
157.51.120.106 - - [14/May/2026:14:22:29 +0530] "GET /dist/opensourcepos.min.js?rel=20191228 HTTP/2.0" 304 - "https://rms.cafsjobs.com/enrolment/" "Mozilla/5.0 (iPhone; CPU iPhone OS 18_6_2 like Mac OS X) AppleWebKit/605.1.15 (KHTML, like Gecko) CriOS/148.0.7778.100 Mobile/15E148 Safari/604.1"
157.51.120.106 - - [14/May/2026:14:22:29 +0530] "GET /fonts/fontawesome-webfont.woff2?v=4.7.0 HTTP/2.0" 304 - "https://rms.cafsjobs.com/enrolment/" "Mozilla/5.0 (iPhone; CPU iPhone OS 18_6_2 like Mac OS X) AppleWebKit/605.1.15 (KHTML, like Gecko) CriOS/148.0.7778.100 Mobile/15E148 Safari/604.1"
157.51.120.106 - - [14/May/2026:14:22:29 +0530] "GET /enrolment/asset/images/employment.jpeg HTTP/2.0" 304 - "https://rms.cafsjobs.com/enrolment/" "Mozilla/5.0 (iPhone; CPU iPhone OS 18_6_2 like Mac OS X) AppleWebKit/605.1.15 (KHTML, like Gecko) CriOS/148.0.7778.100 Mobile/15E148 Safari/604.1"
106.192.172.220 - - [14/May/2026:14:26:02 +0530] "GET /enrolment/ HTTP/2.0" 200 78324 "android-app://com.google.android.googlequicksearchbox/" "Mozilla/5.0 (Linux; Android 10; K) AppleWebKit/537.36 (KHTML, like Gecko) Chrome/147.0.0.0 Mobile Safari/537.36"
106.192.172.220 - - [14/May/2026:14:26:04 +0530] "GET /favicon.ico HTTP/2.0" 404 - "https://rms.cafsjobs.com/enrolment/" "Mozilla/5.0 (Linux; Android 10; K) AppleWebKit/537.36 (KHTML, like Gecko) Chrome/147.0.0.0 Mobile Safari/537.36"
106.192.172.220 - - [14/May/2026:14:26:08 +0530] "POST /enrolment/enrolment_callback.php?frm=exit_number HTTP/2.0" 200 2786 "https://rms.cafsjobs.com/enrolment/" "Mozilla/5.0 (Linux; Android 10; K) AppleWebKit/537.36 (KHTML, like Gecko) Chrome/147.0.0.0 Mobile Safari/537.36"
106.192.172.220 - - [14/May/2026:14:26:19 +0530] "POST /enrolment/enrolment_callback.php?frm=get_position HTTP/2.0" 200 461 "https://rms.cafsjobs.com/enrolment/" "Mozilla/5.0 (Linux; Android 10; K) AppleWebKit/537.36 (KHTML, like Gecko) Chrome/147.0.0.0 Mobile Safari/537.36"
106.192.172.220 - - [14/May/2026:14:26:41 +0530] "POST /enrolment/enrolment_callback.php?frm=calculation_suggest HTTP/2.0" 200 12 "https://rms.cafsjobs.com/enrolment/" "Mozilla/5.0 (Linux; Android 10; K) AppleWebKit/537.36 (KHTML, like Gecko) Chrome/147.0.0.0 Mobile Safari/537.36"
106.192.172.220 - - [14/May/2026:14:26:41 +0530] "POST /enrolment/enrolment_callback.php?frm=calculation_suggest HTTP/2.0" 200 12 "https://rms.cafsjobs.com/enrolment/" "Mozilla/5.0 (Linux; Android 10; K) AppleWebKit/537.36 (KHTML, like Gecko) Chrome/147.0.0.0 Mobile Safari/537.36"
106.192.172.220 - - [14/May/2026:14:26:41 +0530] "POST /enrolment/enrolment_callback.php?frm=check_dob_exist HTTP/2.0" 200 34 "https://rms.cafsjobs.com/enrolment/" "Mozilla/5.0 (Linux; Android 10; K) AppleWebKit/537.36 (KHTML, like Gecko) Chrome/147.0.0.0 Mobile Safari/537.36"
106.192.172.220 - - [14/May/2026:14:28:18 +0530] "POST /enrolment/enrolment_callback.php?frm=interview_slot_check HTTP/2.0" 200 43 "https://rms.cafsjobs.com/enrolment/" "Mozilla/5.0 (Linux; Android 10; K) AppleWebKit/537.36 (KHTML, like Gecko) Chrome/147.0.0.0 Mobile Safari/537.36"
106.192.172.220 - - [14/May/2026:14:28:23 +0530] "POST /enrolment/enrolment_callback.php?frm=company_location_tab HTTP/2.0" 200 167 "https://rms.cafsjobs.com/enrolment/" "Mozilla/5.0 (Linux; Android 10; K) AppleWebKit/537.36 (KHTML, like Gecko) Chrome/147.0.0.0 Mobile Safari/537.36"
106.192.172.220 - - [14/May/2026:14:31:13 +0530] "GET /enrolment/ HTTP/2.0" 200 78324 "android-app://com.google.android.googlequicksearchbox/" "Mozilla/5.0 (Linux; Android 10; K) AppleWebKit/537.36 (KHTML, like Gecko) Chrome/147.0.0.0 Mobile Safari/537.36"
106.192.172.220 - - [14/May/2026:14:31:18 +0530] "POST /enrolment/enrolment_callback.php?frm=exit_number HTTP/2.0" 200 2786 "https://rms.cafsjobs.com/enrolment/" "Mozilla/5.0 (Linux; Android 10; K) AppleWebKit/537.36 (KHTML, like Gecko) Chrome/147.0.0.0 Mobile Safari/537.36"
106.192.172.220 - - [14/May/2026:14:31:57 +0530] "POST /enrolment/enrolment_callback.php?frm=get_position HTTP/2.0" 200 461 "https://rms.cafsjobs.com/enrolment/" "Mozilla/5.0 (Linux; Android 10; K) AppleWebKit/537.36 (KHTML, like Gecko) Chrome/147.0.0.0 Mobile Safari/537.36"
106.192.172.220 - - [14/May/2026:14:32:59 +0530] "POST /enrolment/enrolment_callback.php?frm=calculation_suggest HTTP/2.0" 200 12 "https://rms.cafsjobs.com/enrolment/" "Mozilla/5.0 (Linux; Android 10; K) AppleWebKit/537.36 (KHTML, like Gecko) Chrome/147.0.0.0 Mobile Safari/537.36"
106.192.172.220 - - [14/May/2026:14:32:59 +0530] "POST /enrolment/enrolment_callback.php?frm=check_dob_exist HTTP/2.0" 200 34 "https://rms.cafsjobs.com/enrolment/" "Mozilla/5.0 (Linux; Android 10; K) AppleWebKit/537.36 (KHTML, like Gecko) Chrome/147.0.0.0 Mobile Safari/537.36"
106.192.172.220 - - [14/May/2026:14:34:01 +0530] "POST /enrolment/enrolment_callback.php?frm=interview_slot_check HTTP/2.0" 200 43 "https://rms.cafsjobs.com/enrolment/" "Mozilla/5.0 (Linux; Android 10; K) AppleWebKit/537.36 (KHTML, like Gecko) Chrome/147.0.0.0 Mobile Safari/537.36"
106.192.172.220 - - [14/May/2026:14:34:08 +0530] "POST /enrolment/enrolment_callback.php?frm=company_location_tab HTTP/2.0" 200 167 "https://rms.cafsjobs.com/enrolment/" "Mozilla/5.0 (Linux; Android 10; K) AppleWebKit/537.36 (KHTML, like Gecko) Chrome/147.0.0.0 Mobile Safari/537.36"
106.192.172.220 - - [14/May/2026:14:35:47 +0530] "POST /enrolment/upload_files/upload.php?send_from=candidate_tracker&send_for=upload_sts_resume&extension=pdf,doc,docx HTTP/2.0" 200 120 "https://rms.cafsjobs.com/enrolment/" "Mozilla/5.0 (Linux; Android 10; K) AppleWebKit/537.36 (KHTML, like Gecko) Chrome/147.0.0.0 Mobile Safari/537.36"
106.222.220.59 - - [14/May/2026:14:39:53 +0530] "GET /index.php/candidate_tracker HTTP/2.0" 200 54446 "https://rms.cafsjobs.com/index.php/home" "Mozilla/5.0 (Windows NT 10.0; Win64; x64) AppleWebKit/537.36 (KHTML, like Gecko) Chrome/148.0.0.0 Safari/537.36"
106.222.220.59 - - [14/May/2026:14:39:54 +0530] "POST /index.php/candidate_tracker/search HTTP/2.0" 200 12651 "https://rms.cafsjobs.com/index.php/candidate_tracker" "Mozilla/5.0 (Windows NT 10.0; Win64; x64) AppleWebKit/537.36 (KHTML, like Gecko) Chrome/148.0.0.0 Safari/537.36"
106.222.220.59 - - [14/May/2026:14:39:59 +0530] "POST /index.php/candidate_tracker/view/23173 HTTP/2.0" 200 93766 "https://rms.cafsjobs.com/index.php/candidate_tracker" "Mozilla/5.0 (Windows NT 10.0; Win64; x64) AppleWebKit/537.36 (KHTML, like Gecko) Chrome/148.0.0.0 Safari/537.36"
106.222.220.59 - - [14/May/2026:14:41:32 +0530] "GET /index.php/candidate_tracker HTTP/2.0" 200 54446 "https://rms.cafsjobs.com/index.php/home" "Mozilla/5.0 (Windows NT 10.0; Win64; x64) AppleWebKit/537.36 (KHTML, like Gecko) Chrome/148.0.0.0 Safari/537.36"
106.222.220.59 - - [14/May/2026:14:41:33 +0530] "POST /index.php/candidate_tracker/search HTTP/2.0" 200 12651 "https://rms.cafsjobs.com/index.php/candidate_tracker" "Mozilla/5.0 (Windows NT 10.0; Win64; x64) AppleWebKit/537.36 (KHTML, like Gecko) Chrome/148.0.0.0 Safari/537.36"
106.222.220.59 - - [14/May/2026:14:42:12 +0530] "GET /enrolment/ HTTP/1.1" 200 78324 "-" "WhatsApp/2.23.20.0"
157.51.87.60 - - [14/May/2026:14:42:45 +0530] "GET /favicon.ico HTTP/2.0" 404 - "https://rms.cafsjobs.com/enrolment/" "Mozilla/5.0 (Linux; Android 10; K) AppleWebKit/537.36 (KHTML, like Gecko) Chrome/148.0.0.0 Mobile Safari/537.36"
103.238.228.178 - - [14/May/2026:14:43:21 +0530] "POST /index.php/candidate_tracker/search HTTP/2.0" 302 - "https://rms.cafsjobs.com/index.php/candidate_tracker" "Mozilla/5.0 (Windows NT 10.0; Win64; x64) AppleWebKit/537.36 (KHTML, like Gecko) Chrome/148.0.0.0 Safari/537.36 Edg/148.0.0.0"
103.238.228.178 - - [14/May/2026:14:43:21 +0530] "GET /index.php/login HTTP/2.0" 200 11882 "https://rms.cafsjobs.com/index.php/candidate_tracker" "Mozilla/5.0 (Windows NT 10.0; Win64; x64) AppleWebKit/537.36 (KHTML, like Gecko) Chrome/148.0.0.0 Safari/537.36 Edg/148.0.0.0"
223.185.200.254 - - [14/May/2026:14:43:36 +0530] "GET /enrolment/ HTTP/2.0" 200 78324 "android-app://com.google.android.googlequicksearchbox/" "Mozilla/5.0 (Linux; Android 10; K) AppleWebKit/537.36 (KHTML, like Gecko) Chrome/147.0.0.0 Mobile Safari/537.36"
223.185.200.254 - - [14/May/2026:14:43:47 +0530] "POST /enrolment/enrolment_callback.php?frm=exit_number HTTP/2.0" 200 2786 "https://rms.cafsjobs.com/enrolment/" "Mozilla/5.0 (Linux; Android 10; K) AppleWebKit/537.36 (KHTML, like Gecko) Chrome/147.0.0.0 Mobile Safari/537.36"
103.238.228.178 - - [14/May/2026:14:46:30 +0530] "GET /index.php/candidate_tracker HTTP/2.0" 302 - "https://rms.cafsjobs.com/index.php/home" "Mozilla/5.0 (Windows NT 10.0; Win64; x64) AppleWebKit/537.36 (KHTML, like Gecko) Chrome/148.0.0.0 Safari/537.36 Edg/148.0.0.0"
103.238.228.178 - - [14/May/2026:14:46:30 +0530] "GET /index.php/login HTTP/2.0" 200 11882 "https://rms.cafsjobs.com/index.php/home" "Mozilla/5.0 (Windows NT 10.0; Win64; x64) AppleWebKit/537.36 (KHTML, like Gecko) Chrome/148.0.0.0 Safari/537.36 Edg/148.0.0.0"
103.238.228.178 - - [14/May/2026:14:46:33 +0530] "POST /index.php/login/corp_login/ HTTP/2.0" 200 46 "https://rms.cafsjobs.com/index.php/login" "Mozilla/5.0 (Windows NT 10.0; Win64; x64) AppleWebKit/537.36 (KHTML, like Gecko) Chrome/148.0.0.0 Safari/537.36 Edg/148.0.0.0"
103.238.228.178 - - [14/May/2026:14:46:34 +0530] "GET /index.php/login HTTP/2.0" 302 - "https://rms.cafsjobs.com/index.php/login" "Mozilla/5.0 (Windows NT 10.0; Win64; x64) AppleWebKit/537.36 (KHTML, like Gecko) Chrome/148.0.0.0 Safari/537.36 Edg/148.0.0.0"
103.238.228.178 - - [14/May/2026:14:46:34 +0530] "GET /index.php/home HTTP/2.0" 200 13096 "https://rms.cafsjobs.com/index.php/login" "Mozilla/5.0 (Windows NT 10.0; Win64; x64) AppleWebKit/537.36 (KHTML, like Gecko) Chrome/148.0.0.0 Safari/537.36 Edg/148.0.0.0"
103.238.228.178 - - [14/May/2026:14:46:34 +0530] "GET /dist/highcharts/modules_export-data.js HTTP/2.0" 404 - "https://rms.cafsjobs.com/index.php/home" "Mozilla/5.0 (Windows NT 10.0; Win64; x64) AppleWebKit/537.36 (KHTML, like Gecko) Chrome/148.0.0.0 Safari/537.36 Edg/148.0.0.0"
103.238.228.178 - - [14/May/2026:14:46:34 +0530] "GET /dist/highcharts/highchartnodata.js HTTP/2.0" 404 - "https://rms.cafsjobs.com/index.php/home" "Mozilla/5.0 (Windows NT 10.0; Win64; x64) AppleWebKit/537.36 (KHTML, like Gecko) Chrome/148.0.0.0 Safari/537.36 Edg/148.0.0.0"
103.238.228.178 - - [14/May/2026:14:46:38 +0530] "GET /index.php/candidate_tracker HTTP/2.0" 200 54446 "https://rms.cafsjobs.com/index.php/home" "Mozilla/5.0 (Windows NT 10.0; Win64; x64) AppleWebKit/537.36 (KHTML, like Gecko) Chrome/148.0.0.0 Safari/537.36 Edg/148.0.0.0"
103.238.228.178 - - [14/May/2026:14:46:39 +0530] "POST /index.php/candidate_tracker/search HTTP/2.0" 200 12651 "https://rms.cafsjobs.com/index.php/candidate_tracker" "Mozilla/5.0 (Windows NT 10.0; Win64; x64) AppleWebKit/537.36 (KHTML, like Gecko) Chrome/148.0.0.0 Safari/537.36 Edg/148.0.0.0"
157.51.161.20 - - [14/May/2026:14:46:42 +0530] "GET /favicon.ico HTTP/2.0" 404 - "https://rms.cafsjobs.com/enrolment/" "Mozilla/5.0 (Linux; Android 10; K) AppleWebKit/537.36 (KHTML, like Gecko) Chrome/145.0.0.0 Mobile Safari/537.36"
103.238.228.178 - - [14/May/2026:14:46:52 +0530] "POST /index.php/candidate_tracker/view/30050 HTTP/2.0" 200 98633 "https://rms.cafsjobs.com/index.php/candidate_tracker" "Mozilla/5.0 (Windows NT 10.0; Win64; x64) AppleWebKit/537.36 (KHTML, like Gecko) Chrome/148.0.0.0 Safari/537.36 Edg/148.0.0.0"
103.238.228.178 - - [14/May/2026:14:47:08 +0530] "POST /index.php/candidate_tracker/save/30050 HTTP/2.0" 200 67 "https://rms.cafsjobs.com/index.php/candidate_tracker" "Mozilla/5.0 (Windows NT 10.0; Win64; x64) AppleWebKit/537.36 (KHTML, like Gecko) Chrome/148.0.0.0 Safari/537.36 Edg/148.0.0.0"
103.238.228.178 - - [14/May/2026:14:47:08 +0530] "POST /index.php/candidate_tracker/search HTTP/2.0" 200 12657 "https://rms.cafsjobs.com/index.php/candidate_tracker" "Mozilla/5.0 (Windows NT 10.0; Win64; x64) AppleWebKit/537.36 (KHTML, like Gecko) Chrome/148.0.0.0 Safari/537.36 Edg/148.0.0.0"
103.238.228.178 - - [14/May/2026:14:47:17 +0530] "POST /index.php/candidate_tracker/view/30014 HTTP/2.0" 200 90139 "https://rms.cafsjobs.com/index.php/candidate_tracker" "Mozilla/5.0 (Windows NT 10.0; Win64; x64) AppleWebKit/537.36 (KHTML, like Gecko) Chrome/148.0.0.0 Safari/537.36 Edg/148.0.0.0"
103.238.228.178 - - [14/May/2026:14:47:24 +0530] "POST /index.php/candidate_tracker/save/30014 HTTP/2.0" 200 67 "https://rms.cafsjobs.com/index.php/candidate_tracker" "Mozilla/5.0 (Windows NT 10.0; Win64; x64) AppleWebKit/537.36 (KHTML, like Gecko) Chrome/148.0.0.0 Safari/537.36 Edg/148.0.0.0"
103.238.228.178 - - [14/May/2026:14:47:24 +0530] "POST /index.php/candidate_tracker/search HTTP/2.0" 200 12663 "https://rms.cafsjobs.com/index.php/candidate_tracker" "Mozilla/5.0 (Windows NT 10.0; Win64; x64) AppleWebKit/537.36 (KHTML, like Gecko) Chrome/148.0.0.0 Safari/537.36 Edg/148.0.0.0"
103.238.228.178 - - [14/May/2026:14:47:31 +0530] "POST /index.php/candidate_tracker/view/30045 HTTP/2.0" 200 92046 "https://rms.cafsjobs.com/index.php/candidate_tracker" "Mozilla/5.0 (Windows NT 10.0; Win64; x64) AppleWebKit/537.36 (KHTML, like Gecko) Chrome/148.0.0.0 Safari/537.36 Edg/148.0.0.0"
223.185.200.254 - - [14/May/2026:14:48:03 +0530] "GET /enrolment/ HTTP/2.0" 200 78324 "android-app://com.google.android.googlequicksearchbox/" "Mozilla/5.0 (Linux; Android 10; K) AppleWebKit/537.36 (KHTML, like Gecko) Chrome/147.0.0.0 Mobile Safari/537.36"
223.185.200.254 - - [14/May/2026:14:48:05 +0530] "GET /favicon.ico HTTP/2.0" 404 - "https://rms.cafsjobs.com/enrolment/" "Mozilla/5.0 (Linux; Android 10; K) AppleWebKit/537.36 (KHTML, like Gecko) Chrome/147.0.0.0 Mobile Safari/537.36"
223.185.200.254 - - [14/May/2026:14:48:12 +0530] "POST /enrolment/enrolment_callback.php?frm=exit_number HTTP/2.0" 200 2786 "https://rms.cafsjobs.com/enrolment/" "Mozilla/5.0 (Linux; Android 10; K) AppleWebKit/537.36 (KHTML, like Gecko) Chrome/147.0.0.0 Mobile Safari/537.36"
106.219.181.207 - - [14/May/2026:14:48:16 +0530] "GET /index.php/home HTTP/2.0" 302 - "-" "Mozilla/5.0 (Windows NT 10.0; Win64; x64) AppleWebKit/537.36 (KHTML, like Gecko) Chrome/147.0.0.0 Safari/537.36"
106.219.181.207 - - [14/May/2026:14:48:16 +0530] "GET /index.php/login HTTP/2.0" 200 11882 "-" "Mozilla/5.0 (Windows NT 10.0; Win64; x64) AppleWebKit/537.36 (KHTML, like Gecko) Chrome/147.0.0.0 Safari/537.36"
106.219.181.207 - - [14/May/2026:14:48:19 +0530] "POST /index.php/login/corp_login/ HTTP/2.0" 200 46 "https://rms.cafsjobs.com/index.php/login" "Mozilla/5.0 (Windows NT 10.0; Win64; x64) AppleWebKit/537.36 (KHTML, like Gecko) Chrome/147.0.0.0 Safari/537.36"
106.219.181.207 - - [14/May/2026:14:48:19 +0530] "GET /index.php/login HTTP/2.0" 302 - "https://rms.cafsjobs.com/index.php/login" "Mozilla/5.0 (Windows NT 10.0; Win64; x64) AppleWebKit/537.36 (KHTML, like Gecko) Chrome/147.0.0.0 Safari/537.36"
106.219.181.207 - - [14/May/2026:14:48:19 +0530] "GET /index.php/home HTTP/2.0" 200 13105 "https://rms.cafsjobs.com/index.php/login" "Mozilla/5.0 (Windows NT 10.0; Win64; x64) AppleWebKit/537.36 (KHTML, like Gecko) Chrome/147.0.0.0 Safari/537.36"
106.219.181.207 - - [14/May/2026:14:48:19 +0530] "GET /dist/highcharts/highchartnodata.js HTTP/2.0" 404 - "https://rms.cafsjobs.com/index.php/home" "Mozilla/5.0 (Windows NT 10.0; Win64; x64) AppleWebKit/537.36 (KHTML, like Gecko) Chrome/147.0.0.0 Safari/537.36"
106.219.181.207 - - [14/May/2026:14:48:19 +0530] "GET /dist/highcharts/modules_export-data.js HTTP/2.0" 404 - "https://rms.cafsjobs.com/index.php/home" "Mozilla/5.0 (Windows NT 10.0; Win64; x64) AppleWebKit/537.36 (KHTML, like Gecko) Chrome/147.0.0.0 Safari/537.36"
106.219.181.207 - - [14/May/2026:14:48:20 +0530] "POST /index.php/home/get_candidate_sts_info HTTP/2.0" 200 1216 "https://rms.cafsjobs.com/index.php/home" "Mozilla/5.0 (Windows NT 10.0; Win64; x64) AppleWebKit/537.36 (KHTML, like Gecko) Chrome/147.0.0.0 Safari/537.36"
106.219.181.207 - - [14/May/2026:14:48:20 +0530] "POST /index.php/home/candidate_sts_chart HTTP/2.0" 200 30 "https://rms.cafsjobs.com/index.php/home" "Mozilla/5.0 (Windows NT 10.0; Win64; x64) AppleWebKit/537.36 (KHTML, like Gecko) Chrome/147.0.0.0 Safari/537.36"
106.219.181.207 - - [14/May/2026:14:48:25 +0530] "POST /index.php/home/candiate_reason HTTP/2.0" 200 703 "https://rms.cafsjobs.com/index.php/home" "Mozilla/5.0 (Windows NT 10.0; Win64; x64) AppleWebKit/537.36 (KHTML, like Gecko) Chrome/147.0.0.0 Safari/537.36"
106.219.181.207 - - [14/May/2026:14:50:07 +0530] "GET /index.php/candidate_tracker HTTP/2.0" 200 62995 "https://rms.cafsjobs.com/index.php/home" "Mozilla/5.0 (Windows NT 10.0; Win64; x64) AppleWebKit/537.36 (KHTML, like Gecko) Chrome/147.0.0.0 Safari/537.36"
106.219.181.207 - - [14/May/2026:14:50:11 +0530] "POST /index.php/candidate_tracker/search HTTP/2.0" 200 61 "https://rms.cafsjobs.com/index.php/candidate_tracker" "Mozilla/5.0 (Windows NT 10.0; Win64; x64) AppleWebKit/537.36 (KHTML, like Gecko) Chrome/147.0.0.0 Safari/537.36"
103.238.228.178 - - [14/May/2026:14:50:53 +0530] "GET / HTTP/2.0" 200 11882 "-" "Mozilla/5.0 (Windows NT 10.0; Win64; x64) AppleWebKit/537.36 (KHTML, like Gecko) Chrome/147.0.0.0 Safari/537.36"
103.238.228.178 - - [14/May/2026:14:50:53 +0530] "GET /dist/bootstrap.min.css?rel=20260514 HTTP/2.0" 200 127391 "https://rms.cafsjobs.com/" "Mozilla/5.0 (Windows NT 10.0; Win64; x64) AppleWebKit/537.36 (KHTML, like Gecko) Chrome/147.0.0.0 Safari/537.36"
103.238.228.178 - - [14/May/2026:14:50:53 +0530] "GET /dist/cafs_rms.css?rel=20260514 HTTP/2.0" 200 33416 "https://rms.cafsjobs.com/" "Mozilla/5.0 (Windows NT 10.0; Win64; x64) AppleWebKit/537.36 (KHTML, like Gecko) Chrome/147.0.0.0 Safari/537.36"
103.238.228.178 - - [14/May/2026:14:50:53 +0530] "GET /dist/opensourcepos.min.js?rel=20260514 HTTP/2.0" 200 1471322 "https://rms.cafsjobs.com/" "Mozilla/5.0 (Windows NT 10.0; Win64; x64) AppleWebKit/537.36 (KHTML, like Gecko) Chrome/147.0.0.0 Safari/537.36"
103.238.228.178 - - [14/May/2026:14:50:53 +0530] "GET /dist/validate.js?rel=20260514 HTTP/2.0" 200 1455 "https://rms.cafsjobs.com/" "Mozilla/5.0 (Windows NT 10.0; Win64; x64) AppleWebKit/537.36 (KHTML, like Gecko) Chrome/147.0.0.0 Safari/537.36"
106.219.181.207 - - [14/May/2026:14:50:56 +0530] "GET /index.php/candidate_tracker HTTP/2.0" 200 62995 "https://rms.cafsjobs.com/index.php/candidate_tracker" "Mozilla/5.0 (Windows NT 10.0; Win64; x64) AppleWebKit/537.36 (KHTML, like Gecko) Chrome/147.0.0.0 Safari/537.36"
103.238.228.178 - - [14/May/2026:14:50:57 +0530] "POST /index.php/login/corp_login/ HTTP/2.0" 200 46 "https://rms.cafsjobs.com/" "Mozilla/5.0 (Windows NT 10.0; Win64; x64) AppleWebKit/537.36 (KHTML, like Gecko) Chrome/147.0.0.0 Safari/537.36"
103.238.228.178 - - [14/May/2026:14:50:57 +0530] "GET / HTTP/2.0" 302 - "https://rms.cafsjobs.com/" "Mozilla/5.0 (Windows NT 10.0; Win64; x64) AppleWebKit/537.36 (KHTML, like Gecko) Chrome/147.0.0.0 Safari/537.36"
103.238.228.178 - - [14/May/2026:14:50:58 +0530] "GET /index.php/home HTTP/2.0" 200 13246 "https://rms.cafsjobs.com/" "Mozilla/5.0 (Windows NT 10.0; Win64; x64) AppleWebKit/537.36 (KHTML, like Gecko) Chrome/147.0.0.0 Safari/537.36"
106.219.181.207 - - [14/May/2026:14:50:57 +0530] "POST /index.php/candidate_tracker/search HTTP/2.0" 200 61 "https://rms.cafsjobs.com/index.php/candidate_tracker" "Mozilla/5.0 (Windows NT 10.0; Win64; x64) AppleWebKit/537.36 (KHTML, like Gecko) Chrome/147.0.0.0 Safari/537.36"
103.238.228.178 - - [14/May/2026:14:50:59 +0530] "GET /dist/highcharts/highchartnodata.js HTTP/2.0" 404 - "https://rms.cafsjobs.com/index.php/home" "Mozilla/5.0 (Windows NT 10.0; Win64; x64) AppleWebKit/537.36 (KHTML, like Gecko) Chrome/147.0.0.0 Safari/537.36"
103.238.228.178 - - [14/May/2026:14:50:59 +0530] "GET /dist/highcharts/modules_export-data.js HTTP/2.0" 404 - "https://rms.cafsjobs.com/index.php/home" "Mozilla/5.0 (Windows NT 10.0; Win64; x64) AppleWebKit/537.36 (KHTML, like Gecko) Chrome/147.0.0.0 Safari/537.36"
103.238.228.178 - - [14/May/2026:14:51:05 +0530] "GET /index.php/candidate_tracker HTTP/2.0" 200 54313 "https://rms.cafsjobs.com/index.php/home" "Mozilla/5.0 (Windows NT 10.0; Win64; x64) AppleWebKit/537.36 (KHTML, like Gecko) Chrome/147.0.0.0 Safari/537.36"
103.238.228.178 - - [14/May/2026:14:51:07 +0530] "POST /index.php/candidate_tracker/search HTTP/2.0" 200 12663 "https://rms.cafsjobs.com/index.php/candidate_tracker" "Mozilla/5.0 (Windows NT 10.0; Win64; x64) AppleWebKit/537.36 (KHTML, like Gecko) Chrome/147.0.0.0 Safari/537.36"
106.219.181.207 - - [14/May/2026:14:51:08 +0530] "GET /index.php/candidate_tracker HTTP/2.0" 200 62995 "https://rms.cafsjobs.com/index.php/candidate_tracker" "Mozilla/5.0 (Windows NT 10.0; Win64; x64) AppleWebKit/537.36 (KHTML, like Gecko) Chrome/147.0.0.0 Safari/537.36"
106.219.181.207 - - [14/May/2026:14:51:09 +0530] "POST /index.php/candidate_tracker/search HTTP/2.0" 200 61 "https://rms.cafsjobs.com/index.php/candidate_tracker" "Mozilla/5.0 (Windows NT 10.0; Win64; x64) AppleWebKit/537.36 (KHTML, like Gecko) Chrome/147.0.0.0 Safari/537.36"
106.219.181.207 - - [14/May/2026:14:52:05 +0530] "POST /index.php/candidate_tracker/search HTTP/2.0" 200 61 "https://rms.cafsjobs.com/index.php/candidate_tracker" "Mozilla/5.0 (Windows NT 10.0; Win64; x64) AppleWebKit/537.36 (KHTML, like Gecko) Chrome/147.0.0.0 Safari/537.36"
103.238.228.178 - - [14/May/2026:14:52:15 +0530] "POST /index.php/candidate_tracker/view/30044 HTTP/2.0" 200 92939 "https://rms.cafsjobs.com/index.php/candidate_tracker" "Mozilla/5.0 (Windows NT 10.0; Win64; x64) AppleWebKit/537.36 (KHTML, like Gecko) Chrome/147.0.0.0 Safari/537.36"
106.222.220.59 - - [14/May/2026:14:52:24 +0530] "GET /enrolment HTTP/1.1" 301 283 "-" "WhatsApp/2.23.20.0"
106.222.220.59 - - [14/May/2026:14:52:24 +0530] "GET /enrolment/ HTTP/1.1" 200 78324 "-" "WhatsApp/2.23.20.0"
106.222.220.59 - - [14/May/2026:14:52:26 +0530] "GET /favicon.ico HTTP/1.1" 404 - "-" "WhatsApp/2.23.20.0"
106.222.223.136 - - [14/May/2026:14:55:05 +0530] "GET / HTTP/2.0" 302 - "-" "Mozilla/5.0 (Windows NT 10.0; Win64; x64) AppleWebKit/537.36 (KHTML, like Gecko) Chrome/148.0.0.0 Safari/537.36"
106.222.223.136 - - [14/May/2026:14:55:06 +0530] "GET /index.php/home HTTP/2.0" 200 13105 "-" "Mozilla/5.0 (Windows NT 10.0; Win64; x64) AppleWebKit/537.36 (KHTML, like Gecko) Chrome/148.0.0.0 Safari/537.36"
106.222.223.136 - - [14/May/2026:14:55:08 +0530] "GET /dist/highcharts/highchartnodata.js HTTP/2.0" 404 - "https://rms.cafsjobs.com/index.php/home" "Mozilla/5.0 (Windows NT 10.0; Win64; x64) AppleWebKit/537.36 (KHTML, like Gecko) Chrome/148.0.0.0 Safari/537.36"
106.222.223.136 - - [14/May/2026:14:55:08 +0530] "GET /dist/highcharts/modules_export-data.js HTTP/2.0" 404 - "https://rms.cafsjobs.com/index.php/home" "Mozilla/5.0 (Windows NT 10.0; Win64; x64) AppleWebKit/537.36 (KHTML, like Gecko) Chrome/148.0.0.0 Safari/537.36"
106.222.223.136 - - [14/May/2026:14:55:13 +0530] "GET /index.php/candidate_tracker HTTP/2.0" 200 53912 "https://rms.cafsjobs.com/index.php/home" "Mozilla/5.0 (Windows NT 10.0; Win64; x64) AppleWebKit/537.36 (KHTML, like Gecko) Chrome/148.0.0.0 Safari/537.36"
106.222.223.136 - - [14/May/2026:14:55:14 +0530] "POST /index.php/candidate_tracker/search HTTP/2.0" 200 61 "https://rms.cafsjobs.com/index.php/candidate_tracker" "Mozilla/5.0 (Windows NT 10.0; Win64; x64) AppleWebKit/537.36 (KHTML, like Gecko) Chrome/148.0.0.0 Safari/537.36"
106.222.223.136 - - [14/May/2026:14:55:17 +0530] "POST /index.php/candidate_tracker/search HTTP/2.0" 200 42268 "https://rms.cafsjobs.com/index.php/candidate_tracker" "Mozilla/5.0 (Windows NT 10.0; Win64; x64) AppleWebKit/537.36 (KHTML, like Gecko) Chrome/148.0.0.0 Safari/537.36"
106.222.223.136 - - [14/May/2026:14:55:22 +0530] "POST /index.php/candidate_tracker/view/6748 HTTP/2.0" 200 99725 "https://rms.cafsjobs.com/index.php/candidate_tracker" "Mozilla/5.0 (Windows NT 10.0; Win64; x64) AppleWebKit/537.36 (KHTML, like Gecko) Chrome/148.0.0.0 Safari/537.36"
106.222.223.136 - - [14/May/2026:14:55:22 +0530] "POST /index.php/candidate_tracker/view/6748 HTTP/2.0" 200 99725 "https://rms.cafsjobs.com/index.php/candidate_tracker" "Mozilla/5.0 (Windows NT 10.0; Win64; x64) AppleWebKit/537.36 (KHTML, like Gecko) Chrome/148.0.0.0 Safari/537.36"
106.222.223.136 - - [14/May/2026:14:55:34 +0530] "GET /enrolment/upload_files/candidate_tracker/82480893896_RESUME.docx HTTP/2.0" 200 34562 "https://rms.cafsjobs.com/index.php/candidate_tracker" "Mozilla/5.0 (Windows NT 10.0; Win64; x64) AppleWebKit/537.36 (KHTML, like Gecko) Chrome/148.0.0.0 Safari/537.36"
152.57.90.254 - - [14/May/2026:14:55:43 +0530] "GET /enrolment/ HTTP/2.0" 200 78324 "-" "Mozilla/5.0 (Linux; Android 10; K) AppleWebKit/537.36 (KHTML, like Gecko) Chrome/147.0.0.0 Mobile Safari/537.36"
152.57.90.254 - - [14/May/2026:14:55:45 +0530] "GET /favicon.ico HTTP/2.0" 404 - "https://rms.cafsjobs.com/enrolment/" "Mozilla/5.0 (Linux; Android 10; K) AppleWebKit/537.36 (KHTML, like Gecko) Chrome/147.0.0.0 Mobile Safari/537.36"
152.57.90.254 - - [14/May/2026:14:55:52 +0530] "POST /enrolment/enrolment_callback.php?frm=exit_number HTTP/2.0" 200 152 "https://rms.cafsjobs.com/enrolment/" "Mozilla/5.0 (Linux; Android 10; K) AppleWebKit/537.36 (KHTML, like Gecko) Chrome/147.0.0.0 Mobile Safari/537.36"
152.57.90.254 - - [14/May/2026:14:56:26 +0530] "POST /enrolment/enrolment_callback.php?frm=get_position HTTP/2.0" 200 115 "https://rms.cafsjobs.com/enrolment/" "Mozilla/5.0 (Linux; Android 10; K) AppleWebKit/537.36 (KHTML, like Gecko) Chrome/147.0.0.0 Mobile Safari/537.36"
152.57.90.254 - - [14/May/2026:14:58:43 +0530] "GET /fonts/glyphicons-halflings-regular.woff2 HTTP/2.0" 200 18028 "https://rms.cafsjobs.com/dist/bootstrap.min.css?rel=20191228" "Mozilla/5.0 (Linux; Android 10; K) AppleWebKit/537.36 (KHTML, like Gecko) Chrome/147.0.0.0 Mobile Safari/537.36"
152.57.90.254 - - [14/May/2026:14:58:50 +0530] "POST /enrolment/enrolment_callback.php?frm=interview_slot_check HTTP/2.0" 200 43 "https://rms.cafsjobs.com/enrolment/" "Mozilla/5.0 (Linux; Android 10; K) AppleWebKit/537.36 (KHTML, like Gecko) Chrome/147.0.0.0 Mobile Safari/537.36"
152.57.90.254 - - [14/May/2026:14:59:03 +0530] "POST /enrolment/enrolment_callback.php?frm=company_location_tab HTTP/2.0" 200 167 "https://rms.cafsjobs.com/enrolment/" "Mozilla/5.0 (Linux; Android 10; K) AppleWebKit/537.36 (KHTML, like Gecko) Chrome/147.0.0.0 Mobile Safari/537.36"
103.238.228.178 - - [14/May/2026:15:01:07 +0530] "POST /index.php/candidate_tracker/view/30044 HTTP/2.0" 200 92939 "https://rms.cafsjobs.com/index.php/candidate_tracker" "Mozilla/5.0 (Windows NT 10.0; Win64; x64) AppleWebKit/537.36 (KHTML, like Gecko) Chrome/147.0.0.0 Safari/537.36"
103.238.228.178 - - [14/May/2026:15:01:26 +0530] "POST /index.php/candidate_tracker/save/30044 HTTP/2.0" 200 67 "https://rms.cafsjobs.com/index.php/candidate_tracker" "Mozilla/5.0 (Windows NT 10.0; Win64; x64) AppleWebKit/537.36 (KHTML, like Gecko) Chrome/147.0.0.0 Safari/537.36"
103.238.228.178 - - [14/May/2026:15:01:26 +0530] "POST /index.php/candidate_tracker/search HTTP/2.0" 200 12665 "https://rms.cafsjobs.com/index.php/candidate_tracker" "Mozilla/5.0 (Windows NT 10.0; Win64; x64) AppleWebKit/537.36 (KHTML, like Gecko) Chrome/147.0.0.0 Safari/537.36"
152.57.90.254 - - [14/May/2026:15:02:15 +0530] "POST /enrolment/upload_files/upload.php?send_from=candidate_tracker&send_for=upload_sts_resume&extension=pdf,doc,docx HTTP/2.0" 200 115 "https://rms.cafsjobs.com/enrolment/" "Mozilla/5.0 (Linux; Android 10; K) AppleWebKit/537.36 (KHTML, like Gecko) Chrome/147.0.0.0 Mobile Safari/537.36"
152.57.90.254 - - [14/May/2026:15:02:21 +0530] "POST /enrolment/enrolment_callback.php?frm=save HTTP/2.0" 200 103 "https://rms.cafsjobs.com/enrolment/" "Mozilla/5.0 (Linux; Android 10; K) AppleWebKit/537.36 (KHTML, like Gecko) Chrome/147.0.0.0 Mobile Safari/537.36"
152.57.90.254 - - [14/May/2026:15:03:58 +0530] "POST /enrolment/enrolment_callback.php?frm=show_education_tab HTTP/2.0" 200 60 "https://rms.cafsjobs.com/enrolment/" "Mozilla/5.0 (Linux; Android 10; K) AppleWebKit/537.36 (KHTML, like Gecko) Chrome/147.0.0.0 Mobile Safari/537.36"
152.57.90.254 - - [14/May/2026:15:04:05 +0530] "POST /enrolment/enrolment_callback.php?frm=rowset_save HTTP/2.0" 200 926 "https://rms.cafsjobs.com/enrolment/" "Mozilla/5.0 (Linux; Android 10; K) AppleWebKit/537.36 (KHTML, like Gecko) Chrome/147.0.0.0 Mobile Safari/537.36"
152.57.90.254 - - [14/May/2026:15:04:09 +0530] "POST /enrolment/enrolment_callback.php?frm=show_education_tab HTTP/2.0" 200 16 "https://rms.cafsjobs.com/enrolment/" "Mozilla/5.0 (Linux; Android 10; K) AppleWebKit/537.36 (KHTML, like Gecko) Chrome/147.0.0.0 Mobile Safari/537.36"
103.238.228.178 - - [14/May/2026:15:04:21 +0530] "POST /index.php/candidate_tracker/view/23173 HTTP/2.0" 200 93766 "https://rms.cafsjobs.com/index.php/candidate_tracker" "Mozilla/5.0 (Windows NT 10.0; Win64; x64) AppleWebKit/537.36 (KHTML, like Gecko) Chrome/148.0.0.0 Safari/537.36 Edg/148.0.0.0"
152.57.90.254 - - [14/May/2026:15:05:21 +0530] "POST /enrolment/enrolment_callback.php?frm=calculation_suggest HTTP/2.0" 200 31 "https://rms.cafsjobs.com/enrolment/" "Mozilla/5.0 (Linux; Android 10; K) AppleWebKit/537.36 (KHTML, like Gecko) Chrome/147.0.0.0 Mobile Safari/537.36"
203.18.218.75 - - [14/May/2026:15:05:32 +0530] "GET / HTTP/1.1" 200 11882 "-" "Mozilla/5.0 (Windows NT 10.0; Win64; x64) AppleWebKit/537.36 (KHTML, like Gecko) Chrome/120.0.6099.71 Safari/537.36"
152.57.90.254 - - [14/May/2026:15:05:41 +0530] "POST /enrolment/enrolment_callback.php?frm=calculation_suggest HTTP/2.0" 200 31 "https://rms.cafsjobs.com/enrolment/" "Mozilla/5.0 (Linux; Android 10; K) AppleWebKit/537.36 (KHTML, like Gecko) Chrome/147.0.0.0 Mobile Safari/537.36"
152.57.90.254 - - [14/May/2026:15:07:01 +0530] "POST /enrolment/enrolment_callback.php?frm=calculation_suggest HTTP/2.0" 200 31 "https://rms.cafsjobs.com/enrolment/" "Mozilla/5.0 (Linux; Android 10; K) AppleWebKit/537.36 (KHTML, like Gecko) Chrome/147.0.0.0 Mobile Safari/537.36"
152.57.90.254 - - [14/May/2026:15:07:05 +0530] "POST /enrolment/enrolment_callback.php?frm=calculation_suggest HTTP/2.0" 200 31 "https://rms.cafsjobs.com/enrolment/" "Mozilla/5.0 (Linux; Android 10; K) AppleWebKit/537.36 (KHTML, like Gecko) Chrome/147.0.0.0 Mobile Safari/537.36"
152.57.90.254 - - [14/May/2026:15:07:26 +0530] "POST /enrolment/enrolment_callback.php?frm=calculation_suggest HTTP/2.0" 200 31 "https://rms.cafsjobs.com/enrolment/" "Mozilla/5.0 (Linux; Android 10; K) AppleWebKit/537.36 (KHTML, like Gecko) Chrome/147.0.0.0 Mobile Safari/537.36"
152.57.90.254 - - [14/May/2026:15:07:37 +0530] "POST /enrolment/enrolment_callback.php?frm=rowset_save HTTP/2.0" 200 1091 "https://rms.cafsjobs.com/enrolment/" "Mozilla/5.0 (Linux; Android 10; K) AppleWebKit/537.36 (KHTML, like Gecko) Chrome/147.0.0.0 Mobile Safari/537.36"
152.57.90.254 - - [14/May/2026:15:07:41 +0530] "POST /enrolment/enrolment_callback.php?frm=show_experience_tab HTTP/2.0" 200 63 "https://rms.cafsjobs.com/enrolment/" "Mozilla/5.0 (Linux; Android 10; K) AppleWebKit/537.36 (KHTML, like Gecko) Chrome/147.0.0.0 Mobile Safari/537.36"
152.57.90.254 - - [14/May/2026:15:07:42 +0530] "GET /enrolment/ HTTP/2.0" 200 78324 "https://rms.cafsjobs.com/enrolment/" "Mozilla/5.0 (Linux; Android 10; K) AppleWebKit/537.36 (KHTML, like Gecko) Chrome/147.0.0.0 Mobile Safari/537.36"
106.219.181.207 - - [14/May/2026:15:09:43 +0530] "GET /index.php/candidate_tracker HTTP/2.0" 200 62995 "https://rms.cafsjobs.com/index.php/candidate_tracker" "Mozilla/5.0 (Windows NT 10.0; Win64; x64) AppleWebKit/537.36 (KHTML, like Gecko) Chrome/147.0.0.0 Safari/537.36"
106.219.181.207 - - [14/May/2026:15:09:44 +0530] "POST /index.php/candidate_tracker/search HTTP/2.0" 200 475 "https://rms.cafsjobs.com/index.php/candidate_tracker" "Mozilla/5.0 (Windows NT 10.0; Win64; x64) AppleWebKit/537.36 (KHTML, like Gecko) Chrome/147.0.0.0 Safari/537.36"
106.219.181.207 - - [14/May/2026:15:10:23 +0530] "GET /index.php HTTP/2.0" 302 - "https://rms.cafsjobs.com/index.php/candidate_tracker" "Mozilla/5.0 (Windows NT 10.0; Win64; x64) AppleWebKit/537.36 (KHTML, like Gecko) Chrome/147.0.0.0 Safari/537.36"
106.219.181.207 - - [14/May/2026:15:10:24 +0530] "GET /index.php/home HTTP/2.0" 200 13105 "https://rms.cafsjobs.com/index.php/candidate_tracker" "Mozilla/5.0 (Windows NT 10.0; Win64; x64) AppleWebKit/537.36 (KHTML, like Gecko) Chrome/147.0.0.0 Safari/537.36"
106.219.181.207 - - [14/May/2026:15:10:24 +0530] "GET /dist/highcharts/highchartnodata.js HTTP/2.0" 404 - "https://rms.cafsjobs.com/index.php/home" "Mozilla/5.0 (Windows NT 10.0; Win64; x64) AppleWebKit/537.36 (KHTML, like Gecko) Chrome/147.0.0.0 Safari/537.36"
106.219.181.207 - - [14/May/2026:15:10:24 +0530] "GET /dist/highcharts/modules_export-data.js HTTP/2.0" 404 - "https://rms.cafsjobs.com/index.php/home" "Mozilla/5.0 (Windows NT 10.0; Win64; x64) AppleWebKit/537.36 (KHTML, like Gecko) Chrome/147.0.0.0 Safari/537.36"
106.219.181.207 - - [14/May/2026:15:10:25 +0530] "POST /index.php/home/candidate_sts_chart HTTP/2.0" 200 70 "https://rms.cafsjobs.com/index.php/home" "Mozilla/5.0 (Windows NT 10.0; Win64; x64) AppleWebKit/537.36 (KHTML, like Gecko) Chrome/147.0.0.0 Safari/537.36"
106.219.181.207 - - [14/May/2026:15:10:25 +0530] "POST /index.php/home/get_candidate_sts_info HTTP/2.0" 200 1216 "https://rms.cafsjobs.com/index.php/home" "Mozilla/5.0 (Windows NT 10.0; Win64; x64) AppleWebKit/537.36 (KHTML, like Gecko) Chrome/147.0.0.0 Safari/537.36"
106.219.181.207 - - [14/May/2026:15:10:28 +0530] "GET /index.php/candidate_tracker HTTP/2.0" 200 62995 "https://rms.cafsjobs.com/index.php/home" "Mozilla/5.0 (Windows NT 10.0; Win64; x64) AppleWebKit/537.36 (KHTML, like Gecko) Chrome/147.0.0.0 Safari/537.36"
106.219.181.207 - - [14/May/2026:15:10:29 +0530] "POST /index.php/candidate_tracker/search HTTP/2.0" 200 475 "https://rms.cafsjobs.com/index.php/candidate_tracker" "Mozilla/5.0 (Windows NT 10.0; Win64; x64) AppleWebKit/537.36 (KHTML, like Gecko) Chrome/147.0.0.0 Safari/537.36"
106.219.181.207 - - [14/May/2026:15:10:35 +0530] "POST /index.php/candidate_tracker/search HTTP/2.0" 200 475 "https://rms.cafsjobs.com/index.php/candidate_tracker" "Mozilla/5.0 (Windows NT 10.0; Win64; x64) AppleWebKit/537.36 (KHTML, like Gecko) Chrome/147.0.0.0 Safari/537.36"
106.219.181.207 - - [14/May/2026:15:10:35 +0530] "POST /index.php/candidate_tracker/search HTTP/2.0" 200 475 "https://rms.cafsjobs.com/index.php/candidate_tracker" "Mozilla/5.0 (Windows NT 10.0; Win64; x64) AppleWebKit/537.36 (KHTML, like Gecko) Chrome/147.0.0.0 Safari/537.36"
106.219.181.207 - - [14/May/2026:15:10:36 +0530] "POST /index.php/candidate_tracker/search HTTP/2.0" 200 475 "https://rms.cafsjobs.com/index.php/candidate_tracker" "Mozilla/5.0 (Windows NT 10.0; Win64; x64) AppleWebKit/537.36 (KHTML, like Gecko) Chrome/147.0.0.0 Safari/537.36"
152.57.90.254 - - [14/May/2026:15:10:43 +0530] "GET /favicon.ico HTTP/2.0" 404 - "https://rms.cafsjobs.com/enrolment/" "Mozilla/5.0 (Linux; Android 10; K) AppleWebKit/537.36 (KHTML, like Gecko) Chrome/147.0.0.0 Mobile Safari/537.36"
152.57.90.254 - - [14/May/2026:15:11:12 +0530] "GET /enrolment/ HTTP/2.0" 200 78324 "-" "Mozilla/5.0 (Linux; Android 10; K) AppleWebKit/537.36 (KHTML, like Gecko) Chrome/147.0.0.0 Mobile Safari/537.36"
106.219.181.207 - - [14/May/2026:15:11:35 +0530] "POST /index.php/candidate_tracker/view/30044 HTTP/2.0" 200 98960 "https://rms.cafsjobs.com/index.php/candidate_tracker" "Mozilla/5.0 (Windows NT 10.0; Win64; x64) AppleWebKit/537.36 (KHTML, like Gecko) Chrome/147.0.0.0 Safari/537.36"
106.222.220.59 - - [14/May/2026:15:12:14 +0530] "GET /index.php/candidate_tracker HTTP/2.0" 200 54446 "https://rms.cafsjobs.com/index.php/home" "Mozilla/5.0 (Windows NT 10.0; Win64; x64) AppleWebKit/537.36 (KHTML, like Gecko) Chrome/148.0.0.0 Safari/537.36"
106.222.220.59 - - [14/May/2026:15:12:14 +0530] "POST /index.php/candidate_tracker/search HTTP/2.0" 200 12665 "https://rms.cafsjobs.com/index.php/candidate_tracker" "Mozilla/5.0 (Windows NT 10.0; Win64; x64) AppleWebKit/537.36 (KHTML, like Gecko) Chrome/148.0.0.0 Safari/537.36"
152.57.90.254 - - [14/May/2026:15:12:51 +0530] "GET /enrolment HTTP/2.0" 301 283 "-" "Mozilla/5.0 (Linux; Android 10; K) AppleWebKit/537.36 (KHTML, like Gecko) Chrome/147.0.0.0 Mobile Safari/537.36"
152.57.90.254 - - [14/May/2026:15:12:51 +0530] "GET /enrolment/ HTTP/2.0" 200 78324 "-" "Mozilla/5.0 (Linux; Android 10; K) AppleWebKit/537.36 (KHTML, like Gecko) Chrome/147.0.0.0 Mobile Safari/537.36"
106.219.181.207 - - [14/May/2026:15:12:54 +0530] "GET /index.php HTTP/2.0" 302 - "https://rms.cafsjobs.com/index.php/candidate_tracker" "Mozilla/5.0 (Windows NT 10.0; Win64; x64) AppleWebKit/537.36 (KHTML, like Gecko) Chrome/147.0.0.0 Safari/537.36"
106.219.181.207 - - [14/May/2026:15:12:54 +0530] "GET /index.php/home HTTP/2.0" 200 13105 "https://rms.cafsjobs.com/index.php/candidate_tracker" "Mozilla/5.0 (Windows NT 10.0; Win64; x64) AppleWebKit/537.36 (KHTML, like Gecko) Chrome/147.0.0.0 Safari/537.36"
106.219.181.207 - - [14/May/2026:15:12:55 +0530] "GET /dist/highcharts/highchartnodata.js HTTP/2.0" 404 - "https://rms.cafsjobs.com/index.php/home" "Mozilla/5.0 (Windows NT 10.0; Win64; x64) AppleWebKit/537.36 (KHTML, like Gecko) Chrome/147.0.0.0 Safari/537.36"
106.219.181.207 - - [14/May/2026:15:12:55 +0530] "GET /dist/highcharts/modules_export-data.js HTTP/2.0" 404 - "https://rms.cafsjobs.com/index.php/home" "Mozilla/5.0 (Windows NT 10.0; Win64; x64) AppleWebKit/537.36 (KHTML, like Gecko) Chrome/147.0.0.0 Safari/537.36"
152.57.90.254 - - [14/May/2026:15:12:52 +0530] "GET /dist/opensourcepos.min.js?rel=20191228 HTTP/2.0" 200 1471322 "https://rms.cafsjobs.com/enrolment/" "Mozilla/5.0 (Linux; Android 10; K) AppleWebKit/537.36 (KHTML, like Gecko) Chrome/147.0.0.0 Mobile Safari/537.36"
152.57.90.254 - - [14/May/2026:15:12:52 +0530] "GET /dist/bootstrap.min.css?rel=20191228 HTTP/2.0" 200 127391 "https://rms.cafsjobs.com/enrolment/" "Mozilla/5.0 (Linux; Android 10; K) AppleWebKit/537.36 (KHTML, like Gecko) Chrome/147.0.0.0 Mobile Safari/537.36"
152.57.90.254 - - [14/May/2026:15:12:55 +0530] "GET /dist/cafs_rms.css?rel=20191228 HTTP/2.0" 200 33416 "https://rms.cafsjobs.com/enrolment/" "Mozilla/5.0 (Linux; Android 10; K) AppleWebKit/537.36 (KHTML, like Gecko) Chrome/147.0.0.0 Mobile Safari/537.36"
152.57.90.254 - - [14/May/2026:15:12:55 +0530] "GET /dist/validate.js?rel=20191228 HTTP/2.0" 200 1455 "https://rms.cafsjobs.com/enrolment/" "Mozilla/5.0 (Linux; Android 10; K) AppleWebKit/537.36 (KHTML, like Gecko) Chrome/147.0.0.0 Mobile Safari/537.36"
152.57.90.254 - - [14/May/2026:15:12:55 +0530] "GET /dist/jquery-ui.css HTTP/2.0" 200 35684 "https://rms.cafsjobs.com/enrolment/" "Mozilla/5.0 (Linux; Android 10; K) AppleWebKit/537.36 (KHTML, like Gecko) Chrome/147.0.0.0 Mobile Safari/537.36"
152.57.90.254 - - [14/May/2026:15:12:55 +0530] "GET /dist/font-awesome.min.css HTTP/2.0" 200 31004 "https://rms.cafsjobs.com/enrolment/" "Mozilla/5.0 (Linux; Android 10; K) AppleWebKit/537.36 (KHTML, like Gecko) Chrome/147.0.0.0 Mobile Safari/537.36"
152.57.90.254 - - [14/May/2026:15:12:55 +0530] "GET /dist/bootstrap-datetimepicker-master/build/css/bootstrap-datetimepicker.min.css HTTP/2.0" 200 7789 "https://rms.cafsjobs.com/enrolment/" "Mozilla/5.0 (Linux; Android 10; K) AppleWebKit/537.36 (KHTML, like Gecko) Chrome/147.0.0.0 Mobile Safari/537.36"
106.219.181.207 - - [14/May/2026:15:12:55 +0530] "POST /index.php/home/get_candidate_sts_info HTTP/2.0" 200 1216 "https://rms.cafsjobs.com/index.php/home" "Mozilla/5.0 (Windows NT 10.0; Win64; x64) AppleWebKit/537.36 (KHTML, like Gecko) Chrome/147.0.0.0 Safari/537.36"
106.219.181.207 - - [14/May/2026:15:12:55 +0530] "POST /index.php/home/candidate_sts_chart HTTP/2.0" 200 70 "https://rms.cafsjobs.com/index.php/home" "Mozilla/5.0 (Windows NT 10.0; Win64; x64) AppleWebKit/537.36 (KHTML, like Gecko) Chrome/147.0.0.0 Safari/537.36"
106.219.181.207 - - [14/May/2026:15:12:57 +0530] "GET /index.php/candidate_tracker HTTP/2.0" 200 62995 "https://rms.cafsjobs.com/index.php/home" "Mozilla/5.0 (Windows NT 10.0; Win64; x64) AppleWebKit/537.36 (KHTML, like Gecko) Chrome/147.0.0.0 Safari/537.36"
152.57.90.254 - - [14/May/2026:15:12:55 +0530] "GET /dist/select2/dist/css/select2.min.css HTTP/2.0" 200 15197 "https://rms.cafsjobs.com/enrolment/" "Mozilla/5.0 (Linux; Android 10; K) AppleWebKit/537.36 (KHTML, like Gecko) Chrome/147.0.0.0 Mobile Safari/537.36"
