223.185.201.223 - - [14/May/2026:11:21:18 +0530] "POST /enrolment/enrolment_callback.php?frm=company_location_tab HTTP/2.0" 200 167 "https://rms.cafsjobs.com/enrolment/" "Mozilla/5.0 (Linux; Android 10; K) AppleWebKit/537.36 (KHTML, like Gecko) Chrome/148.0.0.0 Mobile Safari/537.36"
223.185.201.223 - - [14/May/2026:11:21:18 +0530] "POST /enrolment/enrolment_callback.php?frm=company_location_tab HTTP/2.0" 200 161 "https://rms.cafsjobs.com/enrolment/" "Mozilla/5.0 (Linux; Android 10; K) AppleWebKit/537.36 (KHTML, like Gecko) Chrome/148.0.0.0 Mobile Safari/537.36"
223.185.201.223 - - [14/May/2026:11:21:18 +0530] "POST /enrolment/enrolment_callback.php?frm=interview_slot_check HTTP/2.0" 200 43 "https://rms.cafsjobs.com/enrolment/" "Mozilla/5.0 (Linux; Android 10; K) AppleWebKit/537.36 (KHTML, like Gecko) Chrome/148.0.0.0 Mobile Safari/537.36"
157.51.149.94 - - [14/May/2026:11:21:26 +0530] "POST /enrolment/enrolment_callback.php?frm=exit_number HTTP/2.0" 200 58 "https://rms.cafsjobs.com/enrolment/" "Mozilla/5.0 (Linux; Android 10; K) AppleWebKit/537.36 (KHTML, like Gecko) Chrome/148.0.0.0 Mobile Safari/537.36"
157.51.149.94 - - [14/May/2026:11:21:31 +0530] "POST /enrolment/enrolment_callback.php?frm=upd_candidate_status HTTP/2.0" 200 52 "https://rms.cafsjobs.com/enrolment/" "Mozilla/5.0 (Linux; Android 10; K) AppleWebKit/537.36 (KHTML, like Gecko) Chrome/148.0.0.0 Mobile Safari/537.36"
157.51.149.94 - - [14/May/2026:11:21:32 +0530] "GET /enrolment/ HTTP/2.0" 200 78324 "https://rms.cafsjobs.com/enrolment/" "Mozilla/5.0 (Linux; Android 10; K) AppleWebKit/537.36 (KHTML, like Gecko) Chrome/148.0.0.0 Mobile Safari/537.36"
223.185.201.223 - - [14/May/2026:11:20:24 +0530] "POST /enrolment/upload_files/upload.php?send_from=candidate_tracker&send_for=upload_sts_resume&extension=pdf,doc,docx HTTP/2.0" 200 - "https://rms.cafsjobs.com/enrolment/" "Mozilla/5.0 (Linux; Android 10; K) AppleWebKit/537.36 (KHTML, like Gecko) Chrome/148.0.0.0 Mobile Safari/537.36"
106.192.170.147 - - [14/May/2026:11:21:36 +0530] "POST /enrolment/enrolment_callback.php?frm=rowset_save HTTP/2.0" 200 1732 "https://rms.cafsjobs.com/enrolment/" "Mozilla/5.0 (iPhone; CPU iPhone OS 18_7 like Mac OS X) AppleWebKit/605.1.15 (KHTML, like Gecko) Version/26.4 Mobile/15E148 Safari/604.1"
171.79.57.191 - - [14/May/2026:11:21:38 +0530] "POST /enrolment/upload_files/upload.php?send_from=candidate_tracker&send_for=upload_sts_resume&extension=pdf,doc,docx HTTP/2.0" 200 141 "https://rms.cafsjobs.com/enrolment/" "Mozilla/5.0 (Linux; Android 10; K) AppleWebKit/537.36 (KHTML, like Gecko) Chrome/147.0.0.0 Mobile Safari/537.36"
157.51.149.94 - - [14/May/2026:11:21:40 +0530] "POST /enrolment/enrolment_callback.php?frm=exit_number HTTP/2.0" 200 91 "https://rms.cafsjobs.com/enrolment/" "Mozilla/5.0 (Linux; Android 10; K) AppleWebKit/537.36 (KHTML, like Gecko) Chrome/148.0.0.0 Mobile Safari/537.36"
171.79.57.191 - - [14/May/2026:11:21:49 +0530] "POST /enrolment/enrolment_callback.php?frm=interview_slot_check HTTP/2.0" 200 43 "https://rms.cafsjobs.com/enrolment/" "Mozilla/5.0 (Linux; Android 10; K) AppleWebKit/537.36 (KHTML, like Gecko) Chrome/147.0.0.0 Mobile Safari/537.36"
223.185.201.223 - - [14/May/2026:11:21:18 +0530] "POST /enrolment/upload_files/upload.php?send_from=candidate_tracker&send_for=upload_sts_resume&extension=pdf,doc,docx HTTP/2.0" 200 119 "https://rms.cafsjobs.com/enrolment/" "Mozilla/5.0 (Linux; Android 10; K) AppleWebKit/537.36 (KHTML, like Gecko) Chrome/148.0.0.0 Mobile Safari/537.36"
171.79.57.191 - - [14/May/2026:11:21:55 +0530] "POST /enrolment/enrolment_callback.php?frm=interview_slot_check HTTP/2.0" 200 43 "https://rms.cafsjobs.com/enrolment/" "Mozilla/5.0 (Linux; Android 10; K) AppleWebKit/537.36 (KHTML, like Gecko) Chrome/147.0.0.0 Mobile Safari/537.36"
223.185.201.223 - - [14/May/2026:11:21:57 +0530] "POST /enrolment/enrolment_callback.php?frm=company_location_tab HTTP/2.0" 200 167 "https://rms.cafsjobs.com/enrolment/" "Mozilla/5.0 (Linux; Android 10; K) AppleWebKit/537.36 (KHTML, like Gecko) Chrome/148.0.0.0 Mobile Safari/537.36"
106.192.160.147 - - [14/May/2026:11:21:58 +0530] "POST /enrolment/enrolment_callback.php?frm=row_set_edit HTTP/2.0" 200 430 "https://rms.cafsjobs.com/enrolment/" "Mozilla/5.0 (iPhone; CPU iPhone OS 18_7 like Mac OS X) AppleWebKit/605.1.15 (KHTML, like Gecko) Version/26.4 Mobile/15E148 Safari/604.1"
171.79.57.191 - - [14/May/2026:11:22:00 +0530] "POST /enrolment/enrolment_callback.php?frm=interview_slot_check HTTP/2.0" 200 43 "https://rms.cafsjobs.com/enrolment/" "Mozilla/5.0 (Linux; Android 10; K) AppleWebKit/537.36 (KHTML, like Gecko) Chrome/147.0.0.0 Mobile Safari/537.36"
106.192.160.147 - - [14/May/2026:11:22:06 +0530] "POST /enrolment/enrolment_callback.php?frm=rowset_save HTTP/2.0" 200 1736 "https://rms.cafsjobs.com/enrolment/" "Mozilla/5.0 (iPhone; CPU iPhone OS 18_7 like Mac OS X) AppleWebKit/605.1.15 (KHTML, like Gecko) Version/26.4 Mobile/15E148 Safari/604.1"
171.79.57.191 - - [14/May/2026:11:22:12 +0530] "POST /enrolment/enrolment_callback.php?frm=company_location_tab HTTP/2.0" 200 167 "https://rms.cafsjobs.com/enrolment/" "Mozilla/5.0 (Linux; Android 10; K) AppleWebKit/537.36 (KHTML, like Gecko) Chrome/147.0.0.0 Mobile Safari/537.36"
171.79.57.191 - - [14/May/2026:11:22:17 +0530] "POST /enrolment/enrolment_callback.php?frm=save HTTP/2.0" 200 103 "https://rms.cafsjobs.com/enrolment/" "Mozilla/5.0 (Linux; Android 10; K) AppleWebKit/537.36 (KHTML, like Gecko) Chrome/147.0.0.0 Mobile Safari/537.36"
223.185.201.223 - - [14/May/2026:11:22:38 +0530] "POST /enrolment/enrolment_callback.php?frm=save HTTP/2.0" 200 103 "https://rms.cafsjobs.com/enrolment/" "Mozilla/5.0 (Linux; Android 10; K) AppleWebKit/537.36 (KHTML, like Gecko) Chrome/148.0.0.0 Mobile Safari/537.36"
223.182.194.179 - - [14/May/2026:11:22:57 +0530] "GET /enrolment HTTP/2.0" 301 283 "android-app://com.google.android.googlequicksearchbox/" "Mozilla/5.0 (Linux; Android 10; K) AppleWebKit/537.36 (KHTML, like Gecko) Chrome/147.0.0.0 Mobile Safari/537.36"
106.192.167.147 - - [14/May/2026:11:22:57 +0530] "POST /enrolment/enrolment_callback.php?frm=show_education_tab HTTP/2.0" 200 16 "https://rms.cafsjobs.com/enrolment/" "Mozilla/5.0 (iPhone; CPU iPhone OS 18_7 like Mac OS X) AppleWebKit/605.1.15 (KHTML, like Gecko) Version/26.4 Mobile/15E148 Safari/604.1"
106.192.167.147 - - [14/May/2026:11:22:58 +0530] "POST /enrolment/enrolment_callback.php?frm=clear_session HTTP/2.0" 200 16 "https://rms.cafsjobs.com/enrolment/" "Mozilla/5.0 (iPhone; CPU iPhone OS 18_7 like Mac OS X) AppleWebKit/605.1.15 (KHTML, like Gecko) Version/26.4 Mobile/15E148 Safari/604.1"
106.192.167.147 - - [14/May/2026:11:22:59 +0530] "GET /enrolment/ HTTP/2.0" 200 78324 "https://rms.cafsjobs.com/enrolment/" "Mozilla/5.0 (iPhone; CPU iPhone OS 18_7 like Mac OS X) AppleWebKit/605.1.15 (KHTML, like Gecko) Version/26.4 Mobile/15E148 Safari/604.1"
106.192.167.147 - - [14/May/2026:11:23:00 +0530] "GET /dist/validate.js?rel=20191228 HTTP/2.0" 304 - "https://rms.cafsjobs.com/enrolment/" "Mozilla/5.0 (iPhone; CPU iPhone OS 18_7 like Mac OS X) AppleWebKit/605.1.15 (KHTML, like Gecko) Version/26.4 Mobile/15E148 Safari/604.1"
106.192.167.147 - - [14/May/2026:11:23:00 +0530] "GET /dist/opensourcepos.min.js?rel=20191228 HTTP/2.0" 304 - "https://rms.cafsjobs.com/enrolment/" "Mozilla/5.0 (iPhone; CPU iPhone OS 18_7 like Mac OS X) AppleWebKit/605.1.15 (KHTML, like Gecko) Version/26.4 Mobile/15E148 Safari/604.1"
106.192.167.147 - - [14/May/2026:11:23:00 +0530] "GET /dist/cafs_rms.css?rel=20191228 HTTP/2.0" 304 - "https://rms.cafsjobs.com/enrolment/" "Mozilla/5.0 (iPhone; CPU iPhone OS 18_7 like Mac OS X) AppleWebKit/605.1.15 (KHTML, like Gecko) Version/26.4 Mobile/15E148 Safari/604.1"
106.192.167.147 - - [14/May/2026:11:23:00 +0530] "GET /dist/bootstrap.min.css?rel=20191228 HTTP/2.0" 304 - "https://rms.cafsjobs.com/enrolment/" "Mozilla/5.0 (iPhone; CPU iPhone OS 18_7 like Mac OS X) AppleWebKit/605.1.15 (KHTML, like Gecko) Version/26.4 Mobile/15E148 Safari/604.1"
106.192.167.147 - - [14/May/2026:11:23:00 +0530] "GET /dist/jquery-ui.css HTTP/2.0" 304 - "https://rms.cafsjobs.com/enrolment/" "Mozilla/5.0 (iPhone; CPU iPhone OS 18_7 like Mac OS X) AppleWebKit/605.1.15 (KHTML, like Gecko) Version/26.4 Mobile/15E148 Safari/604.1"
106.192.167.147 - - [14/May/2026:11:23:00 +0530] "GET /dist/font-awesome.min.css HTTP/2.0" 304 - "https://rms.cafsjobs.com/enrolment/" "Mozilla/5.0 (iPhone; CPU iPhone OS 18_7 like Mac OS X) AppleWebKit/605.1.15 (KHTML, like Gecko) Version/26.4 Mobile/15E148 Safari/604.1"
106.192.167.147 - - [14/May/2026:11:23:00 +0530] "GET /dist/select2/dist/css/select2.min.css HTTP/2.0" 304 - "https://rms.cafsjobs.com/enrolment/" "Mozilla/5.0 (iPhone; CPU iPhone OS 18_7 like Mac OS X) AppleWebKit/605.1.15 (KHTML, like Gecko) Version/26.4 Mobile/15E148 Safari/604.1"
106.192.167.147 - - [14/May/2026:11:23:00 +0530] "GET /dist/bootstrap-datetimepicker-master/build/css/bootstrap-datetimepicker.min.css HTTP/2.0" 304 - "https://rms.cafsjobs.com/enrolment/" "Mozilla/5.0 (iPhone; CPU iPhone OS 18_7 like Mac OS X) AppleWebKit/605.1.15 (KHTML, like Gecko) Version/26.4 Mobile/15E148 Safari/604.1"
106.192.167.147 - - [14/May/2026:11:23:00 +0530] "GET /dist/jquery-typeahead/dist/jquery.typeahead.min.js HTTP/2.0" 304 - "https://rms.cafsjobs.com/enrolment/" "Mozilla/5.0 (iPhone; CPU iPhone OS 18_7 like Mac OS X) AppleWebKit/605.1.15 (KHTML, like Gecko) Version/26.4 Mobile/15E148 Safari/604.1"
106.192.167.147 - - [14/May/2026:11:23:00 +0530] "GET /dist/toastr/toastr.js HTTP/2.0" 304 - "https://rms.cafsjobs.com/enrolment/" "Mozilla/5.0 (iPhone; CPU iPhone OS 18_7 like Mac OS X) AppleWebKit/605.1.15 (KHTML, like Gecko) Version/26.4 Mobile/15E148 Safari/604.1"
106.192.167.147 - - [14/May/2026:11:23:00 +0530] "GET /dist/bootstrap-datetimepicker-master/build/js/bootstrap-datetimepicker.min.js HTTP/2.0" 304 - "https://rms.cafsjobs.com/enrolment/" "Mozilla/5.0 (iPhone; CPU iPhone OS 18_7 like Mac OS X) AppleWebKit/605.1.15 (KHTML, like Gecko) Version/26.4 Mobile/15E148 Safari/604.1"
106.192.167.147 - - [14/May/2026:11:23:00 +0530] "GET /dist/select2/dist/js/select2.full.min.js HTTP/2.0" 304 - "https://rms.cafsjobs.com/enrolment/" "Mozilla/5.0 (iPhone; CPU iPhone OS 18_7 like Mac OS X) AppleWebKit/605.1.15 (KHTML, like Gecko) Version/26.4 Mobile/15E148 Safari/604.1"
106.192.167.147 - - [14/May/2026:11:23:00 +0530] "GET /dist/data_table/datatables.min.css HTTP/2.0" 304 - "https://rms.cafsjobs.com/enrolment/" "Mozilla/5.0 (iPhone; CPU iPhone OS 18_7 like Mac OS X) AppleWebKit/605.1.15 (KHTML, like Gecko) Version/26.4 Mobile/15E148 Safari/604.1"
106.192.167.147 - - [14/May/2026:11:23:00 +0530] "GET /dist/data_table/datatables.min.js HTTP/2.0" 304 - "https://rms.cafsjobs.com/enrolment/" "Mozilla/5.0 (iPhone; CPU iPhone OS 18_7 like Mac OS X) AppleWebKit/605.1.15 (KHTML, like Gecko) Version/26.4 Mobile/15E148 Safari/604.1"
106.192.167.147 - - [14/May/2026:11:23:00 +0530] "GET /dist/jquery_confirm/jquery-confirm.min.css HTTP/2.0" 304 - "https://rms.cafsjobs.com/enrolment/" "Mozilla/5.0 (iPhone; CPU iPhone OS 18_7 like Mac OS X) AppleWebKit/605.1.15 (KHTML, like Gecko) Version/26.4 Mobile/15E148 Safari/604.1"
106.192.167.147 - - [14/May/2026:11:23:00 +0530] "GET /dist/toastr/toastr.css HTTP/2.0" 304 - "https://rms.cafsjobs.com/enrolment/" "Mozilla/5.0 (iPhone; CPU iPhone OS 18_7 like Mac OS X) AppleWebKit/605.1.15 (KHTML, like Gecko) Version/26.4 Mobile/15E148 Safari/604.1"
106.192.167.147 - - [14/May/2026:11:23:00 +0530] "GET /dist/jquery_confirm/jquery-confirm.min.js HTTP/2.0" 304 - "https://rms.cafsjobs.com/enrolment/" "Mozilla/5.0 (iPhone; CPU iPhone OS 18_7 like Mac OS X) AppleWebKit/605.1.15 (KHTML, like Gecko) Version/26.4 Mobile/15E148 Safari/604.1"
223.182.194.179 - - [14/May/2026:11:22:58 +0530] "GET /enrolment/ HTTP/2.0" 200 78324 "android-app://com.google.android.googlequicksearchbox/" "Mozilla/5.0 (Linux; Android 10; K) AppleWebKit/537.36 (KHTML, like Gecko) Chrome/147.0.0.0 Mobile Safari/537.36"
106.192.167.147 - - [14/May/2026:11:23:01 +0530] "GET /enrolment/asset/images/employment.jpeg HTTP/2.0" 200 199366 "https://rms.cafsjobs.com/enrolment/" "Mozilla/5.0 (iPhone; CPU iPhone OS 18_7 like Mac OS X) AppleWebKit/605.1.15 (KHTML, like Gecko) Version/26.4 Mobile/15E148 Safari/604.1"
106.192.167.147 - - [14/May/2026:11:23:01 +0530] "GET /fonts/fontawesome-webfont.woff2?v=4.7.0 HTTP/2.0" 304 - "https://rms.cafsjobs.com/enrolment/" "Mozilla/5.0 (iPhone; CPU iPhone OS 18_7 like Mac OS X) AppleWebKit/605.1.15 (KHTML, like Gecko) Version/26.4 Mobile/15E148 Safari/604.1"
223.182.194.179 - - [14/May/2026:11:23:01 +0530] "GET /dist/bootstrap.min.css?rel=20191228 HTTP/2.0" 200 127391 "https://rms.cafsjobs.com/enrolment/" "Mozilla/5.0 (Linux; Android 10; K) AppleWebKit/537.36 (KHTML, like Gecko) Chrome/147.0.0.0 Mobile Safari/537.36"
152.57.83.192 - - [14/May/2026:11:23:05 +0530] "GET /enrolment HTTP/2.0" 301 283 "-" "Mozilla/5.0 (iPhone; CPU iPhone OS 26_5 like Mac OS X) AppleWebKit/605.1.15 (KHTML, like Gecko) CriOS/124.0.6367.88 Mobile/15E148 Safari/604.1"
152.57.83.192 - - [14/May/2026:11:23:06 +0530] "GET /enrolment/ HTTP/2.0" 200 78324 "-" "Mozilla/5.0 (iPhone; CPU iPhone OS 26_5 like Mac OS X) AppleWebKit/605.1.15 (KHTML, like Gecko) CriOS/124.0.6367.88 Mobile/15E148 Safari/604.1"
152.57.83.192 - - [14/May/2026:11:23:08 +0530] "GET /dist/opensourcepos.min.js?rel=20191228 HTTP/2.0" 200 1471322 "https://rms.cafsjobs.com/enrolment/" "Mozilla/5.0 (iPhone; CPU iPhone OS 26_5 like Mac OS X) AppleWebKit/605.1.15 (KHTML, like Gecko) CriOS/124.0.6367.88 Mobile/15E148 Safari/604.1"
152.57.83.192 - - [14/May/2026:11:23:09 +0530] "GET /dist/validate.js?rel=20191228 HTTP/2.0" 200 1455 "https://rms.cafsjobs.com/enrolment/" "Mozilla/5.0 (iPhone; CPU iPhone OS 26_5 like Mac OS X) AppleWebKit/605.1.15 (KHTML, like Gecko) CriOS/124.0.6367.88 Mobile/15E148 Safari/604.1"
152.57.83.192 - - [14/May/2026:11:23:09 +0530] "GET /dist/bootstrap-datetimepicker-master/build/css/bootstrap-datetimepicker.min.css HTTP/2.0" 200 7789 "https://rms.cafsjobs.com/enrolment/" "Mozilla/5.0 (iPhone; CPU iPhone OS 26_5 like Mac OS X) AppleWebKit/605.1.15 (KHTML, like Gecko) CriOS/124.0.6367.88 Mobile/15E148 Safari/604.1"
152.57.83.192 - - [14/May/2026:11:23:09 +0530] "GET /dist/select2/dist/css/select2.min.css HTTP/2.0" 200 15197 "https://rms.cafsjobs.com/enrolment/" "Mozilla/5.0 (iPhone; CPU iPhone OS 26_5 like Mac OS X) AppleWebKit/605.1.15 (KHTML, like Gecko) CriOS/124.0.6367.88 Mobile/15E148 Safari/604.1"
152.57.83.192 - - [14/May/2026:11:23:09 +0530] "GET /dist/font-awesome.min.css HTTP/2.0" 200 31004 "https://rms.cafsjobs.com/enrolment/" "Mozilla/5.0 (iPhone; CPU iPhone OS 26_5 like Mac OS X) AppleWebKit/605.1.15 (KHTML, like Gecko) CriOS/124.0.6367.88 Mobile/15E148 Safari/604.1"
152.57.83.192 - - [14/May/2026:11:23:09 +0530] "GET /dist/cafs_rms.css?rel=20191228 HTTP/2.0" 200 33416 "https://rms.cafsjobs.com/enrolment/" "Mozilla/5.0 (iPhone; CPU iPhone OS 26_5 like Mac OS X) AppleWebKit/605.1.15 (KHTML, like Gecko) CriOS/124.0.6367.88 Mobile/15E148 Safari/604.1"
152.57.83.192 - - [14/May/2026:11:23:09 +0530] "GET /dist/jquery-ui.css HTTP/2.0" 200 35684 "https://rms.cafsjobs.com/enrolment/" "Mozilla/5.0 (iPhone; CPU iPhone OS 26_5 like Mac OS X) AppleWebKit/605.1.15 (KHTML, like Gecko) CriOS/124.0.6367.88 Mobile/15E148 Safari/604.1"
152.57.83.192 - - [14/May/2026:11:23:09 +0530] "GET /dist/bootstrap-datetimepicker-master/build/js/bootstrap-datetimepicker.min.js HTTP/2.0" 200 38511 "https://rms.cafsjobs.com/enrolment/" "Mozilla/5.0 (iPhone; CPU iPhone OS 26_5 like Mac OS X) AppleWebKit/605.1.15 (KHTML, like Gecko) CriOS/124.0.6367.88 Mobile/15E148 Safari/604.1"
152.57.83.192 - - [14/May/2026:11:23:09 +0530] "GET /dist/jquery-typeahead/dist/jquery.typeahead.min.js HTTP/2.0" 200 36150 "https://rms.cafsjobs.com/enrolment/" "Mozilla/5.0 (iPhone; CPU iPhone OS 26_5 like Mac OS X) AppleWebKit/605.1.15 (KHTML, like Gecko) CriOS/124.0.6367.88 Mobile/15E148 Safari/604.1"
152.57.83.192 - - [14/May/2026:11:23:09 +0530] "GET /dist/select2/dist/js/select2.full.min.js HTTP/2.0" 200 75007 "https://rms.cafsjobs.com/enrolment/" "Mozilla/5.0 (iPhone; CPU iPhone OS 26_5 like Mac OS X) AppleWebKit/605.1.15 (KHTML, like Gecko) CriOS/124.0.6367.88 Mobile/15E148 Safari/604.1"
152.57.83.192 - - [14/May/2026:11:23:09 +0530] "GET /dist/bootstrap.min.css?rel=20191228 HTTP/2.0" 200 127391 "https://rms.cafsjobs.com/enrolment/" "Mozilla/5.0 (iPhone; CPU iPhone OS 26_5 like Mac OS X) AppleWebKit/605.1.15 (KHTML, like Gecko) CriOS/124.0.6367.88 Mobile/15E148 Safari/604.1"
152.57.83.192 - - [14/May/2026:11:23:09 +0530] "GET /dist/toastr/toastr.js HTTP/2.0" 200 7048 "https://rms.cafsjobs.com/enrolment/" "Mozilla/5.0 (iPhone; CPU iPhone OS 26_5 like Mac OS X) AppleWebKit/605.1.15 (KHTML, like Gecko) CriOS/124.0.6367.88 Mobile/15E148 Safari/604.1"
152.57.83.192 - - [14/May/2026:11:23:09 +0530] "GET /dist/toastr/toastr.css HTTP/2.0" 200 6154 "https://rms.cafsjobs.com/enrolment/" "Mozilla/5.0 (iPhone; CPU iPhone OS 26_5 like Mac OS X) AppleWebKit/605.1.15 (KHTML, like Gecko) CriOS/124.0.6367.88 Mobile/15E148 Safari/604.1"
152.57.83.192 - - [14/May/2026:11:23:09 +0530] "GET /dist/data_table/datatables.min.css HTTP/2.0" 200 21730 "https://rms.cafsjobs.com/enrolment/" "Mozilla/5.0 (iPhone; CPU iPhone OS 26_5 like Mac OS X) AppleWebKit/605.1.15 (KHTML, like Gecko) CriOS/124.0.6367.88 Mobile/15E148 Safari/604.1"
152.57.83.192 - - [14/May/2026:11:23:09 +0530] "GET /dist/jquery_confirm/jquery-confirm.min.css HTTP/2.0" 200 22546 "https://rms.cafsjobs.com/enrolment/" "Mozilla/5.0 (iPhone; CPU iPhone OS 26_5 like Mac OS X) AppleWebKit/605.1.15 (KHTML, like Gecko) CriOS/124.0.6367.88 Mobile/15E148 Safari/604.1"
152.57.83.192 - - [14/May/2026:11:23:09 +0530] "GET /dist/jquery_confirm/jquery-confirm.min.js HTTP/2.0" 200 27905 "https://rms.cafsjobs.com/enrolment/" "Mozilla/5.0 (iPhone; CPU iPhone OS 26_5 like Mac OS X) AppleWebKit/605.1.15 (KHTML, like Gecko) CriOS/124.0.6367.88 Mobile/15E148 Safari/604.1"
152.57.83.192 - - [14/May/2026:11:23:09 +0530] "GET /dist/data_table/datatables.min.js HTTP/2.0" 200 2194645 "https://rms.cafsjobs.com/enrolment/" "Mozilla/5.0 (iPhone; CPU iPhone OS 26_5 like Mac OS X) AppleWebKit/605.1.15 (KHTML, like Gecko) CriOS/124.0.6367.88 Mobile/15E148 Safari/604.1"
152.57.83.192 - - [14/May/2026:11:23:12 +0530] "GET /enrolment/asset/images/employment.jpeg HTTP/2.0" 200 199366 "https://rms.cafsjobs.com/enrolment/" "Mozilla/5.0 (iPhone; CPU iPhone OS 26_5 like Mac OS X) AppleWebKit/605.1.15 (KHTML, like Gecko) CriOS/124.0.6367.88 Mobile/15E148 Safari/604.1"
152.57.83.192 - - [14/May/2026:11:23:12 +0530] "GET /fonts/fontawesome-webfont.woff2?v=4.7.0 HTTP/2.0" 200 77160 "https://rms.cafsjobs.com/enrolment/" "Mozilla/5.0 (iPhone; CPU iPhone OS 26_5 like Mac OS X) AppleWebKit/605.1.15 (KHTML, like Gecko) CriOS/124.0.6367.88 Mobile/15E148 Safari/604.1"
152.57.83.192 - - [14/May/2026:11:23:12 +0530] "GET /favicon.ico HTTP/2.0" 404 - "-" "Mozilla/5.0 (iPhone; CPU iPhone OS 26_5 like Mac OS X) AppleWebKit/605.1.15 (KHTML, like Gecko) CriOS/124.0.6367.88 Mobile/15E148 Safari/604.1"
152.57.83.192 - - [14/May/2026:11:23:25 +0530] "POST /enrolment/enrolment_callback.php?frm=exit_number HTTP/2.0" 200 152 "https://rms.cafsjobs.com/enrolment/" "Mozilla/5.0 (iPhone; CPU iPhone OS 26_5 like Mac OS X) AppleWebKit/605.1.15 (KHTML, like Gecko) CriOS/124.0.6367.88 Mobile/15E148 Safari/604.1"
157.51.149.169 - - [14/May/2026:11:23:32 +0530] "POST /enrolment/enrolment_callback.php?frm=exit_number HTTP/2.0" 404 - "https://rms.cafsjobs.com/enrolment/" "Mozilla/5.0 (Linux; Android 10; K) AppleWebKit/537.36 (KHTML, like Gecko) Chrome/148.0.0.0 Mobile Safari/537.36"
223.182.194.179 - - [14/May/2026:11:23:01 +0530] "GET /dist/cafs_rms.css?rel=20191228 HTTP/2.0" 200 33416 "https://rms.cafsjobs.com/enrolment/" "Mozilla/5.0 (Linux; Android 10; K) AppleWebKit/537.36 (KHTML, like Gecko) Chrome/147.0.0.0 Mobile Safari/537.36"
223.182.194.179 - - [14/May/2026:11:23:01 +0530] "GET /dist/jquery-ui.css HTTP/2.0" 200 35684 "https://rms.cafsjobs.com/enrolment/" "Mozilla/5.0 (Linux; Android 10; K) AppleWebKit/537.36 (KHTML, like Gecko) Chrome/147.0.0.0 Mobile Safari/537.36"
223.182.194.179 - - [14/May/2026:11:23:01 +0530] "GET /dist/font-awesome.min.css HTTP/2.0" 200 31004 "https://rms.cafsjobs.com/enrolment/" "Mozilla/5.0 (Linux; Android 10; K) AppleWebKit/537.36 (KHTML, like Gecko) Chrome/147.0.0.0 Mobile Safari/537.36"
223.182.194.179 - - [14/May/2026:11:23:01 +0530] "GET /dist/bootstrap-datetimepicker-master/build/css/bootstrap-datetimepicker.min.css HTTP/2.0" 200 7789 "https://rms.cafsjobs.com/enrolment/" "Mozilla/5.0 (Linux; Android 10; K) AppleWebKit/537.36 (KHTML, like Gecko) Chrome/147.0.0.0 Mobile Safari/537.36"
223.182.194.179 - - [14/May/2026:11:23:01 +0530] "GET /dist/select2/dist/css/select2.min.css HTTP/2.0" 200 15197 "https://rms.cafsjobs.com/enrolment/" "Mozilla/5.0 (Linux; Android 10; K) AppleWebKit/537.36 (KHTML, like Gecko) Chrome/147.0.0.0 Mobile Safari/537.36"
223.182.194.179 - - [14/May/2026:11:23:01 +0530] "GET /dist/toastr/toastr.css HTTP/2.0" 200 6154 "https://rms.cafsjobs.com/enrolment/" "Mozilla/5.0 (Linux; Android 10; K) AppleWebKit/537.36 (KHTML, like Gecko) Chrome/147.0.0.0 Mobile Safari/537.36"
223.182.194.179 - - [14/May/2026:11:23:01 +0530] "GET /dist/data_table/datatables.min.css HTTP/2.0" 200 21730 "https://rms.cafsjobs.com/enrolment/" "Mozilla/5.0 (Linux; Android 10; K) AppleWebKit/537.36 (KHTML, like Gecko) Chrome/147.0.0.0 Mobile Safari/537.36"
223.182.194.179 - - [14/May/2026:11:23:01 +0530] "GET /dist/jquery_confirm/jquery-confirm.min.css HTTP/2.0" 200 22546 "https://rms.cafsjobs.com/enrolment/" "Mozilla/5.0 (Linux; Android 10; K) AppleWebKit/537.36 (KHTML, like Gecko) Chrome/147.0.0.0 Mobile Safari/537.36"
223.182.194.179 - - [14/May/2026:11:23:01 +0530] "GET /dist/opensourcepos.min.js?rel=20191228 HTTP/2.0" 200 1471322 "https://rms.cafsjobs.com/enrolment/" "Mozilla/5.0 (Linux; Android 10; K) AppleWebKit/537.36 (KHTML, like Gecko) Chrome/147.0.0.0 Mobile Safari/537.36"
223.182.194.179 - - [14/May/2026:11:23:01 +0530] "GET /dist/validate.js?rel=20191228 HTTP/2.0" 200 1455 "https://rms.cafsjobs.com/enrolment/" "Mozilla/5.0 (Linux; Android 10; K) AppleWebKit/537.36 (KHTML, like Gecko) Chrome/147.0.0.0 Mobile Safari/537.36"
223.182.194.179 - - [14/May/2026:11:23:01 +0530] "GET /dist/bootstrap-datetimepicker-master/build/js/bootstrap-datetimepicker.min.js HTTP/2.0" 200 38511 "https://rms.cafsjobs.com/enrolment/" "Mozilla/5.0 (Linux; Android 10; K) AppleWebKit/537.36 (KHTML, like Gecko) Chrome/147.0.0.0 Mobile Safari/537.36"
223.182.194.179 - - [14/May/2026:11:23:01 +0530] "GET /dist/jquery-typeahead/dist/jquery.typeahead.min.js HTTP/2.0" 200 36150 "https://rms.cafsjobs.com/enrolment/" "Mozilla/5.0 (Linux; Android 10; K) AppleWebKit/537.36 (KHTML, like Gecko) Chrome/147.0.0.0 Mobile Safari/537.36"
223.182.194.179 - - [14/May/2026:11:23:01 +0530] "GET /dist/select2/dist/js/select2.full.min.js HTTP/2.0" 200 75007 "https://rms.cafsjobs.com/enrolment/" "Mozilla/5.0 (Linux; Android 10; K) AppleWebKit/537.36 (KHTML, like Gecko) Chrome/147.0.0.0 Mobile Safari/537.36"
223.182.194.179 - - [14/May/2026:11:23:01 +0530] "GET /dist/toastr/toastr.js HTTP/2.0" 200 7048 "https://rms.cafsjobs.com/enrolment/" "Mozilla/5.0 (Linux; Android 10; K) AppleWebKit/537.36 (KHTML, like Gecko) Chrome/147.0.0.0 Mobile Safari/537.36"
223.182.194.179 - - [14/May/2026:11:23:01 +0530] "GET /dist/data_table/datatables.min.js HTTP/2.0" 200 2194645 "https://rms.cafsjobs.com/enrolment/" "Mozilla/5.0 (Linux; Android 10; K) AppleWebKit/537.36 (KHTML, like Gecko) Chrome/147.0.0.0 Mobile Safari/537.36"
223.182.194.179 - - [14/May/2026:11:23:01 +0530] "GET /dist/jquery_confirm/jquery-confirm.min.js HTTP/2.0" 200 27905 "https://rms.cafsjobs.com/enrolment/" "Mozilla/5.0 (Linux; Android 10; K) AppleWebKit/537.36 (KHTML, like Gecko) Chrome/147.0.0.0 Mobile Safari/537.36"
223.182.194.179 - - [14/May/2026:11:23:51 +0530] "GET /enrolment/asset/images/employment.jpeg HTTP/2.0" 200 199366 "https://rms.cafsjobs.com/enrolment/" "Mozilla/5.0 (Linux; Android 10; K) AppleWebKit/537.36 (KHTML, like Gecko) Chrome/147.0.0.0 Mobile Safari/537.36"
223.182.194.179 - - [14/May/2026:11:23:52 +0530] "GET /fonts/fontawesome-webfont.woff2?v=4.7.0 HTTP/2.0" 200 77160 "https://rms.cafsjobs.com/dist/font-awesome.min.css" "Mozilla/5.0 (Linux; Android 10; K) AppleWebKit/537.36 (KHTML, like Gecko) Chrome/147.0.0.0 Mobile Safari/537.36"
223.182.194.179 - - [14/May/2026:11:23:52 +0530] "GET /favicon.ico HTTP/2.0" 404 - "https://rms.cafsjobs.com/enrolment/" "Mozilla/5.0 (Linux; Android 10; K) AppleWebKit/537.36 (KHTML, like Gecko) Chrome/147.0.0.0 Mobile Safari/537.36"
171.79.57.191 - - [14/May/2026:11:24:01 +0530] "POST /enrolment/enrolment_callback.php?frm=show_education_tab HTTP/2.0" 200 60 "https://rms.cafsjobs.com/enrolment/" "Mozilla/5.0 (Linux; Android 10; K) AppleWebKit/537.36 (KHTML, like Gecko) Chrome/147.0.0.0 Mobile Safari/537.36"
171.79.57.191 - - [14/May/2026:11:24:07 +0530] "POST /enrolment/enrolment_callback.php?frm=rowset_save HTTP/2.0" 200 903 "https://rms.cafsjobs.com/enrolment/" "Mozilla/5.0 (Linux; Android 10; K) AppleWebKit/537.36 (KHTML, like Gecko) Chrome/147.0.0.0 Mobile Safari/537.36"
152.57.83.192 - - [14/May/2026:11:24:14 +0530] "POST /enrolment/enrolment_callback.php?frm=get_position HTTP/2.0" 200 616 "https://rms.cafsjobs.com/enrolment/" "Mozilla/5.0 (iPhone; CPU iPhone OS 26_5 like Mac OS X) AppleWebKit/605.1.15 (KHTML, like Gecko) CriOS/124.0.6367.88 Mobile/15E148 Safari/604.1"
171.79.57.191 - - [14/May/2026:11:24:19 +0530] "POST /enrolment/enrolment_callback.php?frm=show_education_tab HTTP/2.0" 200 16 "https://rms.cafsjobs.com/enrolment/" "Mozilla/5.0 (Linux; Android 10; K) AppleWebKit/537.36 (KHTML, like Gecko) Chrome/147.0.0.0 Mobile Safari/537.36"
171.79.57.191 - - [14/May/2026:11:24:20 +0530] "POST /enrolment/enrolment_callback.php?frm=clear_session HTTP/2.0" 200 16 "https://rms.cafsjobs.com/enrolment/" "Mozilla/5.0 (Linux; Android 10; K) AppleWebKit/537.36 (KHTML, like Gecko) Chrome/147.0.0.0 Mobile Safari/537.36"
103.238.228.178 - - [14/May/2026:11:24:21 +0530] "POST /index.php/candidate_tracker/save/30031 HTTP/2.0" 200 67 "https://rms.cafsjobs.com/index.php/candidate_tracker" "Mozilla/5.0 (Windows NT 10.0; Win64; x64) AppleWebKit/537.36 (KHTML, like Gecko) Chrome/148.0.0.0 Safari/537.36 Edg/148.0.0.0"
103.238.228.178 - - [14/May/2026:11:24:21 +0530] "POST /index.php/candidate_tracker/search HTTP/2.0" 200 7199 "https://rms.cafsjobs.com/index.php/candidate_tracker" "Mozilla/5.0 (Windows NT 10.0; Win64; x64) AppleWebKit/537.36 (KHTML, like Gecko) Chrome/148.0.0.0 Safari/537.36 Edg/148.0.0.0"
171.79.57.191 - - [14/May/2026:11:24:22 +0530] "GET /enrolment/ HTTP/2.0" 200 78324 "https://rms.cafsjobs.com/enrolment/" "Mozilla/5.0 (Linux; Android 10; K) AppleWebKit/537.36 (KHTML, like Gecko) Chrome/147.0.0.0 Mobile Safari/537.36"
223.185.201.223 - - [14/May/2026:11:24:22 +0530] "POST /enrolment/enrolment_callback.php?frm=interview_slot_check HTTP/2.0" 200 43 "https://rms.cafsjobs.com/enrolment/" "Mozilla/5.0 (Linux; Android 10; K) AppleWebKit/537.36 (KHTML, like Gecko) Chrome/148.0.0.0 Mobile Safari/537.36"
152.57.91.157 - - [14/May/2026:11:24:22 +0530] "POST /enrolment/enrolment_callback.php?frm=exit_number HTTP/2.0" 200 152 "https://rms.cafsjobs.com/enrolment/" "Mozilla/5.0 (Linux; Android 10; K) AppleWebKit/537.36 (KHTML, like Gecko) Chrome/147.0.0.0 Mobile Safari/537.36"
103.238.228.178 - - [14/May/2026:11:24:27 +0530] "POST /index.php/candidate_tracker/view/30033 HTTP/2.0" 200 93162 "https://rms.cafsjobs.com/index.php/candidate_tracker" "Mozilla/5.0 (Windows NT 10.0; Win64; x64) AppleWebKit/537.36 (KHTML, like Gecko) Chrome/148.0.0.0 Safari/537.36 Edg/148.0.0.0"
103.238.228.178 - - [14/May/2026:11:24:35 +0530] "POST /index.php/candidate_tracker/save/30033 HTTP/2.0" 200 67 "https://rms.cafsjobs.com/index.php/candidate_tracker" "Mozilla/5.0 (Windows NT 10.0; Win64; x64) AppleWebKit/537.36 (KHTML, like Gecko) Chrome/148.0.0.0 Safari/537.36 Edg/148.0.0.0"
103.238.228.178 - - [14/May/2026:11:24:35 +0530] "POST /index.php/candidate_tracker/search HTTP/2.0" 200 7205 "https://rms.cafsjobs.com/index.php/candidate_tracker" "Mozilla/5.0 (Windows NT 10.0; Win64; x64) AppleWebKit/537.36 (KHTML, like Gecko) Chrome/148.0.0.0 Safari/537.36 Edg/148.0.0.0"
223.185.201.223 - - [14/May/2026:11:24:36 +0530] "POST /enrolment/enrolment_callback.php?frm=company_location_tab HTTP/2.0" 200 167 "https://rms.cafsjobs.com/enrolment/" "Mozilla/5.0 (Linux; Android 10; K) AppleWebKit/537.36 (KHTML, like Gecko) Chrome/148.0.0.0 Mobile Safari/537.36"
152.57.83.192 - - [14/May/2026:11:24:56 +0530] "GET /fonts/glyphicons-halflings-regular.woff2 HTTP/2.0" 200 18028 "https://rms.cafsjobs.com/enrolment/" "Mozilla/5.0 (iPhone; CPU iPhone OS 26_5 like Mac OS X) AppleWebKit/605.1.15 (KHTML, like Gecko) CriOS/124.0.6367.88 Mobile/15E148 Safari/604.1"
152.57.83.192 - - [14/May/2026:11:24:56 +0530] "POST /enrolment/enrolment_callback.php?frm=calculation_suggest HTTP/2.0" 200 12 "https://rms.cafsjobs.com/enrolment/" "Mozilla/5.0 (iPhone; CPU iPhone OS 26_5 like Mac OS X) AppleWebKit/605.1.15 (KHTML, like Gecko) CriOS/124.0.6367.88 Mobile/15E148 Safari/604.1"
152.57.83.192 - - [14/May/2026:11:24:56 +0530] "POST /enrolment/enrolment_callback.php?frm=check_dob_exist HTTP/2.0" 200 34 "https://rms.cafsjobs.com/enrolment/" "Mozilla/5.0 (iPhone; CPU iPhone OS 26_5 like Mac OS X) AppleWebKit/605.1.15 (KHTML, like Gecko) CriOS/124.0.6367.88 Mobile/15E148 Safari/604.1"
152.57.94.237 - - [14/May/2026:11:25:30 +0530] "POST /enrolment/enrolment_callback.php?frm=get_position HTTP/2.0" 200 616 "https://rms.cafsjobs.com/enrolment/" "Mozilla/5.0 (Linux; Android 10; K) AppleWebKit/537.36 (KHTML, like Gecko) Chrome/147.0.0.0 Mobile Safari/537.36"
152.57.94.237 - - [14/May/2026:11:25:53 +0530] "GET /fonts/glyphicons-halflings-regular.woff2 HTTP/2.0" 200 18028 "https://rms.cafsjobs.com/dist/bootstrap.min.css?rel=20191228" "Mozilla/5.0 (Linux; Android 10; K) AppleWebKit/537.36 (KHTML, like Gecko) Chrome/147.0.0.0 Mobile Safari/537.36"
157.51.114.180 - - [14/May/2026:11:26:30 +0530] "GET /favicon.ico HTTP/2.0" 404 - "https://rms.cafsjobs.com/enrolment/" "Mozilla/5.0 (Linux; Android 10; K) AppleWebKit/537.36 (KHTML, like Gecko) Chrome/147.0.0.0 Mobile Safari/537.36"
223.185.201.223 - - [14/May/2026:11:27:04 +0530] "POST /enrolment/enrolment_callback.php?frm=rowset_save HTTP/2.0" 200 877 "https://rms.cafsjobs.com/enrolment/" "Mozilla/5.0 (Linux; Android 10; K) AppleWebKit/537.36 (KHTML, like Gecko) Chrome/148.0.0.0 Mobile Safari/537.36"
152.57.94.237 - - [14/May/2026:11:27:32 +0530] "POST /enrolment/enrolment_callback.php?frm=company_location_tab HTTP/2.0" 200 167 "https://rms.cafsjobs.com/enrolment/" "Mozilla/5.0 (Linux; Android 10; K) AppleWebKit/537.36 (KHTML, like Gecko) Chrome/147.0.0.0 Mobile Safari/537.36"
223.185.201.223 - - [14/May/2026:11:27:49 +0530] "POST /enrolment/enrolment_callback.php?frm=rowset_save HTTP/2.0" 200 1251 "https://rms.cafsjobs.com/enrolment/" "Mozilla/5.0 (Linux; Android 10; K) AppleWebKit/537.36 (KHTML, like Gecko) Chrome/148.0.0.0 Mobile Safari/537.36"
152.57.83.192 - - [14/May/2026:11:27:32 +0530] "POST /enrolment/upload_files/upload.php?send_from=candidate_tracker&send_for=upload_sts_resume&extension=pdf,doc,docx HTTP/2.0" 200 110 "https://rms.cafsjobs.com/enrolment/" "Mozilla/5.0 (iPhone; CPU iPhone OS 26_5 like Mac OS X) AppleWebKit/605.1.15 (KHTML, like Gecko) CriOS/124.0.6367.88 Mobile/15E148 Safari/604.1"
152.57.83.192 - - [14/May/2026:11:27:32 +0530] "POST /enrolment/enrolment_callback.php?frm=interview_slot_check HTTP/2.0" 200 43 "https://rms.cafsjobs.com/enrolment/" "Mozilla/5.0 (iPhone; CPU iPhone OS 26_5 like Mac OS X) AppleWebKit/605.1.15 (KHTML, like Gecko) CriOS/124.0.6367.88 Mobile/15E148 Safari/604.1"
152.57.83.192 - - [14/May/2026:11:28:06 +0530] "POST /enrolment/enrolment_callback.php?frm=company_location_tab HTTP/2.0" 200 167 "https://rms.cafsjobs.com/enrolment/" "Mozilla/5.0 (iPhone; CPU iPhone OS 26_5 like Mac OS X) AppleWebKit/605.1.15 (KHTML, like Gecko) CriOS/124.0.6367.88 Mobile/15E148 Safari/604.1"
223.185.201.223 - - [14/May/2026:11:28:31 +0530] "POST /enrolment/enrolment_callback.php?frm=rowset_save HTTP/2.0" 200 1627 "https://rms.cafsjobs.com/enrolment/" "Mozilla/5.0 (Linux; Android 10; K) AppleWebKit/537.36 (KHTML, like Gecko) Chrome/148.0.0.0 Mobile Safari/537.36"
152.57.83.192 - - [14/May/2026:11:28:28 +0530] "POST /enrolment/enrolment_callback.php?frm=save HTTP/2.0" 200 103 "https://rms.cafsjobs.com/enrolment/" "Mozilla/5.0 (iPhone; CPU iPhone OS 26_5 like Mac OS X) AppleWebKit/605.1.15 (KHTML, like Gecko) CriOS/124.0.6367.88 Mobile/15E148 Safari/604.1"
223.185.201.223 - - [14/May/2026:11:28:37 +0530] "POST /enrolment/enrolment_callback.php?frm=show_education_tab HTTP/2.0" 200 16 "https://rms.cafsjobs.com/enrolment/" "Mozilla/5.0 (Linux; Android 10; K) AppleWebKit/537.36 (KHTML, like Gecko) Chrome/148.0.0.0 Mobile Safari/537.36"
223.185.201.223 - - [14/May/2026:11:28:37 +0530] "POST /enrolment/enrolment_callback.php?frm=clear_session HTTP/2.0" 200 16 "https://rms.cafsjobs.com/enrolment/" "Mozilla/5.0 (Linux; Android 10; K) AppleWebKit/537.36 (KHTML, like Gecko) Chrome/148.0.0.0 Mobile Safari/537.36"
223.185.201.223 - - [14/May/2026:11:28:39 +0530] "GET /enrolment/ HTTP/2.0" 200 78324 "https://rms.cafsjobs.com/enrolment/" "Mozilla/5.0 (Linux; Android 10; K) AppleWebKit/537.36 (KHTML, like Gecko) Chrome/148.0.0.0 Mobile Safari/537.36"
223.185.201.223 - - [14/May/2026:11:28:47 +0530] "POST /enrolment/enrolment_callback.php?frm=exit_number HTTP/2.0" 200 58 "https://rms.cafsjobs.com/enrolment/" "Mozilla/5.0 (Linux; Android 10; K) AppleWebKit/537.36 (KHTML, like Gecko) Chrome/148.0.0.0 Mobile Safari/537.36"
223.185.201.223 - - [14/May/2026:11:28:52 +0530] "POST /enrolment/enrolment_callback.php?frm=clear_session HTTP/2.0" 200 16 "https://rms.cafsjobs.com/enrolment/" "Mozilla/5.0 (Linux; Android 10; K) AppleWebKit/537.36 (KHTML, like Gecko) Chrome/148.0.0.0 Mobile Safari/537.36"
223.185.201.223 - - [14/May/2026:11:28:54 +0530] "POST /enrolment/enrolment_callback.php?frm=clear_session HTTP/2.0" 200 - "https://rms.cafsjobs.com/enrolment/" "Mozilla/5.0 (Linux; Android 10; K) AppleWebKit/537.36 (KHTML, like Gecko) Chrome/148.0.0.0 Mobile Safari/537.36"
223.185.201.223 - - [14/May/2026:11:28:54 +0530] "GET /enrolment/ HTTP/2.0" 200 78324 "https://rms.cafsjobs.com/enrolment/" "Mozilla/5.0 (Linux; Android 10; K) AppleWebKit/537.36 (KHTML, like Gecko) Chrome/148.0.0.0 Mobile Safari/537.36"
223.185.201.223 - - [14/May/2026:11:29:03 +0530] "POST /enrolment/enrolment_callback.php?frm=exit_number HTTP/2.0" 200 58 "https://rms.cafsjobs.com/enrolment/" "Mozilla/5.0 (Linux; Android 10; K) AppleWebKit/537.36 (KHTML, like Gecko) Chrome/148.0.0.0 Mobile Safari/537.36"
223.185.201.223 - - [14/May/2026:11:29:17 +0530] "GET /enrolment/ HTTP/2.0" 200 78324 "android-app://com.google.android.googlequicksearchbox/" "Mozilla/5.0 (Linux; Android 10; K) AppleWebKit/537.36 (KHTML, like Gecko) Chrome/148.0.0.0 Mobile Safari/537.36"
223.185.201.223 - - [14/May/2026:11:29:34 +0530] "POST /enrolment/enrolment_callback.php?frm=exit_number HTTP/2.0" 200 2786 "https://rms.cafsjobs.com/enrolment/" "Mozilla/5.0 (Linux; Android 10; K) AppleWebKit/537.36 (KHTML, like Gecko) Chrome/148.0.0.0 Mobile Safari/537.36"
152.57.80.1 - - [14/May/2026:11:29:54 +0530] "POST /enrolment/enrolment_callback.php?frm=rowset_save HTTP/2.0" 200 902 "https://rms.cafsjobs.com/enrolment/" "Mozilla/5.0 (iPhone; CPU iPhone OS 26_5 like Mac OS X) AppleWebKit/605.1.15 (KHTML, like Gecko) CriOS/124.0.6367.88 Mobile/15E148 Safari/604.1"
223.185.201.223 - - [14/May/2026:11:30:02 +0530] "POST /enrolment/enrolment_callback.php?frm=get_position HTTP/2.0" 200 616 "https://rms.cafsjobs.com/enrolment/" "Mozilla/5.0 (Linux; Android 10; K) AppleWebKit/537.36 (KHTML, like Gecko) Chrome/148.0.0.0 Mobile Safari/537.36"
152.57.90.20 - - [14/May/2026:11:30:04 +0530] "GET /enrolment/ HTTP/2.0" 200 78324 "android-app://com.google.android.googlequicksearchbox/" "Mozilla/5.0 (Linux; Android 10; K) AppleWebKit/537.36 (KHTML, like Gecko) Chrome/147.0.0.0 Mobile Safari/537.36"
152.57.90.20 - - [14/May/2026:11:30:25 +0530] "POST /enrolment/enrolment_callback.php?frm=exit_number HTTP/2.0" 200 2786 "https://rms.cafsjobs.com/enrolment/" "Mozilla/5.0 (Linux; Android 10; K) AppleWebKit/537.36 (KHTML, like Gecko) Chrome/147.0.0.0 Mobile Safari/537.36"
152.57.80.71 - - [14/May/2026:11:30:39 +0530] "POST /enrolment/enrolment_callback.php?frm=show_education_tab HTTP/2.0" 200 16 "https://rms.cafsjobs.com/enrolment/" "Mozilla/5.0 (iPhone; CPU iPhone OS 26_5 like Mac OS X) AppleWebKit/605.1.15 (KHTML, like Gecko) CriOS/124.0.6367.88 Mobile/15E148 Safari/604.1"
152.57.80.71 - - [14/May/2026:11:30:40 +0530] "POST /enrolment/enrolment_callback.php?frm=clear_session HTTP/2.0" 200 16 "https://rms.cafsjobs.com/enrolment/" "Mozilla/5.0 (iPhone; CPU iPhone OS 26_5 like Mac OS X) AppleWebKit/605.1.15 (KHTML, like Gecko) CriOS/124.0.6367.88 Mobile/15E148 Safari/604.1"
152.57.80.71 - - [14/May/2026:11:30:42 +0530] "GET /enrolment/ HTTP/2.0" 200 78324 "https://rms.cafsjobs.com/enrolment/" "Mozilla/5.0 (iPhone; CPU iPhone OS 26_5 like Mac OS X) AppleWebKit/605.1.15 (KHTML, like Gecko) CriOS/124.0.6367.88 Mobile/15E148 Safari/604.1"
152.57.80.71 - - [14/May/2026:11:30:43 +0530] "GET /dist/validate.js?rel=20191228 HTTP/2.0" 304 - "https://rms.cafsjobs.com/enrolment/" "Mozilla/5.0 (iPhone; CPU iPhone OS 26_5 like Mac OS X) AppleWebKit/605.1.15 (KHTML, like Gecko) CriOS/124.0.6367.88 Mobile/15E148 Safari/604.1"
152.57.80.71 - - [14/May/2026:11:30:43 +0530] "GET /dist/bootstrap.min.css?rel=20191228 HTTP/2.0" 304 - "https://rms.cafsjobs.com/enrolment/" "Mozilla/5.0 (iPhone; CPU iPhone OS 26_5 like Mac OS X) AppleWebKit/605.1.15 (KHTML, like Gecko) CriOS/124.0.6367.88 Mobile/15E148 Safari/604.1"
152.57.80.71 - - [14/May/2026:11:30:43 +0530] "GET /dist/jquery-ui.css HTTP/2.0" 304 - "https://rms.cafsjobs.com/enrolment/" "Mozilla/5.0 (iPhone; CPU iPhone OS 26_5 like Mac OS X) AppleWebKit/605.1.15 (KHTML, like Gecko) CriOS/124.0.6367.88 Mobile/15E148 Safari/604.1"
152.57.80.71 - - [14/May/2026:11:30:43 +0530] "GET /dist/cafs_rms.css?rel=20191228 HTTP/2.0" 304 - "https://rms.cafsjobs.com/enrolment/" "Mozilla/5.0 (iPhone; CPU iPhone OS 26_5 like Mac OS X) AppleWebKit/605.1.15 (KHTML, like Gecko) CriOS/124.0.6367.88 Mobile/15E148 Safari/604.1"
152.57.80.71 - - [14/May/2026:11:30:43 +0530] "GET /dist/opensourcepos.min.js?rel=20191228 HTTP/2.0" 304 - "https://rms.cafsjobs.com/enrolment/" "Mozilla/5.0 (iPhone; CPU iPhone OS 26_5 like Mac OS X) AppleWebKit/605.1.15 (KHTML, like Gecko) CriOS/124.0.6367.88 Mobile/15E148 Safari/604.1"
152.57.80.71 - - [14/May/2026:11:30:43 +0530] "GET /dist/font-awesome.min.css HTTP/2.0" 304 - "https://rms.cafsjobs.com/enrolment/" "Mozilla/5.0 (iPhone; CPU iPhone OS 26_5 like Mac OS X) AppleWebKit/605.1.15 (KHTML, like Gecko) CriOS/124.0.6367.88 Mobile/15E148 Safari/604.1"
152.57.80.71 - - [14/May/2026:11:30:43 +0530] "GET /dist/bootstrap-datetimepicker-master/build/css/bootstrap-datetimepicker.min.css HTTP/2.0" 304 - "https://rms.cafsjobs.com/enrolment/" "Mozilla/5.0 (iPhone; CPU iPhone OS 26_5 like Mac OS X) AppleWebKit/605.1.15 (KHTML, like Gecko) CriOS/124.0.6367.88 Mobile/15E148 Safari/604.1"
152.57.80.71 - - [14/May/2026:11:30:43 +0530] "GET /dist/data_table/datatables.min.css HTTP/2.0" 304 - "https://rms.cafsjobs.com/enrolment/" "Mozilla/5.0 (iPhone; CPU iPhone OS 26_5 like Mac OS X) AppleWebKit/605.1.15 (KHTML, like Gecko) CriOS/124.0.6367.88 Mobile/15E148 Safari/604.1"
152.57.80.71 - - [14/May/2026:11:30:43 +0530] "GET /dist/jquery-typeahead/dist/jquery.typeahead.min.js HTTP/2.0" 304 - "https://rms.cafsjobs.com/enrolment/" "Mozilla/5.0 (iPhone; CPU iPhone OS 26_5 like Mac OS X) AppleWebKit/605.1.15 (KHTML, like Gecko) CriOS/124.0.6367.88 Mobile/15E148 Safari/604.1"
152.57.80.71 - - [14/May/2026:11:30:43 +0530] "GET /dist/bootstrap-datetimepicker-master/build/js/bootstrap-datetimepicker.min.js HTTP/2.0" 304 - "https://rms.cafsjobs.com/enrolment/" "Mozilla/5.0 (iPhone; CPU iPhone OS 26_5 like Mac OS X) AppleWebKit/605.1.15 (KHTML, like Gecko) CriOS/124.0.6367.88 Mobile/15E148 Safari/604.1"
152.57.80.71 - - [14/May/2026:11:30:43 +0530] "GET /dist/toastr/toastr.css HTTP/2.0" 304 - "https://rms.cafsjobs.com/enrolment/" "Mozilla/5.0 (iPhone; CPU iPhone OS 26_5 like Mac OS X) AppleWebKit/605.1.15 (KHTML, like Gecko) CriOS/124.0.6367.88 Mobile/15E148 Safari/604.1"
152.57.80.71 - - [14/May/2026:11:30:43 +0530] "GET /dist/select2/dist/js/select2.full.min.js HTTP/2.0" 304 - "https://rms.cafsjobs.com/enrolment/" "Mozilla/5.0 (iPhone; CPU iPhone OS 26_5 like Mac OS X) AppleWebKit/605.1.15 (KHTML, like Gecko) CriOS/124.0.6367.88 Mobile/15E148 Safari/604.1"
152.57.80.71 - - [14/May/2026:11:30:43 +0530] "GET /dist/select2/dist/css/select2.min.css HTTP/2.0" 304 - "https://rms.cafsjobs.com/enrolment/" "Mozilla/5.0 (iPhone; CPU iPhone OS 26_5 like Mac OS X) AppleWebKit/605.1.15 (KHTML, like Gecko) CriOS/124.0.6367.88 Mobile/15E148 Safari/604.1"
152.57.80.71 - - [14/May/2026:11:30:43 +0530] "GET /dist/toastr/toastr.js HTTP/2.0" 304 - "https://rms.cafsjobs.com/enrolment/" "Mozilla/5.0 (iPhone; CPU iPhone OS 26_5 like Mac OS X) AppleWebKit/605.1.15 (KHTML, like Gecko) CriOS/124.0.6367.88 Mobile/15E148 Safari/604.1"
152.57.80.71 - - [14/May/2026:11:30:43 +0530] "GET /dist/jquery_confirm/jquery-confirm.min.js HTTP/2.0" 304 - "https://rms.cafsjobs.com/enrolment/" "Mozilla/5.0 (iPhone; CPU iPhone OS 26_5 like Mac OS X) AppleWebKit/605.1.15 (KHTML, like Gecko) CriOS/124.0.6367.88 Mobile/15E148 Safari/604.1"
152.57.80.71 - - [14/May/2026:11:30:43 +0530] "GET /dist/data_table/datatables.min.js HTTP/2.0" 304 - "https://rms.cafsjobs.com/enrolment/" "Mozilla/5.0 (iPhone; CPU iPhone OS 26_5 like Mac OS X) AppleWebKit/605.1.15 (KHTML, like Gecko) CriOS/124.0.6367.88 Mobile/15E148 Safari/604.1"
152.57.80.71 - - [14/May/2026:11:30:43 +0530] "GET /dist/jquery_confirm/jquery-confirm.min.css HTTP/2.0" 304 - "https://rms.cafsjobs.com/enrolment/" "Mozilla/5.0 (iPhone; CPU iPhone OS 26_5 like Mac OS X) AppleWebKit/605.1.15 (KHTML, like Gecko) CriOS/124.0.6367.88 Mobile/15E148 Safari/604.1"
152.57.80.71 - - [14/May/2026:11:30:44 +0530] "GET /enrolment/asset/images/employment.jpeg HTTP/2.0" 304 - "https://rms.cafsjobs.com/enrolment/" "Mozilla/5.0 (iPhone; CPU iPhone OS 26_5 like Mac OS X) AppleWebKit/605.1.15 (KHTML, like Gecko) CriOS/124.0.6367.88 Mobile/15E148 Safari/604.1"
152.57.80.71 - - [14/May/2026:11:30:44 +0530] "GET /fonts/fontawesome-webfont.woff2?v=4.7.0 HTTP/2.0" 304 - "https://rms.cafsjobs.com/enrolment/" "Mozilla/5.0 (iPhone; CPU iPhone OS 26_5 like Mac OS X) AppleWebKit/605.1.15 (KHTML, like Gecko) CriOS/124.0.6367.88 Mobile/15E148 Safari/604.1"
152.57.90.20 - - [14/May/2026:11:30:45 +0530] "POST /enrolment/enrolment_callback.php?frm=get_position HTTP/2.0" 200 616 "https://rms.cafsjobs.com/enrolment/" "Mozilla/5.0 (Linux; Android 10; K) AppleWebKit/537.36 (KHTML, like Gecko) Chrome/147.0.0.0 Mobile Safari/537.36"
152.57.90.20 - - [14/May/2026:11:31:04 +0530] "POST /enrolment/enrolment_callback.php?frm=calculation_suggest HTTP/2.0" 200 12 "https://rms.cafsjobs.com/enrolment/" "Mozilla/5.0 (Linux; Android 10; K) AppleWebKit/537.36 (KHTML, like Gecko) Chrome/147.0.0.0 Mobile Safari/537.36"
152.57.90.20 - - [14/May/2026:11:31:04 +0530] "POST /enrolment/enrolment_callback.php?frm=calculation_suggest HTTP/2.0" 200 12 "https://rms.cafsjobs.com/enrolment/" "Mozilla/5.0 (Linux; Android 10; K) AppleWebKit/537.36 (KHTML, like Gecko) Chrome/147.0.0.0 Mobile Safari/537.36"
152.57.80.71 - - [14/May/2026:11:31:05 +0530] "POST /enrolment/enrolment_callback.php?frm=exit_number HTTP/2.0" 200 58 "https://rms.cafsjobs.com/enrolment/" "Mozilla/5.0 (iPhone; CPU iPhone OS 26_5 like Mac OS X) AppleWebKit/605.1.15 (KHTML, like Gecko) CriOS/124.0.6367.88 Mobile/15E148 Safari/604.1"
152.57.90.20 - - [14/May/2026:11:31:04 +0530] "POST /enrolment/enrolment_callback.php?frm=check_dob_exist HTTP/2.0" 200 34 "https://rms.cafsjobs.com/enrolment/" "Mozilla/5.0 (Linux; Android 10; K) AppleWebKit/537.36 (KHTML, like Gecko) Chrome/147.0.0.0 Mobile Safari/537.36"
152.57.80.71 - - [14/May/2026:11:31:13 +0530] "POST /enrolment/enrolment_callback.php?frm=upd_candidate_status HTTP/2.0" 200 52 "https://rms.cafsjobs.com/enrolment/" "Mozilla/5.0 (iPhone; CPU iPhone OS 26_5 like Mac OS X) AppleWebKit/605.1.15 (KHTML, like Gecko) CriOS/124.0.6367.88 Mobile/15E148 Safari/604.1"
152.57.80.71 - - [14/May/2026:11:31:14 +0530] "POST /enrolment/enrolment_callback.php?frm=clear_session HTTP/2.0" 200 16 "https://rms.cafsjobs.com/enrolment/" "Mozilla/5.0 (iPhone; CPU iPhone OS 26_5 like Mac OS X) AppleWebKit/605.1.15 (KHTML, like Gecko) CriOS/124.0.6367.88 Mobile/15E148 Safari/604.1"
152.57.80.71 - - [14/May/2026:11:31:16 +0530] "GET /enrolment/ HTTP/2.0" 200 - "https://rms.cafsjobs.com/enrolment/" "Mozilla/5.0 (iPhone; CPU iPhone OS 26_5 like Mac OS X) AppleWebKit/605.1.15 (KHTML, like Gecko) CriOS/124.0.6367.88 Mobile/15E148 Safari/604.1"
152.57.80.71 - - [14/May/2026:11:31:16 +0530] "GET /enrolment/ HTTP/2.0" 200 78324 "https://rms.cafsjobs.com/enrolment/" "Mozilla/5.0 (iPhone; CPU iPhone OS 26_5 like Mac OS X) AppleWebKit/605.1.15 (KHTML, like Gecko) CriOS/124.0.6367.88 Mobile/15E148 Safari/604.1"
152.57.80.71 - - [14/May/2026:11:31:18 +0530] "GET /dist/bootstrap.min.css?rel=20191228 HTTP/2.0" 304 - "https://rms.cafsjobs.com/enrolment/" "Mozilla/5.0 (iPhone; CPU iPhone OS 26_5 like Mac OS X) AppleWebKit/605.1.15 (KHTML, like Gecko) CriOS/124.0.6367.88 Mobile/15E148 Safari/604.1"
152.57.80.71 - - [14/May/2026:11:31:18 +0530] "GET /dist/opensourcepos.min.js?rel=20191228 HTTP/2.0" 304 - "https://rms.cafsjobs.com/enrolment/" "Mozilla/5.0 (iPhone; CPU iPhone OS 26_5 like Mac OS X) AppleWebKit/605.1.15 (KHTML, like Gecko) CriOS/124.0.6367.88 Mobile/15E148 Safari/604.1"
152.57.80.71 - - [14/May/2026:11:31:18 +0530] "GET /dist/jquery-ui.css HTTP/2.0" 304 - "https://rms.cafsjobs.com/enrolment/" "Mozilla/5.0 (iPhone; CPU iPhone OS 26_5 like Mac OS X) AppleWebKit/605.1.15 (KHTML, like Gecko) CriOS/124.0.6367.88 Mobile/15E148 Safari/604.1"
152.57.80.71 - - [14/May/2026:11:31:18 +0530] "GET /dist/validate.js?rel=20191228 HTTP/2.0" 304 - "https://rms.cafsjobs.com/enrolment/" "Mozilla/5.0 (iPhone; CPU iPhone OS 26_5 like Mac OS X) AppleWebKit/605.1.15 (KHTML, like Gecko) CriOS/124.0.6367.88 Mobile/15E148 Safari/604.1"
152.57.80.71 - - [14/May/2026:11:31:18 +0530] "GET /dist/cafs_rms.css?rel=20191228 HTTP/2.0" 304 - "https://rms.cafsjobs.com/enrolment/" "Mozilla/5.0 (iPhone; CPU iPhone OS 26_5 like Mac OS X) AppleWebKit/605.1.15 (KHTML, like Gecko) CriOS/124.0.6367.88 Mobile/15E148 Safari/604.1"
152.57.80.71 - - [14/May/2026:11:31:18 +0530] "GET /dist/select2/dist/css/select2.min.css HTTP/2.0" 304 - "https://rms.cafsjobs.com/enrolment/" "Mozilla/5.0 (iPhone; CPU iPhone OS 26_5 like Mac OS X) AppleWebKit/605.1.15 (KHTML, like Gecko) CriOS/124.0.6367.88 Mobile/15E148 Safari/604.1"
152.57.80.71 - - [14/May/2026:11:31:18 +0530] "GET /dist/bootstrap-datetimepicker-master/build/css/bootstrap-datetimepicker.min.css HTTP/2.0" 304 - "https://rms.cafsjobs.com/enrolment/" "Mozilla/5.0 (iPhone; CPU iPhone OS 26_5 like Mac OS X) AppleWebKit/605.1.15 (KHTML, like Gecko) CriOS/124.0.6367.88 Mobile/15E148 Safari/604.1"
152.57.80.71 - - [14/May/2026:11:31:18 +0530] "GET /dist/select2/dist/js/select2.full.min.js HTTP/2.0" 304 - "https://rms.cafsjobs.com/enrolment/" "Mozilla/5.0 (iPhone; CPU iPhone OS 26_5 like Mac OS X) AppleWebKit/605.1.15 (KHTML, like Gecko) CriOS/124.0.6367.88 Mobile/15E148 Safari/604.1"
152.57.80.71 - - [14/May/2026:11:31:18 +0530] "GET /dist/jquery-typeahead/dist/jquery.typeahead.min.js HTTP/2.0" 304 - "https://rms.cafsjobs.com/enrolment/" "Mozilla/5.0 (iPhone; CPU iPhone OS 26_5 like Mac OS X) AppleWebKit/605.1.15 (KHTML, like Gecko) CriOS/124.0.6367.88 Mobile/15E148 Safari/604.1"
152.57.80.71 - - [14/May/2026:11:31:18 +0530] "GET /dist/bootstrap-datetimepicker-master/build/js/bootstrap-datetimepicker.min.js HTTP/2.0" 304 - "https://rms.cafsjobs.com/enrolment/" "Mozilla/5.0 (iPhone; CPU iPhone OS 26_5 like Mac OS X) AppleWebKit/605.1.15 (KHTML, like Gecko) CriOS/124.0.6367.88 Mobile/15E148 Safari/604.1"
152.57.80.71 - - [14/May/2026:11:31:18 +0530] "GET /dist/font-awesome.min.css HTTP/2.0" 304 - "https://rms.cafsjobs.com/enrolment/" "Mozilla/5.0 (iPhone; CPU iPhone OS 26_5 like Mac OS X) AppleWebKit/605.1.15 (KHTML, like Gecko) CriOS/124.0.6367.88 Mobile/15E148 Safari/604.1"
152.57.80.71 - - [14/May/2026:11:31:18 +0530] "GET /dist/toastr/toastr.js HTTP/2.0" 304 - "https://rms.cafsjobs.com/enrolment/" "Mozilla/5.0 (iPhone; CPU iPhone OS 26_5 like Mac OS X) AppleWebKit/605.1.15 (KHTML, like Gecko) CriOS/124.0.6367.88 Mobile/15E148 Safari/604.1"
152.57.80.71 - - [14/May/2026:11:31:18 +0530] "GET /dist/toastr/toastr.css HTTP/2.0" 304 - "https://rms.cafsjobs.com/enrolment/" "Mozilla/5.0 (iPhone; CPU iPhone OS 26_5 like Mac OS X) AppleWebKit/605.1.15 (KHTML, like Gecko) CriOS/124.0.6367.88 Mobile/15E148 Safari/604.1"
152.57.80.71 - - [14/May/2026:11:31:18 +0530] "GET /dist/data_table/datatables.min.css HTTP/2.0" 304 - "https://rms.cafsjobs.com/enrolment/" "Mozilla/5.0 (iPhone; CPU iPhone OS 26_5 like Mac OS X) AppleWebKit/605.1.15 (KHTML, like Gecko) CriOS/124.0.6367.88 Mobile/15E148 Safari/604.1"
152.57.80.71 - - [14/May/2026:11:31:18 +0530] "GET /dist/data_table/datatables.min.js HTTP/2.0" 304 - "https://rms.cafsjobs.com/enrolment/" "Mozilla/5.0 (iPhone; CPU iPhone OS 26_5 like Mac OS X) AppleWebKit/605.1.15 (KHTML, like Gecko) CriOS/124.0.6367.88 Mobile/15E148 Safari/604.1"
