157.51.170.169 - - [14/May/2026:10:52:10 +0530] "POST /enrolment/enrolment_callback.php?frm=exit_number HTTP/2.0" 200 152 "https://rms.cafsjobs.com/enrolment/" "Mozilla/5.0 (Linux; Android 12; vivo 1907) AppleWebKit/537.36 (KHTML, like Gecko) Version/4.0 Chrome/123.0.6312.118 Mobile Safari/537.36 VivoBrowser/15.1.0.3"
157.51.191.215 - - [14/May/2026:10:52:13 +0530] "POST /enrolment/enrolment_callback.php?frm=rowset_save HTTP/2.0" 200 1250 "https://rms.cafsjobs.com/enrolment/" "Mozilla/5.0 (Linux; Android 10; K) AppleWebKit/537.36 (KHTML, like Gecko) Chrome/143.0.0.0 Mobile Safari/537.36"
171.79.62.191 - - [14/May/2026:10:52:14 +0530] "POST /enrolment/enrolment_callback.php?frm=company_location_tab HTTP/2.0" 200 167 "https://rms.cafsjobs.com/enrolment/" "Mozilla/5.0 (Linux; Android 10; K) AppleWebKit/537.36 (KHTML, like Gecko) Chrome/147.0.0.0 Mobile Safari/537.36"
171.79.62.191 - - [14/May/2026:10:52:29 +0530] "POST /enrolment/enrolment_callback.php?frm=save HTTP/2.0" 200 103 "https://rms.cafsjobs.com/enrolment/" "Mozilla/5.0 (Linux; Android 10; K) AppleWebKit/537.36 (KHTML, like Gecko) Chrome/147.0.0.0 Mobile Safari/537.36"
157.51.170.169 - - [14/May/2026:10:52:36 +0530] "POST /enrolment/enrolment_callback.php?frm=get_position HTTP/2.0" 200 616 "https://rms.cafsjobs.com/enrolment/" "Mozilla/5.0 (Linux; Android 12; vivo 1907) AppleWebKit/537.36 (KHTML, like Gecko) Version/4.0 Chrome/123.0.6312.118 Mobile Safari/537.36 VivoBrowser/15.1.0.3"
157.51.191.215 - - [14/May/2026:10:52:46 +0530] "POST /enrolment/enrolment_callback.php?frm=rowset_save HTTP/2.0" 200 1626 "https://rms.cafsjobs.com/enrolment/" "Mozilla/5.0 (Linux; Android 10; K) AppleWebKit/537.36 (KHTML, like Gecko) Chrome/143.0.0.0 Mobile Safari/537.36"
157.51.191.215 - - [14/May/2026:10:52:48 +0530] "POST /enrolment/enrolment_callback.php?frm=show_education_tab HTTP/2.0" 200 16 "https://rms.cafsjobs.com/enrolment/" "Mozilla/5.0 (Linux; Android 10; K) AppleWebKit/537.36 (KHTML, like Gecko) Chrome/143.0.0.0 Mobile Safari/537.36"
157.51.191.215 - - [14/May/2026:10:52:49 +0530] "POST /enrolment/enrolment_callback.php?frm=clear_session HTTP/2.0" 200 16 "https://rms.cafsjobs.com/enrolment/" "Mozilla/5.0 (Linux; Android 10; K) AppleWebKit/537.36 (KHTML, like Gecko) Chrome/143.0.0.0 Mobile Safari/537.36"
157.51.191.215 - - [14/May/2026:10:52:50 +0530] "GET /enrolment/ HTTP/2.0" 200 78324 "https://rms.cafsjobs.com/enrolment/" "Mozilla/5.0 (Linux; Android 10; K) AppleWebKit/537.36 (KHTML, like Gecko) Chrome/143.0.0.0 Mobile Safari/537.36"
157.51.191.215 - - [14/May/2026:10:52:56 +0530] "POST /enrolment/enrolment_callback.php?frm=exit_number HTTP/2.0" 200 58 "https://rms.cafsjobs.com/enrolment/" "Mozilla/5.0 (Linux; Android 10; K) AppleWebKit/537.36 (KHTML, like Gecko) Chrome/143.0.0.0 Mobile Safari/537.36"
152.57.206.221 - - [14/May/2026:10:53:01 +0530] "POST /enrolment/enrolment_callback.php?frm=show_education_tab HTTP/2.0" 200 60 "https://rms.cafsjobs.com/enrolment/" "Mozilla/5.0 (Linux; Android 10; K) AppleWebKit/537.36 (KHTML, like Gecko) Chrome/147.0.0.0 Mobile Safari/537.36"
157.51.191.215 - - [14/May/2026:10:53:01 +0530] "POST /enrolment/enrolment_callback.php?frm=upd_candidate_status HTTP/2.0" 200 52 "https://rms.cafsjobs.com/enrolment/" "Mozilla/5.0 (Linux; Android 10; K) AppleWebKit/537.36 (KHTML, like Gecko) Chrome/143.0.0.0 Mobile Safari/537.36"
157.51.191.215 - - [14/May/2026:10:53:03 +0530] "GET /enrolment/ HTTP/2.0" 200 78324 "https://rms.cafsjobs.com/enrolment/" "Mozilla/5.0 (Linux; Android 10; K) AppleWebKit/537.36 (KHTML, like Gecko) Chrome/143.0.0.0 Mobile Safari/537.36"
157.51.191.215 - - [14/May/2026:10:53:07 +0530] "POST /enrolment/enrolment_callback.php?frm=exit_number HTTP/2.0" 200 91 "https://rms.cafsjobs.com/enrolment/" "Mozilla/5.0 (Linux; Android 10; K) AppleWebKit/537.36 (KHTML, like Gecko) Chrome/143.0.0.0 Mobile Safari/537.36"
103.238.228.178 - - [14/May/2026:10:53:07 +0530] "POST /index.php/candidate_tracker/search HTTP/2.0" 200 485 "https://rms.cafsjobs.com/index.php/candidate_tracker" "Mozilla/5.0 (Windows NT 10.0; Win64; x64) AppleWebKit/537.36 (KHTML, like Gecko) Chrome/148.0.0.0 Safari/537.36"
103.238.228.178 - - [14/May/2026:10:53:10 +0530] "POST /index.php/candidate_tracker/view/29687 HTTP/2.0" 200 94125 "https://rms.cafsjobs.com/index.php/candidate_tracker" "Mozilla/5.0 (Windows NT 10.0; Win64; x64) AppleWebKit/537.36 (KHTML, like Gecko) Chrome/148.0.0.0 Safari/537.36"
171.79.62.191 - - [14/May/2026:10:53:17 +0530] "POST /enrolment/enrolment_callback.php?frm=rowset_save HTTP/2.0" 200 897 "https://rms.cafsjobs.com/enrolment/" "Mozilla/5.0 (Linux; Android 10; K) AppleWebKit/537.36 (KHTML, like Gecko) Chrome/147.0.0.0 Mobile Safari/537.36"
157.51.170.169 - - [14/May/2026:10:53:18 +0530] "GET /fonts/glyphicons-halflings-regular.woff2 HTTP/2.0" 200 18028 "https://rms.cafsjobs.com/dist/bootstrap.min.css?rel=20191228" "Mozilla/5.0 (Linux; Android 12; vivo 1907) AppleWebKit/537.36 (KHTML, like Gecko) Version/4.0 Chrome/123.0.6312.118 Mobile Safari/537.36 VivoBrowser/15.1.0.3"
152.57.202.134 - - [14/May/2026:10:53:19 +0530] "POST /enrolment/enrolment_callback.php?frm=rowset_save HTTP/2.0" 200 875 "https://rms.cafsjobs.com/enrolment/" "Mozilla/5.0 (Linux; Android 10; K) AppleWebKit/537.36 (KHTML, like Gecko) Chrome/147.0.0.0 Mobile Safari/537.36"
171.79.62.191 - - [14/May/2026:10:53:20 +0530] "POST /enrolment/enrolment_callback.php?frm=show_education_tab HTTP/2.0" 200 16 "https://rms.cafsjobs.com/enrolment/" "Mozilla/5.0 (Linux; Android 10; K) AppleWebKit/537.36 (KHTML, like Gecko) Chrome/147.0.0.0 Mobile Safari/537.36"
103.238.228.178 - - [14/May/2026:10:53:20 +0530] "POST /index.php/candidate_tracker/save_interviewer_log HTTP/2.0" 200 1146 "https://rms.cafsjobs.com/index.php/candidate_tracker" "Mozilla/5.0 (Windows NT 10.0; Win64; x64) AppleWebKit/537.36 (KHTML, like Gecko) Chrome/148.0.0.0 Safari/537.36"
103.238.228.178 - - [14/May/2026:10:53:21 +0530] "POST /index.php/candidate_tracker/search HTTP/2.0" 200 61 "https://rms.cafsjobs.com/index.php/candidate_tracker" "Mozilla/5.0 (Windows NT 10.0; Win64; x64) AppleWebKit/537.36 (KHTML, like Gecko) Chrome/148.0.0.0 Safari/537.36"
171.79.62.191 - - [14/May/2026:10:53:21 +0530] "POST /enrolment/enrolment_callback.php?frm=clear_session HTTP/2.0" 200 16 "https://rms.cafsjobs.com/enrolment/" "Mozilla/5.0 (Linux; Android 10; K) AppleWebKit/537.36 (KHTML, like Gecko) Chrome/147.0.0.0 Mobile Safari/537.36"
103.238.228.178 - - [14/May/2026:10:53:23 +0530] "GET /index.php/candidate_tracker HTTP/2.0" 200 54446 "https://rms.cafsjobs.com/index.php/home" "Mozilla/5.0 (Windows NT 10.0; Win64; x64) AppleWebKit/537.36 (KHTML, like Gecko) Chrome/148.0.0.0 Safari/537.36 Edg/148.0.0.0"
171.79.62.191 - - [14/May/2026:10:53:23 +0530] "GET /enrolment/ HTTP/2.0" 200 78324 "https://rms.cafsjobs.com/enrolment/" "Mozilla/5.0 (Linux; Android 10; K) AppleWebKit/537.36 (KHTML, like Gecko) Chrome/147.0.0.0 Mobile Safari/537.36"
103.238.228.178 - - [14/May/2026:10:53:23 +0530] "POST /index.php/candidate_tracker/search HTTP/2.0" 200 4265 "https://rms.cafsjobs.com/index.php/candidate_tracker" "Mozilla/5.0 (Windows NT 10.0; Win64; x64) AppleWebKit/537.36 (KHTML, like Gecko) Chrome/148.0.0.0 Safari/537.36 Edg/148.0.0.0"
152.57.202.134 - - [14/May/2026:10:53:25 +0530] "POST /enrolment/enrolment_callback.php?frm=show_education_tab HTTP/2.0" 200 16 "https://rms.cafsjobs.com/enrolment/" "Mozilla/5.0 (Linux; Android 10; K) AppleWebKit/537.36 (KHTML, like Gecko) Chrome/147.0.0.0 Mobile Safari/537.36"
152.57.202.134 - - [14/May/2026:10:53:27 +0530] "POST /enrolment/enrolment_callback.php?frm=clear_session HTTP/2.0" 200 16 "https://rms.cafsjobs.com/enrolment/" "Mozilla/5.0 (Linux; Android 10; K) AppleWebKit/537.36 (KHTML, like Gecko) Chrome/147.0.0.0 Mobile Safari/537.36"
103.238.228.178 - - [14/May/2026:10:53:28 +0530] "POST /index.php/candidate_tracker/view/30030 HTTP/2.0" 200 93197 "https://rms.cafsjobs.com/index.php/candidate_tracker" "Mozilla/5.0 (Windows NT 10.0; Win64; x64) AppleWebKit/537.36 (KHTML, like Gecko) Chrome/148.0.0.0 Safari/537.36 Edg/148.0.0.0"
152.57.202.134 - - [14/May/2026:10:53:28 +0530] "GET /enrolment/ HTTP/2.0" 200 78324 "https://rms.cafsjobs.com/enrolment/" "Mozilla/5.0 (Linux; Android 10; K) AppleWebKit/537.36 (KHTML, like Gecko) Chrome/147.0.0.0 Mobile Safari/537.36"
103.238.228.178 - - [14/May/2026:10:53:28 +0530] "POST /index.php/candidate_tracker/search HTTP/2.0" 200 912 "https://rms.cafsjobs.com/index.php/candidate_tracker" "Mozilla/5.0 (Windows NT 10.0; Win64; x64) AppleWebKit/537.36 (KHTML, like Gecko) Chrome/148.0.0.0 Safari/537.36"
103.238.228.178 - - [14/May/2026:10:53:35 +0530] "POST /index.php/candidate_tracker/search HTTP/2.0" 200 487 "https://rms.cafsjobs.com/index.php/candidate_tracker" "Mozilla/5.0 (Windows NT 10.0; Win64; x64) AppleWebKit/537.36 (KHTML, like Gecko) Chrome/148.0.0.0 Safari/537.36"
103.238.228.178 - - [14/May/2026:10:53:37 +0530] "POST /index.php/candidate_tracker/view/29702 HTTP/2.0" 200 100067 "https://rms.cafsjobs.com/index.php/candidate_tracker" "Mozilla/5.0 (Windows NT 10.0; Win64; x64) AppleWebKit/537.36 (KHTML, like Gecko) Chrome/148.0.0.0 Safari/537.36"
157.51.170.169 - - [14/May/2026:10:53:40 +0530] "POST /enrolment/enrolment_callback.php?frm=calculation_suggest HTTP/2.0" 200 12 "https://rms.cafsjobs.com/enrolment/" "Mozilla/5.0 (Linux; Android 12; vivo 1907) AppleWebKit/537.36 (KHTML, like Gecko) Version/4.0 Chrome/123.0.6312.118 Mobile Safari/537.36 VivoBrowser/15.1.0.3"
157.51.170.169 - - [14/May/2026:10:53:40 +0530] "POST /enrolment/enrolment_callback.php?frm=calculation_suggest HTTP/2.0" 200 12 "https://rms.cafsjobs.com/enrolment/" "Mozilla/5.0 (Linux; Android 12; vivo 1907) AppleWebKit/537.36 (KHTML, like Gecko) Version/4.0 Chrome/123.0.6312.118 Mobile Safari/537.36 VivoBrowser/15.1.0.3"
157.51.170.169 - - [14/May/2026:10:53:40 +0530] "POST /enrolment/enrolment_callback.php?frm=check_dob_exist HTTP/2.0" 200 34 "https://rms.cafsjobs.com/enrolment/" "Mozilla/5.0 (Linux; Android 12; vivo 1907) AppleWebKit/537.36 (KHTML, like Gecko) Version/4.0 Chrome/123.0.6312.118 Mobile Safari/537.36 VivoBrowser/15.1.0.3"
103.238.228.178 - - [14/May/2026:10:53:41 +0530] "POST /index.php/candidate_tracker/save/30030 HTTP/2.0" 200 67 "https://rms.cafsjobs.com/index.php/candidate_tracker" "Mozilla/5.0 (Windows NT 10.0; Win64; x64) AppleWebKit/537.36 (KHTML, like Gecko) Chrome/148.0.0.0 Safari/537.36 Edg/148.0.0.0"
103.238.228.178 - - [14/May/2026:10:53:42 +0530] "POST /index.php/candidate_tracker/search HTTP/2.0" 200 4270 "https://rms.cafsjobs.com/index.php/candidate_tracker" "Mozilla/5.0 (Windows NT 10.0; Win64; x64) AppleWebKit/537.36 (KHTML, like Gecko) Chrome/148.0.0.0 Safari/537.36 Edg/148.0.0.0"
103.238.228.178 - - [14/May/2026:10:54:00 +0530] "POST /index.php/candidate_tracker/save/29702 HTTP/2.0" 200 67 "https://rms.cafsjobs.com/index.php/candidate_tracker" "Mozilla/5.0 (Windows NT 10.0; Win64; x64) AppleWebKit/537.36 (KHTML, like Gecko) Chrome/148.0.0.0 Safari/537.36"
103.238.228.178 - - [14/May/2026:10:54:05 +0530] "POST /index.php/candidate_tracker/search HTTP/2.0" 200 488 "https://rms.cafsjobs.com/index.php/candidate_tracker" "Mozilla/5.0 (Windows NT 10.0; Win64; x64) AppleWebKit/537.36 (KHTML, like Gecko) Chrome/148.0.0.0 Safari/537.36"
171.79.58.239 - - [14/May/2026:10:54:35 +0530] "POST /enrolment/enrolment_callback.php?frm=interview_slot_check HTTP/2.0" 200 43 "https://rms.cafsjobs.com/enrolment/" "Mozilla/5.0 (Linux; Android 10; K) AppleWebKit/537.36 (KHTML, like Gecko) Chrome/147.0.0.0 Mobile Safari/537.36"
106.208.123.22 - - [14/May/2026:10:55:54 +0530] "GET /enrolment HTTP/2.0" 301 283 "-" "Mozilla/5.0 (Linux; Android 10; K) AppleWebKit/537.36 (KHTML, like Gecko) Chrome/147.0.0.0 Mobile Safari/537.36"
106.208.123.22 - - [14/May/2026:10:55:55 +0530] "GET /enrolment/ HTTP/2.0" 200 78324 "-" "Mozilla/5.0 (Linux; Android 10; K) AppleWebKit/537.36 (KHTML, like Gecko) Chrome/147.0.0.0 Mobile Safari/537.36"
106.208.123.22 - - [14/May/2026:10:55:56 +0530] "GET /dist/select2/dist/css/select2.min.css HTTP/2.0" 200 15197 "https://rms.cafsjobs.com/enrolment/" "Mozilla/5.0 (Linux; Android 10; K) AppleWebKit/537.36 (KHTML, like Gecko) Chrome/147.0.0.0 Mobile Safari/537.36"
106.208.123.22 - - [14/May/2026:10:55:56 +0530] "GET /dist/bootstrap-datetimepicker-master/build/css/bootstrap-datetimepicker.min.css HTTP/2.0" 200 7789 "https://rms.cafsjobs.com/enrolment/" "Mozilla/5.0 (Linux; Android 10; K) AppleWebKit/537.36 (KHTML, like Gecko) Chrome/147.0.0.0 Mobile Safari/537.36"
106.208.123.22 - - [14/May/2026:10:55:56 +0530] "GET /dist/bootstrap.min.css?rel=20191228 HTTP/2.0" 200 127391 "https://rms.cafsjobs.com/enrolment/" "Mozilla/5.0 (Linux; Android 10; K) AppleWebKit/537.36 (KHTML, like Gecko) Chrome/147.0.0.0 Mobile Safari/537.36"
106.208.123.22 - - [14/May/2026:10:55:56 +0530] "GET /dist/font-awesome.min.css HTTP/2.0" 200 31004 "https://rms.cafsjobs.com/enrolment/" "Mozilla/5.0 (Linux; Android 10; K) AppleWebKit/537.36 (KHTML, like Gecko) Chrome/147.0.0.0 Mobile Safari/537.36"
106.208.123.22 - - [14/May/2026:10:55:56 +0530] "GET /dist/cafs_rms.css?rel=20191228 HTTP/2.0" 200 33416 "https://rms.cafsjobs.com/enrolment/" "Mozilla/5.0 (Linux; Android 10; K) AppleWebKit/537.36 (KHTML, like Gecko) Chrome/147.0.0.0 Mobile Safari/537.36"
106.208.123.22 - - [14/May/2026:10:55:56 +0530] "GET /dist/jquery-ui.css HTTP/2.0" 200 35684 "https://rms.cafsjobs.com/enrolment/" "Mozilla/5.0 (Linux; Android 10; K) AppleWebKit/537.36 (KHTML, like Gecko) Chrome/147.0.0.0 Mobile Safari/537.36"
106.208.123.22 - - [14/May/2026:10:55:56 +0530] "GET /dist/jquery_confirm/jquery-confirm.min.css HTTP/2.0" 200 22546 "https://rms.cafsjobs.com/enrolment/" "Mozilla/5.0 (Linux; Android 10; K) AppleWebKit/537.36 (KHTML, like Gecko) Chrome/147.0.0.0 Mobile Safari/537.36"
106.208.123.22 - - [14/May/2026:10:55:56 +0530] "GET /dist/data_table/datatables.min.css HTTP/2.0" 200 21730 "https://rms.cafsjobs.com/enrolment/" "Mozilla/5.0 (Linux; Android 10; K) AppleWebKit/537.36 (KHTML, like Gecko) Chrome/147.0.0.0 Mobile Safari/537.36"
106.208.123.22 - - [14/May/2026:10:55:57 +0530] "GET /dist/toastr/toastr.css HTTP/2.0" 200 6154 "https://rms.cafsjobs.com/enrolment/" "Mozilla/5.0 (Linux; Android 10; K) AppleWebKit/537.36 (KHTML, like Gecko) Chrome/147.0.0.0 Mobile Safari/537.36"
106.208.123.22 - - [14/May/2026:10:55:57 +0530] "GET /dist/opensourcepos.min.js?rel=20191228 HTTP/2.0" 200 1471322 "https://rms.cafsjobs.com/enrolment/" "Mozilla/5.0 (Linux; Android 10; K) AppleWebKit/537.36 (KHTML, like Gecko) Chrome/147.0.0.0 Mobile Safari/537.36"
106.208.123.22 - - [14/May/2026:10:55:57 +0530] "GET /dist/jquery-typeahead/dist/jquery.typeahead.min.js HTTP/2.0" 200 36150 "https://rms.cafsjobs.com/enrolment/" "Mozilla/5.0 (Linux; Android 10; K) AppleWebKit/537.36 (KHTML, like Gecko) Chrome/147.0.0.0 Mobile Safari/537.36"
106.208.123.22 - - [14/May/2026:10:55:57 +0530] "GET /dist/bootstrap-datetimepicker-master/build/js/bootstrap-datetimepicker.min.js HTTP/2.0" 200 38511 "https://rms.cafsjobs.com/enrolment/" "Mozilla/5.0 (Linux; Android 10; K) AppleWebKit/537.36 (KHTML, like Gecko) Chrome/147.0.0.0 Mobile Safari/537.36"
106.208.123.22 - - [14/May/2026:10:55:57 +0530] "GET /dist/validate.js?rel=20191228 HTTP/2.0" 200 1455 "https://rms.cafsjobs.com/enrolment/" "Mozilla/5.0 (Linux; Android 10; K) AppleWebKit/537.36 (KHTML, like Gecko) Chrome/147.0.0.0 Mobile Safari/537.36"
106.208.123.22 - - [14/May/2026:10:55:57 +0530] "GET /dist/toastr/toastr.js HTTP/2.0" 200 7048 "https://rms.cafsjobs.com/enrolment/" "Mozilla/5.0 (Linux; Android 10; K) AppleWebKit/537.36 (KHTML, like Gecko) Chrome/147.0.0.0 Mobile Safari/537.36"
106.208.123.22 - - [14/May/2026:10:55:57 +0530] "GET /dist/data_table/datatables.min.js HTTP/2.0" 200 2194645 "https://rms.cafsjobs.com/enrolment/" "Mozilla/5.0 (Linux; Android 10; K) AppleWebKit/537.36 (KHTML, like Gecko) Chrome/147.0.0.0 Mobile Safari/537.36"
106.208.123.22 - - [14/May/2026:10:55:57 +0530] "GET /dist/select2/dist/js/select2.full.min.js HTTP/2.0" 200 75007 "https://rms.cafsjobs.com/enrolment/" "Mozilla/5.0 (Linux; Android 10; K) AppleWebKit/537.36 (KHTML, like Gecko) Chrome/147.0.0.0 Mobile Safari/537.36"
106.208.123.22 - - [14/May/2026:10:55:57 +0530] "GET /dist/jquery_confirm/jquery-confirm.min.js HTTP/2.0" 200 27905 "https://rms.cafsjobs.com/enrolment/" "Mozilla/5.0 (Linux; Android 10; K) AppleWebKit/537.36 (KHTML, like Gecko) Chrome/147.0.0.0 Mobile Safari/537.36"
106.208.123.22 - - [14/May/2026:10:56:02 +0530] "GET /enrolment/asset/images/employment.jpeg HTTP/2.0" 200 199366 "https://rms.cafsjobs.com/enrolment/" "Mozilla/5.0 (Linux; Android 10; K) AppleWebKit/537.36 (KHTML, like Gecko) Chrome/147.0.0.0 Mobile Safari/537.36"
106.208.123.22 - - [14/May/2026:10:56:02 +0530] "GET /fonts/fontawesome-webfont.woff2?v=4.7.0 HTTP/2.0" 200 77160 "https://rms.cafsjobs.com/dist/font-awesome.min.css" "Mozilla/5.0 (Linux; Android 10; K) AppleWebKit/537.36 (KHTML, like Gecko) Chrome/147.0.0.0 Mobile Safari/537.36"
106.208.123.22 - - [14/May/2026:10:56:03 +0530] "GET /favicon.ico HTTP/2.0" 404 - "https://rms.cafsjobs.com/enrolment/" "Mozilla/5.0 (Linux; Android 10; K) AppleWebKit/537.36 (KHTML, like Gecko) Chrome/147.0.0.0 Mobile Safari/537.36"
171.79.58.239 - - [14/May/2026:10:56:08 +0530] "POST /enrolment/enrolment_callback.php?frm=company_location_tab HTTP/2.0" 200 167 "https://rms.cafsjobs.com/enrolment/" "Mozilla/5.0 (Linux; Android 10; K) AppleWebKit/537.36 (KHTML, like Gecko) Chrome/147.0.0.0 Mobile Safari/537.36"
106.208.123.22 - - [14/May/2026:10:56:10 +0530] "POST /enrolment/enrolment_callback.php?frm=exit_number HTTP/2.0" 200 152 "https://rms.cafsjobs.com/enrolment/" "Mozilla/5.0 (Linux; Android 10; K) AppleWebKit/537.36 (KHTML, like Gecko) Chrome/147.0.0.0 Mobile Safari/537.36"
106.208.123.22 - - [14/May/2026:10:56:31 +0530] "POST /enrolment/enrolment_callback.php?frm=get_position HTTP/2.0" 200 115 "https://rms.cafsjobs.com/enrolment/" "Mozilla/5.0 (Linux; Android 10; K) AppleWebKit/537.36 (KHTML, like Gecko) Chrome/147.0.0.0 Mobile Safari/537.36"
106.208.123.22 - - [14/May/2026:10:56:47 +0530] "GET /fonts/glyphicons-halflings-regular.woff2 HTTP/2.0" 200 18028 "https://rms.cafsjobs.com/dist/bootstrap.min.css?rel=20191228" "Mozilla/5.0 (Linux; Android 10; K) AppleWebKit/537.36 (KHTML, like Gecko) Chrome/147.0.0.0 Mobile Safari/537.36"
106.208.123.22 - - [14/May/2026:10:57:01 +0530] "POST /enrolment/enrolment_callback.php?frm=calculation_suggest HTTP/2.0" 200 12 "https://rms.cafsjobs.com/enrolment/" "Mozilla/5.0 (Linux; Android 10; K) AppleWebKit/537.36 (KHTML, like Gecko) Chrome/147.0.0.0 Mobile Safari/537.36"
106.208.123.22 - - [14/May/2026:10:57:01 +0530] "POST /enrolment/enrolment_callback.php?frm=check_dob_exist HTTP/2.0" 200 34 "https://rms.cafsjobs.com/enrolment/" "Mozilla/5.0 (Linux; Android 10; K) AppleWebKit/537.36 (KHTML, like Gecko) Chrome/147.0.0.0 Mobile Safari/537.36"
157.51.170.169 - - [14/May/2026:10:57:06 +0530] "POST /enrolment/upload_files/upload.php?send_from=candidate_tracker&send_for=upload_sts_resume&extension=pdf,doc,docx HTTP/2.0" 200 126 "https://rms.cafsjobs.com/enrolment/" "Mozilla/5.0 (Linux; Android 12; vivo 1907) AppleWebKit/537.36 (KHTML, like Gecko) Version/4.0 Chrome/123.0.6312.118 Mobile Safari/537.36 VivoBrowser/15.1.0.3"
157.51.170.169 - - [14/May/2026:10:57:28 +0530] "POST /enrolment/enrolment_callback.php?frm=company_location_tab HTTP/2.0" 200 167 "https://rms.cafsjobs.com/enrolment/" "Mozilla/5.0 (Linux; Android 12; vivo 1907) AppleWebKit/537.36 (KHTML, like Gecko) Version/4.0 Chrome/123.0.6312.118 Mobile Safari/537.36 VivoBrowser/15.1.0.3"
157.51.170.169 - - [14/May/2026:10:57:53 +0530] "POST /enrolment/enrolment_callback.php?frm=interview_slot_check HTTP/2.0" 200 43 "https://rms.cafsjobs.com/enrolment/" "Mozilla/5.0 (Linux; Android 12; vivo 1907) AppleWebKit/537.36 (KHTML, like Gecko) Version/4.0 Chrome/123.0.6312.118 Mobile Safari/537.36 VivoBrowser/15.1.0.3"
157.51.170.169 - - [14/May/2026:10:58:06 +0530] "POST /enrolment/enrolment_callback.php?frm=interview_slot_check HTTP/2.0" 200 43 "https://rms.cafsjobs.com/enrolment/" "Mozilla/5.0 (Linux; Android 12; vivo 1907) AppleWebKit/537.36 (KHTML, like Gecko) Version/4.0 Chrome/123.0.6312.118 Mobile Safari/537.36 VivoBrowser/15.1.0.3"
106.208.123.22 - - [14/May/2026:10:58:42 +0530] "POST /enrolment/upload_files/upload.php?send_from=candidate_tracker&send_for=upload_sts_resume&extension=pdf,doc,docx HTTP/2.0" 200 113 "https://rms.cafsjobs.com/enrolment/" "Mozilla/5.0 (Linux; Android 10; K) AppleWebKit/537.36 (KHTML, like Gecko) Chrome/147.0.0.0 Mobile Safari/537.36"
106.208.123.22 - - [14/May/2026:10:58:57 +0530] "POST /enrolment/enrolment_callback.php?frm=interview_slot_check HTTP/2.0" 200 43 "https://rms.cafsjobs.com/enrolment/" "Mozilla/5.0 (Linux; Android 10; K) AppleWebKit/537.36 (KHTML, like Gecko) Chrome/147.0.0.0 Mobile Safari/537.36"
106.222.220.59 - - [14/May/2026:10:58:57 +0530] "GET /index.php/candidate_tracker HTTP/2.0" 200 54446 "https://rms.cafsjobs.com/index.php/home" "Mozilla/5.0 (Windows NT 10.0; Win64; x64) AppleWebKit/537.36 (KHTML, like Gecko) Chrome/148.0.0.0 Safari/537.36"
106.222.220.59 - - [14/May/2026:10:58:58 +0530] "POST /index.php/candidate_tracker/search HTTP/2.0" 200 4270 "https://rms.cafsjobs.com/index.php/candidate_tracker" "Mozilla/5.0 (Windows NT 10.0; Win64; x64) AppleWebKit/537.36 (KHTML, like Gecko) Chrome/148.0.0.0 Safari/537.36"
157.51.170.169 - - [14/May/2026:10:58:59 +0530] "POST /enrolment/enrolment_callback.php?frm=save HTTP/2.0" 200 103 "https://rms.cafsjobs.com/enrolment/" "Mozilla/5.0 (Linux; Android 12; vivo 1907) AppleWebKit/537.36 (KHTML, like Gecko) Version/4.0 Chrome/123.0.6312.118 Mobile Safari/537.36 VivoBrowser/15.1.0.3"
106.208.123.22 - - [14/May/2026:10:59:19 +0530] "POST /enrolment/enrolment_callback.php?frm=company_location_tab HTTP/2.0" 200 167 "https://rms.cafsjobs.com/enrolment/" "Mozilla/5.0 (Linux; Android 10; K) AppleWebKit/537.36 (KHTML, like Gecko) Chrome/147.0.0.0 Mobile Safari/537.36"
106.208.123.22 - - [14/May/2026:10:59:23 +0530] "POST /enrolment/enrolment_callback.php?frm=save HTTP/2.0" 200 103 "https://rms.cafsjobs.com/enrolment/" "Mozilla/5.0 (Linux; Android 10; K) AppleWebKit/537.36 (KHTML, like Gecko) Chrome/147.0.0.0 Mobile Safari/537.36"
223.185.26.243 - - [14/May/2026:10:59:38 +0530] "GET /favicon.ico HTTP/2.0" 404 - "https://rms.cafsjobs.com/enrolment/" "Mozilla/5.0 (Linux; Android 10; K) AppleWebKit/537.36 (KHTML, like Gecko) Chrome/148.0.0.0 Mobile Safari/537.36"
171.79.58.239 - - [14/May/2026:10:59:58 +0530] "POST /enrolment/upload_files/upload.php?send_from=candidate_tracker&send_for=upload_sts_resume&extension=pdf,doc,docx HTTP/2.0" 200 158 "https://rms.cafsjobs.com/enrolment/" "Mozilla/5.0 (Linux; Android 10; K) AppleWebKit/537.36 (KHTML, like Gecko) Chrome/147.0.0.0 Mobile Safari/537.36"
106.208.123.22 - - [14/May/2026:10:59:59 +0530] "POST /enrolment/enrolment_callback.php?frm=rowset_save HTTP/2.0" 200 879 "https://rms.cafsjobs.com/enrolment/" "Mozilla/5.0 (Linux; Android 10; K) AppleWebKit/537.36 (KHTML, like Gecko) Chrome/147.0.0.0 Mobile Safari/537.36"
171.79.58.239 - - [14/May/2026:11:00:01 +0530] "POST /enrolment/enrolment_callback.php?frm=save HTTP/2.0" 200 103 "https://rms.cafsjobs.com/enrolment/" "Mozilla/5.0 (Linux; Android 10; K) AppleWebKit/537.36 (KHTML, like Gecko) Chrome/147.0.0.0 Mobile Safari/537.36"
106.208.123.22 - - [14/May/2026:11:00:30 +0530] "POST /enrolment/enrolment_callback.php?frm=show_education_tab HTTP/2.0" 200 16 "https://rms.cafsjobs.com/enrolment/" "Mozilla/5.0 (Linux; Android 10; K) AppleWebKit/537.36 (KHTML, like Gecko) Chrome/147.0.0.0 Mobile Safari/537.36"
106.208.123.22 - - [14/May/2026:11:01:00 +0530] "POST /enrolment/enrolment_callback.php?frm=calculation_suggest HTTP/2.0" 200 31 "https://rms.cafsjobs.com/enrolment/" "Mozilla/5.0 (Linux; Android 10; K) AppleWebKit/537.36 (KHTML, like Gecko) Chrome/147.0.0.0 Mobile Safari/537.36"
152.57.86.74 - - [14/May/2026:11:01:06 +0530] "GET /enrolment HTTP/2.0" 301 283 "-" "Mozilla/5.0 (Linux; Android 10; K) AppleWebKit/537.36 (KHTML, like Gecko) Chrome/148.0.0.0 Mobile Safari/537.36"
152.57.86.74 - - [14/May/2026:11:01:06 +0530] "GET /enrolment/ HTTP/2.0" 200 78324 "-" "Mozilla/5.0 (Linux; Android 10; K) AppleWebKit/537.36 (KHTML, like Gecko) Chrome/148.0.0.0 Mobile Safari/537.36"
152.57.86.74 - - [14/May/2026:11:01:07 +0530] "GET /dist/cafs_rms.css?rel=20191228 HTTP/2.0" 200 33416 "https://rms.cafsjobs.com/enrolment/" "Mozilla/5.0 (Linux; Android 10; K) AppleWebKit/537.36 (KHTML, like Gecko) Chrome/148.0.0.0 Mobile Safari/537.36"
152.57.86.74 - - [14/May/2026:11:01:07 +0530] "GET /dist/bootstrap.min.css?rel=20191228 HTTP/2.0" 200 127391 "https://rms.cafsjobs.com/enrolment/" "Mozilla/5.0 (Linux; Android 10; K) AppleWebKit/537.36 (KHTML, like Gecko) Chrome/148.0.0.0 Mobile Safari/537.36"
152.57.86.74 - - [14/May/2026:11:01:07 +0530] "GET /dist/jquery-ui.css HTTP/2.0" 200 35684 "https://rms.cafsjobs.com/enrolment/" "Mozilla/5.0 (Linux; Android 10; K) AppleWebKit/537.36 (KHTML, like Gecko) Chrome/148.0.0.0 Mobile Safari/537.36"
152.57.86.74 - - [14/May/2026:11:01:07 +0530] "GET /dist/opensourcepos.min.js?rel=20191228 HTTP/2.0" 200 1471322 "https://rms.cafsjobs.com/enrolment/" "Mozilla/5.0 (Linux; Android 10; K) AppleWebKit/537.36 (KHTML, like Gecko) Chrome/148.0.0.0 Mobile Safari/537.36"
152.57.86.74 - - [14/May/2026:11:01:07 +0530] "GET /dist/font-awesome.min.css HTTP/2.0" 200 31004 "https://rms.cafsjobs.com/enrolment/" "Mozilla/5.0 (Linux; Android 10; K) AppleWebKit/537.36 (KHTML, like Gecko) Chrome/148.0.0.0 Mobile Safari/537.36"
152.57.86.74 - - [14/May/2026:11:01:07 +0530] "GET /dist/bootstrap-datetimepicker-master/build/css/bootstrap-datetimepicker.min.css HTTP/2.0" 200 7789 "https://rms.cafsjobs.com/enrolment/" "Mozilla/5.0 (Linux; Android 10; K) AppleWebKit/537.36 (KHTML, like Gecko) Chrome/148.0.0.0 Mobile Safari/537.36"
152.57.86.74 - - [14/May/2026:11:01:07 +0530] "GET /dist/select2/dist/css/select2.min.css HTTP/2.0" 200 15197 "https://rms.cafsjobs.com/enrolment/" "Mozilla/5.0 (Linux; Android 10; K) AppleWebKit/537.36 (KHTML, like Gecko) Chrome/148.0.0.0 Mobile Safari/537.36"
152.57.86.74 - - [14/May/2026:11:01:07 +0530] "GET /dist/toastr/toastr.css HTTP/2.0" 200 6154 "https://rms.cafsjobs.com/enrolment/" "Mozilla/5.0 (Linux; Android 10; K) AppleWebKit/537.36 (KHTML, like Gecko) Chrome/148.0.0.0 Mobile Safari/537.36"
152.57.86.74 - - [14/May/2026:11:01:07 +0530] "GET /dist/data_table/datatables.min.css HTTP/2.0" 200 21730 "https://rms.cafsjobs.com/enrolment/" "Mozilla/5.0 (Linux; Android 10; K) AppleWebKit/537.36 (KHTML, like Gecko) Chrome/148.0.0.0 Mobile Safari/537.36"
152.57.86.74 - - [14/May/2026:11:01:07 +0530] "GET /dist/jquery_confirm/jquery-confirm.min.css HTTP/2.0" 200 22546 "https://rms.cafsjobs.com/enrolment/" "Mozilla/5.0 (Linux; Android 10; K) AppleWebKit/537.36 (KHTML, like Gecko) Chrome/148.0.0.0 Mobile Safari/537.36"
152.57.86.74 - - [14/May/2026:11:01:07 +0530] "GET /dist/validate.js?rel=20191228 HTTP/2.0" 200 1455 "https://rms.cafsjobs.com/enrolment/" "Mozilla/5.0 (Linux; Android 10; K) AppleWebKit/537.36 (KHTML, like Gecko) Chrome/148.0.0.0 Mobile Safari/537.36"
152.57.86.74 - - [14/May/2026:11:01:07 +0530] "GET /dist/jquery-typeahead/dist/jquery.typeahead.min.js HTTP/2.0" 200 36150 "https://rms.cafsjobs.com/enrolment/" "Mozilla/5.0 (Linux; Android 10; K) AppleWebKit/537.36 (KHTML, like Gecko) Chrome/148.0.0.0 Mobile Safari/537.36"
152.57.86.74 - - [14/May/2026:11:01:07 +0530] "GET /dist/select2/dist/js/select2.full.min.js HTTP/2.0" 200 75007 "https://rms.cafsjobs.com/enrolment/" "Mozilla/5.0 (Linux; Android 10; K) AppleWebKit/537.36 (KHTML, like Gecko) Chrome/148.0.0.0 Mobile Safari/537.36"
152.57.86.74 - - [14/May/2026:11:01:07 +0530] "GET /dist/toastr/toastr.js HTTP/2.0" 200 7048 "https://rms.cafsjobs.com/enrolment/" "Mozilla/5.0 (Linux; Android 10; K) AppleWebKit/537.36 (KHTML, like Gecko) Chrome/148.0.0.0 Mobile Safari/537.36"
152.57.86.74 - - [14/May/2026:11:01:07 +0530] "GET /dist/jquery_confirm/jquery-confirm.min.js HTTP/2.0" 200 27905 "https://rms.cafsjobs.com/enrolment/" "Mozilla/5.0 (Linux; Android 10; K) AppleWebKit/537.36 (KHTML, like Gecko) Chrome/148.0.0.0 Mobile Safari/537.36"
152.57.86.74 - - [14/May/2026:11:01:07 +0530] "GET /dist/bootstrap-datetimepicker-master/build/js/bootstrap-datetimepicker.min.js HTTP/2.0" 200 38511 "https://rms.cafsjobs.com/enrolment/" "Mozilla/5.0 (Linux; Android 10; K) AppleWebKit/537.36 (KHTML, like Gecko) Chrome/148.0.0.0 Mobile Safari/537.36"
152.57.86.74 - - [14/May/2026:11:01:07 +0530] "GET /dist/data_table/datatables.min.js HTTP/2.0" 200 2194645 "https://rms.cafsjobs.com/enrolment/" "Mozilla/5.0 (Linux; Android 10; K) AppleWebKit/537.36 (KHTML, like Gecko) Chrome/148.0.0.0 Mobile Safari/537.36"
171.79.58.239 - - [14/May/2026:11:01:07 +0530] "POST /enrolment/enrolment_callback.php?frm=rowset_save HTTP/2.0" 200 878 "https://rms.cafsjobs.com/enrolment/" "Mozilla/5.0 (Linux; Android 10; K) AppleWebKit/537.36 (KHTML, like Gecko) Chrome/147.0.0.0 Mobile Safari/537.36"
152.57.86.74 - - [14/May/2026:11:01:08 +0530] "GET /enrolment/asset/images/employment.jpeg HTTP/2.0" 200 199366 "https://rms.cafsjobs.com/enrolment/" "Mozilla/5.0 (Linux; Android 10; K) AppleWebKit/537.36 (KHTML, like Gecko) Chrome/148.0.0.0 Mobile Safari/537.36"
152.57.86.74 - - [14/May/2026:11:01:08 +0530] "GET /fonts/fontawesome-webfont.woff2?v=4.7.0 HTTP/2.0" 200 77160 "https://rms.cafsjobs.com/dist/font-awesome.min.css" "Mozilla/5.0 (Linux; Android 10; K) AppleWebKit/537.36 (KHTML, like Gecko) Chrome/148.0.0.0 Mobile Safari/537.36"
152.57.86.74 - - [14/May/2026:11:01:08 +0530] "GET /favicon.ico HTTP/2.0" 404 - "https://rms.cafsjobs.com/enrolment/" "Mozilla/5.0 (Linux; Android 10; K) AppleWebKit/537.36 (KHTML, like Gecko) Chrome/148.0.0.0 Mobile Safari/537.36"
157.51.170.169 - - [14/May/2026:11:01:09 +0530] "POST /enrolment/enrolment_callback.php?frm=show_education_tab HTTP/2.0" 200 60 "https://rms.cafsjobs.com/enrolment/" "Mozilla/5.0 (Linux; Android 12; vivo 1907) AppleWebKit/537.36 (KHTML, like Gecko) Version/4.0 Chrome/123.0.6312.118 Mobile Safari/537.36 VivoBrowser/15.1.0.3"
157.51.170.169 - - [14/May/2026:11:01:22 +0530] "POST /enrolment/enrolment_callback.php?frm=show_education_tab HTTP/2.0" 200 60 "https://rms.cafsjobs.com/enrolment/" "Mozilla/5.0 (Linux; Android 12; vivo 1907) AppleWebKit/537.36 (KHTML, like Gecko) Version/4.0 Chrome/123.0.6312.118 Mobile Safari/537.36 VivoBrowser/15.1.0.3"
152.57.86.74 - - [14/May/2026:11:01:30 +0530] "POST /enrolment/enrolment_callback.php?frm=exit_number HTTP/2.0" 200 58 "https://rms.cafsjobs.com/enrolment/" "Mozilla/5.0 (Linux; Android 10; K) AppleWebKit/537.36 (KHTML, like Gecko) Chrome/148.0.0.0 Mobile Safari/537.36"
157.51.170.169 - - [14/May/2026:11:01:32 +0530] "POST /enrolment/enrolment_callback.php?frm=rowset_save HTTP/2.0" 200 878 "https://rms.cafsjobs.com/enrolment/" "Mozilla/5.0 (Linux; Android 12; vivo 1907) AppleWebKit/537.36 (KHTML, like Gecko) Version/4.0 Chrome/123.0.6312.118 Mobile Safari/537.36 VivoBrowser/15.1.0.3"
106.208.123.22 - - [14/May/2026:11:01:40 +0530] "POST /enrolment/enrolment_callback.php?frm=calculation_suggest HTTP/2.0" 200 31 "https://rms.cafsjobs.com/enrolment/" "Mozilla/5.0 (Linux; Android 10; K) AppleWebKit/537.36 (KHTML, like Gecko) Chrome/147.0.0.0 Mobile Safari/537.36"
152.57.86.74 - - [14/May/2026:11:01:42 +0530] "POST /enrolment/enrolment_callback.php?frm=upd_candidate_status HTTP/2.0" 200 52 "https://rms.cafsjobs.com/enrolment/" "Mozilla/5.0 (Linux; Android 10; K) AppleWebKit/537.36 (KHTML, like Gecko) Chrome/148.0.0.0 Mobile Safari/537.36"
152.57.86.74 - - [14/May/2026:11:01:43 +0530] "POST /enrolment/enrolment_callback.php?frm=clear_session HTTP/2.0" 200 16 "https://rms.cafsjobs.com/enrolment/" "Mozilla/5.0 (Linux; Android 10; K) AppleWebKit/537.36 (KHTML, like Gecko) Chrome/148.0.0.0 Mobile Safari/537.36"
152.57.86.74 - - [14/May/2026:11:01:44 +0530] "GET /enrolment/ HTTP/2.0" 200 78324 "https://rms.cafsjobs.com/enrolment/" "Mozilla/5.0 (Linux; Android 10; K) AppleWebKit/537.36 (KHTML, like Gecko) Chrome/148.0.0.0 Mobile Safari/537.36"
152.57.86.74 - - [14/May/2026:11:01:48 +0530] "GET /enrolment/ HTTP/2.0" 200 78324 "https://rms.cafsjobs.com/enrolment/" "Mozilla/5.0 (Linux; Android 10; K) AppleWebKit/537.36 (KHTML, like Gecko) Chrome/148.0.0.0 Mobile Safari/537.36"
106.208.123.22 - - [14/May/2026:11:02:03 +0530] "POST /enrolment/enrolment_callback.php?frm=show_experience_tab HTTP/2.0" 200 88 "https://rms.cafsjobs.com/enrolment/" "Mozilla/5.0 (Linux; Android 10; K) AppleWebKit/537.36 (KHTML, like Gecko) Chrome/147.0.0.0 Mobile Safari/537.36"
152.57.86.74 - - [14/May/2026:11:02:05 +0530] "POST /enrolment/enrolment_callback.php?frm=exit_number HTTP/2.0" 200 91 "https://rms.cafsjobs.com/enrolment/" "Mozilla/5.0 (Linux; Android 10; K) AppleWebKit/537.36 (KHTML, like Gecko) Chrome/148.0.0.0 Mobile Safari/537.36"
106.208.123.22 - - [14/May/2026:11:02:13 +0530] "POST /enrolment/enrolment_callback.php?frm=show_experience_tab HTTP/2.0" 200 88 "https://rms.cafsjobs.com/enrolment/" "Mozilla/5.0 (Linux; Android 10; K) AppleWebKit/537.36 (KHTML, like Gecko) Chrome/147.0.0.0 Mobile Safari/537.36"
103.238.228.178 - - [14/May/2026:11:02:27 +0530] "GET /index.php/candidate_tracker HTTP/2.0" 200 54446 "https://rms.cafsjobs.com/index.php/home" "Mozilla/5.0 (Windows NT 10.0; Win64; x64) AppleWebKit/537.36 (KHTML, like Gecko) Chrome/148.0.0.0 Safari/537.36 Edg/148.0.0.0"
103.238.228.178 - - [14/May/2026:11:02:28 +0530] "POST /index.php/candidate_tracker/search HTTP/2.0" 200 5511 "https://rms.cafsjobs.com/index.php/candidate_tracker" "Mozilla/5.0 (Windows NT 10.0; Win64; x64) AppleWebKit/537.36 (KHTML, like Gecko) Chrome/148.0.0.0 Safari/537.36 Edg/148.0.0.0"
171.79.58.239 - - [14/May/2026:11:02:29 +0530] "POST /enrolment/enrolment_callback.php?frm=rowset_save HTTP/2.0" 200 1267 "https://rms.cafsjobs.com/enrolment/" "Mozilla/5.0 (Linux; Android 10; K) AppleWebKit/537.36 (KHTML, like Gecko) Chrome/147.0.0.0 Mobile Safari/537.36"
106.208.123.22 - - [14/May/2026:11:02:33 +0530] "POST /enrolment/enrolment_callback.php?frm=rowset_save HTTP/2.0" 200 1115 "https://rms.cafsjobs.com/enrolment/" "Mozilla/5.0 (Linux; Android 10; K) AppleWebKit/537.36 (KHTML, like Gecko) Chrome/147.0.0.0 Mobile Safari/537.36"
103.238.228.178 - - [14/May/2026:11:02:41 +0530] "POST /index.php/candidate_tracker/search HTTP/2.0" 200 2990 "https://rms.cafsjobs.com/index.php/candidate_tracker" "Mozilla/5.0 (Windows NT 10.0; Win64; x64) AppleWebKit/537.36 (KHTML, like Gecko) Chrome/148.0.0.0 Safari/537.36 Edg/148.0.0.0"
103.238.228.178 - - [14/May/2026:11:02:41 +0530] "POST /index.php/candidate_tracker/search HTTP/2.0" 200 481 "https://rms.cafsjobs.com/index.php/candidate_tracker" "Mozilla/5.0 (Windows NT 10.0; Win64; x64) AppleWebKit/537.36 (KHTML, like Gecko) Chrome/148.0.0.0 Safari/537.36 Edg/148.0.0.0"
157.51.170.169 - - [14/May/2026:11:02:42 +0530] "POST /enrolment/enrolment_callback.php?frm=rowset_save HTTP/2.0" 200 1252 "https://rms.cafsjobs.com/enrolment/" "Mozilla/5.0 (Linux; Android 12; vivo 1907) AppleWebKit/537.36 (KHTML, like Gecko) Version/4.0 Chrome/123.0.6312.118 Mobile Safari/537.36 VivoBrowser/15.1.0.3"
103.238.228.178 - - [14/May/2026:11:02:42 +0530] "POST /index.php/candidate_tracker/search HTTP/2.0" 200 61 "https://rms.cafsjobs.com/index.php/candidate_tracker" "Mozilla/5.0 (Windows NT 10.0; Win64; x64) AppleWebKit/537.36 (KHTML, like Gecko) Chrome/148.0.0.0 Safari/537.36 Edg/148.0.0.0"
103.238.228.178 - - [14/May/2026:11:02:43 +0530] "POST /index.php/candidate_tracker/search HTTP/2.0" 200 61 "https://rms.cafsjobs.com/index.php/candidate_tracker" "Mozilla/5.0 (Windows NT 10.0; Win64; x64) AppleWebKit/537.36 (KHTML, like Gecko) Chrome/148.0.0.0 Safari/537.36 Edg/148.0.0.0"
103.238.228.178 - - [14/May/2026:11:02:44 +0530] "POST /index.php/candidate_tracker/search HTTP/2.0" 200 61 "https://rms.cafsjobs.com/index.php/candidate_tracker" "Mozilla/5.0 (Windows NT 10.0; Win64; x64) AppleWebKit/537.36 (KHTML, like Gecko) Chrome/148.0.0.0 Safari/537.36 Edg/148.0.0.0"
103.238.228.178 - - [14/May/2026:11:02:45 +0530] "GET /enrolment HTTP/1.1" 301 283 "-" "WhatsApp/2.23.20.0"
103.238.228.178 - - [14/May/2026:11:02:45 +0530] "POST /index.php/candidate_tracker/search HTTP/2.0" 200 61 "https://rms.cafsjobs.com/index.php/candidate_tracker" "Mozilla/5.0 (Windows NT 10.0; Win64; x64) AppleWebKit/537.36 (KHTML, like Gecko) Chrome/148.0.0.0 Safari/537.36 Edg/148.0.0.0"
103.238.228.178 - - [14/May/2026:11:02:46 +0530] "POST /index.php/candidate_tracker/search HTTP/2.0" 200 61 "https://rms.cafsjobs.com/index.php/candidate_tracker" "Mozilla/5.0 (Windows NT 10.0; Win64; x64) AppleWebKit/537.36 (KHTML, like Gecko) Chrome/148.0.0.0 Safari/537.36 Edg/148.0.0.0"
103.238.228.178 - - [14/May/2026:11:02:46 +0530] "GET /enrolment/ HTTP/1.1" 200 78324 "-" "WhatsApp/2.23.20.0"
103.238.228.178 - - [14/May/2026:11:02:48 +0530] "GET /favicon.ico HTTP/1.1" 404 - "-" "WhatsApp/2.23.20.0"
103.238.228.178 - - [14/May/2026:11:02:47 +0530] "POST /index.php/candidate_tracker/search HTTP/2.0" 200 61 "https://rms.cafsjobs.com/index.php/candidate_tracker" "Mozilla/5.0 (Windows NT 10.0; Win64; x64) AppleWebKit/537.36 (KHTML, like Gecko) Chrome/148.0.0.0 Safari/537.36 Edg/148.0.0.0"
103.238.228.178 - - [14/May/2026:11:02:48 +0530] "POST /index.php/candidate_tracker/search HTTP/2.0" 200 62 "https://rms.cafsjobs.com/index.php/candidate_tracker" "Mozilla/5.0 (Windows NT 10.0; Win64; x64) AppleWebKit/537.36 (KHTML, like Gecko) Chrome/148.0.0.0 Safari/537.36 Edg/148.0.0.0"
103.238.228.178 - - [14/May/2026:11:02:48 +0530] "POST /index.php/candidate_tracker/search HTTP/2.0" 200 62 "https://rms.cafsjobs.com/index.php/candidate_tracker" "Mozilla/5.0 (Windows NT 10.0; Win64; x64) AppleWebKit/537.36 (KHTML, like Gecko) Chrome/148.0.0.0 Safari/537.36 Edg/148.0.0.0"
103.238.228.178 - - [14/May/2026:11:02:52 +0530] "POST /index.php/candidate_tracker/search HTTP/2.0" 200 485 "https://rms.cafsjobs.com/index.php/candidate_tracker" "Mozilla/5.0 (Windows NT 10.0; Win64; x64) AppleWebKit/537.36 (KHTML, like Gecko) Chrome/148.0.0.0 Safari/537.36 Edg/148.0.0.0"
106.208.123.22 - - [14/May/2026:11:02:57 +0530] "POST /enrolment/enrolment_callback.php?frm=calculation_suggest HTTP/2.0" 200 31 "https://rms.cafsjobs.com/enrolment/" "Mozilla/5.0 (Linux; Android 10; K) AppleWebKit/537.36 (KHTML, like Gecko) Chrome/147.0.0.0 Mobile Safari/537.36"
171.79.58.239 - - [14/May/2026:11:03:01 +0530] "POST /enrolment/enrolment_callback.php?frm=rowset_save HTTP/2.0" 200 1657 "https://rms.cafsjobs.com/enrolment/" "Mozilla/5.0 (Linux; Android 10; K) AppleWebKit/537.36 (KHTML, like Gecko) Chrome/147.0.0.0 Mobile Safari/537.36"
171.79.58.239 - - [14/May/2026:11:03:05 +0530] "POST /enrolment/enrolment_callback.php?frm=show_education_tab HTTP/2.0" 200 16 "https://rms.cafsjobs.com/enrolment/" "Mozilla/5.0 (Linux; Android 10; K) AppleWebKit/537.36 (KHTML, like Gecko) Chrome/147.0.0.0 Mobile Safari/537.36"
152.57.86.74 - - [14/May/2026:11:03:06 +0530] "POST /enrolment/enrolment_callback.php?frm=clear_session HTTP/2.0" 200 16 "https://rms.cafsjobs.com/enrolment/" "Mozilla/5.0 (Linux; Android 10; K) AppleWebKit/537.36 (KHTML, like Gecko) Chrome/148.0.0.0 Mobile Safari/537.36"
171.79.58.239 - - [14/May/2026:11:03:06 +0530] "POST /enrolment/enrolment_callback.php?frm=clear_session HTTP/2.0" 200 16 "https://rms.cafsjobs.com/enrolment/" "Mozilla/5.0 (Linux; Android 10; K) AppleWebKit/537.36 (KHTML, like Gecko) Chrome/147.0.0.0 Mobile Safari/537.36"
171.79.58.239 - - [14/May/2026:11:03:08 +0530] "GET /enrolment/ HTTP/2.0" 200 78324 "https://rms.cafsjobs.com/enrolment/" "Mozilla/5.0 (Linux; Android 10; K) AppleWebKit/537.36 (KHTML, like Gecko) Chrome/147.0.0.0 Mobile Safari/537.36"
152.57.86.74 - - [14/May/2026:11:03:08 +0530] "GET /enrolment/ HTTP/2.0" 200 78324 "https://rms.cafsjobs.com/enrolment/" "Mozilla/5.0 (Linux; Android 10; K) AppleWebKit/537.36 (KHTML, like Gecko) Chrome/148.0.0.0 Mobile Safari/537.36"
157.51.170.169 - - [14/May/2026:11:03:22 +0530] "POST /enrolment/enrolment_callback.php?frm=rowset_save HTTP/2.0" 200 1627 "https://rms.cafsjobs.com/enrolment/" "Mozilla/5.0 (Linux; Android 12; vivo 1907) AppleWebKit/537.36 (KHTML, like Gecko) Version/4.0 Chrome/123.0.6312.118 Mobile Safari/537.36 VivoBrowser/15.1.0.3"
103.238.228.178 - - [14/May/2026:11:03:22 +0530] "POST /index.php/candidate_tracker/search HTTP/2.0" 200 485 "https://rms.cafsjobs.com/index.php/candidate_tracker" "Mozilla/5.0 (Windows NT 10.0; Win64; x64) AppleWebKit/537.36 (KHTML, like Gecko) Chrome/148.0.0.0 Safari/537.36"
103.238.228.178 - - [14/May/2026:11:03:25 +0530] "POST /index.php/candidate_tracker/view/30015 HTTP/2.0" 200 100577 "https://rms.cafsjobs.com/index.php/candidate_tracker" "Mozilla/5.0 (Windows NT 10.0; Win64; x64) AppleWebKit/537.36 (KHTML, like Gecko) Chrome/148.0.0.0 Safari/537.36"
103.238.228.178 - - [14/May/2026:11:03:25 +0530] "POST /index.php/candidate_tracker/view/30015 HTTP/2.0" 200 100577 "https://rms.cafsjobs.com/index.php/candidate_tracker" "Mozilla/5.0 (Windows NT 10.0; Win64; x64) AppleWebKit/537.36 (KHTML, like Gecko) Chrome/148.0.0.0 Safari/537.36"
157.51.170.169 - - [14/May/2026:11:03:25 +0530] "POST /enrolment/enrolment_callback.php?frm=show_education_tab HTTP/2.0" 200 16 "https://rms.cafsjobs.com/enrolment/" "Mozilla/5.0 (Linux; Android 12; vivo 1907) AppleWebKit/537.36 (KHTML, like Gecko) Version/4.0 Chrome/123.0.6312.118 Mobile Safari/537.36 VivoBrowser/15.1.0.3"
106.208.123.22 - - [14/May/2026:11:03:27 +0530] "POST /enrolment/enrolment_callback.php?frm=calculation_suggest HTTP/2.0" 200 31 "https://rms.cafsjobs.com/enrolment/" "Mozilla/5.0 (Linux; Android 10; K) AppleWebKit/537.36 (KHTML, like Gecko) Chrome/147.0.0.0 Mobile Safari/537.36"
157.51.170.169 - - [14/May/2026:11:03:27 +0530] "POST /enrolment/enrolment_callback.php?frm=clear_session HTTP/2.0" 200 16 "https://rms.cafsjobs.com/enrolment/" "Mozilla/5.0 (Linux; Android 12; vivo 1907) AppleWebKit/537.36 (KHTML, like Gecko) Version/4.0 Chrome/123.0.6312.118 Mobile Safari/537.36 VivoBrowser/15.1.0.3"
106.222.220.59 - - [14/May/2026:11:03:32 +0530] "GET /index.php/candidate_tracker HTTP/2.0" 200 54446 "https://rms.cafsjobs.com/index.php/home" "Mozilla/5.0 (Windows NT 10.0; Win64; x64) AppleWebKit/537.36 (KHTML, like Gecko) Chrome/148.0.0.0 Safari/537.36"
157.51.170.169 - - [14/May/2026:11:03:29 +0530] "GET /enrolment/ HTTP/2.0" 200 78324 "https://rms.cafsjobs.com/enrolment/" "Mozilla/5.0 (Linux; Android 12; vivo 1907) AppleWebKit/537.36 (KHTML, like Gecko) Version/4.0 Chrome/123.0.6312.118 Mobile Safari/537.36 VivoBrowser/15.1.0.3"
106.222.220.59 - - [14/May/2026:11:03:33 +0530] "POST /index.php/candidate_tracker/search HTTP/2.0" 200 5511 "https://rms.cafsjobs.com/index.php/candidate_tracker" "Mozilla/5.0 (Windows NT 10.0; Win64; x64) AppleWebKit/537.36 (KHTML, like Gecko) Chrome/148.0.0.0 Safari/537.36"
103.238.228.178 - - [14/May/2026:11:03:33 +0530] "POST /index.php/candidate_tracker/search HTTP/2.0" 200 485 "https://rms.cafsjobs.com/index.php/candidate_tracker" "Mozilla/5.0 (Windows NT 10.0; Win64; x64) AppleWebKit/537.36 (KHTML, like Gecko) Chrome/148.0.0.0 Safari/537.36"
103.238.228.178 - - [14/May/2026:11:03:34 +0530] "POST /index.php/candidate_tracker/view/30015 HTTP/2.0" 200 100590 "https://rms.cafsjobs.com/index.php/candidate_tracker" "Mozilla/5.0 (Windows NT 10.0; Win64; x64) AppleWebKit/537.36 (KHTML, like Gecko) Chrome/148.0.0.0 Safari/537.36"
106.222.220.59 - - [14/May/2026:11:03:37 +0530] "POST /index.php/candidate_tracker/view/30034 HTTP/2.0" 200 92960 "https://rms.cafsjobs.com/index.php/candidate_tracker" "Mozilla/5.0 (Windows NT 10.0; Win64; x64) AppleWebKit/537.36 (KHTML, like Gecko) Chrome/148.0.0.0 Safari/537.36"
106.208.123.22 - - [14/May/2026:11:03:53 +0530] "POST /enrolment/enrolment_callback.php?frm=show_experience_tab HTTP/2.0" 200 63 "https://rms.cafsjobs.com/enrolment/" "Mozilla/5.0 (Linux; Android 10; K) AppleWebKit/537.36 (KHTML, like Gecko) Chrome/147.0.0.0 Mobile Safari/537.36"
106.208.123.22 - - [14/May/2026:11:03:54 +0530] "GET /enrolment/ HTTP/2.0" 200 78324 "https://rms.cafsjobs.com/enrolment/" "Mozilla/5.0 (Linux; Android 10; K) AppleWebKit/537.36 (KHTML, like Gecko) Chrome/147.0.0.0 Mobile Safari/537.36"
106.222.220.59 - - [14/May/2026:11:03:57 +0530] "GET /enrolment/upload_files/candidate_tracker/48434511538_SherinPDF.pdf HTTP/2.0" 200 113799 "https://rms.cafsjobs.com/index.php/candidate_tracker" "Mozilla/5.0 (Windows NT 10.0; Win64; x64) AppleWebKit/537.36 (KHTML, like Gecko) Chrome/148.0.0.0 Safari/537.36"
106.222.220.59 - - [14/May/2026:11:03:57 +0530] "GET /favicon.ico HTTP/2.0" 404 - "https://rms.cafsjobs.com/enrolment/upload_files/candidate_tracker/48434511538_SherinPDF.pdf" "Mozilla/5.0 (Windows NT 10.0; Win64; x64) AppleWebKit/537.36 (KHTML, like Gecko) Chrome/148.0.0.0 Safari/537.36"
106.222.220.59 - - [14/May/2026:11:04:07 +0530] "GET /index.php/candidate_tracker HTTP/2.0" 200 54446 "https://rms.cafsjobs.com/index.php/home" "Mozilla/5.0 (Windows NT 10.0; Win64; x64) AppleWebKit/537.36 (KHTML, like Gecko) Chrome/148.0.0.0 Safari/537.36"
106.222.220.59 - - [14/May/2026:11:04:07 +0530] "POST /index.php/candidate_tracker/search HTTP/2.0" 200 5511 "https://rms.cafsjobs.com/index.php/candidate_tracker" "Mozilla/5.0 (Windows NT 10.0; Win64; x64) AppleWebKit/537.36 (KHTML, like Gecko) Chrome/148.0.0.0 Safari/537.36"
103.238.228.178 - - [14/May/2026:11:04:18 +0530] "POST /index.php/candidate_tracker/save_interviewer_log HTTP/2.0" 200 1172 "https://rms.cafsjobs.com/index.php/candidate_tracker" "Mozilla/5.0 (Windows NT 10.0; Win64; x64) AppleWebKit/537.36 (KHTML, like Gecko) Chrome/148.0.0.0 Safari/537.36"
103.238.228.178 - - [14/May/2026:11:04:18 +0530] "POST /index.php/candidate_tracker/search HTTP/2.0" 200 61 "https://rms.cafsjobs.com/index.php/candidate_tracker" "Mozilla/5.0 (Windows NT 10.0; Win64; x64) AppleWebKit/537.36 (KHTML, like Gecko) Chrome/148.0.0.0 Safari/537.36"
103.238.228.178 - - [14/May/2026:11:04:21 +0530] "POST /index.php/candidate_tracker/view/30015 HTTP/2.0" 200 100330 "https://rms.cafsjobs.com/index.php/candidate_tracker" "Mozilla/5.0 (Windows NT 10.0; Win64; x64) AppleWebKit/537.36 (KHTML, like Gecko) Chrome/148.0.0.0 Safari/537.36"
106.192.163.147 - - [14/May/2026:11:04:33 +0530] "GET /enrolment HTTP/2.0" 301 283 "-" "Mozilla/5.0 (iPhone; CPU iPhone OS 18_7 like Mac OS X) AppleWebKit/605.1.15 (KHTML, like Gecko) Version/26.4 Mobile/15E148 Safari/604.1"
106.192.163.147 - - [14/May/2026:11:04:33 +0530] "GET /enrolment/ HTTP/2.0" 200 78324 "-" "Mozilla/5.0 (iPhone; CPU iPhone OS 18_7 like Mac OS X) AppleWebKit/605.1.15 (KHTML, like Gecko) Version/26.4 Mobile/15E148 Safari/604.1"
106.192.163.147 - - [14/May/2026:11:04:34 +0530] "GET /dist/validate.js?rel=20191228 HTTP/2.0" 200 1455 "https://rms.cafsjobs.com/enrolment/" "Mozilla/5.0 (iPhone; CPU iPhone OS 18_7 like Mac OS X) AppleWebKit/605.1.15 (KHTML, like Gecko) Version/26.4 Mobile/15E148 Safari/604.1"
106.192.163.147 - - [14/May/2026:11:04:34 +0530] "GET /dist/bootstrap-datetimepicker-master/build/css/bootstrap-datetimepicker.min.css HTTP/2.0" 200 7789 "https://rms.cafsjobs.com/enrolment/" "Mozilla/5.0 (iPhone; CPU iPhone OS 18_7 like Mac OS X) AppleWebKit/605.1.15 (KHTML, like Gecko) Version/26.4 Mobile/15E148 Safari/604.1"
106.192.163.147 - - [14/May/2026:11:04:34 +0530] "GET /dist/select2/dist/css/select2.min.css HTTP/2.0" 200 15197 "https://rms.cafsjobs.com/enrolment/" "Mozilla/5.0 (iPhone; CPU iPhone OS 18_7 like Mac OS X) AppleWebKit/605.1.15 (KHTML, like Gecko) Version/26.4 Mobile/15E148 Safari/604.1"
106.192.163.147 - - [14/May/2026:11:04:34 +0530] "GET /dist/toastr/toastr.js HTTP/2.0" 200 7048 "https://rms.cafsjobs.com/enrolment/" "Mozilla/5.0 (iPhone; CPU iPhone OS 18_7 like Mac OS X) AppleWebKit/605.1.15 (KHTML, like Gecko) Version/26.4 Mobile/15E148 Safari/604.1"
106.192.163.147 - - [14/May/2026:11:04:34 +0530] "GET /dist/font-awesome.min.css HTTP/2.0" 200 31004 "https://rms.cafsjobs.com/enrolment/" "Mozilla/5.0 (iPhone; CPU iPhone OS 18_7 like Mac OS X) AppleWebKit/605.1.15 (KHTML, like Gecko) Version/26.4 Mobile/15E148 Safari/604.1"
106.192.163.147 - - [14/May/2026:11:04:34 +0530] "GET /dist/data_table/datatables.min.css HTTP/2.0" 200 21730 "https://rms.cafsjobs.com/enrolment/" "Mozilla/5.0 (iPhone; CPU iPhone OS 18_7 like Mac OS X) AppleWebKit/605.1.15 (KHTML, like Gecko) Version/26.4 Mobile/15E148 Safari/604.1"
106.192.163.147 - - [14/May/2026:11:04:34 +0530] "GET /dist/jquery_confirm/jquery-confirm.min.js HTTP/2.0" 200 27905 "https://rms.cafsjobs.com/enrolment/" "Mozilla/5.0 (iPhone; CPU iPhone OS 18_7 like Mac OS X) AppleWebKit/605.1.15 (KHTML, like Gecko) Version/26.4 Mobile/15E148 Safari/604.1"
106.192.163.147 - - [14/May/2026:11:04:34 +0530] "GET /dist/cafs_rms.css?rel=20191228 HTTP/2.0" 200 33416 "https://rms.cafsjobs.com/enrolment/" "Mozilla/5.0 (iPhone; CPU iPhone OS 18_7 like Mac OS X) AppleWebKit/605.1.15 (KHTML, like Gecko) Version/26.4 Mobile/15E148 Safari/604.1"
106.192.163.147 - - [14/May/2026:11:04:34 +0530] "GET /dist/opensourcepos.min.js?rel=20191228 HTTP/2.0" 200 1471322 "https://rms.cafsjobs.com/enrolment/" "Mozilla/5.0 (iPhone; CPU iPhone OS 18_7 like Mac OS X) AppleWebKit/605.1.15 (KHTML, like Gecko) Version/26.4 Mobile/15E148 Safari/604.1"
106.192.163.147 - - [14/May/2026:11:04:34 +0530] "GET /dist/toastr/toastr.css HTTP/2.0" 200 6154 "https://rms.cafsjobs.com/enrolment/" "Mozilla/5.0 (iPhone; CPU iPhone OS 18_7 like Mac OS X) AppleWebKit/605.1.15 (KHTML, like Gecko) Version/26.4 Mobile/15E148 Safari/604.1"
