103.238.228.178 - - [14/May/2026:12:12:17 +0530] "POST /index.php/candidate_tracker/view/29283 HTTP/2.0" 200 100305 "https://rms.cafsjobs.com/index.php/candidate_tracker" "Mozilla/5.0 (Macintosh; Intel Mac OS X 10_15_7) AppleWebKit/537.36 (KHTML, like Gecko) Chrome/147.0.0.0 Safari/537.36"
103.238.228.178 - - [14/May/2026:12:12:17 +0530] "POST /index.php/candidate_tracker/view/29283 HTTP/2.0" 200 100305 "https://rms.cafsjobs.com/index.php/candidate_tracker" "Mozilla/5.0 (Macintosh; Intel Mac OS X 10_15_7) AppleWebKit/537.36 (KHTML, like Gecko) Chrome/147.0.0.0 Safari/537.36"
157.51.151.186 - - [14/May/2026:12:12:19 +0530] "POST /enrolment/enrolment_callback.php?frm=calculation_suggest HTTP/2.0" 200 12 "https://rms.cafsjobs.com/enrolment/" "Mozilla/5.0 (Linux; Android 10; K) AppleWebKit/537.36 (KHTML, like Gecko) Chrome/148.0.0.0 Mobile Safari/537.36"
157.51.151.186 - - [14/May/2026:12:12:19 +0530] "POST /enrolment/enrolment_callback.php?frm=calculation_suggest HTTP/2.0" 200 12 "https://rms.cafsjobs.com/enrolment/" "Mozilla/5.0 (Linux; Android 10; K) AppleWebKit/537.36 (KHTML, like Gecko) Chrome/148.0.0.0 Mobile Safari/537.36"
157.51.151.186 - - [14/May/2026:12:12:19 +0530] "POST /enrolment/enrolment_callback.php?frm=check_dob_exist HTTP/2.0" 200 34 "https://rms.cafsjobs.com/enrolment/" "Mozilla/5.0 (Linux; Android 10; K) AppleWebKit/537.36 (KHTML, like Gecko) Chrome/148.0.0.0 Mobile Safari/537.36"
152.57.84.50 - - [14/May/2026:12:12:20 +0530] "POST /enrolment/enrolment_callback.php?frm=calculation_suggest HTTP/2.0" 200 32 "https://rms.cafsjobs.com/enrolment/" "Mozilla/5.0 (Linux; Android 10; K) AppleWebKit/537.36 (KHTML, like Gecko) Chrome/147.0.0.0 Mobile Safari/537.36"
152.57.84.50 - - [14/May/2026:12:12:20 +0530] "POST /enrolment/enrolment_callback.php?frm=calculation_suggest HTTP/2.0" 200 32 "https://rms.cafsjobs.com/enrolment/" "Mozilla/5.0 (Linux; Android 10; K) AppleWebKit/537.36 (KHTML, like Gecko) Chrome/147.0.0.0 Mobile Safari/537.36"
106.198.6.141 - - [14/May/2026:12:12:29 +0530] "POST /enrolment/enrolment_callback.php?frm=get_position HTTP/2.0" 200 461 "https://rms.cafsjobs.com/enrolment/" "Mozilla/5.0 (Linux; Android 11; vivo 1917) AppleWebKit/537.36 (KHTML, like Gecko) Version/4.0 Chrome/131.0.6778.200 Mobile Safari/537.36 VivoBrowser/15.8.2.0"
103.238.228.178 - - [14/May/2026:12:12:33 +0530] "POST /index.php/candidate_tracker/save_interviewer_log HTTP/2.0" 200 578 "https://rms.cafsjobs.com/index.php/candidate_tracker" "Mozilla/5.0 (Macintosh; Intel Mac OS X 10_15_7) AppleWebKit/537.36 (KHTML, like Gecko) Chrome/147.0.0.0 Safari/537.36"
103.238.228.178 - - [14/May/2026:12:12:34 +0530] "POST /index.php/candidate_tracker/search HTTP/2.0" 200 3043 "https://rms.cafsjobs.com/index.php/candidate_tracker" "Mozilla/5.0 (Macintosh; Intel Mac OS X 10_15_7) AppleWebKit/537.36 (KHTML, like Gecko) Chrome/147.0.0.0 Safari/537.36"
103.238.228.178 - - [14/May/2026:12:12:37 +0530] "POST /index.php/candidate_tracker/view/27413 HTTP/2.0" 200 99497 "https://rms.cafsjobs.com/index.php/candidate_tracker" "Mozilla/5.0 (Macintosh; Intel Mac OS X 10_15_7) AppleWebKit/537.36 (KHTML, like Gecko) Chrome/147.0.0.0 Safari/537.36"
103.238.228.178 - - [14/May/2026:12:12:37 +0530] "POST /index.php/candidate_tracker/view/27413 HTTP/2.0" 200 99497 "https://rms.cafsjobs.com/index.php/candidate_tracker" "Mozilla/5.0 (Macintosh; Intel Mac OS X 10_15_7) AppleWebKit/537.36 (KHTML, like Gecko) Chrome/147.0.0.0 Safari/537.36"
106.195.46.236 - - [14/May/2026:12:12:40 +0530] "POST /enrolment/upload_files/upload.php?send_from=candidate_tracker&send_for=upload_sts_resume&extension=pdf,doc,docx HTTP/2.0" 200 71 "https://rms.cafsjobs.com/enrolment/" "Mozilla/5.0 (Linux; Android 15; SM-E146B Build/AP3A.240905.015.A2) AppleWebKit/537.36 (KHTML, like Gecko) Version/4.0 Chrome/148.0.7778.120 Mobile Safari/537.36"
103.238.228.178 - - [14/May/2026:12:12:51 +0530] "GET /index.php/candidate_tracker HTTP/2.0" 200 54446 "https://rms.cafsjobs.com/index.php/home" "Mozilla/5.0 (Windows NT 10.0; Win64; x64) AppleWebKit/537.36 (KHTML, like Gecko) Chrome/148.0.0.0 Safari/537.36 Edg/148.0.0.0"
103.238.228.178 - - [14/May/2026:12:12:52 +0530] "POST /index.php/candidate_tracker/search HTTP/2.0" 200 9308 "https://rms.cafsjobs.com/index.php/candidate_tracker" "Mozilla/5.0 (Windows NT 10.0; Win64; x64) AppleWebKit/537.36 (KHTML, like Gecko) Chrome/148.0.0.0 Safari/537.36 Edg/148.0.0.0"
103.238.228.178 - - [14/May/2026:12:12:53 +0530] "POST /index.php/candidate_tracker/save_interviewer_log HTTP/2.0" 200 709 "https://rms.cafsjobs.com/index.php/candidate_tracker" "Mozilla/5.0 (Macintosh; Intel Mac OS X 10_15_7) AppleWebKit/537.36 (KHTML, like Gecko) Chrome/147.0.0.0 Safari/537.36"
103.238.228.178 - - [14/May/2026:12:12:53 +0530] "POST /index.php/candidate_tracker/search HTTP/2.0" 200 2604 "https://rms.cafsjobs.com/index.php/candidate_tracker" "Mozilla/5.0 (Macintosh; Intel Mac OS X 10_15_7) AppleWebKit/537.36 (KHTML, like Gecko) Chrome/147.0.0.0 Safari/537.36"
103.238.228.178 - - [14/May/2026:12:12:56 +0530] "POST /index.php/candidate_tracker/candidate_print/27622 HTTP/2.0" 200 8025 "https://rms.cafsjobs.com/index.php/candidate_tracker" "Mozilla/5.0 (Macintosh; Intel Mac OS X 10_15_7) AppleWebKit/537.36 (KHTML, like Gecko) Chrome/147.0.0.0 Safari/537.36"
171.79.60.4 - - [14/May/2026:12:13:02 +0530] "POST /enrolment/enrolment_callback.php?frm=rowset_save HTTP/2.0" 200 888 "https://rms.cafsjobs.com/enrolment/" "Mozilla/5.0 (Linux; Android 10; K) AppleWebKit/537.36 (KHTML, like Gecko) Chrome/147.0.0.0 Mobile Safari/537.36"
106.222.220.59 - - [14/May/2026:12:13:07 +0530] "POST /index.php/candidate_tracker/search HTTP/2.0" 200 61 "https://rms.cafsjobs.com/index.php/candidate_tracker" "Mozilla/5.0 (Windows NT 10.0; Win64; x64) AppleWebKit/537.36 (KHTML, like Gecko) Chrome/148.0.0.0 Safari/537.36"
106.222.220.59 - - [14/May/2026:12:13:09 +0530] "POST /index.php/candidate_tracker/search HTTP/2.0" 200 481 "https://rms.cafsjobs.com/index.php/candidate_tracker" "Mozilla/5.0 (Windows NT 10.0; Win64; x64) AppleWebKit/537.36 (KHTML, like Gecko) Chrome/148.0.0.0 Safari/537.36"
103.238.228.178 - - [14/May/2026:12:13:09 +0530] "POST /index.php/candidate_tracker/view/27622 HTTP/2.0" 200 99308 "https://rms.cafsjobs.com/index.php/candidate_tracker" "Mozilla/5.0 (Macintosh; Intel Mac OS X 10_15_7) AppleWebKit/537.36 (KHTML, like Gecko) Chrome/147.0.0.0 Safari/537.36"
103.238.228.178 - - [14/May/2026:12:13:09 +0530] "POST /index.php/candidate_tracker/view/27622 HTTP/2.0" 200 99308 "https://rms.cafsjobs.com/index.php/candidate_tracker" "Mozilla/5.0 (Macintosh; Intel Mac OS X 10_15_7) AppleWebKit/537.36 (KHTML, like Gecko) Chrome/147.0.0.0 Safari/537.36"
106.222.220.59 - - [14/May/2026:12:13:11 +0530] "POST /index.php/candidate_tracker/view/29902 HTTP/2.0" 200 99494 "https://rms.cafsjobs.com/index.php/candidate_tracker" "Mozilla/5.0 (Windows NT 10.0; Win64; x64) AppleWebKit/537.36 (KHTML, like Gecko) Chrome/148.0.0.0 Safari/537.36"
171.79.60.4 - - [14/May/2026:12:13:11 +0530] "POST /enrolment/enrolment_callback.php?frm=show_education_tab HTTP/2.0" 200 16 "https://rms.cafsjobs.com/enrolment/" "Mozilla/5.0 (Linux; Android 10; K) AppleWebKit/537.36 (KHTML, like Gecko) Chrome/147.0.0.0 Mobile Safari/537.36"
171.79.60.4 - - [14/May/2026:12:13:12 +0530] "POST /enrolment/enrolment_callback.php?frm=clear_session HTTP/2.0" 200 16 "https://rms.cafsjobs.com/enrolment/" "Mozilla/5.0 (Linux; Android 10; K) AppleWebKit/537.36 (KHTML, like Gecko) Chrome/147.0.0.0 Mobile Safari/537.36"
171.79.60.4 - - [14/May/2026:12:13:13 +0530] "GET /enrolment/ HTTP/2.0" 200 78324 "https://rms.cafsjobs.com/enrolment/" "Mozilla/5.0 (Linux; Android 10; K) AppleWebKit/537.36 (KHTML, like Gecko) Chrome/147.0.0.0 Mobile Safari/537.36"
103.238.228.178 - - [14/May/2026:12:13:17 +0530] "POST /index.php/candidate_tracker/save_interviewer_log HTTP/2.0" 200 578 "https://rms.cafsjobs.com/index.php/candidate_tracker" "Mozilla/5.0 (Macintosh; Intel Mac OS X 10_15_7) AppleWebKit/537.36 (KHTML, like Gecko) Chrome/147.0.0.0 Safari/537.36"
103.238.228.178 - - [14/May/2026:12:13:17 +0530] "POST /index.php/candidate_tracker/search HTTP/2.0" 200 2177 "https://rms.cafsjobs.com/index.php/candidate_tracker" "Mozilla/5.0 (Macintosh; Intel Mac OS X 10_15_7) AppleWebKit/537.36 (KHTML, like Gecko) Chrome/147.0.0.0 Safari/537.36"
103.238.228.178 - - [14/May/2026:12:13:18 +0530] "GET /index.php/candidate_tracker HTTP/2.0" 200 54446 "https://rms.cafsjobs.com/index.php/home" "Mozilla/5.0 (Windows NT 10.0; Win64; x64) AppleWebKit/537.36 (KHTML, like Gecko) Chrome/148.0.0.0 Safari/537.36 Edg/148.0.0.0"
106.195.46.236 - - [14/May/2026:12:13:19 +0530] "POST /enrolment/upload_files/upload.php?send_from=candidate_tracker&send_for=upload_sts_resume&extension=pdf,doc,docx HTTP/2.0" 200 118 "https://rms.cafsjobs.com/enrolment/" "Mozilla/5.0 (Linux; Android 15; SM-E146B Build/AP3A.240905.015.A2) AppleWebKit/537.36 (KHTML, like Gecko) Version/4.0 Chrome/148.0.7778.120 Mobile Safari/537.36"
103.238.228.178 - - [14/May/2026:12:13:20 +0530] "POST /index.php/candidate_tracker/search HTTP/2.0" 200 9308 "https://rms.cafsjobs.com/index.php/candidate_tracker" "Mozilla/5.0 (Windows NT 10.0; Win64; x64) AppleWebKit/537.36 (KHTML, like Gecko) Chrome/148.0.0.0 Safari/537.36 Edg/148.0.0.0"
106.222.220.59 - - [14/May/2026:12:13:20 +0530] "POST /index.php/candidate_tracker/save_assign_log HTTP/2.0" 200 657 "https://rms.cafsjobs.com/index.php/candidate_tracker" "Mozilla/5.0 (Windows NT 10.0; Win64; x64) AppleWebKit/537.36 (KHTML, like Gecko) Chrome/148.0.0.0 Safari/537.36"
106.222.220.59 - - [14/May/2026:12:13:21 +0530] "POST /index.php/candidate_tracker/search HTTP/2.0" 200 482 "https://rms.cafsjobs.com/index.php/candidate_tracker" "Mozilla/5.0 (Windows NT 10.0; Win64; x64) AppleWebKit/537.36 (KHTML, like Gecko) Chrome/148.0.0.0 Safari/537.36"
106.222.220.59 - - [14/May/2026:12:13:22 +0530] "POST /index.php/candidate_tracker/view/29902 HTTP/2.0" 200 99496 "https://rms.cafsjobs.com/index.php/candidate_tracker" "Mozilla/5.0 (Windows NT 10.0; Win64; x64) AppleWebKit/537.36 (KHTML, like Gecko) Chrome/148.0.0.0 Safari/537.36"
103.238.228.178 - - [14/May/2026:12:13:26 +0530] "POST /index.php/candidate_tracker/view/30042 HTTP/2.0" 200 92522 "https://rms.cafsjobs.com/index.php/candidate_tracker" "Mozilla/5.0 (Windows NT 10.0; Win64; x64) AppleWebKit/537.36 (KHTML, like Gecko) Chrome/148.0.0.0 Safari/537.36 Edg/148.0.0.0"
106.222.220.59 - - [14/May/2026:12:13:30 +0530] "POST /index.php/candidate_tracker/save/29902 HTTP/2.0" 200 67 "https://rms.cafsjobs.com/index.php/candidate_tracker" "Mozilla/5.0 (Windows NT 10.0; Win64; x64) AppleWebKit/537.36 (KHTML, like Gecko) Chrome/148.0.0.0 Safari/537.36"
106.222.220.59 - - [14/May/2026:12:13:30 +0530] "POST /index.php/candidate_tracker/search HTTP/2.0" 200 482 "https://rms.cafsjobs.com/index.php/candidate_tracker" "Mozilla/5.0 (Windows NT 10.0; Win64; x64) AppleWebKit/537.36 (KHTML, like Gecko) Chrome/148.0.0.0 Safari/537.36"
106.195.46.236 - - [14/May/2026:12:13:40 +0530] "POST /enrolment/enrolment_callback.php?frm=interview_slot_check HTTP/2.0" 200 43 "https://rms.cafsjobs.com/enrolment/" "Mozilla/5.0 (Linux; Android 15; SM-E146B Build/AP3A.240905.015.A2) AppleWebKit/537.36 (KHTML, like Gecko) Version/4.0 Chrome/148.0.7778.120 Mobile Safari/537.36"
106.222.220.59 - - [14/May/2026:12:13:41 +0530] "POST /index.php/candidate_tracker/view/29902 HTTP/2.0" 200 99496 "https://rms.cafsjobs.com/index.php/candidate_tracker" "Mozilla/5.0 (Windows NT 10.0; Win64; x64) AppleWebKit/537.36 (KHTML, like Gecko) Chrome/148.0.0.0 Safari/537.36"
106.222.220.59 - - [14/May/2026:12:13:49 +0530] "POST /index.php/candidate_tracker/save/29902 HTTP/2.0" 200 67 "https://rms.cafsjobs.com/index.php/candidate_tracker" "Mozilla/5.0 (Windows NT 10.0; Win64; x64) AppleWebKit/537.36 (KHTML, like Gecko) Chrome/148.0.0.0 Safari/537.36"
106.222.220.59 - - [14/May/2026:12:13:49 +0530] "POST /index.php/candidate_tracker/search HTTP/2.0" 200 482 "https://rms.cafsjobs.com/index.php/candidate_tracker" "Mozilla/5.0 (Windows NT 10.0; Win64; x64) AppleWebKit/537.36 (KHTML, like Gecko) Chrome/148.0.0.0 Safari/537.36"
152.57.82.11 - - [14/May/2026:12:13:51 +0530] "POST /enrolment/enrolment_callback.php?frm=calculation_suggest HTTP/2.0" 200 31 "https://rms.cafsjobs.com/enrolment/" "Mozilla/5.0 (Linux; Android 10; K) AppleWebKit/537.36 (KHTML, like Gecko) Chrome/147.0.0.0 Mobile Safari/537.36"
152.57.82.11 - - [14/May/2026:12:13:51 +0530] "POST /enrolment/enrolment_callback.php?frm=calculation_suggest HTTP/2.0" 200 31 "https://rms.cafsjobs.com/enrolment/" "Mozilla/5.0 (Linux; Android 10; K) AppleWebKit/537.36 (KHTML, like Gecko) Chrome/147.0.0.0 Mobile Safari/537.36"
106.222.220.59 - - [14/May/2026:12:13:57 +0530] "POST /index.php/candidate_tracker/view/29902 HTTP/2.0" 200 99496 "https://rms.cafsjobs.com/index.php/candidate_tracker" "Mozilla/5.0 (Windows NT 10.0; Win64; x64) AppleWebKit/537.36 (KHTML, like Gecko) Chrome/148.0.0.0 Safari/537.36"
106.222.220.59 - - [14/May/2026:12:13:57 +0530] "POST /index.php/candidate_tracker/view/29902 HTTP/2.0" 200 99496 "https://rms.cafsjobs.com/index.php/candidate_tracker" "Mozilla/5.0 (Windows NT 10.0; Win64; x64) AppleWebKit/537.36 (KHTML, like Gecko) Chrome/148.0.0.0 Safari/537.36"
106.195.46.236 - - [14/May/2026:12:13:57 +0530] "POST /enrolment/enrolment_callback.php?frm=company_location_tab HTTP/2.0" 200 167 "https://rms.cafsjobs.com/enrolment/" "Mozilla/5.0 (Linux; Android 15; SM-E146B Build/AP3A.240905.015.A2) AppleWebKit/537.36 (KHTML, like Gecko) Version/4.0 Chrome/148.0.7778.120 Mobile Safari/537.36"
106.222.220.59 - - [14/May/2026:12:14:08 +0530] "POST /index.php/candidate_tracker/view/29902 HTTP/2.0" 200 99496 "https://rms.cafsjobs.com/index.php/candidate_tracker" "Mozilla/5.0 (Windows NT 10.0; Win64; x64) AppleWebKit/537.36 (KHTML, like Gecko) Chrome/148.0.0.0 Safari/537.36"
106.222.220.59 - - [14/May/2026:12:14:08 +0530] "POST /index.php/candidate_tracker/view/29902 HTTP/2.0" 200 99496 "https://rms.cafsjobs.com/index.php/candidate_tracker" "Mozilla/5.0 (Windows NT 10.0; Win64; x64) AppleWebKit/537.36 (KHTML, like Gecko) Chrome/148.0.0.0 Safari/537.36"
157.51.151.186 - - [14/May/2026:12:14:09 +0530] "POST /enrolment/upload_files/upload.php?send_from=candidate_tracker&send_for=upload_sts_resume&extension=pdf,doc,docx HTTP/2.0" 200 121 "https://rms.cafsjobs.com/enrolment/" "Mozilla/5.0 (Linux; Android 10; K) AppleWebKit/537.36 (KHTML, like Gecko) Chrome/148.0.0.0 Mobile Safari/537.36"
106.219.181.207 - - [14/May/2026:12:14:22 +0530] "GET /enrolment HTTP/1.1" 301 283 "-" "WhatsApp/2.23.20.0"
152.57.82.11 - - [14/May/2026:12:14:20 +0530] "POST /enrolment/enrolment_callback.php?frm=rowset_save HTTP/2.0" 200 1112 "https://rms.cafsjobs.com/enrolment/" "Mozilla/5.0 (Linux; Android 10; K) AppleWebKit/537.36 (KHTML, like Gecko) Chrome/147.0.0.0 Mobile Safari/537.36"
106.219.181.207 - - [14/May/2026:12:14:22 +0530] "GET /enrolment/ HTTP/1.1" 200 78324 "-" "WhatsApp/2.23.20.0"
157.51.151.186 - - [14/May/2026:12:14:23 +0530] "POST /enrolment/enrolment_callback.php?frm=interview_slot_check HTTP/2.0" 200 43 "https://rms.cafsjobs.com/enrolment/" "Mozilla/5.0 (Linux; Android 10; K) AppleWebKit/537.36 (KHTML, like Gecko) Chrome/148.0.0.0 Mobile Safari/537.36"
106.219.181.207 - - [14/May/2026:12:14:24 +0530] "GET /favicon.ico HTTP/1.1" 404 - "-" "WhatsApp/2.23.20.0"
103.238.228.178 - - [14/May/2026:12:14:28 +0530] "POST /index.php/candidate_tracker/search HTTP/2.0" 200 480 "https://rms.cafsjobs.com/index.php/candidate_tracker" "Mozilla/5.0 (Windows NT 10.0; Win64; x64) AppleWebKit/537.36 (KHTML, like Gecko) Chrome/148.0.0.0 Safari/537.36"
103.238.228.178 - - [14/May/2026:12:14:30 +0530] "POST /index.php/candidate_tracker/view/29837 HTTP/2.0" 200 99742 "https://rms.cafsjobs.com/index.php/candidate_tracker" "Mozilla/5.0 (Windows NT 10.0; Win64; x64) AppleWebKit/537.36 (KHTML, like Gecko) Chrome/148.0.0.0 Safari/537.36"
103.238.228.178 - - [14/May/2026:12:14:31 +0530] "POST /index.php/candidate_tracker/view/29837 HTTP/2.0" 200 99742 "https://rms.cafsjobs.com/index.php/candidate_tracker" "Mozilla/5.0 (Windows NT 10.0; Win64; x64) AppleWebKit/537.36 (KHTML, like Gecko) Chrome/148.0.0.0 Safari/537.36"
103.238.228.178 - - [14/May/2026:12:14:36 +0530] "GET /index.php/candidate_tracker HTTP/2.0" 200 54446 "https://rms.cafsjobs.com/index.php/home" "Mozilla/5.0 (Windows NT 10.0; Win64; x64) AppleWebKit/537.36 (KHTML, like Gecko) Chrome/148.0.0.0 Safari/537.36 Edg/148.0.0.0"
103.238.228.178 - - [14/May/2026:12:14:37 +0530] "POST /index.php/candidate_tracker/search HTTP/2.0" 200 9308 "https://rms.cafsjobs.com/index.php/candidate_tracker" "Mozilla/5.0 (Windows NT 10.0; Win64; x64) AppleWebKit/537.36 (KHTML, like Gecko) Chrome/148.0.0.0 Safari/537.36 Edg/148.0.0.0"
157.51.151.186 - - [14/May/2026:12:14:39 +0530] "POST /enrolment/enrolment_callback.php?frm=company_location_tab HTTP/2.0" 200 167 "https://rms.cafsjobs.com/enrolment/" "Mozilla/5.0 (Linux; Android 10; K) AppleWebKit/537.36 (KHTML, like Gecko) Chrome/148.0.0.0 Mobile Safari/537.36"
106.195.46.236 - - [14/May/2026:12:14:40 +0530] "POST /enrolment/enrolment_callback.php?frm=save HTTP/2.0" 200 103 "https://rms.cafsjobs.com/enrolment/" "Mozilla/5.0 (Linux; Android 15; SM-E146B Build/AP3A.240905.015.A2) AppleWebKit/537.36 (KHTML, like Gecko) Version/4.0 Chrome/148.0.7778.120 Mobile Safari/537.36"
106.222.220.59 - - [14/May/2026:12:14:42 +0530] "POST /index.php/candidate_tracker/view/29902 HTTP/2.0" 200 99496 "https://rms.cafsjobs.com/index.php/candidate_tracker" "Mozilla/5.0 (Windows NT 10.0; Win64; x64) AppleWebKit/537.36 (KHTML, like Gecko) Chrome/148.0.0.0 Safari/537.36"
106.222.220.59 - - [14/May/2026:12:14:42 +0530] "POST /index.php/candidate_tracker/view/29902 HTTP/2.0" 200 99496 "https://rms.cafsjobs.com/index.php/candidate_tracker" "Mozilla/5.0 (Windows NT 10.0; Win64; x64) AppleWebKit/537.36 (KHTML, like Gecko) Chrome/148.0.0.0 Safari/537.36"
103.238.228.178 - - [14/May/2026:12:14:46 +0530] "POST /index.php/candidate_tracker/view/30042 HTTP/2.0" 200 92522 "https://rms.cafsjobs.com/index.php/candidate_tracker" "Mozilla/5.0 (Windows NT 10.0; Win64; x64) AppleWebKit/537.36 (KHTML, like Gecko) Chrome/148.0.0.0 Safari/537.36 Edg/148.0.0.0"
106.222.220.59 - - [14/May/2026:12:14:48 +0530] "GET /index.php/candidate_tracker HTTP/2.0" 200 54446 "https://rms.cafsjobs.com/index.php/home" "Mozilla/5.0 (Windows NT 10.0; Win64; x64) AppleWebKit/537.36 (KHTML, like Gecko) Chrome/148.0.0.0 Safari/537.36"
106.222.220.59 - - [14/May/2026:12:14:49 +0530] "POST /index.php/candidate_tracker/search HTTP/2.0" 200 61 "https://rms.cafsjobs.com/index.php/candidate_tracker" "Mozilla/5.0 (Windows NT 10.0; Win64; x64) AppleWebKit/537.36 (KHTML, like Gecko) Chrome/148.0.0.0 Safari/537.36"
152.57.86.82 - - [14/May/2026:12:14:51 +0530] "POST /enrolment/enrolment_callback.php?frm=show_experience_tab HTTP/2.0" 200 63 "https://rms.cafsjobs.com/enrolment/" "Mozilla/5.0 (Linux; Android 10; K) AppleWebKit/537.36 (KHTML, like Gecko) Chrome/147.0.0.0 Mobile Safari/537.36"
106.222.220.59 - - [14/May/2026:12:14:52 +0530] "POST /index.php/candidate_tracker/search HTTP/2.0" 200 9715 "https://rms.cafsjobs.com/index.php/candidate_tracker" "Mozilla/5.0 (Windows NT 10.0; Win64; x64) AppleWebKit/537.36 (KHTML, like Gecko) Chrome/148.0.0.0 Safari/537.36"
106.222.220.59 - - [14/May/2026:12:14:53 +0530] "GET /index.php/candidate_tracker HTTP/2.0" 200 54446 "https://rms.cafsjobs.com/index.php/home" "Mozilla/5.0 (Windows NT 10.0; Win64; x64) AppleWebKit/537.36 (KHTML, like Gecko) Chrome/148.0.0.0 Safari/537.36"
152.57.86.82 - - [14/May/2026:12:14:53 +0530] "GET /enrolment/ HTTP/2.0" 200 78324 "https://rms.cafsjobs.com/enrolment/" "Mozilla/5.0 (Linux; Android 10; K) AppleWebKit/537.36 (KHTML, like Gecko) Chrome/147.0.0.0 Mobile Safari/537.36"
106.222.220.59 - - [14/May/2026:12:14:54 +0530] "POST /index.php/candidate_tracker/search HTTP/2.0" 200 9715 "https://rms.cafsjobs.com/index.php/candidate_tracker" "Mozilla/5.0 (Windows NT 10.0; Win64; x64) AppleWebKit/537.36 (KHTML, like Gecko) Chrome/148.0.0.0 Safari/537.36"
103.238.228.178 - - [14/May/2026:12:14:55 +0530] "POST /index.php/candidate_tracker/save/30042 HTTP/2.0" 200 67 "https://rms.cafsjobs.com/index.php/candidate_tracker" "Mozilla/5.0 (Windows NT 10.0; Win64; x64) AppleWebKit/537.36 (KHTML, like Gecko) Chrome/148.0.0.0 Safari/537.36 Edg/148.0.0.0"
103.238.228.178 - - [14/May/2026:12:14:56 +0530] "POST /index.php/candidate_tracker/search HTTP/2.0" 200 9721 "https://rms.cafsjobs.com/index.php/candidate_tracker" "Mozilla/5.0 (Windows NT 10.0; Win64; x64) AppleWebKit/537.36 (KHTML, like Gecko) Chrome/148.0.0.0 Safari/537.36 Edg/148.0.0.0"
106.219.181.207 - - [14/May/2026:12:14:57 +0530] "GET / HTTP/1.1" 200 11882 "-" "WhatsApp/2.23.20.0"
106.219.181.207 - - [14/May/2026:12:14:58 +0530] "GET /favicon.ico HTTP/1.1" 404 - "-" "WhatsApp/2.23.20.0"
103.238.228.178 - - [14/May/2026:12:15:04 +0530] "POST /index.php/candidate_tracker/view/30043 HTTP/2.0" 200 93664 "https://rms.cafsjobs.com/index.php/candidate_tracker" "Mozilla/5.0 (Windows NT 10.0; Win64; x64) AppleWebKit/537.36 (KHTML, like Gecko) Chrome/148.0.0.0 Safari/537.36 Edg/148.0.0.0"
106.219.181.207 - - [14/May/2026:12:15:26 +0530] "GET /enrolment HTTP/2.0" 301 283 "-" "WhatsApp/2.23.20.0"
106.219.181.207 - - [14/May/2026:12:15:26 +0530] "GET /enrolment/ HTTP/2.0" 200 8002 "-" "WhatsApp/2.23.20.0"
106.222.220.59 - - [14/May/2026:12:15:26 +0530] "POST /index.php/candidate_tracker/view/30034 HTTP/2.0" 200 99423 "https://rms.cafsjobs.com/index.php/candidate_tracker" "Mozilla/5.0 (Windows NT 10.0; Win64; x64) AppleWebKit/537.36 (KHTML, like Gecko) Chrome/148.0.0.0 Safari/537.36"
106.222.220.59 - - [14/May/2026:12:15:26 +0530] "POST /index.php/candidate_tracker/view/30034 HTTP/2.0" 200 99423 "https://rms.cafsjobs.com/index.php/candidate_tracker" "Mozilla/5.0 (Windows NT 10.0; Win64; x64) AppleWebKit/537.36 (KHTML, like Gecko) Chrome/148.0.0.0 Safari/537.36"
103.238.228.178 - - [14/May/2026:12:15:36 +0530] "POST /index.php/candidate_tracker/save/30043 HTTP/2.0" 200 67 "https://rms.cafsjobs.com/index.php/candidate_tracker" "Mozilla/5.0 (Windows NT 10.0; Win64; x64) AppleWebKit/537.36 (KHTML, like Gecko) Chrome/148.0.0.0 Safari/537.36 Edg/148.0.0.0"
103.238.228.178 - - [14/May/2026:12:15:37 +0530] "POST /index.php/candidate_tracker/search HTTP/2.0" 200 9733 "https://rms.cafsjobs.com/index.php/candidate_tracker" "Mozilla/5.0 (Windows NT 10.0; Win64; x64) AppleWebKit/537.36 (KHTML, like Gecko) Chrome/148.0.0.0 Safari/537.36 Edg/148.0.0.0"
106.219.181.207 - - [14/May/2026:12:15:45 +0530] "GET / HTTP/2.0" 200 11882 "-" "Mozilla/5.0 (Windows NT 10.0; Win64; x64) AppleWebKit/537.36 (KHTML, like Gecko) Chrome/147.0.0.0 Safari/537.36"
106.219.181.207 - - [14/May/2026:12:15:45 +0530] "GET /dist/bootstrap.min.css?rel=20260514 HTTP/2.0" 200 127391 "https://rms.cafsjobs.com/" "Mozilla/5.0 (Windows NT 10.0; Win64; x64) AppleWebKit/537.36 (KHTML, like Gecko) Chrome/147.0.0.0 Safari/537.36"
106.219.181.207 - - [14/May/2026:12:15:45 +0530] "GET /dist/cafs_rms.css?rel=20260514 HTTP/2.0" 200 33416 "https://rms.cafsjobs.com/" "Mozilla/5.0 (Windows NT 10.0; Win64; x64) AppleWebKit/537.36 (KHTML, like Gecko) Chrome/147.0.0.0 Safari/537.36"
106.219.181.207 - - [14/May/2026:12:15:45 +0530] "GET /dist/jquery-ui.css HTTP/2.0" 200 35684 "https://rms.cafsjobs.com/" "Mozilla/5.0 (Windows NT 10.0; Win64; x64) AppleWebKit/537.36 (KHTML, like Gecko) Chrome/147.0.0.0 Safari/537.36"
106.219.181.207 - - [14/May/2026:12:15:45 +0530] "GET /dist/font-awesome.min.css HTTP/2.0" 200 31004 "https://rms.cafsjobs.com/" "Mozilla/5.0 (Windows NT 10.0; Win64; x64) AppleWebKit/537.36 (KHTML, like Gecko) Chrome/147.0.0.0 Safari/537.36"
106.219.181.207 - - [14/May/2026:12:15:45 +0530] "GET /dist/opensourcepos.min.js?rel=20260514 HTTP/2.0" 200 1471322 "https://rms.cafsjobs.com/" "Mozilla/5.0 (Windows NT 10.0; Win64; x64) AppleWebKit/537.36 (KHTML, like Gecko) Chrome/147.0.0.0 Safari/537.36"
106.219.181.207 - - [14/May/2026:12:15:45 +0530] "GET /dist/bootstrap-datetimepicker-master/build/css/bootstrap-datetimepicker.min.css HTTP/2.0" 200 7789 "https://rms.cafsjobs.com/" "Mozilla/5.0 (Windows NT 10.0; Win64; x64) AppleWebKit/537.36 (KHTML, like Gecko) Chrome/147.0.0.0 Safari/537.36"
106.219.181.207 - - [14/May/2026:12:15:45 +0530] "GET /dist/data_table/datatables.min.css HTTP/2.0" 200 21730 "https://rms.cafsjobs.com/" "Mozilla/5.0 (Windows NT 10.0; Win64; x64) AppleWebKit/537.36 (KHTML, like Gecko) Chrome/147.0.0.0 Safari/537.36"
106.219.181.207 - - [14/May/2026:12:15:45 +0530] "GET /dist/select2/dist/css/select2.min.css HTTP/2.0" 200 15197 "https://rms.cafsjobs.com/" "Mozilla/5.0 (Windows NT 10.0; Win64; x64) AppleWebKit/537.36 (KHTML, like Gecko) Chrome/147.0.0.0 Safari/537.36"
106.219.181.207 - - [14/May/2026:12:15:45 +0530] "GET /dist/toastr/toastr.css HTTP/2.0" 200 6154 "https://rms.cafsjobs.com/" "Mozilla/5.0 (Windows NT 10.0; Win64; x64) AppleWebKit/537.36 (KHTML, like Gecko) Chrome/147.0.0.0 Safari/537.36"
106.219.181.207 - - [14/May/2026:12:15:45 +0530] "GET /dist/validate.js?rel=20260514 HTTP/2.0" 200 1455 "https://rms.cafsjobs.com/" "Mozilla/5.0 (Windows NT 10.0; Win64; x64) AppleWebKit/537.36 (KHTML, like Gecko) Chrome/147.0.0.0 Safari/537.36"
106.219.181.207 - - [14/May/2026:12:15:45 +0530] "GET /dist/bootstrap-datetimepicker-master/build/js/bootstrap-datetimepicker.min.js HTTP/2.0" 200 38511 "https://rms.cafsjobs.com/" "Mozilla/5.0 (Windows NT 10.0; Win64; x64) AppleWebKit/537.36 (KHTML, like Gecko) Chrome/147.0.0.0 Safari/537.36"
106.219.181.207 - - [14/May/2026:12:15:45 +0530] "GET /dist/data_table/datatables.min.js HTTP/2.0" 200 2194645 "https://rms.cafsjobs.com/" "Mozilla/5.0 (Windows NT 10.0; Win64; x64) AppleWebKit/537.36 (KHTML, like Gecko) Chrome/147.0.0.0 Safari/537.36"
106.219.181.207 - - [14/May/2026:12:15:45 +0530] "GET /dist/jquery-typeahead/dist/jquery.typeahead.min.js HTTP/2.0" 200 36150 "https://rms.cafsjobs.com/" "Mozilla/5.0 (Windows NT 10.0; Win64; x64) AppleWebKit/537.36 (KHTML, like Gecko) Chrome/147.0.0.0 Safari/537.36"
106.219.181.207 - - [14/May/2026:12:15:45 +0530] "GET /dist/select2/dist/js/select2.full.min.js HTTP/2.0" 200 75007 "https://rms.cafsjobs.com/" "Mozilla/5.0 (Windows NT 10.0; Win64; x64) AppleWebKit/537.36 (KHTML, like Gecko) Chrome/147.0.0.0 Safari/537.36"
106.219.181.207 - - [14/May/2026:12:15:45 +0530] "GET /dist/toastr/toastr.js HTTP/2.0" 200 7048 "https://rms.cafsjobs.com/" "Mozilla/5.0 (Windows NT 10.0; Win64; x64) AppleWebKit/537.36 (KHTML, like Gecko) Chrome/147.0.0.0 Safari/537.36"
106.219.181.207 - - [14/May/2026:12:15:45 +0530] "GET /images/toll.png HTTP/2.0" 200 405626 "https://rms.cafsjobs.com/" "Mozilla/5.0 (Windows NT 10.0; Win64; x64) AppleWebKit/537.36 (KHTML, like Gecko) Chrome/147.0.0.0 Safari/537.36"
106.219.181.207 - - [14/May/2026:12:15:45 +0530] "GET /images/smart.png HTTP/2.0" 200 548441 "https://rms.cafsjobs.com/" "Mozilla/5.0 (Windows NT 10.0; Win64; x64) AppleWebKit/537.36 (KHTML, like Gecko) Chrome/147.0.0.0 Safari/537.36"
106.219.181.207 - - [14/May/2026:12:15:45 +0530] "GET /images/payroll.png HTTP/2.0" 200 504926 "https://rms.cafsjobs.com/" "Mozilla/5.0 (Windows NT 10.0; Win64; x64) AppleWebKit/537.36 (KHTML, like Gecko) Chrome/147.0.0.0 Safari/537.36"
106.219.181.207 - - [14/May/2026:12:15:45 +0530] "GET /images/report.png HTTP/2.0" 200 190216 "https://rms.cafsjobs.com/" "Mozilla/5.0 (Windows NT 10.0; Win64; x64) AppleWebKit/537.36 (KHTML, like Gecko) Chrome/147.0.0.0 Safari/537.36"
106.219.181.207 - - [14/May/2026:12:15:45 +0530] "GET /images/imple.png HTTP/2.0" 200 530261 "https://rms.cafsjobs.com/" "Mozilla/5.0 (Windows NT 10.0; Win64; x64) AppleWebKit/537.36 (KHTML, like Gecko) Chrome/147.0.0.0 Safari/537.36"
106.219.181.207 - - [14/May/2026:12:15:45 +0530] "GET /dist/froala/froala_editor.pkgd.min.js HTTP/2.0" 200 540895 "https://rms.cafsjobs.com/" "Mozilla/5.0 (Windows NT 10.0; Win64; x64) AppleWebKit/537.36 (KHTML, like Gecko) Chrome/147.0.0.0 Safari/537.36"
106.219.181.207 - - [14/May/2026:12:15:45 +0530] "GET /dist/jquery_confirm/jquery-confirm.min.js HTTP/2.0" 200 27905 "https://rms.cafsjobs.com/" "Mozilla/5.0 (Windows NT 10.0; Win64; x64) AppleWebKit/537.36 (KHTML, like Gecko) Chrome/147.0.0.0 Safari/537.36"
106.219.181.207 - - [14/May/2026:12:15:45 +0530] "GET /dist/bootstrap-colorpicker.js HTTP/2.0" 200 34191 "https://rms.cafsjobs.com/" "Mozilla/5.0 (Windows NT 10.0; Win64; x64) AppleWebKit/537.36 (KHTML, like Gecko) Chrome/147.0.0.0 Safari/537.36"
106.219.181.207 - - [14/May/2026:12:15:45 +0530] "GET /dist/data_table/js/data_tables.min.js HTTP/2.0" 200 84499 "https://rms.cafsjobs.com/" "Mozilla/5.0 (Windows NT 10.0; Win64; x64) AppleWebKit/537.36 (KHTML, like Gecko) Chrome/147.0.0.0 Safari/537.36"
106.219.181.207 - - [14/May/2026:12:15:45 +0530] "GET /dist/data_table/js/buttons.min.js HTTP/2.0" 200 19572 "https://rms.cafsjobs.com/" "Mozilla/5.0 (Windows NT 10.0; Win64; x64) AppleWebKit/537.36 (KHTML, like Gecko) Chrome/147.0.0.0 Safari/537.36"
106.219.181.207 - - [14/May/2026:12:15:45 +0530] "GET /dist/data_table/js/buttons.flash.min.js HTTP/2.0" 200 26268 "https://rms.cafsjobs.com/" "Mozilla/5.0 (Windows NT 10.0; Win64; x64) AppleWebKit/537.36 (KHTML, like Gecko) Chrome/147.0.0.0 Safari/537.36"
106.219.181.207 - - [14/May/2026:12:15:45 +0530] "GET /dist/data_table/js/jszip.min.js HTTP/2.0" 200 101953 "https://rms.cafsjobs.com/" "Mozilla/5.0 (Windows NT 10.0; Win64; x64) AppleWebKit/537.36 (KHTML, like Gecko) Chrome/147.0.0.0 Safari/537.36"
106.219.181.207 - - [14/May/2026:12:15:45 +0530] "GET /dist/data_table/js/pdfmake.min.js HTTP/2.0" 200 1093355 "https://rms.cafsjobs.com/" "Mozilla/5.0 (Windows NT 10.0; Win64; x64) AppleWebKit/537.36 (KHTML, like Gecko) Chrome/147.0.0.0 Safari/537.36"
106.219.181.207 - - [14/May/2026:12:15:45 +0530] "GET /dist/data_table/js/vfs_fonts.js HTTP/2.0" 200 926233 "https://rms.cafsjobs.com/" "Mozilla/5.0 (Windows NT 10.0; Win64; x64) AppleWebKit/537.36 (KHTML, like Gecko) Chrome/147.0.0.0 Safari/537.36"
106.219.181.207 - - [14/May/2026:12:15:45 +0530] "GET /dist/data_table/js/buttons.html5.min.js HTTP/2.0" 200 24799 "https://rms.cafsjobs.com/" "Mozilla/5.0 (Windows NT 10.0; Win64; x64) AppleWebKit/537.36 (KHTML, like Gecko) Chrome/147.0.0.0 Safari/537.36"
106.219.181.207 - - [14/May/2026:12:15:45 +0530] "GET /dist/data_table/js/buttons.print.min.js HTTP/2.0" 200 2309 "https://rms.cafsjobs.com/" "Mozilla/5.0 (Windows NT 10.0; Win64; x64) AppleWebKit/537.36 (KHTML, like Gecko) Chrome/147.0.0.0 Safari/537.36"
106.219.181.207 - - [14/May/2026:12:15:45 +0530] "GET /dist/data_table/js/fixed_header.min.js HTTP/2.0" 200 8716 "https://rms.cafsjobs.com/" "Mozilla/5.0 (Windows NT 10.0; Win64; x64) AppleWebKit/537.36 (KHTML, like Gecko) Chrome/147.0.0.0 Safari/537.36"
106.219.181.207 - - [14/May/2026:12:15:45 +0530] "GET /dist/data_table/js/fixed_columns.min.js HTTP/2.0" 200 18722 "https://rms.cafsjobs.com/" "Mozilla/5.0 (Windows NT 10.0; Win64; x64) AppleWebKit/537.36 (KHTML, like Gecko) Chrome/147.0.0.0 Safari/537.36"
106.219.181.207 - - [14/May/2026:12:15:46 +0530] "GET /fonts/glyphicons-halflings-regular.woff2 HTTP/2.0" 200 18028 "https://rms.cafsjobs.com/dist/bootstrap.min.css?rel=20260514" "Mozilla/5.0 (Windows NT 10.0; Win64; x64) AppleWebKit/537.36 (KHTML, like Gecko) Chrome/147.0.0.0 Safari/537.36"
106.219.181.207 - - [14/May/2026:12:15:47 +0530] "GET /images/favicon.png HTTP/2.0" 200 14424 "https://rms.cafsjobs.com/" "Mozilla/5.0 (Windows NT 10.0; Win64; x64) AppleWebKit/537.36 (KHTML, like Gecko) Chrome/147.0.0.0 Safari/537.36"
157.51.151.186 - - [14/May/2026:12:15:56 +0530] "GET /favicon.ico HTTP/2.0" 404 - "https://rms.cafsjobs.com/enrolment/" "Mozilla/5.0 (Linux; Android 10; K) AppleWebKit/537.36 (KHTML, like Gecko) Chrome/148.0.0.0 Mobile Safari/537.36"
157.51.151.186 - - [14/May/2026:12:15:59 +0530] "POST /enrolment/enrolment_callback.php?frm=exit_number HTTP/2.0" 200 2786 "https://rms.cafsjobs.com/enrolment/" "Mozilla/5.0 (Linux; Android 10; K) AppleWebKit/537.36 (KHTML, like Gecko) Chrome/148.0.0.0 Mobile Safari/537.36"
106.219.181.207 - - [14/May/2026:12:16:07 +0530] "GET /fonts/fontawesome-webfont.woff2?v=4.7.0 HTTP/2.0" 200 77160 "https://rms.cafsjobs.com/dist/font-awesome.min.css" "Mozilla/5.0 (Windows NT 10.0; Win64; x64) AppleWebKit/537.36 (KHTML, like Gecko) Chrome/147.0.0.0 Safari/537.36"
106.219.181.207 - - [14/May/2026:12:16:07 +0530] "POST /index.php/login/corp_login/ HTTP/2.0" 200 46 "https://rms.cafsjobs.com/" "Mozilla/5.0 (Windows NT 10.0; Win64; x64) AppleWebKit/537.36 (KHTML, like Gecko) Chrome/147.0.0.0 Safari/537.36"
106.219.181.207 - - [14/May/2026:12:16:07 +0530] "GET / HTTP/2.0" 302 - "https://rms.cafsjobs.com/" "Mozilla/5.0 (Windows NT 10.0; Win64; x64) AppleWebKit/537.36 (KHTML, like Gecko) Chrome/147.0.0.0 Safari/537.36"
106.219.181.207 - - [14/May/2026:12:16:07 +0530] "GET /index.php/home HTTP/2.0" 200 13105 "https://rms.cafsjobs.com/" "Mozilla/5.0 (Windows NT 10.0; Win64; x64) AppleWebKit/537.36 (KHTML, like Gecko) Chrome/147.0.0.0 Safari/537.36"
106.219.181.207 - - [14/May/2026:12:16:07 +0530] "GET /dist/froala/froala_editor.pkgd.min.css HTTP/2.0" 200 61469 "https://rms.cafsjobs.com/index.php/home" "Mozilla/5.0 (Windows NT 10.0; Win64; x64) AppleWebKit/537.36 (KHTML, like Gecko) Chrome/147.0.0.0 Safari/537.36"
106.219.181.207 - - [14/May/2026:12:16:07 +0530] "GET /dist/froala/froala_style.min.css HTTP/2.0" 200 7670 "https://rms.cafsjobs.com/index.php/home" "Mozilla/5.0 (Windows NT 10.0; Win64; x64) AppleWebKit/537.36 (KHTML, like Gecko) Chrome/147.0.0.0 Safari/537.36"
106.219.181.207 - - [14/May/2026:12:16:07 +0530] "GET /dist/highcharts/highcharts.js HTTP/2.0" 200 197345 "https://rms.cafsjobs.com/index.php/home" "Mozilla/5.0 (Windows NT 10.0; Win64; x64) AppleWebKit/537.36 (KHTML, like Gecko) Chrome/147.0.0.0 Safari/537.36"
106.219.181.207 - - [14/May/2026:12:16:07 +0530] "GET /dist/highcharts/data.js HTTP/2.0" 200 12617 "https://rms.cafsjobs.com/index.php/home" "Mozilla/5.0 (Windows NT 10.0; Win64; x64) AppleWebKit/537.36 (KHTML, like Gecko) Chrome/147.0.0.0 Safari/537.36"
106.219.181.207 - - [14/May/2026:12:16:07 +0530] "GET /dist/highcharts/modules_export-data.js HTTP/2.0" 404 - "https://rms.cafsjobs.com/index.php/home" "Mozilla/5.0 (Windows NT 10.0; Win64; x64) AppleWebKit/537.36 (KHTML, like Gecko) Chrome/147.0.0.0 Safari/537.36"
106.219.181.207 - - [14/May/2026:12:16:07 +0530] "GET /dist/jquery_confirm/jquery-confirm.min.css HTTP/2.0" 200 22546 "https://rms.cafsjobs.com/index.php/home" "Mozilla/5.0 (Windows NT 10.0; Win64; x64) AppleWebKit/537.36 (KHTML, like Gecko) Chrome/147.0.0.0 Safari/537.36"
106.219.181.207 - - [14/May/2026:12:16:07 +0530] "GET /dist/data_table/css/data_tables.min.css HTTP/2.0" 200 15044 "https://rms.cafsjobs.com/index.php/home" "Mozilla/5.0 (Windows NT 10.0; Win64; x64) AppleWebKit/537.36 (KHTML, like Gecko) Chrome/147.0.0.0 Safari/537.36"
106.219.181.207 - - [14/May/2026:12:16:07 +0530] "GET /dist/bootstrap-colorpicker.css HTTP/2.0" 200 4802 "https://rms.cafsjobs.com/index.php/home" "Mozilla/5.0 (Windows NT 10.0; Win64; x64) AppleWebKit/537.36 (KHTML, like Gecko) Chrome/147.0.0.0 Safari/537.36"
106.219.181.207 - - [14/May/2026:12:16:07 +0530] "GET /dist/highcharts/highchartnodata.js HTTP/2.0" 404 - "https://rms.cafsjobs.com/index.php/home" "Mozilla/5.0 (Windows NT 10.0; Win64; x64) AppleWebKit/537.36 (KHTML, like Gecko) Chrome/147.0.0.0 Safari/537.36"
106.219.181.207 - - [14/May/2026:12:16:07 +0530] "GET /dist/highcharts/drilldown.js HTTP/2.0" 200 9499 "https://rms.cafsjobs.com/index.php/home" "Mozilla/5.0 (Windows NT 10.0; Win64; x64) AppleWebKit/537.36 (KHTML, like Gecko) Chrome/147.0.0.0 Safari/537.36"
106.219.181.207 - - [14/May/2026:12:16:07 +0530] "GET /dist/highcharts/exporting.js HTTP/2.0" 200 9884 "https://rms.cafsjobs.com/index.php/home" "Mozilla/5.0 (Windows NT 10.0; Win64; x64) AppleWebKit/537.36 (KHTML, like Gecko) Chrome/147.0.0.0 Safari/537.36"
106.219.181.207 - - [14/May/2026:12:16:07 +0530] "GET /dist/highcharts/dashboard.js HTTP/2.0" 200 14962 "https://rms.cafsjobs.com/index.php/home" "Mozilla/5.0 (Windows NT 10.0; Win64; x64) AppleWebKit/537.36 (KHTML, like Gecko) Chrome/147.0.0.0 Safari/537.36"
106.219.181.207 - - [14/May/2026:12:16:08 +0530] "POST /index.php/home/candidate_sts_chart HTTP/2.0" 200 30 "https://rms.cafsjobs.com/index.php/home" "Mozilla/5.0 (Windows NT 10.0; Win64; x64) AppleWebKit/537.36 (KHTML, like Gecko) Chrome/147.0.0.0 Safari/537.36"
106.219.181.207 - - [14/May/2026:12:16:08 +0530] "POST /index.php/home/get_candidate_sts_info HTTP/2.0" 200 1216 "https://rms.cafsjobs.com/index.php/home" "Mozilla/5.0 (Windows NT 10.0; Win64; x64) AppleWebKit/537.36 (KHTML, like Gecko) Chrome/147.0.0.0 Safari/537.36"
106.219.181.207 - - [14/May/2026:12:16:14 +0530] "POST /index.php/home/candiate_reason HTTP/2.0" 200 703 "https://rms.cafsjobs.com/index.php/home" "Mozilla/5.0 (Windows NT 10.0; Win64; x64) AppleWebKit/537.36 (KHTML, like Gecko) Chrome/147.0.0.0 Safari/537.36"
106.219.181.207 - - [14/May/2026:12:16:14 +0530] "GET /dist/data_table/images/sort_both.png HTTP/2.0" 200 201 "https://rms.cafsjobs.com/dist/data_table/css/data_tables.min.css" "Mozilla/5.0 (Windows NT 10.0; Win64; x64) AppleWebKit/537.36 (KHTML, like Gecko) Chrome/147.0.0.0 Safari/537.36"
106.219.181.207 - - [14/May/2026:12:16:14 +0530] "GET /dist/data_table/images/sort_asc.png HTTP/2.0" 200 160 "https://rms.cafsjobs.com/dist/data_table/css/data_tables.min.css" "Mozilla/5.0 (Windows NT 10.0; Win64; x64) AppleWebKit/537.36 (KHTML, like Gecko) Chrome/147.0.0.0 Safari/537.36"
106.219.181.207 - - [14/May/2026:12:16:30 +0530] "POST /index.php/home/get_candidate_sts_info HTTP/2.0" 200 1216 "https://rms.cafsjobs.com/index.php/home" "Mozilla/5.0 (Windows NT 10.0; Win64; x64) AppleWebKit/537.36 (KHTML, like Gecko) Chrome/147.0.0.0 Safari/537.36"
106.219.181.207 - - [14/May/2026:12:16:30 +0530] "POST /index.php/home/candidate_sts_chart HTTP/2.0" 200 30 "https://rms.cafsjobs.com/index.php/home" "Mozilla/5.0 (Windows NT 10.0; Win64; x64) AppleWebKit/537.36 (KHTML, like Gecko) Chrome/147.0.0.0 Safari/537.36"
157.51.151.186 - - [14/May/2026:12:16:41 +0530] "POST /enrolment/enrolment_callback.php?frm=calculation_suggest HTTP/2.0" 200 12 "https://rms.cafsjobs.com/enrolment/" "Mozilla/5.0 (Linux; Android 10; K) AppleWebKit/537.36 (KHTML, like Gecko) Chrome/148.0.0.0 Mobile Safari/537.36"
157.51.151.186 - - [14/May/2026:12:16:41 +0530] "POST /enrolment/enrolment_callback.php?frm=calculation_suggest HTTP/2.0" 200 12 "https://rms.cafsjobs.com/enrolment/" "Mozilla/5.0 (Linux; Android 10; K) AppleWebKit/537.36 (KHTML, like Gecko) Chrome/148.0.0.0 Mobile Safari/537.36"
157.51.151.186 - - [14/May/2026:12:16:41 +0530] "POST /enrolment/enrolment_callback.php?frm=check_dob_exist HTTP/2.0" 200 34 "https://rms.cafsjobs.com/enrolment/" "Mozilla/5.0 (Linux; Android 10; K) AppleWebKit/537.36 (KHTML, like Gecko) Chrome/148.0.0.0 Mobile Safari/537.36"
103.238.228.178 - - [14/May/2026:12:17:20 +0530] "GET / HTTP/1.1" 200 11882 "-" "WhatsApp/2.23.20.0"
106.219.181.207 - - [14/May/2026:12:17:25 +0530] "GET /enrolment HTTP/2.0" 301 283 "-" "Mozilla/5.0 (Windows NT 10.0; Win64; x64) AppleWebKit/537.36 (KHTML, like Gecko) Chrome/147.0.0.0 Safari/537.36"
106.222.220.59 - - [14/May/2026:12:17:25 +0530] "GET / HTTP/2.0" 302 - "-" "Mozilla/5.0 (Windows NT 10.0; Win64; x64) AppleWebKit/537.36 (KHTML, like Gecko) Chrome/148.0.0.0 Safari/537.36"
106.222.220.59 - - [14/May/2026:12:17:25 +0530] "GET /index.php/home HTTP/2.0" 200 13096 "-" "Mozilla/5.0 (Windows NT 10.0; Win64; x64) AppleWebKit/537.36 (KHTML, like Gecko) Chrome/148.0.0.0 Safari/537.36"
106.222.220.59 - - [14/May/2026:12:17:26 +0530] "GET /dist/highcharts/highchartnodata.js HTTP/2.0" 404 - "https://rms.cafsjobs.com/index.php/home" "Mozilla/5.0 (Windows NT 10.0; Win64; x64) AppleWebKit/537.36 (KHTML, like Gecko) Chrome/148.0.0.0 Safari/537.36"
106.222.220.59 - - [14/May/2026:12:17:26 +0530] "GET /dist/highcharts/modules_export-data.js HTTP/2.0" 404 - "https://rms.cafsjobs.com/index.php/home" "Mozilla/5.0 (Windows NT 10.0; Win64; x64) AppleWebKit/537.36 (KHTML, like Gecko) Chrome/148.0.0.0 Safari/537.36"
106.219.181.207 - - [14/May/2026:12:17:25 +0530] "GET /enrolment/ HTTP/2.0" 200 78324 "-" "Mozilla/5.0 (Windows NT 10.0; Win64; x64) AppleWebKit/537.36 (KHTML, like Gecko) Chrome/147.0.0.0 Safari/537.36"
106.219.181.207 - - [14/May/2026:12:17:26 +0530] "GET /dist/bootstrap.min.css?rel=20191228 HTTP/2.0" 200 127391 "https://rms.cafsjobs.com/enrolment/" "Mozilla/5.0 (Windows NT 10.0; Win64; x64) AppleWebKit/537.36 (KHTML, like Gecko) Chrome/147.0.0.0 Safari/537.36"
106.219.181.207 - - [14/May/2026:12:17:26 +0530] "GET /dist/cafs_rms.css?rel=20191228 HTTP/2.0" 200 33416 "https://rms.cafsjobs.com/enrolment/" "Mozilla/5.0 (Windows NT 10.0; Win64; x64) AppleWebKit/537.36 (KHTML, like Gecko) Chrome/147.0.0.0 Safari/537.36"
106.219.181.207 - - [14/May/2026:12:17:26 +0530] "GET /dist/opensourcepos.min.js?rel=20191228 HTTP/2.0" 200 1471322 "https://rms.cafsjobs.com/enrolment/" "Mozilla/5.0 (Windows NT 10.0; Win64; x64) AppleWebKit/537.36 (KHTML, like Gecko) Chrome/147.0.0.0 Safari/537.36"
106.219.181.207 - - [14/May/2026:12:17:26 +0530] "GET /dist/validate.js?rel=20191228 HTTP/2.0" 200 1455 "https://rms.cafsjobs.com/enrolment/" "Mozilla/5.0 (Windows NT 10.0; Win64; x64) AppleWebKit/537.36 (KHTML, like Gecko) Chrome/147.0.0.0 Safari/537.36"
106.219.181.207 - - [14/May/2026:12:17:27 +0530] "GET /enrolment/asset/images/employment.jpeg HTTP/2.0" 200 199366 "https://rms.cafsjobs.com/enrolment/" "Mozilla/5.0 (Windows NT 10.0; Win64; x64) AppleWebKit/537.36 (KHTML, like Gecko) Chrome/147.0.0.0 Safari/537.36"
157.51.151.186 - - [14/May/2026:12:17:26 +0530] "POST /enrolment/enrolment_callback.php?frm=interview_slot_check HTTP/2.0" 200 43 "https://rms.cafsjobs.com/enrolment/" "Mozilla/5.0 (Linux; Android 10; K) AppleWebKit/537.36 (KHTML, like Gecko) Chrome/148.0.0.0 Mobile Safari/537.36"
106.219.181.207 - - [14/May/2026:12:17:27 +0530] "GET /favicon.ico HTTP/2.0" 404 - "https://rms.cafsjobs.com/enrolment/" "Mozilla/5.0 (Windows NT 10.0; Win64; x64) AppleWebKit/537.36 (KHTML, like Gecko) Chrome/147.0.0.0 Safari/537.36"
106.219.181.207 - - [14/May/2026:12:17:41 +0530] "POST /enrolment/enrolment_callback.php?frm=exit_number HTTP/2.0" 200 152 "https://rms.cafsjobs.com/enrolment/" "Mozilla/5.0 (Windows NT 10.0; Win64; x64) AppleWebKit/537.36 (KHTML, like Gecko) Chrome/147.0.0.0 Safari/537.36"
106.222.220.59 - - [14/May/2026:12:17:50 +0530] "POST /index.php/candidate_tracker/search HTTP/2.0" 200 61 "https://rms.cafsjobs.com/index.php/candidate_tracker" "Mozilla/5.0 (Windows NT 10.0; Win64; x64) AppleWebKit/537.36 (KHTML, like Gecko) Chrome/148.0.0.0 Safari/537.36"
106.222.220.59 - - [14/May/2026:12:17:51 +0530] "POST /index.php/candidate_tracker/search HTTP/2.0" 200 482 "https://rms.cafsjobs.com/index.php/candidate_tracker" "Mozilla/5.0 (Windows NT 10.0; Win64; x64) AppleWebKit/537.36 (KHTML, like Gecko) Chrome/148.0.0.0 Safari/537.36"
157.51.151.186 - - [14/May/2026:12:18:03 +0530] "POST /enrolment/upload_files/upload.php?send_from=candidate_tracker&send_for=upload_sts_resume&extension=pdf,doc,docx HTTP/2.0" 200 122 "https://rms.cafsjobs.com/enrolment/" "Mozilla/5.0 (Linux; Android 10; K) AppleWebKit/537.36 (KHTML, like Gecko) Chrome/148.0.0.0 Mobile Safari/537.36"
157.51.151.186 - - [14/May/2026:12:18:07 +0530] "POST /enrolment/enrolment_callback.php?frm=save HTTP/2.0" 200 103 "https://rms.cafsjobs.com/enrolment/" "Mozilla/5.0 (Linux; Android 10; K) AppleWebKit/537.36 (KHTML, like Gecko) Chrome/148.0.0.0 Mobile Safari/537.36"
106.222.220.224 - - [14/May/2026:12:18:59 +0530] "GET / HTTP/2.0" 200 11882 "-" "Mozilla/5.0 (iPhone; CPU iPhone OS 18_7 like Mac OS X) AppleWebKit/605.1.15 (KHTML, like Gecko) Version/26.4 Mobile/15E148 Safari/604.1"
106.222.220.224 - - [14/May/2026:12:19:00 +0530] "GET /dist/bootstrap.min.css?rel=20260514 HTTP/2.0" 200 127391 "https://rms.cafsjobs.com/" "Mozilla/5.0 (iPhone; CPU iPhone OS 18_7 like Mac OS X) AppleWebKit/605.1.15 (KHTML, like Gecko) Version/26.4 Mobile/15E148 Safari/604.1"
106.222.220.224 - - [14/May/2026:12:19:00 +0530] "GET /dist/validate.js?rel=20260514 HTTP/2.0" 200 1455 "https://rms.cafsjobs.com/" "Mozilla/5.0 (iPhone; CPU iPhone OS 18_7 like Mac OS X) AppleWebKit/605.1.15 (KHTML, like Gecko) Version/26.4 Mobile/15E148 Safari/604.1"
106.222.220.224 - - [14/May/2026:12:19:00 +0530] "GET /dist/bootstrap-datetimepicker-master/build/css/bootstrap-datetimepicker.min.css HTTP/2.0" 200 7789 "https://rms.cafsjobs.com/" "Mozilla/5.0 (iPhone; CPU iPhone OS 18_7 like Mac OS X) AppleWebKit/605.1.15 (KHTML, like Gecko) Version/26.4 Mobile/15E148 Safari/604.1"
106.222.220.224 - - [14/May/2026:12:19:00 +0530] "GET /dist/select2/dist/css/select2.min.css HTTP/2.0" 200 15197 "https://rms.cafsjobs.com/" "Mozilla/5.0 (iPhone; CPU iPhone OS 18_7 like Mac OS X) AppleWebKit/605.1.15 (KHTML, like Gecko) Version/26.4 Mobile/15E148 Safari/604.1"
106.222.220.224 - - [14/May/2026:12:19:00 +0530] "GET /dist/toastr/toastr.js HTTP/2.0" 200 7048 "https://rms.cafsjobs.com/" "Mozilla/5.0 (iPhone; CPU iPhone OS 18_7 like Mac OS X) AppleWebKit/605.1.15 (KHTML, like Gecko) Version/26.4 Mobile/15E148 Safari/604.1"
106.222.220.224 - - [14/May/2026:12:19:00 +0530] "GET /dist/toastr/toastr.css HTTP/2.0" 200 6154 "https://rms.cafsjobs.com/" "Mozilla/5.0 (iPhone; CPU iPhone OS 18_7 like Mac OS X) AppleWebKit/605.1.15 (KHTML, like Gecko) Version/26.4 Mobile/15E148 Safari/604.1"
106.222.220.224 - - [14/May/2026:12:19:00 +0530] "GET /dist/data_table/js/buttons.print.min.js HTTP/2.0" 200 2309 "https://rms.cafsjobs.com/" "Mozilla/5.0 (iPhone; CPU iPhone OS 18_7 like Mac OS X) AppleWebKit/605.1.15 (KHTML, like Gecko) Version/26.4 Mobile/15E148 Safari/604.1"
106.222.220.224 - - [14/May/2026:12:19:00 +0530] "GET /dist/data_table/js/fixed_header.min.js HTTP/2.0" 200 8716 "https://rms.cafsjobs.com/" "Mozilla/5.0 (iPhone; CPU iPhone OS 18_7 like Mac OS X) AppleWebKit/605.1.15 (KHTML, like Gecko) Version/26.4 Mobile/15E148 Safari/604.1"
106.222.220.224 - - [14/May/2026:12:19:00 +0530] "GET /dist/font-awesome.min.css HTTP/2.0" 200 31004 "https://rms.cafsjobs.com/" "Mozilla/5.0 (iPhone; CPU iPhone OS 18_7 like Mac OS X) AppleWebKit/605.1.15 (KHTML, like Gecko) Version/26.4 Mobile/15E148 Safari/604.1"
106.222.220.224 - - [14/May/2026:12:19:00 +0530] "GET /dist/data_table/datatables.min.css HTTP/2.0" 200 21730 "https://rms.cafsjobs.com/" "Mozilla/5.0 (iPhone; CPU iPhone OS 18_7 like Mac OS X) AppleWebKit/605.1.15 (KHTML, like Gecko) Version/26.4 Mobile/15E148 Safari/604.1"
106.222.220.224 - - [14/May/2026:12:19:00 +0530] "GET /dist/jquery_confirm/jquery-confirm.min.js HTTP/2.0" 200 27905 "https://rms.cafsjobs.com/" "Mozilla/5.0 (iPhone; CPU iPhone OS 18_7 like Mac OS X) AppleWebKit/605.1.15 (KHTML, like Gecko) Version/26.4 Mobile/15E148 Safari/604.1"
106.222.220.224 - - [14/May/2026:12:19:00 +0530] "GET /dist/data_table/js/buttons.min.js HTTP/2.0" 200 19572 "https://rms.cafsjobs.com/" "Mozilla/5.0 (iPhone; CPU iPhone OS 18_7 like Mac OS X) AppleWebKit/605.1.15 (KHTML, like Gecko) Version/26.4 Mobile/15E148 Safari/604.1"
106.222.220.224 - - [14/May/2026:12:19:00 +0530] "GET /dist/data_table/js/buttons.flash.min.js HTTP/2.0" 200 26268 "https://rms.cafsjobs.com/" "Mozilla/5.0 (iPhone; CPU iPhone OS 18_7 like Mac OS X) AppleWebKit/605.1.15 (KHTML, like Gecko) Version/26.4 Mobile/15E148 Safari/604.1"
106.222.220.224 - - [14/May/2026:12:19:00 +0530] "GET /dist/data_table/js/buttons.html5.min.js HTTP/2.0" 200 24799 "https://rms.cafsjobs.com/" "Mozilla/5.0 (iPhone; CPU iPhone OS 18_7 like Mac OS X) AppleWebKit/605.1.15 (KHTML, like Gecko) Version/26.4 Mobile/15E148 Safari/604.1"
106.222.220.224 - - [14/May/2026:12:19:00 +0530] "GET /dist/data_table/js/fixed_columns.min.js HTTP/2.0" 200 18722 "https://rms.cafsjobs.com/" "Mozilla/5.0 (iPhone; CPU iPhone OS 18_7 like Mac OS X) AppleWebKit/605.1.15 (KHTML, like Gecko) Version/26.4 Mobile/15E148 Safari/604.1"
106.222.220.224 - - [14/May/2026:12:19:00 +0530] "GET /dist/cafs_rms.css?rel=20260514 HTTP/2.0" 200 33416 "https://rms.cafsjobs.com/" "Mozilla/5.0 (iPhone; CPU iPhone OS 18_7 like Mac OS X) AppleWebKit/605.1.15 (KHTML, like Gecko) Version/26.4 Mobile/15E148 Safari/604.1"
106.222.220.224 - - [14/May/2026:12:19:00 +0530] "GET /dist/jquery-ui.css HTTP/2.0" 200 35684 "https://rms.cafsjobs.com/" "Mozilla/5.0 (iPhone; CPU iPhone OS 18_7 like Mac OS X) AppleWebKit/605.1.15 (KHTML, like Gecko) Version/26.4 Mobile/15E148 Safari/604.1"
106.222.220.224 - - [14/May/2026:12:19:00 +0530] "GET /dist/bootstrap-datetimepicker-master/build/js/bootstrap-datetimepicker.min.js HTTP/2.0" 200 38511 "https://rms.cafsjobs.com/" "Mozilla/5.0 (iPhone; CPU iPhone OS 18_7 like Mac OS X) AppleWebKit/605.1.15 (KHTML, like Gecko) Version/26.4 Mobile/15E148 Safari/604.1"
106.222.220.224 - - [14/May/2026:12:19:00 +0530] "GET /dist/jquery-typeahead/dist/jquery.typeahead.min.js HTTP/2.0" 200 36150 "https://rms.cafsjobs.com/" "Mozilla/5.0 (iPhone; CPU iPhone OS 18_7 like Mac OS X) AppleWebKit/605.1.15 (KHTML, like Gecko) Version/26.4 Mobile/15E148 Safari/604.1"
106.222.220.224 - - [14/May/2026:12:19:00 +0530] "GET /dist/bootstrap-colorpicker.js HTTP/2.0" 200 34191 "https://rms.cafsjobs.com/" "Mozilla/5.0 (iPhone; CPU iPhone OS 18_7 like Mac OS X) AppleWebKit/605.1.15 (KHTML, like Gecko) Version/26.4 Mobile/15E148 Safari/604.1"
106.222.220.224 - - [14/May/2026:12:19:00 +0530] "GET /dist/select2/dist/js/select2.full.min.js HTTP/2.0" 200 75007 "https://rms.cafsjobs.com/" "Mozilla/5.0 (iPhone; CPU iPhone OS 18_7 like Mac OS X) AppleWebKit/605.1.15 (KHTML, like Gecko) Version/26.4 Mobile/15E148 Safari/604.1"
