157.51.112.148 - - [14/May/2026:15:33:56 +0530] "GET /dist/validate.js?rel=20191228 HTTP/2.0" 200 1455 "https://rms.cafsjobs.com/enrolment/" "Mozilla/5.0 (Linux; Android 10; K) AppleWebKit/537.36 (KHTML, like Gecko) Chrome/148.0.0.0 Mobile Safari/537.36"
157.51.112.148 - - [14/May/2026:15:33:56 +0530] "GET /dist/bootstrap-datetimepicker-master/build/js/bootstrap-datetimepicker.min.js HTTP/2.0" 200 38511 "https://rms.cafsjobs.com/enrolment/" "Mozilla/5.0 (Linux; Android 10; K) AppleWebKit/537.36 (KHTML, like Gecko) Chrome/148.0.0.0 Mobile Safari/537.36"
157.51.112.148 - - [14/May/2026:15:33:56 +0530] "GET /dist/jquery-typeahead/dist/jquery.typeahead.min.js HTTP/2.0" 200 36150 "https://rms.cafsjobs.com/enrolment/" "Mozilla/5.0 (Linux; Android 10; K) AppleWebKit/537.36 (KHTML, like Gecko) Chrome/148.0.0.0 Mobile Safari/537.36"
157.51.112.148 - - [14/May/2026:15:33:56 +0530] "GET /dist/select2/dist/js/select2.full.min.js HTTP/2.0" 200 75007 "https://rms.cafsjobs.com/enrolment/" "Mozilla/5.0 (Linux; Android 10; K) AppleWebKit/537.36 (KHTML, like Gecko) Chrome/148.0.0.0 Mobile Safari/537.36"
157.51.112.148 - - [14/May/2026:15:33:56 +0530] "GET /dist/toastr/toastr.js HTTP/2.0" 200 7048 "https://rms.cafsjobs.com/enrolment/" "Mozilla/5.0 (Linux; Android 10; K) AppleWebKit/537.36 (KHTML, like Gecko) Chrome/148.0.0.0 Mobile Safari/537.36"
157.51.112.148 - - [14/May/2026:15:33:56 +0530] "GET /dist/data_table/datatables.min.js HTTP/2.0" 200 2194645 "https://rms.cafsjobs.com/enrolment/" "Mozilla/5.0 (Linux; Android 10; K) AppleWebKit/537.36 (KHTML, like Gecko) Chrome/148.0.0.0 Mobile Safari/537.36"
157.51.112.148 - - [14/May/2026:15:33:56 +0530] "GET /dist/jquery_confirm/jquery-confirm.min.js HTTP/2.0" 200 27905 "https://rms.cafsjobs.com/enrolment/" "Mozilla/5.0 (Linux; Android 10; K) AppleWebKit/537.36 (KHTML, like Gecko) Chrome/148.0.0.0 Mobile Safari/537.36"
157.51.112.148 - - [14/May/2026:15:33:57 +0530] "GET /enrolment/asset/images/employment.jpeg HTTP/2.0" 200 199366 "https://rms.cafsjobs.com/enrolment/" "Mozilla/5.0 (Linux; Android 10; K) AppleWebKit/537.36 (KHTML, like Gecko) Chrome/148.0.0.0 Mobile Safari/537.36"
157.51.112.148 - - [14/May/2026:15:33:57 +0530] "GET /fonts/fontawesome-webfont.woff2?v=4.7.0 HTTP/2.0" 200 77160 "https://rms.cafsjobs.com/dist/font-awesome.min.css" "Mozilla/5.0 (Linux; Android 10; K) AppleWebKit/537.36 (KHTML, like Gecko) Chrome/148.0.0.0 Mobile Safari/537.36"
157.51.112.148 - - [14/May/2026:15:33:57 +0530] "GET /favicon.ico HTTP/2.0" 404 - "https://rms.cafsjobs.com/enrolment/" "Mozilla/5.0 (Linux; Android 10; K) AppleWebKit/537.36 (KHTML, like Gecko) Chrome/148.0.0.0 Mobile Safari/537.36"
106.219.181.207 - - [14/May/2026:15:34:11 +0530] "POST /enrolment/enrolment_callback.php?frm=exit_number HTTP/2.0" 200 152 "https://rms.cafsjobs.com/enrolment/" "Mozilla/5.0 (Windows NT 10.0; Win64; x64) AppleWebKit/537.36 (KHTML, like Gecko) Chrome/147.0.0.0 Safari/537.36"
157.51.112.148 - - [14/May/2026:15:34:11 +0530] "POST /enrolment/enrolment_callback.php?frm=exit_number HTTP/2.0" 200 152 "https://rms.cafsjobs.com/enrolment/" "Mozilla/5.0 (Linux; Android 10; K) AppleWebKit/537.36 (KHTML, like Gecko) Chrome/148.0.0.0 Mobile Safari/537.36"
157.51.112.148 - - [14/May/2026:15:34:35 +0530] "POST /enrolment/enrolment_callback.php?frm=get_position HTTP/2.0" 200 99 "https://rms.cafsjobs.com/enrolment/" "Mozilla/5.0 (Linux; Android 10; K) AppleWebKit/537.36 (KHTML, like Gecko) Chrome/148.0.0.0 Mobile Safari/537.36"
157.51.112.148 - - [14/May/2026:15:34:55 +0530] "GET /fonts/glyphicons-halflings-regular.woff2 HTTP/2.0" 200 18028 "https://rms.cafsjobs.com/dist/bootstrap.min.css?rel=20191228" "Mozilla/5.0 (Linux; Android 10; K) AppleWebKit/537.36 (KHTML, like Gecko) Chrome/148.0.0.0 Mobile Safari/537.36"
106.211.246.221 - - [14/May/2026:15:34:58 +0530] "POST /enrolment/enrolment_callback.php?frm=calculation_suggest HTTP/2.0" 200 12 "https://rms.cafsjobs.com/enrolment/" "Mozilla/5.0 (Linux; Android 10; K) AppleWebKit/537.36 (KHTML, like Gecko) Chrome/147.0.0.0 Mobile Safari/537.36"
106.211.246.221 - - [14/May/2026:15:34:58 +0530] "POST /enrolment/enrolment_callback.php?frm=check_dob_exist HTTP/2.0" 200 34 "https://rms.cafsjobs.com/enrolment/" "Mozilla/5.0 (Linux; Android 10; K) AppleWebKit/537.36 (KHTML, like Gecko) Chrome/147.0.0.0 Mobile Safari/537.36"
106.211.246.221 - - [14/May/2026:15:34:58 +0530] "POST /enrolment/enrolment_callback.php?frm=calculation_suggest HTTP/2.0" 200 12 "https://rms.cafsjobs.com/enrolment/" "Mozilla/5.0 (Linux; Android 10; K) AppleWebKit/537.36 (KHTML, like Gecko) Chrome/147.0.0.0 Mobile Safari/537.36"
106.219.181.207 - - [14/May/2026:15:35:49 +0530] "POST /enrolment/enrolment_callback.php?frm=interview_slot_check HTTP/2.0" 200 43 "https://rms.cafsjobs.com/enrolment/" "Mozilla/5.0 (Windows NT 10.0; Win64; x64) AppleWebKit/537.36 (KHTML, like Gecko) Chrome/147.0.0.0 Safari/537.36"
106.211.246.221 - - [14/May/2026:15:35:54 +0530] "GET /enrolment//upload_files/candidate_tracker/1363364401_Gowthamiresume.pdf HTTP/2.0" 200 137069 "https://rms.cafsjobs.com/enrolment/" "Mozilla/5.0 (Linux; Android 10; K) AppleWebKit/537.36 (KHTML, like Gecko) Chrome/147.0.0.0 Mobile Safari/537.36"
106.219.181.207 - - [14/May/2026:15:35:56 +0530] "POST /enrolment/enrolment_callback.php?frm=company_location_tab HTTP/2.0" 200 167 "https://rms.cafsjobs.com/enrolment/" "Mozilla/5.0 (Windows NT 10.0; Win64; x64) AppleWebKit/537.36 (KHTML, like Gecko) Chrome/147.0.0.0 Safari/537.36"
157.51.112.148 - - [14/May/2026:15:35:59 +0530] "POST /enrolment/enrolment_callback.php?frm=calculation_suggest HTTP/2.0" 200 12 "https://rms.cafsjobs.com/enrolment/" "Mozilla/5.0 (Linux; Android 10; K) AppleWebKit/537.36 (KHTML, like Gecko) Chrome/148.0.0.0 Mobile Safari/537.36"
157.51.112.148 - - [14/May/2026:15:35:59 +0530] "POST /enrolment/enrolment_callback.php?frm=calculation_suggest HTTP/2.0" 200 12 "https://rms.cafsjobs.com/enrolment/" "Mozilla/5.0 (Linux; Android 10; K) AppleWebKit/537.36 (KHTML, like Gecko) Chrome/148.0.0.0 Mobile Safari/537.36"
157.51.112.148 - - [14/May/2026:15:35:59 +0530] "POST /enrolment/enrolment_callback.php?frm=check_dob_exist HTTP/2.0" 200 34 "https://rms.cafsjobs.com/enrolment/" "Mozilla/5.0 (Linux; Android 10; K) AppleWebKit/537.36 (KHTML, like Gecko) Chrome/148.0.0.0 Mobile Safari/537.36"
157.51.112.148 - - [14/May/2026:15:36:03 +0530] "POST /enrolment/enrolment_callback.php?frm=calculation_suggest HTTP/2.0" 200 12 "https://rms.cafsjobs.com/enrolment/" "Mozilla/5.0 (Linux; Android 10; K) AppleWebKit/537.36 (KHTML, like Gecko) Chrome/148.0.0.0 Mobile Safari/537.36"
157.51.112.148 - - [14/May/2026:15:36:03 +0530] "POST /enrolment/enrolment_callback.php?frm=check_dob_exist HTTP/2.0" 200 34 "https://rms.cafsjobs.com/enrolment/" "Mozilla/5.0 (Linux; Android 10; K) AppleWebKit/537.36 (KHTML, like Gecko) Chrome/148.0.0.0 Mobile Safari/537.36"
157.51.112.148 - - [14/May/2026:15:36:03 +0530] "POST /enrolment/enrolment_callback.php?frm=calculation_suggest HTTP/2.0" 200 12 "https://rms.cafsjobs.com/enrolment/" "Mozilla/5.0 (Linux; Android 10; K) AppleWebKit/537.36 (KHTML, like Gecko) Chrome/148.0.0.0 Mobile Safari/537.36"
106.219.181.207 - - [14/May/2026:15:36:15 +0530] "POST /enrolment/enrolment_callback.php?frm=get_position HTTP/2.0" 200 115 "https://rms.cafsjobs.com/enrolment/" "Mozilla/5.0 (Windows NT 10.0; Win64; x64) AppleWebKit/537.36 (KHTML, like Gecko) Chrome/147.0.0.0 Safari/537.36"
106.219.181.207 - - [14/May/2026:15:36:30 +0530] "POST /enrolment/upload_files/upload.php?send_from=candidate_tracker&send_for=upload_sts_resume&extension=pdf,doc,docx HTTP/2.0" 200 135 "https://rms.cafsjobs.com/enrolment/" "Mozilla/5.0 (Windows NT 10.0; Win64; x64) AppleWebKit/537.36 (KHTML, like Gecko) Chrome/147.0.0.0 Safari/537.36"
106.219.181.207 - - [14/May/2026:15:36:34 +0530] "POST /enrolment/enrolment_callback.php?frm=save HTTP/2.0" 200 103 "https://rms.cafsjobs.com/enrolment/" "Mozilla/5.0 (Windows NT 10.0; Win64; x64) AppleWebKit/537.36 (KHTML, like Gecko) Chrome/147.0.0.0 Safari/537.36"
106.219.181.207 - - [14/May/2026:15:36:38 +0530] "POST /enrolment/enrolment_callback.php?frm=show_education_tab HTTP/2.0" 200 60 "https://rms.cafsjobs.com/enrolment/" "Mozilla/5.0 (Windows NT 10.0; Win64; x64) AppleWebKit/537.36 (KHTML, like Gecko) Chrome/147.0.0.0 Safari/537.36"
106.219.181.207 - - [14/May/2026:15:36:44 +0530] "GET /index.php/candidate_tracker HTTP/2.0" 200 62995 "https://rms.cafsjobs.com/index.php/home" "Mozilla/5.0 (Windows NT 10.0; Win64; x64) AppleWebKit/537.36 (KHTML, like Gecko) Chrome/147.0.0.0 Safari/537.36"
106.219.181.207 - - [14/May/2026:15:36:46 +0530] "POST /index.php/candidate_tracker/search HTTP/2.0" 200 1705 "https://rms.cafsjobs.com/index.php/candidate_tracker" "Mozilla/5.0 (Windows NT 10.0; Win64; x64) AppleWebKit/537.36 (KHTML, like Gecko) Chrome/147.0.0.0 Safari/537.36"
152.57.90.30 - - [14/May/2026:15:37:08 +0530] "POST /enrolment/enrolment_callback.php?frm=show_education_tab HTTP/2.0" 200 60 "https://rms.cafsjobs.com/enrolment/" "Mozilla/5.0 (Linux; Android 10; K) AppleWebKit/537.36 (KHTML, like Gecko) Chrome/147.0.0.0 Mobile Safari/537.36"
152.57.90.30 - - [14/May/2026:15:37:10 +0530] "POST /enrolment/enrolment_callback.php?frm=show_education_tab HTTP/2.0" 200 60 "https://rms.cafsjobs.com/enrolment/" "Mozilla/5.0 (Linux; Android 10; K) AppleWebKit/537.36 (KHTML, like Gecko) Chrome/147.0.0.0 Mobile Safari/537.36"
106.219.181.207 - - [14/May/2026:15:37:17 +0530] "GET /index.php/candidate_tracker HTTP/2.0" 200 62995 "https://rms.cafsjobs.com/index.php/home" "Mozilla/5.0 (Windows NT 10.0; Win64; x64) AppleWebKit/537.36 (KHTML, like Gecko) Chrome/147.0.0.0 Safari/537.36"
106.219.181.207 - - [14/May/2026:15:37:18 +0530] "POST /index.php/candidate_tracker/search HTTP/2.0" 200 1705 "https://rms.cafsjobs.com/index.php/candidate_tracker" "Mozilla/5.0 (Windows NT 10.0; Win64; x64) AppleWebKit/537.36 (KHTML, like Gecko) Chrome/147.0.0.0 Safari/537.36"
157.51.113.209 - - [14/May/2026:15:37:33 +0530] "POST /enrolment/enrolment_callback.php?frm=interview_slot_check HTTP/2.0" 200 43 "https://rms.cafsjobs.com/enrolment/" "Mozilla/5.0 (Linux; Android 10; K) AppleWebKit/537.36 (KHTML, like Gecko) Chrome/148.0.0.0 Mobile Safari/537.36"
106.219.182.228 - - [14/May/2026:15:37:48 +0530] "GET /enrolment HTTP/2.0" 301 283 "-" "Mozilla/5.0 (Windows NT 10.0; Win64; x64) AppleWebKit/537.36 (KHTML, like Gecko) Chrome/148.0.0.0 Safari/537.36"
106.219.182.228 - - [14/May/2026:15:37:48 +0530] "GET /enrolment/ HTTP/2.0" 200 78324 "-" "Mozilla/5.0 (Windows NT 10.0; Win64; x64) AppleWebKit/537.36 (KHTML, like Gecko) Chrome/148.0.0.0 Safari/537.36"
106.219.182.228 - - [14/May/2026:15:37:49 +0530] "GET /dist/jquery-ui.css HTTP/2.0" 200 35684 "https://rms.cafsjobs.com/enrolment/" "Mozilla/5.0 (Windows NT 10.0; Win64; x64) AppleWebKit/537.36 (KHTML, like Gecko) Chrome/148.0.0.0 Safari/537.36"
106.219.182.228 - - [14/May/2026:15:37:49 +0530] "GET /dist/select2/dist/css/select2.min.css HTTP/2.0" 200 15197 "https://rms.cafsjobs.com/enrolment/" "Mozilla/5.0 (Windows NT 10.0; Win64; x64) AppleWebKit/537.36 (KHTML, like Gecko) Chrome/148.0.0.0 Safari/537.36"
106.219.182.228 - - [14/May/2026:15:37:49 +0530] "GET /dist/opensourcepos.min.js?rel=20191228 HTTP/2.0" 200 1471322 "https://rms.cafsjobs.com/enrolment/" "Mozilla/5.0 (Windows NT 10.0; Win64; x64) AppleWebKit/537.36 (KHTML, like Gecko) Chrome/148.0.0.0 Safari/537.36"
106.219.182.228 - - [14/May/2026:15:37:49 +0530] "GET /dist/validate.js?rel=20191228 HTTP/2.0" 200 1455 "https://rms.cafsjobs.com/enrolment/" "Mozilla/5.0 (Windows NT 10.0; Win64; x64) AppleWebKit/537.36 (KHTML, like Gecko) Chrome/148.0.0.0 Safari/537.36"
157.51.113.212 - - [14/May/2026:15:37:49 +0530] "POST /enrolment/enrolment_callback.php?frm=company_location_tab HTTP/2.0" 200 167 "https://rms.cafsjobs.com/enrolment/" "Mozilla/5.0 (Linux; Android 10; K) AppleWebKit/537.36 (KHTML, like Gecko) Chrome/148.0.0.0 Mobile Safari/537.36"
106.219.182.228 - - [14/May/2026:15:37:49 +0530] "GET /dist/bootstrap.min.css?rel=20191228 HTTP/2.0" 200 127391 "https://rms.cafsjobs.com/enrolment/" "Mozilla/5.0 (Windows NT 10.0; Win64; x64) AppleWebKit/537.36 (KHTML, like Gecko) Chrome/148.0.0.0 Safari/537.36"
106.219.182.228 - - [14/May/2026:15:37:49 +0530] "GET /dist/cafs_rms.css?rel=20191228 HTTP/2.0" 200 33416 "https://rms.cafsjobs.com/enrolment/" "Mozilla/5.0 (Windows NT 10.0; Win64; x64) AppleWebKit/537.36 (KHTML, like Gecko) Chrome/148.0.0.0 Safari/537.36"
106.219.182.228 - - [14/May/2026:15:37:49 +0530] "GET /dist/font-awesome.min.css HTTP/2.0" 200 31004 "https://rms.cafsjobs.com/enrolment/" "Mozilla/5.0 (Windows NT 10.0; Win64; x64) AppleWebKit/537.36 (KHTML, like Gecko) Chrome/148.0.0.0 Safari/537.36"
106.219.182.228 - - [14/May/2026:15:37:49 +0530] "GET /dist/bootstrap-datetimepicker-master/build/css/bootstrap-datetimepicker.min.css HTTP/2.0" 200 7789 "https://rms.cafsjobs.com/enrolment/" "Mozilla/5.0 (Windows NT 10.0; Win64; x64) AppleWebKit/537.36 (KHTML, like Gecko) Chrome/148.0.0.0 Safari/537.36"
106.219.182.228 - - [14/May/2026:15:37:49 +0530] "GET /dist/toastr/toastr.css HTTP/2.0" 200 6154 "https://rms.cafsjobs.com/enrolment/" "Mozilla/5.0 (Windows NT 10.0; Win64; x64) AppleWebKit/537.36 (KHTML, like Gecko) Chrome/148.0.0.0 Safari/537.36"
106.219.182.228 - - [14/May/2026:15:37:49 +0530] "GET /dist/data_table/datatables.min.css HTTP/2.0" 200 21730 "https://rms.cafsjobs.com/enrolment/" "Mozilla/5.0 (Windows NT 10.0; Win64; x64) AppleWebKit/537.36 (KHTML, like Gecko) Chrome/148.0.0.0 Safari/537.36"
106.219.182.228 - - [14/May/2026:15:37:49 +0530] "GET /dist/jquery_confirm/jquery-confirm.min.css HTTP/2.0" 200 22546 "https://rms.cafsjobs.com/enrolment/" "Mozilla/5.0 (Windows NT 10.0; Win64; x64) AppleWebKit/537.36 (KHTML, like Gecko) Chrome/148.0.0.0 Safari/537.36"
106.219.182.228 - - [14/May/2026:15:37:49 +0530] "GET /dist/bootstrap-datetimepicker-master/build/js/bootstrap-datetimepicker.min.js HTTP/2.0" 200 38511 "https://rms.cafsjobs.com/enrolment/" "Mozilla/5.0 (Windows NT 10.0; Win64; x64) AppleWebKit/537.36 (KHTML, like Gecko) Chrome/148.0.0.0 Safari/537.36"
106.219.182.228 - - [14/May/2026:15:37:49 +0530] "GET /dist/jquery-typeahead/dist/jquery.typeahead.min.js HTTP/2.0" 200 36150 "https://rms.cafsjobs.com/enrolment/" "Mozilla/5.0 (Windows NT 10.0; Win64; x64) AppleWebKit/537.36 (KHTML, like Gecko) Chrome/148.0.0.0 Safari/537.36"
106.219.182.228 - - [14/May/2026:15:37:49 +0530] "GET /dist/select2/dist/js/select2.full.min.js HTTP/2.0" 200 75007 "https://rms.cafsjobs.com/enrolment/" "Mozilla/5.0 (Windows NT 10.0; Win64; x64) AppleWebKit/537.36 (KHTML, like Gecko) Chrome/148.0.0.0 Safari/537.36"
106.219.182.228 - - [14/May/2026:15:37:49 +0530] "GET /dist/toastr/toastr.js HTTP/2.0" 200 7048 "https://rms.cafsjobs.com/enrolment/" "Mozilla/5.0 (Windows NT 10.0; Win64; x64) AppleWebKit/537.36 (KHTML, like Gecko) Chrome/148.0.0.0 Safari/537.36"
106.219.182.228 - - [14/May/2026:15:37:49 +0530] "GET /dist/data_table/datatables.min.js HTTP/2.0" 200 2194645 "https://rms.cafsjobs.com/enrolment/" "Mozilla/5.0 (Windows NT 10.0; Win64; x64) AppleWebKit/537.36 (KHTML, like Gecko) Chrome/148.0.0.0 Safari/537.36"
106.219.182.228 - - [14/May/2026:15:37:49 +0530] "GET /dist/jquery_confirm/jquery-confirm.min.js HTTP/2.0" 200 27905 "https://rms.cafsjobs.com/enrolment/" "Mozilla/5.0 (Windows NT 10.0; Win64; x64) AppleWebKit/537.36 (KHTML, like Gecko) Chrome/148.0.0.0 Safari/537.36"
106.219.182.228 - - [14/May/2026:15:37:51 +0530] "GET /enrolment/asset/images/employment.jpeg HTTP/2.0" 200 199366 "https://rms.cafsjobs.com/enrolment/" "Mozilla/5.0 (Windows NT 10.0; Win64; x64) AppleWebKit/537.36 (KHTML, like Gecko) Chrome/148.0.0.0 Safari/537.36"
106.219.182.228 - - [14/May/2026:15:37:51 +0530] "GET /fonts/fontawesome-webfont.woff2?v=4.7.0 HTTP/2.0" 200 77160 "https://rms.cafsjobs.com/dist/font-awesome.min.css" "Mozilla/5.0 (Windows NT 10.0; Win64; x64) AppleWebKit/537.36 (KHTML, like Gecko) Chrome/148.0.0.0 Safari/537.36"
106.219.182.228 - - [14/May/2026:15:38:10 +0530] "GET /favicon.ico HTTP/2.0" 404 - "https://rms.cafsjobs.com/enrolment/" "Mozilla/5.0 (Windows NT 10.0; Win64; x64) AppleWebKit/537.36 (KHTML, like Gecko) Chrome/148.0.0.0 Safari/537.36"
106.219.182.228 - - [14/May/2026:15:38:12 +0530] "POST /enrolment/enrolment_callback.php?frm=exit_number HTTP/2.0" 200 2786 "https://rms.cafsjobs.com/enrolment/" "Mozilla/5.0 (Windows NT 10.0; Win64; x64) AppleWebKit/537.36 (KHTML, like Gecko) Chrome/148.0.0.0 Safari/537.36"
106.222.220.59 - - [14/May/2026:15:38:15 +0530] "POST /index.php/candidate_tracker/search HTTP/2.0" 200 61 "https://rms.cafsjobs.com/index.php/candidate_tracker" "Mozilla/5.0 (Windows NT 10.0; Win64; x64) AppleWebKit/537.36 (KHTML, like Gecko) Chrome/148.0.0.0 Safari/537.36"
106.222.220.59 - - [14/May/2026:15:38:18 +0530] "POST /index.php/candidate_tracker/search HTTP/2.0" 200 61 "https://rms.cafsjobs.com/index.php/candidate_tracker" "Mozilla/5.0 (Windows NT 10.0; Win64; x64) AppleWebKit/537.36 (KHTML, like Gecko) Chrome/148.0.0.0 Safari/537.36"
106.222.220.59 - - [14/May/2026:15:38:20 +0530] "POST /index.php/candidate_tracker/search HTTP/2.0" 200 41969 "https://rms.cafsjobs.com/index.php/candidate_tracker" "Mozilla/5.0 (Windows NT 10.0; Win64; x64) AppleWebKit/537.36 (KHTML, like Gecko) Chrome/148.0.0.0 Safari/537.36"
152.57.90.30 - - [14/May/2026:15:38:20 +0530] "GET /enrolment/ HTTP/2.0" 200 78324 "-" "Mozilla/5.0 (Linux; Android 10; K) AppleWebKit/537.36 (KHTML, like Gecko) Chrome/147.0.0.0 Mobile Safari/537.36"
152.57.90.30 - - [14/May/2026:15:38:22 +0530] "GET /favicon.ico HTTP/2.0" 404 - "https://rms.cafsjobs.com/enrolment/" "Mozilla/5.0 (Linux; Android 10; K) AppleWebKit/537.36 (KHTML, like Gecko) Chrome/147.0.0.0 Mobile Safari/537.36"
106.222.220.59 - - [14/May/2026:15:38:21 +0530] "GET /index.php/candidate_tracker HTTP/2.0" 200 54446 "https://rms.cafsjobs.com/index.php/home" "Mozilla/5.0 (Windows NT 10.0; Win64; x64) AppleWebKit/537.36 (KHTML, like Gecko) Chrome/148.0.0.0 Safari/537.36"
106.222.220.59 - - [14/May/2026:15:38:22 +0530] "POST /index.php/candidate_tracker/search HTTP/2.0" 200 14314 "https://rms.cafsjobs.com/index.php/candidate_tracker" "Mozilla/5.0 (Windows NT 10.0; Win64; x64) AppleWebKit/537.36 (KHTML, like Gecko) Chrome/148.0.0.0 Safari/537.36"
152.57.90.30 - - [14/May/2026:15:38:25 +0530] "POST /enrolment/enrolment_callback.php?frm=exit_number HTTP/2.0" 200 2943 "https://rms.cafsjobs.com/enrolment/" "Mozilla/5.0 (Linux; Android 10; K) AppleWebKit/537.36 (KHTML, like Gecko) Chrome/147.0.0.0 Mobile Safari/537.36"
152.57.90.30 - - [14/May/2026:15:38:34 +0530] "POST /enrolment/enrolment_callback.php?frm=save HTTP/2.0" 200 103 "https://rms.cafsjobs.com/enrolment/" "Mozilla/5.0 (Linux; Android 10; K) AppleWebKit/537.36 (KHTML, like Gecko) Chrome/147.0.0.0 Mobile Safari/537.36"
152.57.90.30 - - [14/May/2026:15:39:14 +0530] "GET /enrolment/ HTTP/2.0" 200 78324 "-" "Mozilla/5.0 (Linux; Android 10; K) AppleWebKit/537.36 (KHTML, like Gecko) Chrome/147.0.0.0 Mobile Safari/537.36"
152.57.90.30 - - [14/May/2026:15:39:23 +0530] "GET /enrolment/ HTTP/2.0" 200 78324 "-" "Mozilla/5.0 (Linux; Android 10; K) AppleWebKit/537.36 (KHTML, like Gecko) Chrome/147.0.0.0 Mobile Safari/537.36"
152.57.90.30 - - [14/May/2026:15:39:51 +0530] "POST /enrolment/enrolment_callback.php?frm=exit_number HTTP/2.0" 200 2943 "https://rms.cafsjobs.com/enrolment/" "Mozilla/5.0 (Linux; Android 10; K) AppleWebKit/537.36 (KHTML, like Gecko) Chrome/147.0.0.0 Mobile Safari/537.36"
152.57.90.30 - - [14/May/2026:15:39:53 +0530] "POST /enrolment/enrolment_callback.php?frm=save HTTP/2.0" 200 103 "https://rms.cafsjobs.com/enrolment/" "Mozilla/5.0 (Linux; Android 10; K) AppleWebKit/537.36 (KHTML, like Gecko) Chrome/147.0.0.0 Mobile Safari/537.36"
106.219.181.207 - - [14/May/2026:15:41:24 +0530] "GET / HTTP/2.0" 200 11882 "-" "Mozilla/5.0 (Windows NT 10.0; Win64; x64) AppleWebKit/537.36 (KHTML, like Gecko) Chrome/148.0.0.0 Safari/537.36"
106.219.181.207 - - [14/May/2026:15:41:24 +0530] "GET /dist/bootstrap.min.css?rel=20260514 HTTP/2.0" 200 127391 "https://rms.cafsjobs.com/" "Mozilla/5.0 (Windows NT 10.0; Win64; x64) AppleWebKit/537.36 (KHTML, like Gecko) Chrome/148.0.0.0 Safari/537.36"
106.219.181.207 - - [14/May/2026:15:41:24 +0530] "GET /dist/cafs_rms.css?rel=20260514 HTTP/2.0" 200 33416 "https://rms.cafsjobs.com/" "Mozilla/5.0 (Windows NT 10.0; Win64; x64) AppleWebKit/537.36 (KHTML, like Gecko) Chrome/148.0.0.0 Safari/537.36"
106.219.181.207 - - [14/May/2026:15:41:24 +0530] "GET /dist/opensourcepos.min.js?rel=20260514 HTTP/2.0" 200 1471322 "https://rms.cafsjobs.com/" "Mozilla/5.0 (Windows NT 10.0; Win64; x64) AppleWebKit/537.36 (KHTML, like Gecko) Chrome/148.0.0.0 Safari/537.36"
106.219.181.207 - - [14/May/2026:15:41:24 +0530] "GET /dist/validate.js?rel=20260514 HTTP/2.0" 200 1455 "https://rms.cafsjobs.com/" "Mozilla/5.0 (Windows NT 10.0; Win64; x64) AppleWebKit/537.36 (KHTML, like Gecko) Chrome/148.0.0.0 Safari/537.36"
106.219.181.207 - - [14/May/2026:15:41:26 +0530] "GET /images/toll.png HTTP/2.0" 200 405626 "https://rms.cafsjobs.com/" "Mozilla/5.0 (Windows NT 10.0; Win64; x64) AppleWebKit/537.36 (KHTML, like Gecko) Chrome/148.0.0.0 Safari/537.36"
106.219.181.207 - - [14/May/2026:15:41:26 +0530] "GET /images/smart.png HTTP/2.0" 200 548441 "https://rms.cafsjobs.com/" "Mozilla/5.0 (Windows NT 10.0; Win64; x64) AppleWebKit/537.36 (KHTML, like Gecko) Chrome/148.0.0.0 Safari/537.36"
106.219.181.207 - - [14/May/2026:15:41:27 +0530] "GET /dist/froala/froala_editor.pkgd.min.js HTTP/2.0" 200 540895 "https://rms.cafsjobs.com/" "Mozilla/5.0 (Windows NT 10.0; Win64; x64) AppleWebKit/537.36 (KHTML, like Gecko) Chrome/148.0.0.0 Safari/537.36"
106.219.181.207 - - [14/May/2026:15:41:27 +0530] "GET /dist/bootstrap-colorpicker.js HTTP/2.0" 200 34191 "https://rms.cafsjobs.com/" "Mozilla/5.0 (Windows NT 10.0; Win64; x64) AppleWebKit/537.36 (KHTML, like Gecko) Chrome/148.0.0.0 Safari/537.36"
106.219.181.207 - - [14/May/2026:15:41:27 +0530] "GET /images/report.png HTTP/2.0" 200 190216 "https://rms.cafsjobs.com/" "Mozilla/5.0 (Windows NT 10.0; Win64; x64) AppleWebKit/537.36 (KHTML, like Gecko) Chrome/148.0.0.0 Safari/537.36"
106.219.181.207 - - [14/May/2026:15:41:27 +0530] "GET /images/payroll.png HTTP/2.0" 200 504926 "https://rms.cafsjobs.com/" "Mozilla/5.0 (Windows NT 10.0; Win64; x64) AppleWebKit/537.36 (KHTML, like Gecko) Chrome/148.0.0.0 Safari/537.36"
106.219.181.207 - - [14/May/2026:15:41:27 +0530] "GET /images/imple.png HTTP/2.0" 200 530261 "https://rms.cafsjobs.com/" "Mozilla/5.0 (Windows NT 10.0; Win64; x64) AppleWebKit/537.36 (KHTML, like Gecko) Chrome/148.0.0.0 Safari/537.36"
106.219.181.207 - - [14/May/2026:15:41:27 +0530] "GET /fonts/glyphicons-halflings-regular.woff2 HTTP/2.0" 200 18028 "https://rms.cafsjobs.com/dist/bootstrap.min.css?rel=20260514" "Mozilla/5.0 (Windows NT 10.0; Win64; x64) AppleWebKit/537.36 (KHTML, like Gecko) Chrome/148.0.0.0 Safari/537.36"
106.219.181.207 - - [14/May/2026:15:41:27 +0530] "GET /dist/data_table/js/data_tables.min.js HTTP/2.0" 200 84499 "https://rms.cafsjobs.com/" "Mozilla/5.0 (Windows NT 10.0; Win64; x64) AppleWebKit/537.36 (KHTML, like Gecko) Chrome/148.0.0.0 Safari/537.36"
106.219.181.207 - - [14/May/2026:15:41:27 +0530] "GET /dist/data_table/js/buttons.min.js HTTP/2.0" 200 19572 "https://rms.cafsjobs.com/" "Mozilla/5.0 (Windows NT 10.0; Win64; x64) AppleWebKit/537.36 (KHTML, like Gecko) Chrome/148.0.0.0 Safari/537.36"
106.219.181.207 - - [14/May/2026:15:41:27 +0530] "GET /dist/data_table/js/buttons.flash.min.js HTTP/2.0" 200 26268 "https://rms.cafsjobs.com/" "Mozilla/5.0 (Windows NT 10.0; Win64; x64) AppleWebKit/537.36 (KHTML, like Gecko) Chrome/148.0.0.0 Safari/537.36"
106.219.181.207 - - [14/May/2026:15:41:27 +0530] "GET /dist/data_table/js/jszip.min.js HTTP/2.0" 200 101953 "https://rms.cafsjobs.com/" "Mozilla/5.0 (Windows NT 10.0; Win64; x64) AppleWebKit/537.36 (KHTML, like Gecko) Chrome/148.0.0.0 Safari/537.36"
106.219.181.207 - - [14/May/2026:15:41:27 +0530] "GET /dist/data_table/js/pdfmake.min.js HTTP/2.0" 200 1093355 "https://rms.cafsjobs.com/" "Mozilla/5.0 (Windows NT 10.0; Win64; x64) AppleWebKit/537.36 (KHTML, like Gecko) Chrome/148.0.0.0 Safari/537.36"
106.219.181.207 - - [14/May/2026:15:41:27 +0530] "GET /dist/data_table/js/vfs_fonts.js HTTP/2.0" 200 926233 "https://rms.cafsjobs.com/" "Mozilla/5.0 (Windows NT 10.0; Win64; x64) AppleWebKit/537.36 (KHTML, like Gecko) Chrome/148.0.0.0 Safari/537.36"
106.219.181.207 - - [14/May/2026:15:41:27 +0530] "GET /dist/data_table/js/buttons.html5.min.js HTTP/2.0" 200 24799 "https://rms.cafsjobs.com/" "Mozilla/5.0 (Windows NT 10.0; Win64; x64) AppleWebKit/537.36 (KHTML, like Gecko) Chrome/148.0.0.0 Safari/537.36"
106.219.181.207 - - [14/May/2026:15:41:27 +0530] "GET /dist/data_table/js/buttons.print.min.js HTTP/2.0" 200 2309 "https://rms.cafsjobs.com/" "Mozilla/5.0 (Windows NT 10.0; Win64; x64) AppleWebKit/537.36 (KHTML, like Gecko) Chrome/148.0.0.0 Safari/537.36"
106.219.181.207 - - [14/May/2026:15:41:27 +0530] "GET /dist/data_table/js/fixed_header.min.js HTTP/2.0" 200 8716 "https://rms.cafsjobs.com/" "Mozilla/5.0 (Windows NT 10.0; Win64; x64) AppleWebKit/537.36 (KHTML, like Gecko) Chrome/148.0.0.0 Safari/537.36"
106.219.181.207 - - [14/May/2026:15:41:27 +0530] "GET /dist/data_table/js/fixed_columns.min.js HTTP/2.0" 200 18722 "https://rms.cafsjobs.com/" "Mozilla/5.0 (Windows NT 10.0; Win64; x64) AppleWebKit/537.36 (KHTML, like Gecko) Chrome/148.0.0.0 Safari/537.36"
106.219.181.207 - - [14/May/2026:15:41:29 +0530] "GET /images/favicon.png HTTP/2.0" 200 14424 "https://rms.cafsjobs.com/" "Mozilla/5.0 (Windows NT 10.0; Win64; x64) AppleWebKit/537.36 (KHTML, like Gecko) Chrome/148.0.0.0 Safari/537.36"
106.219.181.207 - - [14/May/2026:15:41:32 +0530] "POST /index.php/login/corp_login/ HTTP/2.0" 200 46 "https://rms.cafsjobs.com/" "Mozilla/5.0 (Windows NT 10.0; Win64; x64) AppleWebKit/537.36 (KHTML, like Gecko) Chrome/148.0.0.0 Safari/537.36"
106.219.181.207 - - [14/May/2026:15:41:32 +0530] "GET / HTTP/2.0" 302 - "https://rms.cafsjobs.com/" "Mozilla/5.0 (Windows NT 10.0; Win64; x64) AppleWebKit/537.36 (KHTML, like Gecko) Chrome/148.0.0.0 Safari/537.36"
106.219.181.207 - - [14/May/2026:15:41:32 +0530] "GET /index.php/home HTTP/2.0" 200 13105 "https://rms.cafsjobs.com/" "Mozilla/5.0 (Windows NT 10.0; Win64; x64) AppleWebKit/537.36 (KHTML, like Gecko) Chrome/148.0.0.0 Safari/537.36"
106.219.181.207 - - [14/May/2026:15:41:32 +0530] "GET /dist/froala/froala_editor.pkgd.min.css HTTP/2.0" 200 61469 "https://rms.cafsjobs.com/index.php/home" "Mozilla/5.0 (Windows NT 10.0; Win64; x64) AppleWebKit/537.36 (KHTML, like Gecko) Chrome/148.0.0.0 Safari/537.36"
106.219.181.207 - - [14/May/2026:15:41:32 +0530] "GET /dist/froala/froala_style.min.css HTTP/2.0" 200 7670 "https://rms.cafsjobs.com/index.php/home" "Mozilla/5.0 (Windows NT 10.0; Win64; x64) AppleWebKit/537.36 (KHTML, like Gecko) Chrome/148.0.0.0 Safari/537.36"
106.219.181.207 - - [14/May/2026:15:41:32 +0530] "GET /dist/data_table/css/data_tables.min.css HTTP/2.0" 200 15044 "https://rms.cafsjobs.com/index.php/home" "Mozilla/5.0 (Windows NT 10.0; Win64; x64) AppleWebKit/537.36 (KHTML, like Gecko) Chrome/148.0.0.0 Safari/537.36"
106.219.181.207 - - [14/May/2026:15:41:32 +0530] "GET /dist/highcharts/drilldown.js HTTP/2.0" 200 9499 "https://rms.cafsjobs.com/index.php/home" "Mozilla/5.0 (Windows NT 10.0; Win64; x64) AppleWebKit/537.36 (KHTML, like Gecko) Chrome/148.0.0.0 Safari/537.36"
106.219.181.207 - - [14/May/2026:15:41:32 +0530] "GET /dist/highcharts/exporting.js HTTP/2.0" 200 9884 "https://rms.cafsjobs.com/index.php/home" "Mozilla/5.0 (Windows NT 10.0; Win64; x64) AppleWebKit/537.36 (KHTML, like Gecko) Chrome/148.0.0.0 Safari/537.36"
106.219.181.207 - - [14/May/2026:15:41:32 +0530] "GET /dist/highcharts/dashboard.js HTTP/2.0" 200 14962 "https://rms.cafsjobs.com/index.php/home" "Mozilla/5.0 (Windows NT 10.0; Win64; x64) AppleWebKit/537.36 (KHTML, like Gecko) Chrome/148.0.0.0 Safari/537.36"
106.219.181.207 - - [14/May/2026:15:41:32 +0530] "GET /dist/bootstrap-colorpicker.css HTTP/2.0" 200 4802 "https://rms.cafsjobs.com/index.php/home" "Mozilla/5.0 (Windows NT 10.0; Win64; x64) AppleWebKit/537.36 (KHTML, like Gecko) Chrome/148.0.0.0 Safari/537.36"
106.219.181.207 - - [14/May/2026:15:41:32 +0530] "GET /dist/highcharts/highcharts.js HTTP/2.0" 200 197345 "https://rms.cafsjobs.com/index.php/home" "Mozilla/5.0 (Windows NT 10.0; Win64; x64) AppleWebKit/537.36 (KHTML, like Gecko) Chrome/148.0.0.0 Safari/537.36"
106.219.181.207 - - [14/May/2026:15:41:32 +0530] "GET /dist/highcharts/data.js HTTP/2.0" 200 12617 "https://rms.cafsjobs.com/index.php/home" "Mozilla/5.0 (Windows NT 10.0; Win64; x64) AppleWebKit/537.36 (KHTML, like Gecko) Chrome/148.0.0.0 Safari/537.36"
106.219.181.207 - - [14/May/2026:15:41:32 +0530] "GET /dist/highcharts/highchartnodata.js HTTP/2.0" 404 - "https://rms.cafsjobs.com/index.php/home" "Mozilla/5.0 (Windows NT 10.0; Win64; x64) AppleWebKit/537.36 (KHTML, like Gecko) Chrome/148.0.0.0 Safari/537.36"
106.219.181.207 - - [14/May/2026:15:41:32 +0530] "GET /dist/highcharts/modules_export-data.js HTTP/2.0" 404 - "https://rms.cafsjobs.com/index.php/home" "Mozilla/5.0 (Windows NT 10.0; Win64; x64) AppleWebKit/537.36 (KHTML, like Gecko) Chrome/148.0.0.0 Safari/537.36"
106.219.181.207 - - [14/May/2026:15:41:33 +0530] "POST /index.php/home/get_candidate_sts_info HTTP/2.0" 200 1216 "https://rms.cafsjobs.com/index.php/home" "Mozilla/5.0 (Windows NT 10.0; Win64; x64) AppleWebKit/537.36 (KHTML, like Gecko) Chrome/148.0.0.0 Safari/537.36"
106.219.181.207 - - [14/May/2026:15:41:33 +0530] "POST /index.php/home/candidate_sts_chart HTTP/2.0" 200 96 "https://rms.cafsjobs.com/index.php/home" "Mozilla/5.0 (Windows NT 10.0; Win64; x64) AppleWebKit/537.36 (KHTML, like Gecko) Chrome/148.0.0.0 Safari/537.36"
152.57.90.30 - - [14/May/2026:15:41:33 +0530] "POST /enrolment/enrolment_callback.php?frm=rowset_save HTTP/2.0" 200 900 "https://rms.cafsjobs.com/enrolment/" "Mozilla/5.0 (Linux; Android 10; K) AppleWebKit/537.36 (KHTML, like Gecko) Chrome/147.0.0.0 Mobile Safari/537.36"
152.57.90.30 - - [14/May/2026:15:41:38 +0530] "POST /enrolment/enrolment_callback.php?frm=show_education_tab HTTP/2.0" 200 16 "https://rms.cafsjobs.com/enrolment/" "Mozilla/5.0 (Linux; Android 10; K) AppleWebKit/537.36 (KHTML, like Gecko) Chrome/147.0.0.0 Mobile Safari/537.36"
106.219.181.207 - - [14/May/2026:15:41:56 +0530] "GET /enrolment/ HTTP/2.0" 200 78324 "-" "Mozilla/5.0 (Windows NT 10.0; Win64; x64) AppleWebKit/537.36 (KHTML, like Gecko) Chrome/148.0.0.0 Safari/537.36"
106.219.181.207 - - [14/May/2026:15:41:57 +0530] "GET /favicon.ico HTTP/2.0" 404 - "https://rms.cafsjobs.com/enrolment/" "Mozilla/5.0 (Windows NT 10.0; Win64; x64) AppleWebKit/537.36 (KHTML, like Gecko) Chrome/148.0.0.0 Safari/537.36"
106.219.181.207 - - [14/May/2026:15:42:58 +0530] "GET /index.php/candidate_tracker HTTP/2.0" 200 62995 "https://rms.cafsjobs.com/index.php/home" "Mozilla/5.0 (Windows NT 10.0; Win64; x64) AppleWebKit/537.36 (KHTML, like Gecko) Chrome/147.0.0.0 Safari/537.36"
106.219.181.207 - - [14/May/2026:15:42:59 +0530] "POST /index.php/candidate_tracker/search HTTP/2.0" 200 1705 "https://rms.cafsjobs.com/index.php/candidate_tracker" "Mozilla/5.0 (Windows NT 10.0; Win64; x64) AppleWebKit/537.36 (KHTML, like Gecko) Chrome/147.0.0.0 Safari/537.36"
152.57.90.30 - - [14/May/2026:15:43:06 +0530] "POST /enrolment/enrolment_callback.php?frm=calculation_suggest HTTP/2.0" 200 31 "https://rms.cafsjobs.com/enrolment/" "Mozilla/5.0 (Linux; Android 10; K) AppleWebKit/537.36 (KHTML, like Gecko) Chrome/147.0.0.0 Mobile Safari/537.36"
152.57.90.30 - - [14/May/2026:15:43:12 +0530] "POST /enrolment/enrolment_callback.php?frm=show_experience_tab HTTP/2.0" 200 88 "https://rms.cafsjobs.com/enrolment/" "Mozilla/5.0 (Linux; Android 10; K) AppleWebKit/537.36 (KHTML, like Gecko) Chrome/147.0.0.0 Mobile Safari/537.36"
152.57.90.30 - - [14/May/2026:15:44:42 +0530] "POST /enrolment/enrolment_callback.php?frm=show_experience_tab HTTP/2.0" 200 88 "https://rms.cafsjobs.com/enrolment/" "Mozilla/5.0 (Linux; Android 10; K) AppleWebKit/537.36 (KHTML, like Gecko) Chrome/147.0.0.0 Mobile Safari/537.36"
152.57.90.30 - - [14/May/2026:15:44:43 +0530] "POST /enrolment/enrolment_callback.php?frm=show_experience_tab HTTP/2.0" 200 88 "https://rms.cafsjobs.com/enrolment/" "Mozilla/5.0 (Linux; Android 10; K) AppleWebKit/537.36 (KHTML, like Gecko) Chrome/147.0.0.0 Mobile Safari/537.36"
152.57.90.30 - - [14/May/2026:15:44:49 +0530] "POST /enrolment/enrolment_callback.php?frm=rowset_save HTTP/2.0" 200 1097 "https://rms.cafsjobs.com/enrolment/" "Mozilla/5.0 (Linux; Android 10; K) AppleWebKit/537.36 (KHTML, like Gecko) Chrome/147.0.0.0 Mobile Safari/537.36"
152.57.90.30 - - [14/May/2026:15:44:51 +0530] "POST /enrolment/enrolment_callback.php?frm=show_experience_tab HTTP/2.0" 200 63 "https://rms.cafsjobs.com/enrolment/" "Mozilla/5.0 (Linux; Android 10; K) AppleWebKit/537.36 (KHTML, like Gecko) Chrome/147.0.0.0 Mobile Safari/537.36"
152.57.90.30 - - [14/May/2026:15:44:52 +0530] "GET /enrolment/ HTTP/2.0" 200 78324 "https://rms.cafsjobs.com/enrolment/" "Mozilla/5.0 (Linux; Android 10; K) AppleWebKit/537.36 (KHTML, like Gecko) Chrome/147.0.0.0 Mobile Safari/537.36"
106.219.181.207 - - [14/May/2026:15:44:58 +0530] "GET /index.php/candidate_tracker HTTP/2.0" 200 62995 "https://rms.cafsjobs.com/index.php/home" "Mozilla/5.0 (Windows NT 10.0; Win64; x64) AppleWebKit/537.36 (KHTML, like Gecko) Chrome/147.0.0.0 Safari/537.36"
106.219.181.207 - - [14/May/2026:15:44:59 +0530] "POST /index.php/candidate_tracker/search HTTP/2.0" 200 1705 "https://rms.cafsjobs.com/index.php/candidate_tracker" "Mozilla/5.0 (Windows NT 10.0; Win64; x64) AppleWebKit/537.36 (KHTML, like Gecko) Chrome/147.0.0.0 Safari/537.36"
106.219.181.207 - - [14/May/2026:15:45:15 +0530] "GET /index.php/candidate_tracker HTTP/2.0" 200 62995 "https://rms.cafsjobs.com/index.php/home" "Mozilla/5.0 (Windows NT 10.0; Win64; x64) AppleWebKit/537.36 (KHTML, like Gecko) Chrome/147.0.0.0 Safari/537.36"
106.219.181.207 - - [14/May/2026:15:45:16 +0530] "POST /index.php/candidate_tracker/search HTTP/2.0" 200 1705 "https://rms.cafsjobs.com/index.php/candidate_tracker" "Mozilla/5.0 (Windows NT 10.0; Win64; x64) AppleWebKit/537.36 (KHTML, like Gecko) Chrome/147.0.0.0 Safari/537.36"
106.219.181.207 - - [14/May/2026:15:45:19 +0530] "GET /index.php HTTP/2.0" 302 - "https://rms.cafsjobs.com/index.php/candidate_tracker" "Mozilla/5.0 (Windows NT 10.0; Win64; x64) AppleWebKit/537.36 (KHTML, like Gecko) Chrome/147.0.0.0 Safari/537.36"
106.219.181.207 - - [14/May/2026:15:45:19 +0530] "GET /index.php/home HTTP/2.0" 200 13105 "https://rms.cafsjobs.com/index.php/candidate_tracker" "Mozilla/5.0 (Windows NT 10.0; Win64; x64) AppleWebKit/537.36 (KHTML, like Gecko) Chrome/147.0.0.0 Safari/537.36"
106.219.181.207 - - [14/May/2026:15:45:20 +0530] "GET /dist/highcharts/highchartnodata.js HTTP/2.0" 404 - "https://rms.cafsjobs.com/index.php/home" "Mozilla/5.0 (Windows NT 10.0; Win64; x64) AppleWebKit/537.36 (KHTML, like Gecko) Chrome/147.0.0.0 Safari/537.36"
106.219.181.207 - - [14/May/2026:15:45:20 +0530] "GET /dist/highcharts/modules_export-data.js HTTP/2.0" 404 - "https://rms.cafsjobs.com/index.php/home" "Mozilla/5.0 (Windows NT 10.0; Win64; x64) AppleWebKit/537.36 (KHTML, like Gecko) Chrome/147.0.0.0 Safari/537.36"
106.219.181.207 - - [14/May/2026:15:45:20 +0530] "POST /index.php/home/candidate_sts_chart HTTP/2.0" 200 96 "https://rms.cafsjobs.com/index.php/home" "Mozilla/5.0 (Windows NT 10.0; Win64; x64) AppleWebKit/537.36 (KHTML, like Gecko) Chrome/147.0.0.0 Safari/537.36"
106.219.181.207 - - [14/May/2026:15:45:20 +0530] "POST /index.php/home/get_candidate_sts_info HTTP/2.0" 200 1216 "https://rms.cafsjobs.com/index.php/home" "Mozilla/5.0 (Windows NT 10.0; Win64; x64) AppleWebKit/537.36 (KHTML, like Gecko) Chrome/147.0.0.0 Safari/537.36"
106.219.181.207 - - [14/May/2026:15:45:21 +0530] "GET /index.php/candidate_tracker HTTP/2.0" 200 62995 "https://rms.cafsjobs.com/index.php/home" "Mozilla/5.0 (Windows NT 10.0; Win64; x64) AppleWebKit/537.36 (KHTML, like Gecko) Chrome/147.0.0.0 Safari/537.36"
106.219.181.207 - - [14/May/2026:15:45:22 +0530] "POST /index.php/candidate_tracker/search HTTP/2.0" 200 1705 "https://rms.cafsjobs.com/index.php/candidate_tracker" "Mozilla/5.0 (Windows NT 10.0; Win64; x64) AppleWebKit/537.36 (KHTML, like Gecko) Chrome/147.0.0.0 Safari/537.36"
106.219.181.207 - - [14/May/2026:15:45:26 +0530] "GET /index.php HTTP/2.0" 302 - "https://rms.cafsjobs.com/index.php/candidate_tracker" "Mozilla/5.0 (Windows NT 10.0; Win64; x64) AppleWebKit/537.36 (KHTML, like Gecko) Chrome/147.0.0.0 Safari/537.36"
106.219.181.207 - - [14/May/2026:15:45:26 +0530] "GET /index.php/home HTTP/2.0" 200 13105 "https://rms.cafsjobs.com/index.php/candidate_tracker" "Mozilla/5.0 (Windows NT 10.0; Win64; x64) AppleWebKit/537.36 (KHTML, like Gecko) Chrome/147.0.0.0 Safari/537.36"
106.219.181.207 - - [14/May/2026:15:45:26 +0530] "GET /dist/highcharts/highchartnodata.js HTTP/2.0" 404 - "https://rms.cafsjobs.com/index.php/home" "Mozilla/5.0 (Windows NT 10.0; Win64; x64) AppleWebKit/537.36 (KHTML, like Gecko) Chrome/147.0.0.0 Safari/537.36"
106.219.181.207 - - [14/May/2026:15:45:26 +0530] "GET /dist/highcharts/modules_export-data.js HTTP/2.0" 404 - "https://rms.cafsjobs.com/index.php/home" "Mozilla/5.0 (Windows NT 10.0; Win64; x64) AppleWebKit/537.36 (KHTML, like Gecko) Chrome/147.0.0.0 Safari/537.36"
106.219.181.207 - - [14/May/2026:15:45:27 +0530] "POST /index.php/home/candidate_sts_chart HTTP/2.0" 200 96 "https://rms.cafsjobs.com/index.php/home" "Mozilla/5.0 (Windows NT 10.0; Win64; x64) AppleWebKit/537.36 (KHTML, like Gecko) Chrome/147.0.0.0 Safari/537.36"
106.219.181.207 - - [14/May/2026:15:45:27 +0530] "POST /index.php/home/get_candidate_sts_info HTTP/2.0" 200 1216 "https://rms.cafsjobs.com/index.php/home" "Mozilla/5.0 (Windows NT 10.0; Win64; x64) AppleWebKit/537.36 (KHTML, like Gecko) Chrome/147.0.0.0 Safari/537.36"
106.219.181.207 - - [14/May/2026:15:45:50 +0530] "GET /index.php/candidate_tracker HTTP/2.0" 200 62995 "https://rms.cafsjobs.com/index.php/home" "Mozilla/5.0 (Windows NT 10.0; Win64; x64) AppleWebKit/537.36 (KHTML, like Gecko) Chrome/147.0.0.0 Safari/537.36"
106.219.181.207 - - [14/May/2026:15:45:50 +0530] "POST /index.php/candidate_tracker/search HTTP/2.0" 200 1705 "https://rms.cafsjobs.com/index.php/candidate_tracker" "Mozilla/5.0 (Windows NT 10.0; Win64; x64) AppleWebKit/537.36 (KHTML, like Gecko) Chrome/147.0.0.0 Safari/537.36"
106.219.181.207 - - [14/May/2026:15:45:52 +0530] "POST /index.php/candidate_tracker/search HTTP/2.0" 200 1705 "https://rms.cafsjobs.com/index.php/candidate_tracker" "Mozilla/5.0 (Windows NT 10.0; Win64; x64) AppleWebKit/537.36 (KHTML, like Gecko) Chrome/147.0.0.0 Safari/537.36"
106.219.181.207 - - [14/May/2026:15:45:52 +0530] "POST /index.php/candidate_tracker/search HTTP/2.0" 200 61 "https://rms.cafsjobs.com/index.php/candidate_tracker" "Mozilla/5.0 (Windows NT 10.0; Win64; x64) AppleWebKit/537.36 (KHTML, like Gecko) Chrome/147.0.0.0 Safari/537.36"
106.219.181.207 - - [14/May/2026:15:45:53 +0530] "POST /index.php/candidate_tracker/search HTTP/2.0" 200 61 "https://rms.cafsjobs.com/index.php/candidate_tracker" "Mozilla/5.0 (Windows NT 10.0; Win64; x64) AppleWebKit/537.36 (KHTML, like Gecko) Chrome/147.0.0.0 Safari/537.36"
106.219.181.207 - - [14/May/2026:15:45:53 +0530] "POST /index.php/candidate_tracker/search HTTP/2.0" 200 61 "https://rms.cafsjobs.com/index.php/candidate_tracker" "Mozilla/5.0 (Windows NT 10.0; Win64; x64) AppleWebKit/537.36 (KHTML, like Gecko) Chrome/147.0.0.0 Safari/537.36"
106.219.181.207 - - [14/May/2026:15:45:54 +0530] "POST /index.php/candidate_tracker/search HTTP/2.0" 200 1705 "https://rms.cafsjobs.com/index.php/candidate_tracker" "Mozilla/5.0 (Windows NT 10.0; Win64; x64) AppleWebKit/537.36 (KHTML, like Gecko) Chrome/147.0.0.0 Safari/537.36"
106.219.181.207 - - [14/May/2026:15:45:55 +0530] "POST /index.php/candidate_tracker/search HTTP/2.0" 200 1705 "https://rms.cafsjobs.com/index.php/candidate_tracker" "Mozilla/5.0 (Windows NT 10.0; Win64; x64) AppleWebKit/537.36 (KHTML, like Gecko) Chrome/147.0.0.0 Safari/537.36"
106.219.181.207 - - [14/May/2026:15:45:56 +0530] "POST /index.php/candidate_tracker/search HTTP/2.0" 200 61 "https://rms.cafsjobs.com/index.php/candidate_tracker" "Mozilla/5.0 (Windows NT 10.0; Win64; x64) AppleWebKit/537.36 (KHTML, like Gecko) Chrome/147.0.0.0 Safari/537.36"
106.219.181.207 - - [14/May/2026:15:46:01 +0530] "POST /index.php/candidate_tracker/search HTTP/2.0" 200 61 "https://rms.cafsjobs.com/index.php/candidate_tracker" "Mozilla/5.0 (Windows NT 10.0; Win64; x64) AppleWebKit/537.36 (KHTML, like Gecko) Chrome/147.0.0.0 Safari/537.36"
106.219.181.207 - - [14/May/2026:15:46:02 +0530] "POST /index.php/candidate_tracker/search HTTP/2.0" 200 1706 "https://rms.cafsjobs.com/index.php/candidate_tracker" "Mozilla/5.0 (Windows NT 10.0; Win64; x64) AppleWebKit/537.36 (KHTML, like Gecko) Chrome/147.0.0.0 Safari/537.36"
106.219.181.207 - - [14/May/2026:15:46:02 +0530] "POST /index.php/candidate_tracker/search HTTP/2.0" 200 1706 "https://rms.cafsjobs.com/index.php/candidate_tracker" "Mozilla/5.0 (Windows NT 10.0; Win64; x64) AppleWebKit/537.36 (KHTML, like Gecko) Chrome/147.0.0.0 Safari/537.36"
106.219.181.207 - - [14/May/2026:15:46:04 +0530] "POST /index.php/candidate_tracker/search HTTP/2.0" 200 887 "https://rms.cafsjobs.com/index.php/candidate_tracker" "Mozilla/5.0 (Windows NT 10.0; Win64; x64) AppleWebKit/537.36 (KHTML, like Gecko) Chrome/147.0.0.0 Safari/537.36"
106.219.181.207 - - [14/May/2026:15:46:05 +0530] "POST /index.php/candidate_tracker/search HTTP/2.0" 200 1706 "https://rms.cafsjobs.com/index.php/candidate_tracker" "Mozilla/5.0 (Windows NT 10.0; Win64; x64) AppleWebKit/537.36 (KHTML, like Gecko) Chrome/147.0.0.0 Safari/537.36"
106.219.181.207 - - [14/May/2026:15:46:06 +0530] "POST /index.php/candidate_tracker/search HTTP/2.0" 200 62 "https://rms.cafsjobs.com/index.php/candidate_tracker" "Mozilla/5.0 (Windows NT 10.0; Win64; x64) AppleWebKit/537.36 (KHTML, like Gecko) Chrome/147.0.0.0 Safari/537.36"
106.219.181.207 - - [14/May/2026:15:46:07 +0530] "POST /index.php/candidate_tracker/search HTTP/2.0" 200 62 "https://rms.cafsjobs.com/index.php/candidate_tracker" "Mozilla/5.0 (Windows NT 10.0; Win64; x64) AppleWebKit/537.36 (KHTML, like Gecko) Chrome/147.0.0.0 Safari/537.36"
106.219.181.207 - - [14/May/2026:15:46:08 +0530] "POST /index.php/candidate_tracker/search HTTP/2.0" 200 62 "https://rms.cafsjobs.com/index.php/candidate_tracker" "Mozilla/5.0 (Windows NT 10.0; Win64; x64) AppleWebKit/537.36 (KHTML, like Gecko) Chrome/147.0.0.0 Safari/537.36"
106.219.181.207 - - [14/May/2026:15:46:09 +0530] "POST /index.php/candidate_tracker/search HTTP/2.0" 200 62 "https://rms.cafsjobs.com/index.php/candidate_tracker" "Mozilla/5.0 (Windows NT 10.0; Win64; x64) AppleWebKit/537.36 (KHTML, like Gecko) Chrome/147.0.0.0 Safari/537.36"
106.219.181.207 - - [14/May/2026:15:46:11 +0530] "POST /index.php/candidate_tracker/search HTTP/2.0" 200 62 "https://rms.cafsjobs.com/index.php/candidate_tracker" "Mozilla/5.0 (Windows NT 10.0; Win64; x64) AppleWebKit/537.36 (KHTML, like Gecko) Chrome/147.0.0.0 Safari/537.36"
106.219.181.207 - - [14/May/2026:15:46:12 +0530] "POST /index.php/candidate_tracker/search HTTP/2.0" 200 62 "https://rms.cafsjobs.com/index.php/candidate_tracker" "Mozilla/5.0 (Windows NT 10.0; Win64; x64) AppleWebKit/537.36 (KHTML, like Gecko) Chrome/147.0.0.0 Safari/537.36"
106.219.181.207 - - [14/May/2026:15:46:12 +0530] "POST /index.php/candidate_tracker/search HTTP/2.0" 200 1706 "https://rms.cafsjobs.com/index.php/candidate_tracker" "Mozilla/5.0 (Windows NT 10.0; Win64; x64) AppleWebKit/537.36 (KHTML, like Gecko) Chrome/147.0.0.0 Safari/537.36"
106.219.181.207 - - [14/May/2026:15:46:21 +0530] "POST /index.php/candidate_tracker/search HTTP/2.0" 200 887 "https://rms.cafsjobs.com/index.php/candidate_tracker" "Mozilla/5.0 (Windows NT 10.0; Win64; x64) AppleWebKit/537.36 (KHTML, like Gecko) Chrome/147.0.0.0 Safari/537.36"
106.219.181.207 - - [14/May/2026:15:46:21 +0530] "POST /index.php/candidate_tracker/search HTTP/2.0" 200 62 "https://rms.cafsjobs.com/index.php/candidate_tracker" "Mozilla/5.0 (Windows NT 10.0; Win64; x64) AppleWebKit/537.36 (KHTML, like Gecko) Chrome/147.0.0.0 Safari/537.36"
106.219.181.207 - - [14/May/2026:15:46:22 +0530] "POST /index.php/candidate_tracker/search HTTP/2.0" 200 62 "https://rms.cafsjobs.com/index.php/candidate_tracker" "Mozilla/5.0 (Windows NT 10.0; Win64; x64) AppleWebKit/537.36 (KHTML, like Gecko) Chrome/147.0.0.0 Safari/537.36"
106.219.181.207 - - [14/May/2026:15:46:22 +0530] "POST /index.php/candidate_tracker/search HTTP/2.0" 200 62 "https://rms.cafsjobs.com/index.php/candidate_tracker" "Mozilla/5.0 (Windows NT 10.0; Win64; x64) AppleWebKit/537.36 (KHTML, like Gecko) Chrome/147.0.0.0 Safari/537.36"
152.57.90.30 - - [14/May/2026:15:46:34 +0530] "POST /enrolment/enrolment_callback.php?frm=exit_number HTTP/2.0" 200 58 "https://rms.cafsjobs.com/enrolment/" "Mozilla/5.0 (Linux; Android 10; K) AppleWebKit/537.36 (KHTML, like Gecko) Chrome/147.0.0.0 Mobile Safari/537.36"
152.57.90.30 - - [14/May/2026:15:46:42 +0530] "POST /enrolment/enrolment_callback.php?frm=clear_session HTTP/2.0" 200 16 "https://rms.cafsjobs.com/enrolment/" "Mozilla/5.0 (Linux; Android 10; K) AppleWebKit/537.36 (KHTML, like Gecko) Chrome/147.0.0.0 Mobile Safari/537.36"
152.57.90.30 - - [14/May/2026:15:46:43 +0530] "POST /enrolment/enrolment_callback.php?frm=clear_session HTTP/2.0" 200 16 "https://rms.cafsjobs.com/enrolment/" "Mozilla/5.0 (Linux; Android 10; K) AppleWebKit/537.36 (KHTML, like Gecko) Chrome/147.0.0.0 Mobile Safari/537.36"
152.57.90.30 - - [14/May/2026:15:46:44 +0530] "GET /enrolment/ HTTP/2.0" 200 78324 "https://rms.cafsjobs.com/enrolment/" "Mozilla/5.0 (Linux; Android 10; K) AppleWebKit/537.36 (KHTML, like Gecko) Chrome/147.0.0.0 Mobile Safari/537.36"
152.57.90.30 - - [14/May/2026:15:46:49 +0530] "POST /enrolment/enrolment_callback.php?frm=exit_number HTTP/2.0" 200 58 "https://rms.cafsjobs.com/enrolment/" "Mozilla/5.0 (Linux; Android 10; K) AppleWebKit/537.36 (KHTML, like Gecko) Chrome/147.0.0.0 Mobile Safari/537.36"
152.57.90.30 - - [14/May/2026:15:47:03 +0530] "POST /enrolment/enrolment_callback.php?frm=upd_candidate_status HTTP/2.0" 200 52 "https://rms.cafsjobs.com/enrolment/" "Mozilla/5.0 (Linux; Android 10; K) AppleWebKit/537.36 (KHTML, like Gecko) Chrome/147.0.0.0 Mobile Safari/537.36"
152.57.90.30 - - [14/May/2026:15:47:04 +0530] "GET /enrolment/ HTTP/2.0" 200 78324 "https://rms.cafsjobs.com/enrolment/" "Mozilla/5.0 (Linux; Android 10; K) AppleWebKit/537.36 (KHTML, like Gecko) Chrome/147.0.0.0 Mobile Safari/537.36"
106.219.181.207 - - [14/May/2026:15:47:08 +0530] "GET /index.php/candidate_tracker HTTP/2.0" 200 62995 "https://rms.cafsjobs.com/index.php/home" "Mozilla/5.0 (Windows NT 10.0; Win64; x64) AppleWebKit/537.36 (KHTML, like Gecko) Chrome/147.0.0.0 Safari/537.36"
152.57.90.30 - - [14/May/2026:15:47:08 +0530] "POST /enrolment/enrolment_callback.php?frm=exit_number HTTP/2.0" 200 91 "https://rms.cafsjobs.com/enrolment/" "Mozilla/5.0 (Linux; Android 10; K) AppleWebKit/537.36 (KHTML, like Gecko) Chrome/147.0.0.0 Mobile Safari/537.36"
106.219.181.207 - - [14/May/2026:15:47:09 +0530] "POST /index.php/candidate_tracker/search HTTP/2.0" 200 61 "https://rms.cafsjobs.com/index.php/candidate_tracker" "Mozilla/5.0 (Windows NT 10.0; Win64; x64) AppleWebKit/537.36 (KHTML, like Gecko) Chrome/147.0.0.0 Safari/537.36"
106.219.181.207 - - [14/May/2026:15:47:13 +0530] "POST /index.php/candidate_tracker/search HTTP/2.0" 200 1705 "https://rms.cafsjobs.com/index.php/candidate_tracker" "Mozilla/5.0 (Windows NT 10.0; Win64; x64) AppleWebKit/537.36 (KHTML, like Gecko) Chrome/147.0.0.0 Safari/537.36"
152.57.90.30 - - [14/May/2026:15:47:15 +0530] "GET /enrolment/ HTTP/2.0" 200 78324 "https://rms.cafsjobs.com/enrolment/" "Mozilla/5.0 (Linux; Android 10; K) AppleWebKit/537.36 (KHTML, like Gecko) Chrome/147.0.0.0 Mobile Safari/537.36"
152.57.90.30 - - [14/May/2026:15:47:19 +0530] "POST /enrolment/enrolment_callback.php?frm=exit_number HTTP/2.0" 200 91 "https://rms.cafsjobs.com/enrolment/" "Mozilla/5.0 (Linux; Android 10; K) AppleWebKit/537.36 (KHTML, like Gecko) Chrome/147.0.0.0 Mobile Safari/537.36"
106.211.246.221 - - [14/May/2026:15:51:04 +0530] "POST /enrolment/enrolment_callback.php?frm=save HTTP/2.0" 200 103 "https://rms.cafsjobs.com/enrolment/" "Mozilla/5.0 (Linux; Android 10; K) AppleWebKit/537.36 (KHTML, like Gecko) Chrome/147.0.0.0 Mobile Safari/537.36"
106.211.246.221 - - [14/May/2026:15:52:32 +0530] "POST /enrolment/enrolment_callback.php?frm=rowset_save HTTP/2.0" 200 52 "https://rms.cafsjobs.com/enrolment/" "Mozilla/5.0 (Linux; Android 10; K) AppleWebKit/537.36 (KHTML, like Gecko) Chrome/147.0.0.0 Mobile Safari/537.36"
106.211.246.221 - - [14/May/2026:15:52:39 +0530] "POST /enrolment/enrolment_callback.php?frm=show_education_tab HTTP/2.0" 200 16 "https://rms.cafsjobs.com/enrolment/" "Mozilla/5.0 (Linux; Android 10; K) AppleWebKit/537.36 (KHTML, like Gecko) Chrome/147.0.0.0 Mobile Safari/537.36"
106.211.246.221 - - [14/May/2026:15:52:40 +0530] "POST /enrolment/enrolment_callback.php?frm=show_education_tab HTTP/2.0" 200 16 "https://rms.cafsjobs.com/enrolment/" "Mozilla/5.0 (Linux; Android 10; K) AppleWebKit/537.36 (KHTML, like Gecko) Chrome/147.0.0.0 Mobile Safari/537.36"
171.79.57.4 - - [14/May/2026:15:54:06 +0530] "GET /favicon.ico HTTP/2.0" 404 - "https://rms.cafsjobs.com/enrolment/" "Mozilla/5.0 (Linux; Android 10; K) AppleWebKit/537.36 (KHTML, like Gecko) Chrome/147.0.0.0 Mobile Safari/537.36"
157.51.143.253 - - [14/May/2026:15:58:32 +0530] "GET /enrolment/ HTTP/2.0" 200 78324 "-" "Mozilla/5.0 (iPhone; CPU iPhone OS 18_6_2 like Mac OS X) AppleWebKit/605.1.15 (KHTML, like Gecko) CriOS/148.0.7778.100 Mobile/15E148 Safari/604.1"
