106.208.97.165 - - [14/May/2026:10:26:12 +0530] "GET /favicon.ico HTTP/2.0" 404 - "https://rms.cafsjobs.com/enrolment/" "Mozilla/5.0 (Linux; Android 10; K) AppleWebKit/537.36 (KHTML, like Gecko) Chrome/147.0.0.0 Mobile Safari/537.36"
152.57.205.165 - - [14/May/2026:10:26:14 +0530] "POST /enrolment/enrolment_callback.php?frm=exit_number HTTP/2.0" 200 2786 "https://rms.cafsjobs.com/enrolment/" "Mozilla/5.0 (Linux; Android 10; K) AppleWebKit/537.36 (KHTML, like Gecko) Chrome/147.0.0.0 Mobile Safari/537.36"
103.238.228.178 - - [14/May/2026:10:26:17 +0530] "GET /index.php/candidate_tracker HTTP/2.0" 200 54446 "https://rms.cafsjobs.com/index.php/home" "Mozilla/5.0 (Windows NT 10.0; Win64; x64) AppleWebKit/537.36 (KHTML, like Gecko) Chrome/148.0.0.0 Safari/537.36 Edg/148.0.0.0"
103.238.228.178 - - [14/May/2026:10:26:18 +0530] "POST /index.php/candidate_tracker/search HTTP/2.0" 200 1744 "https://rms.cafsjobs.com/index.php/candidate_tracker" "Mozilla/5.0 (Windows NT 10.0; Win64; x64) AppleWebKit/537.36 (KHTML, like Gecko) Chrome/148.0.0.0 Safari/537.36 Edg/148.0.0.0"
106.208.97.165 - - [14/May/2026:10:26:20 +0530] "POST /enrolment/enrolment_callback.php?frm=exit_number HTTP/2.0" 200 152 "https://rms.cafsjobs.com/enrolment/" "Mozilla/5.0 (Linux; Android 10; K) AppleWebKit/537.36 (KHTML, like Gecko) Chrome/147.0.0.0 Mobile Safari/537.36"
103.238.228.178 - - [14/May/2026:10:26:23 +0530] "POST /index.php/candidate_tracker/view/30025 HTTP/2.0" 200 93193 "https://rms.cafsjobs.com/index.php/candidate_tracker" "Mozilla/5.0 (Windows NT 10.0; Win64; x64) AppleWebKit/537.36 (KHTML, like Gecko) Chrome/148.0.0.0 Safari/537.36 Edg/148.0.0.0"
106.208.97.165 - - [14/May/2026:10:26:34 +0530] "POST /enrolment/enrolment_callback.php?frm=get_position HTTP/2.0" 200 616 "https://rms.cafsjobs.com/enrolment/" "Mozilla/5.0 (Linux; Android 10; K) AppleWebKit/537.36 (KHTML, like Gecko) Chrome/147.0.0.0 Mobile Safari/537.36"
152.57.205.165 - - [14/May/2026:10:26:36 +0530] "POST /enrolment/enrolment_callback.php?frm=get_position HTTP/2.0" 200 616 "https://rms.cafsjobs.com/enrolment/" "Mozilla/5.0 (Linux; Android 10; K) AppleWebKit/537.36 (KHTML, like Gecko) Chrome/147.0.0.0 Mobile Safari/537.36"
103.238.228.178 - - [14/May/2026:10:26:47 +0530] "POST /index.php/candidate_tracker/save/30025 HTTP/2.0" 200 67 "https://rms.cafsjobs.com/index.php/candidate_tracker" "Mozilla/5.0 (Windows NT 10.0; Win64; x64) AppleWebKit/537.36 (KHTML, like Gecko) Chrome/148.0.0.0 Safari/537.36 Edg/148.0.0.0"
103.238.228.178 - - [14/May/2026:10:26:47 +0530] "POST /index.php/candidate_tracker/search HTTP/2.0" 200 1749 "https://rms.cafsjobs.com/index.php/candidate_tracker" "Mozilla/5.0 (Windows NT 10.0; Win64; x64) AppleWebKit/537.36 (KHTML, like Gecko) Chrome/148.0.0.0 Safari/537.36 Edg/148.0.0.0"
152.57.205.165 - - [14/May/2026:10:26:50 +0530] "POST /enrolment/enrolment_callback.php?frm=calculation_suggest HTTP/2.0" 200 12 "https://rms.cafsjobs.com/enrolment/" "Mozilla/5.0 (Linux; Android 10; K) AppleWebKit/537.36 (KHTML, like Gecko) Chrome/147.0.0.0 Mobile Safari/537.36"
152.57.205.165 - - [14/May/2026:10:26:50 +0530] "POST /enrolment/enrolment_callback.php?frm=calculation_suggest HTTP/2.0" 200 12 "https://rms.cafsjobs.com/enrolment/" "Mozilla/5.0 (Linux; Android 10; K) AppleWebKit/537.36 (KHTML, like Gecko) Chrome/147.0.0.0 Mobile Safari/537.36"
152.57.205.165 - - [14/May/2026:10:26:50 +0530] "POST /enrolment/enrolment_callback.php?frm=check_dob_exist HTTP/2.0" 200 34 "https://rms.cafsjobs.com/enrolment/" "Mozilla/5.0 (Linux; Android 10; K) AppleWebKit/537.36 (KHTML, like Gecko) Chrome/147.0.0.0 Mobile Safari/537.36"
106.208.97.165 - - [14/May/2026:10:27:17 +0530] "GET /fonts/glyphicons-halflings-regular.woff2 HTTP/2.0" 200 18028 "https://rms.cafsjobs.com/dist/bootstrap.min.css?rel=20191228" "Mozilla/5.0 (Linux; Android 10; K) AppleWebKit/537.36 (KHTML, like Gecko) Chrome/147.0.0.0 Mobile Safari/537.36"
103.238.228.178 - - [14/May/2026:10:27:22 +0530] "POST /index.php/candidate_tracker/view/30025 HTTP/2.0" 200 93213 "https://rms.cafsjobs.com/index.php/candidate_tracker" "Mozilla/5.0 (Windows NT 10.0; Win64; x64) AppleWebKit/537.36 (KHTML, like Gecko) Chrome/148.0.0.0 Safari/537.36 Edg/148.0.0.0"
106.208.97.165 - - [14/May/2026:10:27:43 +0530] "POST /enrolment/enrolment_callback.php?frm=calculation_suggest HTTP/2.0" 200 12 "https://rms.cafsjobs.com/enrolment/" "Mozilla/5.0 (Linux; Android 10; K) AppleWebKit/537.36 (KHTML, like Gecko) Chrome/147.0.0.0 Mobile Safari/537.36"
106.208.97.165 - - [14/May/2026:10:27:43 +0530] "POST /enrolment/enrolment_callback.php?frm=check_dob_exist HTTP/2.0" 200 38 "https://rms.cafsjobs.com/enrolment/" "Mozilla/5.0 (Linux; Android 10; K) AppleWebKit/537.36 (KHTML, like Gecko) Chrome/147.0.0.0 Mobile Safari/537.36"
103.238.228.178 - - [14/May/2026:10:27:46 +0530] "POST /index.php/candidate_tracker/save/30025 HTTP/2.0" 200 67 "https://rms.cafsjobs.com/index.php/candidate_tracker" "Mozilla/5.0 (Windows NT 10.0; Win64; x64) AppleWebKit/537.36 (KHTML, like Gecko) Chrome/148.0.0.0 Safari/537.36 Edg/148.0.0.0"
103.238.228.178 - - [14/May/2026:10:27:46 +0530] "POST /index.php/candidate_tracker/search HTTP/2.0" 200 1755 "https://rms.cafsjobs.com/index.php/candidate_tracker" "Mozilla/5.0 (Windows NT 10.0; Win64; x64) AppleWebKit/537.36 (KHTML, like Gecko) Chrome/148.0.0.0 Safari/537.36 Edg/148.0.0.0"
152.57.205.165 - - [14/May/2026:10:27:50 +0530] "POST /enrolment/enrolment_callback.php?frm=interview_slot_check HTTP/2.0" 200 43 "https://rms.cafsjobs.com/enrolment/" "Mozilla/5.0 (Linux; Android 10; K) AppleWebKit/537.36 (KHTML, like Gecko) Chrome/147.0.0.0 Mobile Safari/537.36"
103.238.228.178 - - [14/May/2026:10:27:52 +0530] "POST /index.php/candidate_tracker/view/30024 HTTP/2.0" 200 92479 "https://rms.cafsjobs.com/index.php/candidate_tracker" "Mozilla/5.0 (Windows NT 10.0; Win64; x64) AppleWebKit/537.36 (KHTML, like Gecko) Chrome/148.0.0.0 Safari/537.36 Edg/148.0.0.0"
152.57.207.227 - - [14/May/2026:10:28:02 +0530] "POST /enrolment/enrolment_callback.php?frm=company_location_tab HTTP/2.0" 200 167 "https://rms.cafsjobs.com/enrolment/" "Mozilla/5.0 (Linux; Android 10; K) AppleWebKit/537.36 (KHTML, like Gecko) Chrome/147.0.0.0 Mobile Safari/537.36"
103.238.228.178 - - [14/May/2026:10:28:12 +0530] "POST /index.php/candidate_tracker/save/30024 HTTP/2.0" 200 67 "https://rms.cafsjobs.com/index.php/candidate_tracker" "Mozilla/5.0 (Windows NT 10.0; Win64; x64) AppleWebKit/537.36 (KHTML, like Gecko) Chrome/148.0.0.0 Safari/537.36 Edg/148.0.0.0"
103.238.228.178 - - [14/May/2026:10:28:13 +0530] "POST /index.php/candidate_tracker/search HTTP/2.0" 200 1761 "https://rms.cafsjobs.com/index.php/candidate_tracker" "Mozilla/5.0 (Windows NT 10.0; Win64; x64) AppleWebKit/537.36 (KHTML, like Gecko) Chrome/148.0.0.0 Safari/537.36 Edg/148.0.0.0"
106.222.220.59 - - [14/May/2026:10:28:50 +0530] "GET /index.php/candidate_tracker HTTP/2.0" 200 54446 "https://rms.cafsjobs.com/index.php/home" "Mozilla/5.0 (Windows NT 10.0; Win64; x64) AppleWebKit/537.36 (KHTML, like Gecko) Chrome/148.0.0.0 Safari/537.36"
106.222.220.59 - - [14/May/2026:10:28:51 +0530] "POST /index.php/candidate_tracker/search HTTP/2.0" 200 1761 "https://rms.cafsjobs.com/index.php/candidate_tracker" "Mozilla/5.0 (Windows NT 10.0; Win64; x64) AppleWebKit/537.36 (KHTML, like Gecko) Chrome/148.0.0.0 Safari/537.36"
103.238.228.178 - - [14/May/2026:10:30:10 +0530] "POST /index.php/candidate_tracker/view/30024 HTTP/2.0" 200 92519 "https://rms.cafsjobs.com/index.php/candidate_tracker" "Mozilla/5.0 (Windows NT 10.0; Win64; x64) AppleWebKit/537.36 (KHTML, like Gecko) Chrome/148.0.0.0 Safari/537.36 Edg/148.0.0.0"
157.49.107.251 - - [14/May/2026:10:30:46 +0530] "GET /enrolment HTTP/1.1" 301 283 "-" "QR Scanner Android"
157.49.107.251 - - [14/May/2026:10:30:46 +0530] "GET /enrolment/ HTTP/1.1" 200 78324 "-" "QR Scanner Android"
106.208.97.165 - - [14/May/2026:10:30:46 +0530] "POST /enrolment/enrolment_callback.php?frm=interview_slot_check HTTP/2.0" 200 43 "https://rms.cafsjobs.com/enrolment/" "Mozilla/5.0 (Linux; Android 10; K) AppleWebKit/537.36 (KHTML, like Gecko) Chrome/147.0.0.0 Mobile Safari/537.36"
157.49.107.251 - - [14/May/2026:10:30:56 +0530] "GET /enrolment HTTP/2.0" 301 283 "-" "Mozilla/5.0 (Linux; Android 10; K) AppleWebKit/537.36 (KHTML, like Gecko) Chrome/147.0.0.0 Mobile Safari/537.36"
157.49.107.251 - - [14/May/2026:10:30:56 +0530] "GET /enrolment/ HTTP/2.0" 200 78324 "-" "Mozilla/5.0 (Linux; Android 10; K) AppleWebKit/537.36 (KHTML, like Gecko) Chrome/147.0.0.0 Mobile Safari/537.36"
157.49.107.251 - - [14/May/2026:10:30:57 +0530] "GET /dist/font-awesome.min.css HTTP/2.0" 200 31004 "https://rms.cafsjobs.com/enrolment/" "Mozilla/5.0 (Linux; Android 10; K) AppleWebKit/537.36 (KHTML, like Gecko) Chrome/147.0.0.0 Mobile Safari/537.36"
157.49.107.251 - - [14/May/2026:10:30:57 +0530] "GET /dist/cafs_rms.css?rel=20191228 HTTP/2.0" 200 33416 "https://rms.cafsjobs.com/enrolment/" "Mozilla/5.0 (Linux; Android 10; K) AppleWebKit/537.36 (KHTML, like Gecko) Chrome/147.0.0.0 Mobile Safari/537.36"
157.49.107.251 - - [14/May/2026:10:30:57 +0530] "GET /dist/select2/dist/css/select2.min.css HTTP/2.0" 200 15197 "https://rms.cafsjobs.com/enrolment/" "Mozilla/5.0 (Linux; Android 10; K) AppleWebKit/537.36 (KHTML, like Gecko) Chrome/147.0.0.0 Mobile Safari/537.36"
157.49.107.251 - - [14/May/2026:10:30:57 +0530] "GET /dist/bootstrap.min.css?rel=20191228 HTTP/2.0" 200 127391 "https://rms.cafsjobs.com/enrolment/" "Mozilla/5.0 (Linux; Android 10; K) AppleWebKit/537.36 (KHTML, like Gecko) Chrome/147.0.0.0 Mobile Safari/537.36"
157.49.107.251 - - [14/May/2026:10:30:57 +0530] "GET /dist/jquery-ui.css HTTP/2.0" 200 35684 "https://rms.cafsjobs.com/enrolment/" "Mozilla/5.0 (Linux; Android 10; K) AppleWebKit/537.36 (KHTML, like Gecko) Chrome/147.0.0.0 Mobile Safari/537.36"
157.49.107.251 - - [14/May/2026:10:30:57 +0530] "GET /dist/bootstrap-datetimepicker-master/build/css/bootstrap-datetimepicker.min.css HTTP/2.0" 200 7789 "https://rms.cafsjobs.com/enrolment/" "Mozilla/5.0 (Linux; Android 10; K) AppleWebKit/537.36 (KHTML, like Gecko) Chrome/147.0.0.0 Mobile Safari/537.36"
157.49.107.251 - - [14/May/2026:10:30:57 +0530] "GET /dist/jquery_confirm/jquery-confirm.min.css HTTP/2.0" 200 22546 "https://rms.cafsjobs.com/enrolment/" "Mozilla/5.0 (Linux; Android 10; K) AppleWebKit/537.36 (KHTML, like Gecko) Chrome/147.0.0.0 Mobile Safari/537.36"
157.49.107.251 - - [14/May/2026:10:30:57 +0530] "GET /dist/data_table/datatables.min.css HTTP/2.0" 200 21730 "https://rms.cafsjobs.com/enrolment/" "Mozilla/5.0 (Linux; Android 10; K) AppleWebKit/537.36 (KHTML, like Gecko) Chrome/147.0.0.0 Mobile Safari/537.36"
157.49.107.251 - - [14/May/2026:10:30:57 +0530] "GET /dist/toastr/toastr.css HTTP/2.0" 200 6154 "https://rms.cafsjobs.com/enrolment/" "Mozilla/5.0 (Linux; Android 10; K) AppleWebKit/537.36 (KHTML, like Gecko) Chrome/147.0.0.0 Mobile Safari/537.36"
157.49.107.251 - - [14/May/2026:10:30:57 +0530] "GET /dist/opensourcepos.min.js?rel=20191228 HTTP/2.0" 200 1471322 "https://rms.cafsjobs.com/enrolment/" "Mozilla/5.0 (Linux; Android 10; K) AppleWebKit/537.36 (KHTML, like Gecko) Chrome/147.0.0.0 Mobile Safari/537.36"
157.49.107.251 - - [14/May/2026:10:30:57 +0530] "GET /dist/validate.js?rel=20191228 HTTP/2.0" 200 1455 "https://rms.cafsjobs.com/enrolment/" "Mozilla/5.0 (Linux; Android 10; K) AppleWebKit/537.36 (KHTML, like Gecko) Chrome/147.0.0.0 Mobile Safari/537.36"
157.49.107.251 - - [14/May/2026:10:30:57 +0530] "GET /dist/toastr/toastr.js HTTP/2.0" 200 7048 "https://rms.cafsjobs.com/enrolment/" "Mozilla/5.0 (Linux; Android 10; K) AppleWebKit/537.36 (KHTML, like Gecko) Chrome/147.0.0.0 Mobile Safari/537.36"
157.49.107.251 - - [14/May/2026:10:30:57 +0530] "GET /dist/bootstrap-datetimepicker-master/build/js/bootstrap-datetimepicker.min.js HTTP/2.0" 200 38511 "https://rms.cafsjobs.com/enrolment/" "Mozilla/5.0 (Linux; Android 10; K) AppleWebKit/537.36 (KHTML, like Gecko) Chrome/147.0.0.0 Mobile Safari/537.36"
157.49.107.251 - - [14/May/2026:10:30:57 +0530] "GET /dist/select2/dist/js/select2.full.min.js HTTP/2.0" 200 75007 "https://rms.cafsjobs.com/enrolment/" "Mozilla/5.0 (Linux; Android 10; K) AppleWebKit/537.36 (KHTML, like Gecko) Chrome/147.0.0.0 Mobile Safari/537.36"
157.49.107.251 - - [14/May/2026:10:30:57 +0530] "GET /dist/jquery-typeahead/dist/jquery.typeahead.min.js HTTP/2.0" 200 36150 "https://rms.cafsjobs.com/enrolment/" "Mozilla/5.0 (Linux; Android 10; K) AppleWebKit/537.36 (KHTML, like Gecko) Chrome/147.0.0.0 Mobile Safari/537.36"
157.49.107.251 - - [14/May/2026:10:30:57 +0530] "GET /dist/jquery_confirm/jquery-confirm.min.js HTTP/2.0" 200 27905 "https://rms.cafsjobs.com/enrolment/" "Mozilla/5.0 (Linux; Android 10; K) AppleWebKit/537.36 (KHTML, like Gecko) Chrome/147.0.0.0 Mobile Safari/537.36"
157.49.107.251 - - [14/May/2026:10:30:57 +0530] "GET /dist/data_table/datatables.min.js HTTP/2.0" 200 2194645 "https://rms.cafsjobs.com/enrolment/" "Mozilla/5.0 (Linux; Android 10; K) AppleWebKit/537.36 (KHTML, like Gecko) Chrome/147.0.0.0 Mobile Safari/537.36"
157.49.107.251 - - [14/May/2026:10:31:04 +0530] "GET /enrolment/asset/images/employment.jpeg HTTP/2.0" 200 199366 "https://rms.cafsjobs.com/enrolment/" "Mozilla/5.0 (Linux; Android 10; K) AppleWebKit/537.36 (KHTML, like Gecko) Chrome/147.0.0.0 Mobile Safari/537.36"
157.49.107.251 - - [14/May/2026:10:31:05 +0530] "GET /fonts/fontawesome-webfont.woff2?v=4.7.0 HTTP/2.0" 200 77160 "https://rms.cafsjobs.com/dist/font-awesome.min.css" "Mozilla/5.0 (Linux; Android 10; K) AppleWebKit/537.36 (KHTML, like Gecko) Chrome/147.0.0.0 Mobile Safari/537.36"
157.49.107.251 - - [14/May/2026:10:31:05 +0530] "GET /favicon.ico HTTP/2.0" 404 - "https://rms.cafsjobs.com/enrolment/" "Mozilla/5.0 (Linux; Android 10; K) AppleWebKit/537.36 (KHTML, like Gecko) Chrome/147.0.0.0 Mobile Safari/537.36"
157.49.107.251 - - [14/May/2026:10:31:25 +0530] "POST /enrolment/enrolment_callback.php?frm=exit_number HTTP/2.0" 200 152 "https://rms.cafsjobs.com/enrolment/" "Mozilla/5.0 (Linux; Android 10; K) AppleWebKit/537.36 (KHTML, like Gecko) Chrome/147.0.0.0 Mobile Safari/537.36"
157.49.107.251 - - [14/May/2026:10:31:39 +0530] "POST /enrolment/enrolment_callback.php?frm=get_position HTTP/2.0" 200 616 "https://rms.cafsjobs.com/enrolment/" "Mozilla/5.0 (Linux; Android 10; K) AppleWebKit/537.36 (KHTML, like Gecko) Chrome/147.0.0.0 Mobile Safari/537.36"
106.208.97.165 - - [14/May/2026:10:32:07 +0530] "POST /enrolment/enrolment_callback.php?frm=company_location_tab HTTP/2.0" 200 161 "https://rms.cafsjobs.com/enrolment/" "Mozilla/5.0 (Linux; Android 10; K) AppleWebKit/537.36 (KHTML, like Gecko) Chrome/147.0.0.0 Mobile Safari/537.36"
103.238.228.178 - - [14/May/2026:10:32:07 +0530] "POST /index.php/candidate_tracker/save/30024 HTTP/2.0" 200 67 "https://rms.cafsjobs.com/index.php/candidate_tracker" "Mozilla/5.0 (Windows NT 10.0; Win64; x64) AppleWebKit/537.36 (KHTML, like Gecko) Chrome/148.0.0.0 Safari/537.36 Edg/148.0.0.0"
103.238.228.178 - - [14/May/2026:10:32:08 +0530] "POST /index.php/candidate_tracker/search HTTP/2.0" 200 1761 "https://rms.cafsjobs.com/index.php/candidate_tracker" "Mozilla/5.0 (Windows NT 10.0; Win64; x64) AppleWebKit/537.36 (KHTML, like Gecko) Chrome/148.0.0.0 Safari/537.36 Edg/148.0.0.0"
103.238.228.178 - - [14/May/2026:10:32:22 +0530] "GET /index.php/home HTTP/2.0" 200 13096 "https://rms.cafsjobs.com/index.php/login" "Mozilla/5.0 (Windows NT 10.0; Win64; x64) AppleWebKit/537.36 (KHTML, like Gecko) Chrome/148.0.0.0 Safari/537.36 Edg/148.0.0.0"
103.238.228.178 - - [14/May/2026:10:32:31 +0530] "GET /index.php/candidate_tracker HTTP/2.0" 200 54446 "https://rms.cafsjobs.com/index.php/home" "Mozilla/5.0 (Windows NT 10.0; Win64; x64) AppleWebKit/537.36 (KHTML, like Gecko) Chrome/148.0.0.0 Safari/537.36 Edg/148.0.0.0"
103.238.228.178 - - [14/May/2026:10:32:32 +0530] "POST /index.php/candidate_tracker/search HTTP/2.0" 200 1761 "https://rms.cafsjobs.com/index.php/candidate_tracker" "Mozilla/5.0 (Windows NT 10.0; Win64; x64) AppleWebKit/537.36 (KHTML, like Gecko) Chrome/148.0.0.0 Safari/537.36 Edg/148.0.0.0"
106.208.97.165 - - [14/May/2026:10:32:47 +0530] "POST /enrolment/upload_files/upload.php?send_from=candidate_tracker&send_for=upload_sts_resume&extension=pdf,doc,docx HTTP/2.0" 200 118 "https://rms.cafsjobs.com/enrolment/" "Mozilla/5.0 (Linux; Android 10; K) AppleWebKit/537.36 (KHTML, like Gecko) Chrome/147.0.0.0 Mobile Safari/537.36"
103.238.228.178 - - [14/May/2026:10:32:51 +0530] "POST /index.php/candidate_tracker/view/30025 HTTP/2.0" 200 93253 "https://rms.cafsjobs.com/index.php/candidate_tracker" "Mozilla/5.0 (Windows NT 10.0; Win64; x64) AppleWebKit/537.36 (KHTML, like Gecko) Chrome/148.0.0.0 Safari/537.36 Edg/148.0.0.0"
103.238.228.178 - - [14/May/2026:10:33:44 +0530] "POST /index.php/candidate_tracker/save/30025 HTTP/2.0" 200 67 "https://rms.cafsjobs.com/index.php/candidate_tracker" "Mozilla/5.0 (Windows NT 10.0; Win64; x64) AppleWebKit/537.36 (KHTML, like Gecko) Chrome/148.0.0.0 Safari/537.36 Edg/148.0.0.0"
103.238.228.178 - - [14/May/2026:10:33:44 +0530] "POST /index.php/candidate_tracker/search HTTP/2.0" 200 1761 "https://rms.cafsjobs.com/index.php/candidate_tracker" "Mozilla/5.0 (Windows NT 10.0; Win64; x64) AppleWebKit/537.36 (KHTML, like Gecko) Chrome/148.0.0.0 Safari/537.36 Edg/148.0.0.0"
103.238.228.178 - - [14/May/2026:10:33:48 +0530] "GET /index.php/candidate_tracker HTTP/2.0" 200 54446 "https://rms.cafsjobs.com/index.php/home" "Mozilla/5.0 (Windows NT 10.0; Win64; x64) AppleWebKit/537.36 (KHTML, like Gecko) Chrome/148.0.0.0 Safari/537.36 Edg/148.0.0.0"
103.238.228.178 - - [14/May/2026:10:33:49 +0530] "POST /index.php/candidate_tracker/search HTTP/2.0" 200 1761 "https://rms.cafsjobs.com/index.php/candidate_tracker" "Mozilla/5.0 (Windows NT 10.0; Win64; x64) AppleWebKit/537.36 (KHTML, like Gecko) Chrome/148.0.0.0 Safari/537.36 Edg/148.0.0.0"
157.51.178.52 - - [14/May/2026:10:33:55 +0530] "GET /enrolment HTTP/2.0" 301 283 "android-app://com.google.android.googlequicksearchbox/" "Mozilla/5.0 (Linux; Android 10; K) AppleWebKit/537.36 (KHTML, like Gecko) Chrome/148.0.0.0 Mobile Safari/537.36"
157.51.178.52 - - [14/May/2026:10:33:56 +0530] "GET /enrolment/ HTTP/2.0" 200 78324 "android-app://com.google.android.googlequicksearchbox/" "Mozilla/5.0 (Linux; Android 10; K) AppleWebKit/537.36 (KHTML, like Gecko) Chrome/148.0.0.0 Mobile Safari/537.36"
157.51.178.52 - - [14/May/2026:10:33:57 +0530] "GET /dist/bootstrap.min.css?rel=20191228 HTTP/2.0" 200 127391 "https://rms.cafsjobs.com/enrolment/" "Mozilla/5.0 (Linux; Android 10; K) AppleWebKit/537.36 (KHTML, like Gecko) Chrome/148.0.0.0 Mobile Safari/537.36"
157.51.178.52 - - [14/May/2026:10:33:57 +0530] "GET /dist/cafs_rms.css?rel=20191228 HTTP/2.0" 200 33416 "https://rms.cafsjobs.com/enrolment/" "Mozilla/5.0 (Linux; Android 10; K) AppleWebKit/537.36 (KHTML, like Gecko) Chrome/148.0.0.0 Mobile Safari/537.36"
157.51.178.52 - - [14/May/2026:10:33:57 +0530] "GET /dist/jquery-ui.css HTTP/2.0" 200 35684 "https://rms.cafsjobs.com/enrolment/" "Mozilla/5.0 (Linux; Android 10; K) AppleWebKit/537.36 (KHTML, like Gecko) Chrome/148.0.0.0 Mobile Safari/537.36"
157.51.178.52 - - [14/May/2026:10:33:57 +0530] "GET /dist/font-awesome.min.css HTTP/2.0" 200 31004 "https://rms.cafsjobs.com/enrolment/" "Mozilla/5.0 (Linux; Android 10; K) AppleWebKit/537.36 (KHTML, like Gecko) Chrome/148.0.0.0 Mobile Safari/537.36"
157.51.178.52 - - [14/May/2026:10:33:57 +0530] "GET /dist/bootstrap-datetimepicker-master/build/css/bootstrap-datetimepicker.min.css HTTP/2.0" 200 7789 "https://rms.cafsjobs.com/enrolment/" "Mozilla/5.0 (Linux; Android 10; K) AppleWebKit/537.36 (KHTML, like Gecko) Chrome/148.0.0.0 Mobile Safari/537.36"
157.51.178.52 - - [14/May/2026:10:33:57 +0530] "GET /dist/select2/dist/css/select2.min.css HTTP/2.0" 200 15197 "https://rms.cafsjobs.com/enrolment/" "Mozilla/5.0 (Linux; Android 10; K) AppleWebKit/537.36 (KHTML, like Gecko) Chrome/148.0.0.0 Mobile Safari/537.36"
157.51.178.52 - - [14/May/2026:10:33:57 +0530] "GET /dist/toastr/toastr.css HTTP/2.0" 200 6154 "https://rms.cafsjobs.com/enrolment/" "Mozilla/5.0 (Linux; Android 10; K) AppleWebKit/537.36 (KHTML, like Gecko) Chrome/148.0.0.0 Mobile Safari/537.36"
157.51.178.52 - - [14/May/2026:10:33:57 +0530] "GET /dist/opensourcepos.min.js?rel=20191228 HTTP/2.0" 200 1471322 "https://rms.cafsjobs.com/enrolment/" "Mozilla/5.0 (Linux; Android 10; K) AppleWebKit/537.36 (KHTML, like Gecko) Chrome/148.0.0.0 Mobile Safari/537.36"
157.51.178.52 - - [14/May/2026:10:33:57 +0530] "GET /dist/data_table/datatables.min.css HTTP/2.0" 200 21730 "https://rms.cafsjobs.com/enrolment/" "Mozilla/5.0 (Linux; Android 10; K) AppleWebKit/537.36 (KHTML, like Gecko) Chrome/148.0.0.0 Mobile Safari/537.36"
157.51.178.52 - - [14/May/2026:10:33:57 +0530] "GET /dist/jquery_confirm/jquery-confirm.min.css HTTP/2.0" 200 22546 "https://rms.cafsjobs.com/enrolment/" "Mozilla/5.0 (Linux; Android 10; K) AppleWebKit/537.36 (KHTML, like Gecko) Chrome/148.0.0.0 Mobile Safari/537.36"
157.51.178.52 - - [14/May/2026:10:33:57 +0530] "GET /dist/validate.js?rel=20191228 HTTP/2.0" 200 1455 "https://rms.cafsjobs.com/enrolment/" "Mozilla/5.0 (Linux; Android 10; K) AppleWebKit/537.36 (KHTML, like Gecko) Chrome/148.0.0.0 Mobile Safari/537.36"
157.51.178.52 - - [14/May/2026:10:33:57 +0530] "GET /dist/bootstrap-datetimepicker-master/build/js/bootstrap-datetimepicker.min.js HTTP/2.0" 200 38511 "https://rms.cafsjobs.com/enrolment/" "Mozilla/5.0 (Linux; Android 10; K) AppleWebKit/537.36 (KHTML, like Gecko) Chrome/148.0.0.0 Mobile Safari/537.36"
157.51.178.52 - - [14/May/2026:10:33:57 +0530] "GET /dist/jquery-typeahead/dist/jquery.typeahead.min.js HTTP/2.0" 200 36150 "https://rms.cafsjobs.com/enrolment/" "Mozilla/5.0 (Linux; Android 10; K) AppleWebKit/537.36 (KHTML, like Gecko) Chrome/148.0.0.0 Mobile Safari/537.36"
157.51.178.52 - - [14/May/2026:10:33:57 +0530] "GET /dist/select2/dist/js/select2.full.min.js HTTP/2.0" 200 75007 "https://rms.cafsjobs.com/enrolment/" "Mozilla/5.0 (Linux; Android 10; K) AppleWebKit/537.36 (KHTML, like Gecko) Chrome/148.0.0.0 Mobile Safari/537.36"
157.51.178.52 - - [14/May/2026:10:33:57 +0530] "GET /dist/toastr/toastr.js HTTP/2.0" 200 7048 "https://rms.cafsjobs.com/enrolment/" "Mozilla/5.0 (Linux; Android 10; K) AppleWebKit/537.36 (KHTML, like Gecko) Chrome/148.0.0.0 Mobile Safari/537.36"
157.51.178.52 - - [14/May/2026:10:33:57 +0530] "GET /dist/jquery_confirm/jquery-confirm.min.js HTTP/2.0" 200 27905 "https://rms.cafsjobs.com/enrolment/" "Mozilla/5.0 (Linux; Android 10; K) AppleWebKit/537.36 (KHTML, like Gecko) Chrome/148.0.0.0 Mobile Safari/537.36"
157.51.178.52 - - [14/May/2026:10:33:57 +0530] "GET /dist/data_table/datatables.min.js HTTP/2.0" 200 2194645 "https://rms.cafsjobs.com/enrolment/" "Mozilla/5.0 (Linux; Android 10; K) AppleWebKit/537.36 (KHTML, like Gecko) Chrome/148.0.0.0 Mobile Safari/537.36"
157.51.178.52 - - [14/May/2026:10:34:00 +0530] "GET /enrolment/asset/images/employment.jpeg HTTP/2.0" 200 199366 "https://rms.cafsjobs.com/enrolment/" "Mozilla/5.0 (Linux; Android 10; K) AppleWebKit/537.36 (KHTML, like Gecko) Chrome/148.0.0.0 Mobile Safari/537.36"
157.51.178.52 - - [14/May/2026:10:34:00 +0530] "GET /fonts/fontawesome-webfont.woff2?v=4.7.0 HTTP/2.0" 200 77160 "https://rms.cafsjobs.com/dist/font-awesome.min.css" "Mozilla/5.0 (Linux; Android 10; K) AppleWebKit/537.36 (KHTML, like Gecko) Chrome/148.0.0.0 Mobile Safari/537.36"
157.51.178.52 - - [14/May/2026:10:34:00 +0530] "GET /favicon.ico HTTP/2.0" 404 - "https://rms.cafsjobs.com/enrolment/" "Mozilla/5.0 (Linux; Android 10; K) AppleWebKit/537.36 (KHTML, like Gecko) Chrome/148.0.0.0 Mobile Safari/537.36"
157.51.178.52 - - [14/May/2026:10:34:07 +0530] "POST /enrolment/enrolment_callback.php?frm=exit_number HTTP/2.0" 200 152 "https://rms.cafsjobs.com/enrolment/" "Mozilla/5.0 (Linux; Android 10; K) AppleWebKit/537.36 (KHTML, like Gecko) Chrome/148.0.0.0 Mobile Safari/537.36"
157.51.178.52 - - [14/May/2026:10:34:29 +0530] "POST /enrolment/enrolment_callback.php?frm=get_position HTTP/2.0" 200 616 "https://rms.cafsjobs.com/enrolment/" "Mozilla/5.0 (Linux; Android 10; K) AppleWebKit/537.36 (KHTML, like Gecko) Chrome/148.0.0.0 Mobile Safari/537.36"
157.51.178.52 - - [14/May/2026:10:35:25 +0530] "GET /fonts/glyphicons-halflings-regular.woff2 HTTP/2.0" 200 18028 "https://rms.cafsjobs.com/dist/bootstrap.min.css?rel=20191228" "Mozilla/5.0 (Linux; Android 10; K) AppleWebKit/537.36 (KHTML, like Gecko) Chrome/148.0.0.0 Mobile Safari/537.36"
106.208.97.165 - - [14/May/2026:10:35:29 +0530] "POST /enrolment/enrolment_callback.php?frm=save HTTP/2.0" 200 103 "https://rms.cafsjobs.com/enrolment/" "Mozilla/5.0 (Linux; Android 10; K) AppleWebKit/537.36 (KHTML, like Gecko) Chrome/147.0.0.0 Mobile Safari/537.36"
157.51.178.52 - - [14/May/2026:10:35:35 +0530] "POST /enrolment/enrolment_callback.php?frm=calculation_suggest HTTP/2.0" 200 12 "https://rms.cafsjobs.com/enrolment/" "Mozilla/5.0 (Linux; Android 10; K) AppleWebKit/537.36 (KHTML, like Gecko) Chrome/148.0.0.0 Mobile Safari/537.36"
157.51.178.52 - - [14/May/2026:10:35:35 +0530] "POST /enrolment/enrolment_callback.php?frm=check_dob_exist HTTP/2.0" 200 34 "https://rms.cafsjobs.com/enrolment/" "Mozilla/5.0 (Linux; Android 10; K) AppleWebKit/537.36 (KHTML, like Gecko) Chrome/148.0.0.0 Mobile Safari/537.36"
152.57.203.5 - - [14/May/2026:10:34:55 +0530] "POST /enrolment/upload_files/upload.php?send_from=candidate_tracker&send_for=upload_sts_resume&extension=pdf,doc,docx HTTP/2.0" 404 - "https://rms.cafsjobs.com/enrolment/" "Mozilla/5.0 (Linux; Android 10; K) AppleWebKit/537.36 (KHTML, like Gecko) Chrome/147.0.0.0 Mobile Safari/537.36"
106.208.97.165 - - [14/May/2026:10:36:20 +0530] "POST /enrolment/enrolment_callback.php?frm=rowset_save HTTP/2.0" 200 920 "https://rms.cafsjobs.com/enrolment/" "Mozilla/5.0 (Linux; Android 10; K) AppleWebKit/537.36 (KHTML, like Gecko) Chrome/147.0.0.0 Mobile Safari/537.36"
157.49.107.251 - - [14/May/2026:10:36:37 +0530] "GET /fonts/glyphicons-halflings-regular.woff2 HTTP/2.0" 200 18028 "https://rms.cafsjobs.com/dist/bootstrap.min.css?rel=20191228" "Mozilla/5.0 (Linux; Android 10; K) AppleWebKit/537.36 (KHTML, like Gecko) Chrome/147.0.0.0 Mobile Safari/537.36"
157.51.178.52 - - [14/May/2026:10:36:53 +0530] "POST /enrolment/enrolment_callback.php?frm=company_location_tab HTTP/2.0" 200 167 "https://rms.cafsjobs.com/enrolment/" "Mozilla/5.0 (Linux; Android 10; K) AppleWebKit/537.36 (KHTML, like Gecko) Chrome/148.0.0.0 Mobile Safari/537.36"
106.208.97.165 - - [14/May/2026:10:36:59 +0530] "POST /enrolment/enrolment_callback.php?frm=rowset_save HTTP/2.0" 200 1295 "https://rms.cafsjobs.com/enrolment/" "Mozilla/5.0 (Linux; Android 10; K) AppleWebKit/537.36 (KHTML, like Gecko) Chrome/147.0.0.0 Mobile Safari/537.36"
106.208.97.165 - - [14/May/2026:10:37:19 +0530] "POST /enrolment/enrolment_callback.php?frm=rowset_save HTTP/2.0" 200 1671 "https://rms.cafsjobs.com/enrolment/" "Mozilla/5.0 (Linux; Android 10; K) AppleWebKit/537.36 (KHTML, like Gecko) Chrome/147.0.0.0 Mobile Safari/537.36"
157.51.178.52 - - [14/May/2026:10:37:21 +0530] "POST /enrolment/upload_files/upload.php?send_from=candidate_tracker&send_for=upload_sts_resume&extension=pdf,doc,docx HTTP/2.0" 200 117 "https://rms.cafsjobs.com/enrolment/" "Mozilla/5.0 (Linux; Android 10; K) AppleWebKit/537.36 (KHTML, like Gecko) Chrome/148.0.0.0 Mobile Safari/537.36"
106.208.97.165 - - [14/May/2026:10:37:35 +0530] "POST /enrolment/enrolment_callback.php?frm=show_education_tab HTTP/2.0" 200 16 "https://rms.cafsjobs.com/enrolment/" "Mozilla/5.0 (Linux; Android 10; K) AppleWebKit/537.36 (KHTML, like Gecko) Chrome/147.0.0.0 Mobile Safari/537.36"
106.208.97.165 - - [14/May/2026:10:37:36 +0530] "POST /enrolment/enrolment_callback.php?frm=clear_session HTTP/2.0" 200 16 "https://rms.cafsjobs.com/enrolment/" "Mozilla/5.0 (Linux; Android 10; K) AppleWebKit/537.36 (KHTML, like Gecko) Chrome/147.0.0.0 Mobile Safari/537.36"
106.208.97.165 - - [14/May/2026:10:37:37 +0530] "GET /enrolment/ HTTP/2.0" 200 78324 "https://rms.cafsjobs.com/enrolment/" "Mozilla/5.0 (Linux; Android 10; K) AppleWebKit/537.36 (KHTML, like Gecko) Chrome/147.0.0.0 Mobile Safari/537.36"
106.208.97.165 - - [14/May/2026:10:37:46 +0530] "POST /enrolment/enrolment_callback.php?frm=exit_number HTTP/2.0" 200 58 "https://rms.cafsjobs.com/enrolment/" "Mozilla/5.0 (Linux; Android 10; K) AppleWebKit/537.36 (KHTML, like Gecko) Chrome/147.0.0.0 Mobile Safari/537.36"
106.208.97.165 - - [14/May/2026:10:37:53 +0530] "POST /enrolment/enrolment_callback.php?frm=upd_candidate_status HTTP/2.0" 200 52 "https://rms.cafsjobs.com/enrolment/" "Mozilla/5.0 (Linux; Android 10; K) AppleWebKit/537.36 (KHTML, like Gecko) Chrome/147.0.0.0 Mobile Safari/537.36"
106.208.97.165 - - [14/May/2026:10:37:55 +0530] "GET /enrolment/ HTTP/2.0" 200 78324 "https://rms.cafsjobs.com/enrolment/" "Mozilla/5.0 (Linux; Android 10; K) AppleWebKit/537.36 (KHTML, like Gecko) Chrome/147.0.0.0 Mobile Safari/537.36"
106.208.97.165 - - [14/May/2026:10:38:02 +0530] "POST /enrolment/enrolment_callback.php?frm=exit_number HTTP/2.0" 200 91 "https://rms.cafsjobs.com/enrolment/" "Mozilla/5.0 (Linux; Android 10; K) AppleWebKit/537.36 (KHTML, like Gecko) Chrome/147.0.0.0 Mobile Safari/537.36"
157.49.107.251 - - [14/May/2026:10:38:21 +0530] "POST /enrolment/enrolment_callback.php?frm=exit_number HTTP/2.0" 200 2786 "https://rms.cafsjobs.com/enrolment/" "Mozilla/5.0 (Linux; Android 10; K) AppleWebKit/537.36 (KHTML, like Gecko) Chrome/147.0.0.0 Mobile Safari/537.36"
103.238.228.178 - - [14/May/2026:10:39:34 +0530] "GET /index.php/candidate_tracker HTTP/2.0" 200 54446 "https://rms.cafsjobs.com/index.php/home" "Mozilla/5.0 (Windows NT 10.0; Win64; x64) AppleWebKit/537.36 (KHTML, like Gecko) Chrome/148.0.0.0 Safari/537.36 Edg/148.0.0.0"
103.238.228.178 - - [14/May/2026:10:39:36 +0530] "POST /index.php/candidate_tracker/search HTTP/2.0" 200 2173 "https://rms.cafsjobs.com/index.php/candidate_tracker" "Mozilla/5.0 (Windows NT 10.0; Win64; x64) AppleWebKit/537.36 (KHTML, like Gecko) Chrome/148.0.0.0 Safari/537.36 Edg/148.0.0.0"
157.49.107.251 - - [14/May/2026:10:40:03 +0530] "POST /enrolment/enrolment_callback.php?frm=calculation_suggest HTTP/2.0" 200 12 "https://rms.cafsjobs.com/enrolment/" "Mozilla/5.0 (Linux; Android 10; K) AppleWebKit/537.36 (KHTML, like Gecko) Chrome/147.0.0.0 Mobile Safari/537.36"
157.49.107.251 - - [14/May/2026:10:40:03 +0530] "POST /enrolment/enrolment_callback.php?frm=check_dob_exist HTTP/2.0" 200 34 "https://rms.cafsjobs.com/enrolment/" "Mozilla/5.0 (Linux; Android 10; K) AppleWebKit/537.36 (KHTML, like Gecko) Chrome/147.0.0.0 Mobile Safari/537.36"
157.49.107.251 - - [14/May/2026:10:41:37 +0530] "POST /enrolment/enrolment_callback.php?frm=interview_slot_check HTTP/2.0" 200 43 "https://rms.cafsjobs.com/enrolment/" "Mozilla/5.0 (Linux; Android 10; K) AppleWebKit/537.36 (KHTML, like Gecko) Chrome/147.0.0.0 Mobile Safari/537.36"
157.49.107.251 - - [14/May/2026:10:41:44 +0530] "POST /enrolment/enrolment_callback.php?frm=company_location_tab HTTP/2.0" 200 167 "https://rms.cafsjobs.com/enrolment/" "Mozilla/5.0 (Linux; Android 10; K) AppleWebKit/537.36 (KHTML, like Gecko) Chrome/147.0.0.0 Mobile Safari/537.36"
157.51.166.122 - - [14/May/2026:10:41:50 +0530] "POST /enrolment/enrolment_callback.php?frm=interview_slot_check HTTP/2.0" 200 43 "https://rms.cafsjobs.com/enrolment/" "Mozilla/5.0 (Linux; Android 10; K) AppleWebKit/537.36 (KHTML, like Gecko) Chrome/148.0.0.0 Mobile Safari/537.36"
152.57.203.5 - - [14/May/2026:10:41:52 +0530] "GET /favicon.ico HTTP/2.0" 404 - "https://rms.cafsjobs.com/enrolment/" "Mozilla/5.0 (Linux; Android 10; K) AppleWebKit/537.36 (KHTML, like Gecko) Chrome/147.0.0.0 Mobile Safari/537.36"
152.57.203.5 - - [14/May/2026:10:41:56 +0530] "POST /enrolment/enrolment_callback.php?frm=exit_number HTTP/2.0" 200 2786 "https://rms.cafsjobs.com/enrolment/" "Mozilla/5.0 (Linux; Android 10; K) AppleWebKit/537.36 (KHTML, like Gecko) Chrome/147.0.0.0 Mobile Safari/537.36"
152.57.203.5 - - [14/May/2026:10:42:21 +0530] "POST /enrolment/enrolment_callback.php?frm=calculation_suggest HTTP/2.0" 200 12 "https://rms.cafsjobs.com/enrolment/" "Mozilla/5.0 (Linux; Android 10; K) AppleWebKit/537.36 (KHTML, like Gecko) Chrome/147.0.0.0 Mobile Safari/537.36"
152.57.203.5 - - [14/May/2026:10:42:21 +0530] "POST /enrolment/enrolment_callback.php?frm=calculation_suggest HTTP/2.0" 200 12 "https://rms.cafsjobs.com/enrolment/" "Mozilla/5.0 (Linux; Android 10; K) AppleWebKit/537.36 (KHTML, like Gecko) Chrome/147.0.0.0 Mobile Safari/537.36"
152.57.203.5 - - [14/May/2026:10:42:21 +0530] "POST /enrolment/enrolment_callback.php?frm=check_dob_exist HTTP/2.0" 200 34 "https://rms.cafsjobs.com/enrolment/" "Mozilla/5.0 (Linux; Android 10; K) AppleWebKit/537.36 (KHTML, like Gecko) Chrome/147.0.0.0 Mobile Safari/537.36"
157.51.167.149 - - [14/May/2026:10:42:36 +0530] "POST /enrolment/enrolment_callback.php?frm=save HTTP/2.0" 200 103 "https://rms.cafsjobs.com/enrolment/" "Mozilla/5.0 (Linux; Android 10; K) AppleWebKit/537.36 (KHTML, like Gecko) Chrome/148.0.0.0 Mobile Safari/537.36"
152.57.203.5 - - [14/May/2026:10:43:07 +0530] "POST /enrolment/enrolment_callback.php?frm=interview_slot_check HTTP/2.0" 200 43 "https://rms.cafsjobs.com/enrolment/" "Mozilla/5.0 (Linux; Android 10; K) AppleWebKit/537.36 (KHTML, like Gecko) Chrome/147.0.0.0 Mobile Safari/537.36"
157.51.190.40 - - [14/May/2026:10:43:09 +0530] "POST /enrolment/enrolment_callback.php?frm=rowset_save HTTP/2.0" 200 895 "https://rms.cafsjobs.com/enrolment/" "Mozilla/5.0 (Linux; Android 10; K) AppleWebKit/537.36 (KHTML, like Gecko) Chrome/148.0.0.0 Mobile Safari/537.36"
157.51.183.228 - - [14/May/2026:10:43:32 +0530] "POST /enrolment/enrolment_callback.php?frm=row_set_edit HTTP/2.0" 200 424 "https://rms.cafsjobs.com/enrolment/" "Mozilla/5.0 (Linux; Android 10; K) AppleWebKit/537.36 (KHTML, like Gecko) Chrome/148.0.0.0 Mobile Safari/537.36"
157.51.169.151 - - [14/May/2026:10:43:43 +0530] "POST /enrolment/enrolment_callback.php?frm=rowset_save HTTP/2.0" 200 905 "https://rms.cafsjobs.com/enrolment/" "Mozilla/5.0 (Linux; Android 10; K) AppleWebKit/537.36 (KHTML, like Gecko) Chrome/148.0.0.0 Mobile Safari/537.36"
103.238.228.178 - - [14/May/2026:10:43:57 +0530] "POST /index.php/candidate_tracker/view/30027 HTTP/2.0" 200 93177 "https://rms.cafsjobs.com/index.php/candidate_tracker" "Mozilla/5.0 (Windows NT 10.0; Win64; x64) AppleWebKit/537.36 (KHTML, like Gecko) Chrome/148.0.0.0 Safari/537.36 Edg/148.0.0.0"
157.51.189.42 - - [14/May/2026:10:44:17 +0530] "POST /enrolment/enrolment_callback.php?frm=rowset_save HTTP/2.0" 200 1300 "https://rms.cafsjobs.com/enrolment/" "Mozilla/5.0 (Linux; Android 10; K) AppleWebKit/537.36 (KHTML, like Gecko) Chrome/148.0.0.0 Mobile Safari/537.36"
106.222.220.59 - - [14/May/2026:10:44:25 +0530] "GET /index.php/candidate_tracker HTTP/2.0" 200 54446 "https://rms.cafsjobs.com/index.php/home" "Mozilla/5.0 (Windows NT 10.0; Win64; x64) AppleWebKit/537.36 (KHTML, like Gecko) Chrome/148.0.0.0 Safari/537.36"
106.222.220.59 - - [14/May/2026:10:44:26 +0530] "POST /index.php/candidate_tracker/search HTTP/2.0" 200 2586 "https://rms.cafsjobs.com/index.php/candidate_tracker" "Mozilla/5.0 (Windows NT 10.0; Win64; x64) AppleWebKit/537.36 (KHTML, like Gecko) Chrome/148.0.0.0 Safari/537.36"
157.51.181.32 - - [14/May/2026:10:44:28 +0530] "POST /enrolment/enrolment_callback.php?frm=show_education_tab HTTP/2.0" 200 16 "https://rms.cafsjobs.com/enrolment/" "Mozilla/5.0 (Linux; Android 10; K) AppleWebKit/537.36 (KHTML, like Gecko) Chrome/148.0.0.0 Mobile Safari/537.36"
157.51.181.32 - - [14/May/2026:10:44:28 +0530] "POST /enrolment/enrolment_callback.php?frm=clear_session HTTP/2.0" 200 16 "https://rms.cafsjobs.com/enrolment/" "Mozilla/5.0 (Linux; Android 10; K) AppleWebKit/537.36 (KHTML, like Gecko) Chrome/148.0.0.0 Mobile Safari/537.36"
157.51.181.32 - - [14/May/2026:10:44:30 +0530] "GET /enrolment/ HTTP/2.0" 200 78324 "https://rms.cafsjobs.com/enrolment/" "Mozilla/5.0 (Linux; Android 10; K) AppleWebKit/537.36 (KHTML, like Gecko) Chrome/148.0.0.0 Mobile Safari/537.36"
106.222.220.59 - - [14/May/2026:10:45:04 +0530] "GET /index.php/candidate_tracker HTTP/2.0" 200 54446 "https://rms.cafsjobs.com/index.php/home" "Mozilla/5.0 (Windows NT 10.0; Win64; x64) AppleWebKit/537.36 (KHTML, like Gecko) Chrome/148.0.0.0 Safari/537.36"
106.222.220.59 - - [14/May/2026:10:45:06 +0530] "POST /index.php/candidate_tracker/search HTTP/2.0" 200 2586 "https://rms.cafsjobs.com/index.php/candidate_tracker" "Mozilla/5.0 (Windows NT 10.0; Win64; x64) AppleWebKit/537.36 (KHTML, like Gecko) Chrome/148.0.0.0 Safari/537.36"
157.49.107.251 - - [14/May/2026:10:45:30 +0530] "POST /enrolment/upload_files/upload.php?send_from=candidate_tracker&send_for=upload_sts_resume&extension=pdf,doc,docx HTTP/2.0" 200 120 "https://rms.cafsjobs.com/enrolment/" "Mozilla/5.0 (Linux; Android 10; K) AppleWebKit/537.36 (KHTML, like Gecko) Chrome/147.0.0.0 Mobile Safari/537.36"
171.79.58.239 - - [14/May/2026:10:46:12 +0530] "GET /enrolment HTTP/2.0" 301 283 "-" "Mozilla/5.0 (Linux; Android 10; K) AppleWebKit/537.36 (KHTML, like Gecko) Chrome/147.0.0.0 Mobile Safari/537.36"
171.79.58.239 - - [14/May/2026:10:46:12 +0530] "GET /enrolment/ HTTP/2.0" 200 78324 "-" "Mozilla/5.0 (Linux; Android 10; K) AppleWebKit/537.36 (KHTML, like Gecko) Chrome/147.0.0.0 Mobile Safari/537.36"
171.79.58.239 - - [14/May/2026:10:46:14 +0530] "GET /dist/data_table/datatables.min.css HTTP/2.0" 200 21730 "https://rms.cafsjobs.com/enrolment/" "Mozilla/5.0 (Linux; Android 10; K) AppleWebKit/537.36 (KHTML, like Gecko) Chrome/147.0.0.0 Mobile Safari/537.36"
171.79.58.239 - - [14/May/2026:10:46:14 +0530] "GET /dist/toastr/toastr.css HTTP/2.0" 200 6154 "https://rms.cafsjobs.com/enrolment/" "Mozilla/5.0 (Linux; Android 10; K) AppleWebKit/537.36 (KHTML, like Gecko) Chrome/147.0.0.0 Mobile Safari/537.36"
171.79.58.239 - - [14/May/2026:10:46:14 +0530] "GET /dist/select2/dist/css/select2.min.css HTTP/2.0" 200 15197 "https://rms.cafsjobs.com/enrolment/" "Mozilla/5.0 (Linux; Android 10; K) AppleWebKit/537.36 (KHTML, like Gecko) Chrome/147.0.0.0 Mobile Safari/537.36"
171.79.58.239 - - [14/May/2026:10:46:14 +0530] "GET /dist/jquery_confirm/jquery-confirm.min.css HTTP/2.0" 200 22546 "https://rms.cafsjobs.com/enrolment/" "Mozilla/5.0 (Linux; Android 10; K) AppleWebKit/537.36 (KHTML, like Gecko) Chrome/147.0.0.0 Mobile Safari/537.36"
171.79.58.239 - - [14/May/2026:10:46:14 +0530] "GET /dist/cafs_rms.css?rel=20191228 HTTP/2.0" 200 33416 "https://rms.cafsjobs.com/enrolment/" "Mozilla/5.0 (Linux; Android 10; K) AppleWebKit/537.36 (KHTML, like Gecko) Chrome/147.0.0.0 Mobile Safari/537.36"
171.79.58.239 - - [14/May/2026:10:46:14 +0530] "GET /dist/jquery-ui.css HTTP/2.0" 200 35684 "https://rms.cafsjobs.com/enrolment/" "Mozilla/5.0 (Linux; Android 10; K) AppleWebKit/537.36 (KHTML, like Gecko) Chrome/147.0.0.0 Mobile Safari/537.36"
171.79.58.239 - - [14/May/2026:10:46:14 +0530] "GET /dist/bootstrap-datetimepicker-master/build/css/bootstrap-datetimepicker.min.css HTTP/2.0" 200 7789 "https://rms.cafsjobs.com/enrolment/" "Mozilla/5.0 (Linux; Android 10; K) AppleWebKit/537.36 (KHTML, like Gecko) Chrome/147.0.0.0 Mobile Safari/537.36"
171.79.58.239 - - [14/May/2026:10:46:14 +0530] "GET /dist/bootstrap.min.css?rel=20191228 HTTP/2.0" 200 127391 "https://rms.cafsjobs.com/enrolment/" "Mozilla/5.0 (Linux; Android 10; K) AppleWebKit/537.36 (KHTML, like Gecko) Chrome/147.0.0.0 Mobile Safari/537.36"
171.79.58.239 - - [14/May/2026:10:46:14 +0530] "GET /dist/font-awesome.min.css HTTP/2.0" 200 31004 "https://rms.cafsjobs.com/enrolment/" "Mozilla/5.0 (Linux; Android 10; K) AppleWebKit/537.36 (KHTML, like Gecko) Chrome/147.0.0.0 Mobile Safari/537.36"
171.79.58.239 - - [14/May/2026:10:46:14 +0530] "GET /dist/opensourcepos.min.js?rel=20191228 HTTP/2.0" 200 1471322 "https://rms.cafsjobs.com/enrolment/" "Mozilla/5.0 (Linux; Android 10; K) AppleWebKit/537.36 (KHTML, like Gecko) Chrome/147.0.0.0 Mobile Safari/537.36"
171.79.58.239 - - [14/May/2026:10:46:14 +0530] "GET /dist/select2/dist/js/select2.full.min.js HTTP/2.0" 200 75007 "https://rms.cafsjobs.com/enrolment/" "Mozilla/5.0 (Linux; Android 10; K) AppleWebKit/537.36 (KHTML, like Gecko) Chrome/147.0.0.0 Mobile Safari/537.36"
171.79.58.239 - - [14/May/2026:10:46:14 +0530] "GET /dist/validate.js?rel=20191228 HTTP/2.0" 200 1455 "https://rms.cafsjobs.com/enrolment/" "Mozilla/5.0 (Linux; Android 10; K) AppleWebKit/537.36 (KHTML, like Gecko) Chrome/147.0.0.0 Mobile Safari/537.36"
171.79.58.239 - - [14/May/2026:10:46:14 +0530] "GET /dist/bootstrap-datetimepicker-master/build/js/bootstrap-datetimepicker.min.js HTTP/2.0" 200 38511 "https://rms.cafsjobs.com/enrolment/" "Mozilla/5.0 (Linux; Android 10; K) AppleWebKit/537.36 (KHTML, like Gecko) Chrome/147.0.0.0 Mobile Safari/537.36"
171.79.58.239 - - [14/May/2026:10:46:14 +0530] "GET /dist/data_table/datatables.min.js HTTP/2.0" 200 2194645 "https://rms.cafsjobs.com/enrolment/" "Mozilla/5.0 (Linux; Android 10; K) AppleWebKit/537.36 (KHTML, like Gecko) Chrome/147.0.0.0 Mobile Safari/537.36"
171.79.58.239 - - [14/May/2026:10:46:14 +0530] "GET /dist/jquery-typeahead/dist/jquery.typeahead.min.js HTTP/2.0" 200 36150 "https://rms.cafsjobs.com/enrolment/" "Mozilla/5.0 (Linux; Android 10; K) AppleWebKit/537.36 (KHTML, like Gecko) Chrome/147.0.0.0 Mobile Safari/537.36"
171.79.58.239 - - [14/May/2026:10:46:14 +0530] "GET /dist/toastr/toastr.js HTTP/2.0" 200 7048 "https://rms.cafsjobs.com/enrolment/" "Mozilla/5.0 (Linux; Android 10; K) AppleWebKit/537.36 (KHTML, like Gecko) Chrome/147.0.0.0 Mobile Safari/537.36"
171.79.58.239 - - [14/May/2026:10:46:14 +0530] "GET /dist/jquery_confirm/jquery-confirm.min.js HTTP/2.0" 200 27905 "https://rms.cafsjobs.com/enrolment/" "Mozilla/5.0 (Linux; Android 10; K) AppleWebKit/537.36 (KHTML, like Gecko) Chrome/147.0.0.0 Mobile Safari/537.36"
157.49.107.251 - - [14/May/2026:10:46:12 +0530] "POST /enrolment/enrolment_callback.php?frm=save HTTP/2.0" 200 103 "https://rms.cafsjobs.com/enrolment/" "Mozilla/5.0 (Linux; Android 10; K) AppleWebKit/537.36 (KHTML, like Gecko) Chrome/147.0.0.0 Mobile Safari/537.36"
171.79.58.239 - - [14/May/2026:10:46:16 +0530] "GET /enrolment/asset/images/employment.jpeg HTTP/2.0" 200 199366 "https://rms.cafsjobs.com/enrolment/" "Mozilla/5.0 (Linux; Android 10; K) AppleWebKit/537.36 (KHTML, like Gecko) Chrome/147.0.0.0 Mobile Safari/537.36"
171.79.58.239 - - [14/May/2026:10:46:16 +0530] "GET /fonts/fontawesome-webfont.woff2?v=4.7.0 HTTP/2.0" 200 77160 "https://rms.cafsjobs.com/dist/font-awesome.min.css" "Mozilla/5.0 (Linux; Android 10; K) AppleWebKit/537.36 (KHTML, like Gecko) Chrome/147.0.0.0 Mobile Safari/537.36"
171.79.58.239 - - [14/May/2026:10:46:16 +0530] "GET /favicon.ico HTTP/2.0" 404 - "https://rms.cafsjobs.com/enrolment/" "Mozilla/5.0 (Linux; Android 10; K) AppleWebKit/537.36 (KHTML, like Gecko) Chrome/147.0.0.0 Mobile Safari/537.36"
157.51.170.169 - - [14/May/2026:10:46:28 +0530] "GET /enrolment HTTP/2.0" 301 283 "-" "Mozilla/5.0 (Linux; Android 12; vivo 1907) AppleWebKit/537.36 (KHTML, like Gecko) Version/4.0 Chrome/123.0.6312.118 Mobile Safari/537.36 VivoBrowser/15.1.0.3"
157.51.170.169 - - [14/May/2026:10:46:29 +0530] "GET /enrolment/ HTTP/2.0" 200 78324 "-" "Mozilla/5.0 (Linux; Android 12; vivo 1907) AppleWebKit/537.36 (KHTML, like Gecko) Version/4.0 Chrome/123.0.6312.118 Mobile Safari/537.36 VivoBrowser/15.1.0.3"
103.238.228.178 - - [14/May/2026:10:46:36 +0530] "POST /index.php/candidate_tracker/save/30027 HTTP/2.0" 200 67 "https://rms.cafsjobs.com/index.php/candidate_tracker" "Mozilla/5.0 (Windows NT 10.0; Win64; x64) AppleWebKit/537.36 (KHTML, like Gecko) Chrome/148.0.0.0 Safari/537.36 Edg/148.0.0.0"
103.238.228.178 - - [14/May/2026:10:46:37 +0530] "POST /index.php/candidate_tracker/search HTTP/2.0" 200 3004 "https://rms.cafsjobs.com/index.php/candidate_tracker" "Mozilla/5.0 (Windows NT 10.0; Win64; x64) AppleWebKit/537.36 (KHTML, like Gecko) Chrome/148.0.0.0 Safari/537.36 Edg/148.0.0.0"
157.51.170.169 - - [14/May/2026:10:46:31 +0530] "GET /dist/opensourcepos.min.js?rel=20191228 HTTP/2.0" 200 1471322 "https://rms.cafsjobs.com/enrolment/" "Mozilla/5.0 (Linux; Android 12; vivo 1907) AppleWebKit/537.36 (KHTML, like Gecko) Version/4.0 Chrome/123.0.6312.118 Mobile Safari/537.36 VivoBrowser/15.1.0.3"
157.51.170.169 - - [14/May/2026:10:46:42 +0530] "GET /dist/bootstrap.min.css?rel=20191228 HTTP/2.0" 200 127391 "https://rms.cafsjobs.com/enrolment/" "Mozilla/5.0 (Linux; Android 12; vivo 1907) AppleWebKit/537.36 (KHTML, like Gecko) Version/4.0 Chrome/123.0.6312.118 Mobile Safari/537.36 VivoBrowser/15.1.0.3"
157.51.170.169 - - [14/May/2026:10:46:42 +0530] "GET /dist/jquery-ui.css HTTP/2.0" 200 35684 "https://rms.cafsjobs.com/enrolment/" "Mozilla/5.0 (Linux; Android 12; vivo 1907) AppleWebKit/537.36 (KHTML, like Gecko) Version/4.0 Chrome/123.0.6312.118 Mobile Safari/537.36 VivoBrowser/15.1.0.3"
157.51.170.169 - - [14/May/2026:10:46:42 +0530] "GET /dist/validate.js?rel=20191228 HTTP/2.0" 200 1455 "https://rms.cafsjobs.com/enrolment/" "Mozilla/5.0 (Linux; Android 12; vivo 1907) AppleWebKit/537.36 (KHTML, like Gecko) Version/4.0 Chrome/123.0.6312.118 Mobile Safari/537.36 VivoBrowser/15.1.0.3"
157.51.170.169 - - [14/May/2026:10:46:42 +0530] "GET /dist/select2/dist/css/select2.min.css HTTP/2.0" 200 15197 "https://rms.cafsjobs.com/enrolment/" "Mozilla/5.0 (Linux; Android 12; vivo 1907) AppleWebKit/537.36 (KHTML, like Gecko) Version/4.0 Chrome/123.0.6312.118 Mobile Safari/537.36 VivoBrowser/15.1.0.3"
157.51.170.169 - - [14/May/2026:10:46:42 +0530] "GET /dist/font-awesome.min.css HTTP/2.0" 200 31004 "https://rms.cafsjobs.com/enrolment/" "Mozilla/5.0 (Linux; Android 12; vivo 1907) AppleWebKit/537.36 (KHTML, like Gecko) Version/4.0 Chrome/123.0.6312.118 Mobile Safari/537.36 VivoBrowser/15.1.0.3"
157.51.170.169 - - [14/May/2026:10:46:42 +0530] "GET /dist/bootstrap-datetimepicker-master/build/css/bootstrap-datetimepicker.min.css HTTP/2.0" 200 7789 "https://rms.cafsjobs.com/enrolment/" "Mozilla/5.0 (Linux; Android 12; vivo 1907) AppleWebKit/537.36 (KHTML, like Gecko) Version/4.0 Chrome/123.0.6312.118 Mobile Safari/537.36 VivoBrowser/15.1.0.3"
157.51.170.169 - - [14/May/2026:10:46:42 +0530] "GET /dist/toastr/toastr.css HTTP/2.0" 200 6154 "https://rms.cafsjobs.com/enrolment/" "Mozilla/5.0 (Linux; Android 12; vivo 1907) AppleWebKit/537.36 (KHTML, like Gecko) Version/4.0 Chrome/123.0.6312.118 Mobile Safari/537.36 VivoBrowser/15.1.0.3"
157.51.170.169 - - [14/May/2026:10:46:42 +0530] "GET /dist/data_table/datatables.min.css HTTP/2.0" 200 21730 "https://rms.cafsjobs.com/enrolment/" "Mozilla/5.0 (Linux; Android 12; vivo 1907) AppleWebKit/537.36 (KHTML, like Gecko) Version/4.0 Chrome/123.0.6312.118 Mobile Safari/537.36 VivoBrowser/15.1.0.3"
157.51.170.169 - - [14/May/2026:10:46:42 +0530] "GET /dist/jquery_confirm/jquery-confirm.min.css HTTP/2.0" 200 22546 "https://rms.cafsjobs.com/enrolment/" "Mozilla/5.0 (Linux; Android 12; vivo 1907) AppleWebKit/537.36 (KHTML, like Gecko) Version/4.0 Chrome/123.0.6312.118 Mobile Safari/537.36 VivoBrowser/15.1.0.3"
157.51.170.169 - - [14/May/2026:10:46:42 +0530] "GET /dist/bootstrap-datetimepicker-master/build/js/bootstrap-datetimepicker.min.js HTTP/2.0" 200 38511 "https://rms.cafsjobs.com/enrolment/" "Mozilla/5.0 (Linux; Android 12; vivo 1907) AppleWebKit/537.36 (KHTML, like Gecko) Version/4.0 Chrome/123.0.6312.118 Mobile Safari/537.36 VivoBrowser/15.1.0.3"
157.51.170.169 - - [14/May/2026:10:46:42 +0530] "GET /dist/jquery-typeahead/dist/jquery.typeahead.min.js HTTP/2.0" 200 36150 "https://rms.cafsjobs.com/enrolment/" "Mozilla/5.0 (Linux; Android 12; vivo 1907) AppleWebKit/537.36 (KHTML, like Gecko) Version/4.0 Chrome/123.0.6312.118 Mobile Safari/537.36 VivoBrowser/15.1.0.3"
157.51.170.169 - - [14/May/2026:10:46:42 +0530] "GET /dist/select2/dist/js/select2.full.min.js HTTP/2.0" 200 75007 "https://rms.cafsjobs.com/enrolment/" "Mozilla/5.0 (Linux; Android 12; vivo 1907) AppleWebKit/537.36 (KHTML, like Gecko) Version/4.0 Chrome/123.0.6312.118 Mobile Safari/537.36 VivoBrowser/15.1.0.3"
157.51.170.169 - - [14/May/2026:10:46:42 +0530] "GET /dist/toastr/toastr.js HTTP/2.0" 200 7048 "https://rms.cafsjobs.com/enrolment/" "Mozilla/5.0 (Linux; Android 12; vivo 1907) AppleWebKit/537.36 (KHTML, like Gecko) Version/4.0 Chrome/123.0.6312.118 Mobile Safari/537.36 VivoBrowser/15.1.0.3"
157.51.170.169 - - [14/May/2026:10:46:42 +0530] "GET /dist/data_table/datatables.min.js HTTP/2.0" 200 2194645 "https://rms.cafsjobs.com/enrolment/" "Mozilla/5.0 (Linux; Android 12; vivo 1907) AppleWebKit/537.36 (KHTML, like Gecko) Version/4.0 Chrome/123.0.6312.118 Mobile Safari/537.36 VivoBrowser/15.1.0.3"
157.51.170.169 - - [14/May/2026:10:46:42 +0530] "GET /dist/jquery_confirm/jquery-confirm.min.js HTTP/2.0" 200 27905 "https://rms.cafsjobs.com/enrolment/" "Mozilla/5.0 (Linux; Android 12; vivo 1907) AppleWebKit/537.36 (KHTML, like Gecko) Version/4.0 Chrome/123.0.6312.118 Mobile Safari/537.36 VivoBrowser/15.1.0.3"
157.51.170.169 - - [14/May/2026:10:46:42 +0530] "GET /dist/cafs_rms.css?rel=20191228 HTTP/2.0" 200 33416 "https://rms.cafsjobs.com/enrolment/" "Mozilla/5.0 (Linux; Android 12; vivo 1907) AppleWebKit/537.36 (KHTML, like Gecko) Version/4.0 Chrome/123.0.6312.118 Mobile Safari/537.36 VivoBrowser/15.1.0.3"
157.51.170.169 - - [14/May/2026:10:46:55 +0530] "GET /favicon.ico HTTP/2.0" 404 - "https://rms.cafsjobs.com/enrolment/" "Mozilla/5.0 (Linux; Android 12; vivo 1907) AppleWebKit/537.36 (KHTML, like Gecko) Version/4.0 Chrome/123.0.6312.118 Mobile Safari/537.36 VivoBrowser/15.1.0.3"
103.238.228.178 - - [14/May/2026:10:47:17 +0530] "GET /index.php/candidate_tracker HTTP/2.0" 200 59646 "https://rms.cafsjobs.com/index.php/home" "Mozilla/5.0 (Windows NT 10.0; Win64; x64) AppleWebKit/537.36 (KHTML, like Gecko) Chrome/148.0.0.0 Safari/537.36"
